000
CDAK48 PAKN 280923
CLIAKN

CLIMATE REPORT
NATIONAL WEATHER SERVICE KING SALMON, AK
123 AM AKDT TUE JUL 28 2015

...................................
...THE KING SALMON AP CLIMATE SUMMARY FOR JULY 27 2015...

CLIMATE NORMAL PERIOD  1981 TO  2010
CLIMATE RECORD PERIOD  1917 TO  2015

WEATHER ITEM   OBSERVED TIME    RECORD YEAR NORMAL DEPARTURE LAST
               VALUE    (LST)   VALUE       VALUE  FROM      YEAR
                                                   NORMAL
...................................................................
TEMPERATURE
YESTERDAY
 MAXIMUM            66  0342 PM    82  1987     64       2     72
 MINIMUM            50  0529 AM    36  1967     48       2     38
 AVERAGE            58                          56       2     55

PRECIPITATION
(INCHES)
 YESTERDAY        0.02           1.01  1933   0.08   -0.06   0.00
 MONTH TO DATE    2.84                        1.95    0.89   2.20
 SINCE JUN 1      3.68                        3.60    0.08   5.45
 SINCE JAN 1     10.92                        8.30    2.62  10.58

SNOWFALL
(INCHES)
 YESTERDAY         0.0            0.0  2015    0.0     0.0    0.0
 MONTH TO DATE     0.0                         0.0     0.0    0.0
 SINCE JUN 1       0.0                         0.0     0.0    0.0
 SINCE JUL 1       0.0                         0.0     0.0    0.0
 SNOW DEPTH (IN)     0                                          0

DEGREE DAYS
 HEATING
  YESTERDAY          7                           9      -2     10
  MONTH TO DATE    211                         254     -43    214
  SINCE JUN 1      460                         661    -201    645
  SINCE JUL 1      211                         254     -43    214

 COOLING
  YESTERDAY          0                           0       0      0
  MONTH TO DATE      0                           0       0      0
  SINCE JUN 1        2                           0       2      0
  SINCE JAN 1        2                           0       2      0
...................................................................

WIND (MPH)
 HIGHEST WIND SPEED    16     HIGHEST WIND DIRECTION    240
 HIGHEST GUST SPEED    21     HIGHEST GUST DIRECTION    260
 AVERAGE WIND SPEED   7.8

SKY COVER
  POSSIBLE SUNSHINE    MM          AVERAGE SKY COVER     MM

WEATHER CONDITIONS
 THE FOLLOWING WEATHER WAS RECORDED YESTERDAY.
  FOG
RAIN


RELATIVE HUMIDITY
 HIGHEST RH     MM PERCENT       MM
 LOWEST  RH     MM PERCENT       MM
 AVERAGE RH     MM PERCENT       MM
...................................................................

THE KING SALMON CLIMATE NORMALS FOR TODAY
                           NORMAL    RECORD   YEAR
 MAXIMUM TEMPERATURE (F)     64        78     1997
 MINIMUM TEMPERATURE (F)     48        36     2008

SUNRISE AND SUNSET
 JUL 28 2015..........SUNRISE  6:08 AM      SUNSET 10:58 PM
 JUL 29 2015..........SUNRISE  6:10 AM      SUNSET 10:56 PM

-  INDICATES NEGATIVE NUMBERS.
R  INDICATES RECORD HAS BEEN SET OR TIED.
MM INDICATES DATA IS MISSING.
T  INDICATES TRACE OF PRECIPITATION.

&&
-------------------------------------------------------------------

AMOUNT OF DAYLIGHT TODAY  (HOUR:MIN)........16 HOURS 50 MINUTES
GAIN/LOSS SINCE YESTERDAY (HOUR:MIN:SEC)....-0:04:15

$$
FS JUL 15
