000
CDAK48 PAKN 290011
CLIAKN

CLIMATE REPORT
NATIONAL WEATHER SERVICE KING SALMON, AK
411 PM AKDT THU MAY 28 2015

...................................
...THE KING SALMON AP CLIMATE SUMMARY FOR MAY 28 2015...
VALID TODAY AS OF 2:00 PM LOCAL TIME

CLIMATE NORMAL PERIOD  1981 TO  2010
CLIMATE RECORD PERIOD  1917 TO  2015

WEATHER ITEM   OBSERVED TIME    RECORD YEAR NORMAL DEPARTURE LAST
               VALUE    (LST)   VALUE       VALUE  FROM      YEAR
                                                   NORMAL
...................................................................
TEMPERATURE
TODAY
 MAXIMUM            66  0302 PM    83  2006     57       9     55
 MINIMUM            39  0557 AM    28  2000     37       2     46
 AVERAGE            53                          47       6     51

PRECIPITATION
(INCHES)
 TODAY            0.00           0.26  1955   0.04   -0.04   0.12
 MONTH TO DATE    3.32                        1.11    2.21   0.86
 SINCE MAR 1      6.45                        2.78    3.67   2.14
 SINCE JAN 1      7.24                        4.56    2.68   3.95

SNOWFALL
(INCHES)
 TODAY             0.0              T  1987    0.0     0.0    0.0
 MONTH TO DATE     0.0                         0.8    -0.8    0.0
 SINCE MAR 1      12.4                        11.1     1.3    9.3
 SINCE JUL 1      26.1                        46.6   -20.5   36.0
 SNOW DEPTH (IN)     0                                          0

DEGREE DAYS
 HEATING
  TODAY             12                          18      -6     14
  MONTH TO DATE    494                         594    -100    432
  SINCE MAR 1     2419                        2799    -380   2479
  SINCE JUL 1     8616                       10417   -1801   8839

 COOLING
  TODAY              0                           0       0      0
  MONTH TO DATE      0                           0       0      0
  SINCE MAR 1        0                           0       0      0
  SINCE JAN 1        0                           0       0      0
...................................................................

WIND (MPH)
 HIGHEST WIND SPEED    14     HIGHEST WIND DIRECTION    180
 HIGHEST GUST SPEED    17     HIGHEST GUST DIRECTION    190
 AVERAGE WIND SPEED    MM

SKY COVER
  POSSIBLE SUNSHINE  MM            AVERAGE SKY COVER MM

WEATHER CONDITIONS
 THE FOLLOWING WEATHER WAS RECORDED TODAY.
NO SIGNIFICANT WEATHER WAS OBSERVED.

RELATIVE HUMIDITY
 HIGHEST RH     MM PERCENT       MM
 LOWEST  RH     MM PERCENT       MM
 AVERAGE RH     MM PERCENT       MM
...................................................................

THE KING SALMON CLIMATE NORMALS FOR TOMORROW
                        NORMAL    RECORD   YEAR
 MAXIMUM TEMPERATURE      58        77     2013
 MINIMUM TEMPERATURE      38        29     1962

SUNRISE AND SUNSET
 MAY 28 2015..........SUNRISE  5:34 AM      SUNSET 11:16 PM
 MAY 29 2015..........SUNRISE  5:33 AM      SUNSET 11:18 PM

-  INDICATES NEGATIVE NUMBERS.
R  INDICATES RECORD HAS BEEN SET OR TIED.
MM INDICATES DATA IS MISSING.
T  INDICATES TRACE OF PRECIPITATION.

&&
-------------------------------------------------------------------

AMOUNT OF DAYLIGHT TODAY  (HOUR:MIN)........17 HOURS 42 MINUTES
GAIN/LOSS SINCE YESTERDAY (HOUR:MIN:SEC)....+0:03:21

$$
FS MAY 15
