870
CDAK48 PAKN 250041
CLIAKN


CLIMATE REPORT
NATIONAL WEATHER SERVICE ANCHORAGE, AK
441 PM AKDT WED MAY 24 2017


...................................

...THE KING SALMON CLIMATE SUMMARY FOR MAY 24 2017...
VALID TODAY AS OF 0400 PM LOCAL TIME.

CLIMATE NORMAL PERIOD 1981 TO 2010
CLIMATE RECORD PERIOD 1917 TO 2017


WEATHER ITEM   OBSERVED TIME   RECORD YEAR NORMAL DEPARTURE LAST
                VALUE   (LST)  VALUE       VALUE  FROM      YEAR
                                                  NORMAL
..................................................................
TEMPERATURE (F)
 TODAY
  MAXIMUM         46        MM  78    2006  56    -10       53
  MINIMUM         41        MM  22    1938  36      5       42
  AVERAGE         44                        46     -2       48

PRECIPITATION (IN)
  TODAY            0.29          0.50 1918   0.04   0.25     0.00
  MONTH TO DATE    0.94                      0.93   0.01     3.05
  SINCE MAR 1      1.74                      2.60  -0.86     5.85
  SINCE JAN 1      2.94                      4.38  -1.44     7.29

SNOWFALL (IN)
  TODAY            0.0          MM      MM   0.0    0.0      0.0
  MONTH TO DATE    0.0                       0.7   -0.7      0.0
  SINCE MAR 1      3.3                      11.0   -7.7      0.0
  SINCE JUL 1     26.0                      46.5  -20.5     13.1
  SNOW DEPTH       0

DEGREE DAYS
 HEATING
  TODAY           21                        19      2       17
  MONTH TO DATE  474                       522    -48      371
  SINCE MAR 1   2873                      2727    146     1967
  SINCE JUL 1  10006                     10347   -341     7658

 COOLING
  TODAY            0                         0      0        0
  MONTH TO DATE    0                         0      0        0
  SINCE MAR 1      0                         0      0        0
  SINCE JAN 1      0                         0      0        0
..................................................................


WIND (MPH)
  RESULTANT WIND SPEED  14   RESULTANT WIND DIRECTION  SW (210)
  HIGHEST WIND SPEED    20   HIGHEST WIND DIRECTION    SW (230)
  HIGHEST GUST SPEED    27   HIGHEST GUST DIRECTION    SW (210)
  AVERAGE WIND SPEED    15.3



WEATHER CONDITIONS
 THE FOLLOWING WEATHER WAS RECORDED TODAY.
  LIGHT RAIN
  FOG


RELATIVE HUMIDITY (PERCENT)
 HIGHEST   100
 LOWEST     65
 AVERAGE    83

..........................................................


THE KING SALMON CLIMATE NORMALS FOR TOMORROW
                         NORMAL    RECORD    YEAR
 MAXIMUM TEMPERATURE (F)   57        80      1997
 MINIMUM TEMPERATURE (F)   37        25      2000


SUNRISE AND SUNSET
MAY 24 2017...........SUNRISE   539 AM AKDT  SUNSET  1109 PM AKDT
MAY 25 2017...........SUNRISE   538 AM AKDT  SUNSET  1111 PM AKDT


-  INDICATES NEGATIVE NUMBERS.
R  INDICATES RECORD WAS SET OR TIED.
MM INDICATES DATA IS MISSING.
T  INDICATES TRACE AMOUNT.




$$
