000
CDAK48 PAFC 191258
CLIAKN


CLIMATE REPORT
NATIONAL WEATHER SERVICE ANCHORAGE, AK
458 AM AKDT THU OCT 19 2017


...................................

...THE KING SALMON CLIMATE SUMMARY FOR OCTOBER 18 2017...

CLIMATE NORMAL PERIOD 1981 TO 2010
CLIMATE RECORD PERIOD 1917 TO 2017


WEATHER ITEM   OBSERVED TIME   RECORD YEAR NORMAL DEPARTURE LAST
                VALUE   (LST)  VALUE       VALUE  FROM      YEAR
                                                  NORMAL
..................................................................
TEMPERATURE (F)
 YESTERDAY
  MAXIMUM         41        MM  53    2013  40      1       46
                                      2004
                                      1988
  MINIMUM         26        MM   4    1996  25      1       17
  AVERAGE         34                        32      2       32

PRECIPITATION (IN)
  YESTERDAY        0.01          0.37 1998   0.06  -0.05     0.01
  MONTH TO DATE    2.27                      1.37   0.90     0.67
  SINCE SEP 1      6.21                      4.56   1.65     5.50
  SINCE JAN 1     16.90                     16.16   0.74    23.47

SNOWFALL (IN)
  YESTERDAY        0.0           2.7  1994   0.1   -0.1       T
  MONTH TO DATE    0.0                       1.0   -1.0       T
  SINCE SEP 1      T                         1.1   -1.1       T
  SINCE JUL 1      T                         1.1   -1.1       T
  SNOW DEPTH       0

DEGREE DAYS
 HEATING
  YESTERDAY       31                        33     -2       33
  MONTH TO DATE  402                       513   -111      370
  SINCE SEP 1    896                      1035   -139      773
  SINCE JUL 1   1393                      1651   -258     1090

 COOLING
  YESTERDAY        0                         0      0        0
  MONTH TO DATE    0                         0      0        0
  SINCE SEP 1      0                         0      0        0
  SINCE JAN 1      1                         1      0        0
..................................................................


WIND (MPH)
  RESULTANT WIND SPEED   9   RESULTANT WIND DIRECTION  NW (330)
  HIGHEST WIND SPEED    14   HIGHEST WIND DIRECTION     N (360)
  HIGHEST GUST SPEED    MM   HIGHEST GUST DIRECTION    MM
  AVERAGE WIND SPEED     9.4



WEATHER CONDITIONS
 THE FOLLOWING WEATHER WAS RECORDED YESTERDAY.
  LIGHT SNOW
  FOG


RELATIVE HUMIDITY (PERCENT)
 HIGHEST    92
 LOWEST     50
 AVERAGE    71

..........................................................


THE KING SALMON CLIMATE NORMALS FOR TODAY
                         NORMAL    RECORD    YEAR
 MAXIMUM TEMPERATURE (F)   40        56      1957
 MINIMUM TEMPERATURE (F)   24         2      1929


SUNRISE AND SUNSET
OCTOBER 19 2017.......SUNRISE   914 AM AKDT  SUNSET   708 PM AKDT
OCTOBER 20 2017.......SUNRISE   916 AM AKDT  SUNSET   706 PM AKDT


-  INDICATES NEGATIVE NUMBERS.
R  INDICATES RECORD WAS SET OR TIED.
MM INDICATES DATA IS MISSING.
T  INDICATES TRACE AMOUNT.




$$
