000
CDAK48 PAFC 121239
CLIAKN


CLIMATE REPORT
NATIONAL WEATHER SERVICE ANCHORAGE, AK
339 AM AKST TUE DEC 12 2017


...................................

...THE KING SALMON CLIMATE SUMMARY FOR DECEMBER 11 2017...

CLIMATE NORMAL PERIOD 1981 TO 2010
CLIMATE RECORD PERIOD 1917 TO 2017


WEATHER ITEM   OBSERVED TIME   RECORD YEAR NORMAL DEPARTURE LAST
                VALUE   (LST)  VALUE       VALUE  FROM      YEAR
                                                  NORMAL
..................................................................
TEMPERATURE (F)
 YESTERDAY
  MAXIMUM         43        MM  45    2000  27     16        5
  MINIMUM         34        MM -31    1925  11     23      -11
  AVERAGE         39                        19     20       -3

PRECIPITATION (IN)
  YESTERDAY        T             0.59 1985   0.04  -0.04     0.00
  MONTH TO DATE    0.94                      0.49   0.45     0.35
  SINCE SEP 1      9.43                      7.15   2.28     7.24
  SINCE JAN 1     20.12                     18.75   1.37    25.21

SNOWFALL (IN)
  YESTERDAY        0.0          10.0  2011   0.4   -0.4      0.0
  MONTH TO DATE    1.3                       3.9   -2.6      3.5
  SINCE SEP 1      6.5                      13.7   -7.2      8.1
  SINCE JUL 1      6.5                      13.7   -7.2      8.1
  SNOW DEPTH       T

DEGREE DAYS
 HEATING
  YESTERDAY       26                        46    -20       68
  MONTH TO DATE  352                       499   -147      685
  SINCE DEC 1    352                       499   -147      685
  SINCE JUL 1   3288                      3876   -588     3411

 COOLING
  YESTERDAY        0                         0      0        0
  MONTH TO DATE    0                         0      0        0
  SINCE DEC 1      0                         0      0        0
  SINCE JAN 1      1                         1      0        0
..................................................................


WIND (MPH)
  RESULTANT WIND SPEED   9   RESULTANT WIND DIRECTION   E (110)
  HIGHEST WIND SPEED    21   HIGHEST WIND DIRECTION     E (90)
  HIGHEST GUST SPEED    39   HIGHEST GUST DIRECTION    SE (150)
  AVERAGE WIND SPEED    13.8



WEATHER CONDITIONS
 THE FOLLOWING WEATHER WAS RECORDED YESTERDAY.
  LIGHT RAIN


RELATIVE HUMIDITY (PERCENT)
 HIGHEST   100
 LOWEST     70
 AVERAGE    85

..........................................................


THE KING SALMON CLIMATE NORMALS FOR TODAY
                         NORMAL    RECORD    YEAR
 MAXIMUM TEMPERATURE (F)   27        44      2000
                                             1967
 MINIMUM TEMPERATURE (F)   11       -29      1987


SUNRISE AND SUNSET
DECEMBER 12 2017......SUNRISE  1009 AM AKST  SUNSET   432 PM AKST
DECEMBER 13 2017......SUNRISE  1010 AM AKST  SUNSET   432 PM AKST


-  INDICATES NEGATIVE NUMBERS.
R  INDICATES RECORD WAS SET OR TIED.
MM INDICATES DATA IS MISSING.
T  INDICATES TRACE AMOUNT.




$$
