227
CDAK48 PAFC 190100
CLIAKN


CLIMATE REPORT
NATIONAL WEATHER SERVICE ANCHORAGE, AK
400 PM AKST SUN FEB 18 2018


...................................

...THE KING SALMON CLIMATE SUMMARY FOR FEBRUARY 18 2018...
VALID TODAY AS OF 0400 PM LOCAL TIME.

CLIMATE NORMAL PERIOD 1981 TO 2010
CLIMATE RECORD PERIOD 1917 TO 2018


WEATHER ITEM   OBSERVED TIME   RECORD YEAR NORMAL DEPARTURE LAST
                VALUE   (LST)  VALUE       VALUE  FROM      YEAR
                                                  NORMAL
..................................................................
TEMPERATURE (F)
 TODAY
  MAXIMUM         41    129 PM  47    1934  28     13       22
  MINIMUM         35    843 AM -33    1954  11     24        9
  AVERAGE         38                        19     19       16

PRECIPITATION (IN)
  TODAY            0.05          1.04 1943   0.03   0.02      T
  MONTH TO DATE    1.30                      0.50   0.80     0.54
  SINCE SEP 1     13.08                      9.41   3.67     8.67
  SINCE JAN 1      2.78                      1.52   1.26     0.69

SNOWFALL (IN)
  TODAY            T            MM      MM   0.2   -0.2      0.1
  MONTH TO DATE    3.3                       3.9   -0.6      7.1
  SINCE SEP 1     15.8                      33.4  -17.6     20.2
  SINCE JUL 1     15.8                      33.4  -17.6     20.2
  SNOW DEPTH       2

DEGREE DAYS
 HEATING
  TODAY           27                        46    -19       49
  MONTH TO DATE  680                       846   -166      929
  SINCE DEC 1   3184                      3797   -613     3967
  SINCE JUL 1   6120                      7174  -1054     6693

 COOLING
  TODAY            0                         0      0        0
  MONTH TO DATE    0                         0      0        0
  SINCE DEC 1      0                         0      0        0
  SINCE JAN 1      0                         0      0        0
..................................................................


WIND (MPH)
  RESULTANT WIND SPEED  12   RESULTANT WIND DIRECTION   S (170)
  HIGHEST WIND SPEED    31   HIGHEST WIND DIRECTION     S (160)
  HIGHEST GUST SPEED    41   HIGHEST GUST DIRECTION     S (160)
  AVERAGE WIND SPEED    13.5



WEATHER CONDITIONS
 THE FOLLOWING WEATHER WAS RECORDED TODAY.
  LIGHT RAIN
  LIGHT SNOW
  FOG


RELATIVE HUMIDITY (PERCENT)
 HIGHEST    92
 LOWEST     50
 AVERAGE    71

..........................................................


THE KING SALMON CLIMATE NORMALS FOR TOMORROW
                         NORMAL    RECORD    YEAR
 MAXIMUM TEMPERATURE (F)   28        48      1936
 MINIMUM TEMPERATURE (F)   12       -32      1954


SUNRISE AND SUNSET
FEBRUARY 18 2018......SUNRISE   851 AM AKST  SUNSET   630 PM AKST
FEBRUARY 19 2018......SUNRISE   849 AM AKST  SUNSET   633 PM AKST


-  INDICATES NEGATIVE NUMBERS.
R  INDICATES RECORD WAS SET OR TIED.
MM INDICATES DATA IS MISSING.
T  INDICATES TRACE AMOUNT.




$$
