000
CDUS45 KBOU 230725
CLIAKO


CLIMATE REPORT
NATIONAL WEATHER SERVICE BOULDER, CO
1225 AM MST SUN NOV 23 2014


...................................

...THE AKRON CO CLIMATE SUMMARY FOR NOVEMBER 22 2014...

CLIMATE NORMAL PERIOD 1981 TO 2010
CLIMATE RECORD PERIOD 9999 TO 9999


WEATHER ITEM   OBSERVED TIME   RECORD YEAR NORMAL DEPARTURE LAST
                VALUE   (LST)  VALUE       VALUE  FROM      YEAR
                                                  NORMAL
..................................................................
TEMPERATURE (F)
 YESTERDAY
  MAXIMUM         63    233 PM  66    1954  46     17
  MINIMUM         37    122 AM  -4    1941  23     14
  AVERAGE         50                        34     16

PRECIPITATION (IN)
  YESTERDAY        0.00          0.32 1952   0.02  -0.02     0.00
  MONTH TO DATE    0.21                      0.44  -0.23     0.16
  SINCE SEP 1      2.37                      2.71  -0.34     5.54
  SINCE JAN 1     17.97                     16.20   1.77    16.96

DEGREE DAYS
 HEATING
  YESTERDAY       15
  MONTH TO DATE  688

 COOLING
  YESTERDAY        0
  MONTH TO DATE    0
..................................................................


WIND (MPH)
  HIGHEST WIND SPEED    22   HIGHEST WIND DIRECTION    SW (230)
  HIGHEST GUST SPEED    28   HIGHEST GUST DIRECTION    SW (220)




RELATIVE HUMIDITY (PERCENT)
 HIGHEST    52
 LOWEST     12
 AVERAGE    32

..........................................................


THE AKRON CO CLIMATE NORMALS FOR TODAY
                         NORMAL    RECORD    YEAR
 MAXIMUM TEMPERATURE (F)   46        66      1988
 MINIMUM TEMPERATURE (F)   22         0      1952


SUNRISE AND SUNSET
NOVEMBER 23 2014......SUNRISE   647 AM MST   SUNSET   431 PM MST
NOVEMBER 24 2014......SUNRISE   649 AM MST   SUNSET   430 PM MST


-  INDICATES NEGATIVE NUMBERS.
R  INDICATES RECORD WAS SET OR TIED.
MM INDICATES DATA IS MISSING.
T  INDICATES TRACE AMOUNT.




$$
