000
CDUS45 KBOU 280725
CLIAKO


CLIMATE REPORT
NATIONAL WEATHER SERVICE BOULDER, CO
125 AM MDT THU AUG 28 2014


...................................

...THE AKRON CO CLIMATE SUMMARY FOR AUGUST 27 2014...

CLIMATE NORMAL PERIOD 1981 TO 2010
CLIMATE RECORD PERIOD 9999 TO 9999


WEATHER ITEM   OBSERVED TIME   RECORD YEAR NORMAL DEPARTURE LAST
                VALUE   (LST)  VALUE       VALUE  FROM      YEAR
                                                  NORMAL
..................................................................
TEMPERATURE (F)
 YESTERDAY
  MAXIMUM         79    447 PM  98    2010  84     -5
  MINIMUM         56    727 PM  44    1944  56      0
  AVERAGE         68                        70     -2

PRECIPITATION (IN)
  YESTERDAY        1.24          1.42 1955   0.06   1.18     0.00
  MONTH TO DATE    4.78                      2.07   2.71     2.41
  SINCE JUN 1     10.87                      7.08   3.79     7.53
  SINCE JAN 1     15.57                     13.26   2.31    11.42

DEGREE DAYS
 HEATING
  YESTERDAY        0
  MONTH TO DATE    0

 COOLING
  YESTERDAY        3
  MONTH TO DATE  206
..................................................................


WIND (MPH)
  HIGHEST WIND SPEED    39   HIGHEST WIND DIRECTION     W (270)
  HIGHEST GUST SPEED    49   HIGHEST GUST DIRECTION     W (270)




RELATIVE HUMIDITY (PERCENT)
 HIGHEST    97
 LOWEST     54
 AVERAGE    76

..........................................................


THE AKRON CO CLIMATE NORMALS FOR TODAY
                         NORMAL    RECORD    YEAR
 MAXIMUM TEMPERATURE (F)   84        97      2011
 MINIMUM TEMPERATURE (F)   56        43      1964


SUNRISE AND SUNSET
AUGUST 28 2014........SUNRISE   617 AM MDT   SUNSET   731 PM MDT
AUGUST 29 2014........SUNRISE   618 AM MDT   SUNSET   729 PM MDT


-  INDICATES NEGATIVE NUMBERS.
R  INDICATES RECORD WAS SET OR TIED.
MM INDICATES DATA IS MISSING.
T  INDICATES TRACE AMOUNT.




$$
