000
CDUS45 KBOU 260725
CLIAKO


CLIMATE REPORT
NATIONAL WEATHER SERVICE DENVER/BOULDER CO
125 AM MDT TUE JUL 26 2016


...................................

...THE AKRON CO CLIMATE SUMMARY FOR JULY 25 2016...

CLIMATE NORMAL PERIOD 1981 TO 2010
CLIMATE RECORD PERIOD 9999 TO 9999


WEATHER ITEM   OBSERVED TIME   RECORD YEAR NORMAL DEPARTURE LAST
                VALUE   (LST)  VALUE       VALUE  FROM      YEAR
                                                  NORMAL
..................................................................
TEMPERATURE (F)
 YESTERDAY
  MAXIMUM         85    254 PM 102    1940  89     -4
  MINIMUM         56    454 AM  48    1924  60     -4
  AVERAGE         71                        74     -3

PRECIPITATION (IN)
  YESTERDAY        0.00          1.31 1968   0.09  -0.09     0.00
  MONTH TO DATE    2.58                      2.02   0.56     1.52
  SINCE JUN 1      6.52                      4.48   2.04     2.57
  SINCE JAN 1     13.03                     10.66   2.37    10.58

DEGREE DAYS
 HEATING
  YESTERDAY        0
  MONTH TO DATE    0

 COOLING
  YESTERDAY        6
  MONTH TO DATE  236
..................................................................


WIND (MPH)
  HIGHEST WIND SPEED    28   HIGHEST WIND DIRECTION    SE (140)
  HIGHEST GUST SPEED    34   HIGHEST GUST DIRECTION     S (160)




RELATIVE HUMIDITY (PERCENT)
 HIGHEST    93
 LOWEST     44
 AVERAGE    69

..........................................................


THE AKRON CO CLIMATE NORMALS FOR TODAY
                         NORMAL    RECORD    YEAR
 MAXIMUM TEMPERATURE (F)   88        99      1995
 MINIMUM TEMPERATURE (F)   60        52      1971


SUNRISE AND SUNSET
JULY 26 2016..........SUNRISE   546 AM MDT   SUNSET   812 PM MDT
JULY 27 2016..........SUNRISE   547 AM MDT   SUNSET   811 PM MDT


-  INDICATES NEGATIVE NUMBERS.
R  INDICATES RECORD WAS SET OR TIED.
MM INDICATES DATA IS MISSING.
T  INDICATES TRACE AMOUNT.




$$
