000
CDUS45 KBOU 111226
CLIAKO


CLIMATE REPORT
NATIONAL WEATHER SERVICE BOULDER, CO
626 AM MDT FRI JUL 11 2014


...................................

...THE AKRON CO CLIMATE SUMMARY FOR JULY 10 2014...

CLIMATE NORMAL PERIOD 1981 TO 2010
CLIMATE RECORD PERIOD 9999 TO 9999


WEATHER ITEM   OBSERVED TIME   RECORD YEAR NORMAL DEPARTURE LAST
                VALUE   (LST)  VALUE       VALUE  FROM      YEAR
                                                  NORMAL
..................................................................
TEMPERATURE (F)
 YESTERDAY
  MAXIMUM         93    418 PM 103    1954  89      4
  MINIMUM         60    515 AM  50    1982  60      0
  AVERAGE         77                        74      3

PRECIPITATION (IN)
  YESTERDAY        0.00          0.97 1953   0.08  -0.08     0.70
  MONTH TO DATE    0.60                      0.74  -0.14     1.04
  SINCE JUN 1      4.42                      3.20   1.22     2.24
  SINCE JAN 1      9.12                      9.38  -0.26     6.13

DEGREE DAYS
 HEATING
  YESTERDAY        0
  MONTH TO DATE    0

 COOLING
  YESTERDAY       12
  MONTH TO DATE   89
..................................................................


WIND (MPH)
  HIGHEST WIND SPEED    23   HIGHEST WIND DIRECTION     S (160)
  HIGHEST GUST SPEED    28   HIGHEST GUST DIRECTION    SW (210)




RELATIVE HUMIDITY (PERCENT)
 HIGHEST    78
 LOWEST     21
 AVERAGE    50

..........................................................


THE AKRON CO CLIMATE NORMALS FOR TODAY
                         NORMAL    RECORD    YEAR
 MAXIMUM TEMPERATURE (F)   89       105      1954
 MINIMUM TEMPERATURE (F)   60        49      1951


SUNRISE AND SUNSET
JULY 11 2014..........SUNRISE   533 AM MDT   SUNSET   823 PM MDT
JULY 12 2014..........SUNRISE   534 AM MDT   SUNSET   823 PM MDT


-  INDICATES NEGATIVE NUMBERS.
R  INDICATES RECORD WAS SET OR TIED.
MM INDICATES DATA IS MISSING.
T  INDICATES TRACE AMOUNT.




$$
