000
CDUS45 KBOU 260725
CLIAKO


CLIMATE REPORT
NATIONAL WEATHER SERVICE BOULDER, CO
125 AM MDT TUE MAY 26 2015


...................................

...THE AKRON CO CLIMATE SUMMARY FOR MAY 25 2015...

CLIMATE NORMAL PERIOD 1981 TO 2010
CLIMATE RECORD PERIOD 9999 TO 9999


WEATHER ITEM   OBSERVED TIME   RECORD YEAR NORMAL DEPARTURE LAST
                VALUE   (LST)  VALUE       VALUE  FROM      YEAR
                                                  NORMAL
..................................................................
TEMPERATURE (F)
 YESTERDAY
  MAXIMUM         59    418 PM  93    1964  73    -14
  MINIMUM         42    504 AM  32    1992  47     -5
  AVERAGE         51                        60     -9

PRECIPITATION (IN)
  YESTERDAY        T             1.70 1955   0.10  -0.10     0.00
  MONTH TO DATE    5.53                      2.29   3.24     2.83
  SINCE MAR 1      7.24                      4.81   2.43     4.02
  SINCE JAN 1      7.52                      5.55   1.97     4.45

DEGREE DAYS
 HEATING
  YESTERDAY       14
  MONTH TO DATE  341

 COOLING
  YESTERDAY        0
  MONTH TO DATE    0
..................................................................


WIND (MPH)
  HIGHEST WIND SPEED    25   HIGHEST WIND DIRECTION    NW (330)
  HIGHEST GUST SPEED    31   HIGHEST GUST DIRECTION    NW (330)




RELATIVE HUMIDITY (PERCENT)
 HIGHEST   100
 LOWEST     62
 AVERAGE    81

..........................................................


THE AKRON CO CLIMATE NORMALS FOR TODAY
                         NORMAL    RECORD    YEAR
 MAXIMUM TEMPERATURE (F)   74        97      1942
 MINIMUM TEMPERATURE (F)   47        31      1992


SUNRISE AND SUNSET
MAY 26 2015...........SUNRISE   529 AM MDT   SUNSET   811 PM MDT
MAY 27 2015...........SUNRISE   528 AM MDT   SUNSET   812 PM MDT


-  INDICATES NEGATIVE NUMBERS.
R  INDICATES RECORD WAS SET OR TIED.
MM INDICATES DATA IS MISSING.
T  INDICATES TRACE AMOUNT.




$$
