000
CDUS45 KBOU 290725
CLIAKO


CLIMATE REPORT
NATIONAL WEATHER SERVICE DENVER/BOULDER CO
125 AM MDT SUN MAY 29 2016


...................................

...THE AKRON CO CLIMATE SUMMARY FOR MAY 28 2016...

CLIMATE NORMAL PERIOD 1981 TO 2010
CLIMATE RECORD PERIOD 9999 TO 9999


WEATHER ITEM   OBSERVED TIME   RECORD YEAR NORMAL DEPARTURE LAST
                VALUE   (LST)  VALUE       VALUE  FROM      YEAR
                                                  NORMAL
..................................................................
TEMPERATURE (F)
 YESTERDAY
  MAXIMUM         73    347 PM  95    2000  74     -1
  MINIMUM         41    307 AM  30    1947  47     -6
  AVERAGE         57                        61     -4

PRECIPITATION (IN)
  YESTERDAY        T             1.71 1975   0.10  -0.10     0.41
  MONTH TO DATE    3.02                      2.61   0.41     5.94
  SINCE MAR 1      6.30                      5.13   1.17     7.65
  SINCE JAN 1      6.41                      5.87   0.54     7.93

DEGREE DAYS
 HEATING
  YESTERDAY        8
  MONTH TO DATE  310

 COOLING
  YESTERDAY        0
  MONTH TO DATE    5
..................................................................


WIND (MPH)
  HIGHEST WIND SPEED    29   HIGHEST WIND DIRECTION     S (190)
  HIGHEST GUST SPEED    45   HIGHEST GUST DIRECTION     S (190)




RELATIVE HUMIDITY (PERCENT)
 HIGHEST    93
 LOWEST     29
 AVERAGE    61

..........................................................


THE AKRON CO CLIMATE NORMALS FOR TODAY
                         NORMAL    RECORD    YEAR
 MAXIMUM TEMPERATURE (F)   75        96      2003
 MINIMUM TEMPERATURE (F)   48        29      1947


SUNRISE AND SUNSET
MAY 29 2016...........SUNRISE   527 AM MDT   SUNSET   814 PM MDT
MAY 30 2016...........SUNRISE   526 AM MDT   SUNSET   815 PM MDT


-  INDICATES NEGATIVE NUMBERS.
R  INDICATES RECORD WAS SET OR TIED.
MM INDICATES DATA IS MISSING.
T  INDICATES TRACE AMOUNT.




$$
