000
CDUS45 KBOU 160755
CLIAKO


CLIMATE REPORT
NATIONAL WEATHER SERVICE DENVER/BOULDER CO
1252 AM MST TUE JAN 16 2018


...................................

...THE AKRON CO CLIMATE SUMMARY FOR JANUARY 15 2018...

CLIMATE NORMAL PERIOD 1981 TO 2010
CLIMATE RECORD PERIOD 9999 TO 9999


WEATHER ITEM   OBSERVED TIME   RECORD YEAR NORMAL DEPARTURE LAST
                VALUE   (LST)  VALUE       VALUE  FROM      YEAR
                                                  NORMAL
..................................................................
TEMPERATURE (F)
 YESTERDAY
  MAXIMUM         32   1200 AM  65    1995  40     -8
  MINIMUM         -5   1151 PM -10    1972  17    -22
  AVERAGE         14                        29    -15

PRECIPITATION (IN)
  YESTERDAY        0.02          0.21 1953   0.01   0.01     0.01
  MONTH TO DATE    0.18                      0.12   0.06     0.01
  SINCE DEC 1      0.20                      0.52  -0.32     0.15
  SINCE JAN 1      0.18                      0.12   0.06     0.01

SNOWFALL (IN)
  YESTERDAY       MM
  SNOW DEPTH       0

DEGREE DAYS
 HEATING
  YESTERDAY       51
  MONTH TO DATE  497

 COOLING
  YESTERDAY        0
  MONTH TO DATE    0
..................................................................


WIND (MPH)
  HIGHEST WIND SPEED    30   HIGHEST WIND DIRECTION     N (340)
  HIGHEST GUST SPEED    36   HIGHEST GUST DIRECTION     N (360)




RELATIVE HUMIDITY (PERCENT)
 HIGHEST    92
 LOWEST     49
 AVERAGE    71

..........................................................


THE AKRON CO CLIMATE NORMALS FOR TODAY
                         NORMAL    RECORD    YEAR
 MAXIMUM TEMPERATURE (F)   40        64      1951
 MINIMUM TEMPERATURE (F)   17       -10      1957


SUNRISE AND SUNSET
JANUARY 16 2018.......SUNRISE   713 AM MST   SUNSET   453 PM MST
JANUARY 17 2018.......SUNRISE   712 AM MST   SUNSET   454 PM MST


-  INDICATES NEGATIVE NUMBERS.
R  INDICATES RECORD WAS SET OR TIED.
MM INDICATES DATA IS MISSING.
T  INDICATES TRACE AMOUNT.




$$
