000
CDUS45 KBOU 290725
CLIAKO


CLIMATE REPORT
NATIONAL WEATHER SERVICE BOULDER, CO
1225 AM MST MON DEC 29 2014


...................................

...THE AKRON CO CLIMATE SUMMARY FOR DECEMBER 28 2014...

CLIMATE NORMAL PERIOD 1981 TO 2010
CLIMATE RECORD PERIOD 9999 TO 9999


WEATHER ITEM   OBSERVED TIME   RECORD YEAR NORMAL DEPARTURE LAST
                VALUE   (LST)  VALUE       VALUE  FROM      YEAR
                                                  NORMAL
..................................................................
TEMPERATURE (F)
 YESTERDAY
  MAXIMUM         23    313 PM  65    1947  40    -17
  MINIMUM          6    544 AM -10    1941  16    -10
  AVERAGE         15                        28    -13

PRECIPITATION (IN)
  YESTERDAY        0.00          0.51 1948   0.01  -0.01      T
  MONTH TO DATE    0.24                      0.37  -0.13     0.02
  SINCE DEC 1      0.24                      0.37  -0.13     0.02
  SINCE JAN 1     18.35                     16.71   1.64    16.98

DEGREE DAYS
 HEATING
  YESTERDAY       50
  MONTH TO DATE  937

 COOLING
  YESTERDAY        0
  MONTH TO DATE    0
..................................................................


WIND (MPH)
  HIGHEST WIND SPEED    15   HIGHEST WIND DIRECTION     W (260)
  HIGHEST GUST SPEED    26   HIGHEST GUST DIRECTION    NW (320)




RELATIVE HUMIDITY (PERCENT)
 HIGHEST    88
 LOWEST     62
 AVERAGE    75

..........................................................


THE AKRON CO CLIMATE NORMALS FOR TODAY
                         NORMAL    RECORD    YEAR
 MAXIMUM TEMPERATURE (F)   40        62      1996
 MINIMUM TEMPERATURE (F)   16       -10      1983


SUNRISE AND SUNSET
DECEMBER 29 2014......SUNRISE   715 AM MST   SUNSET   435 PM MST
DECEMBER 30 2014......SUNRISE   715 AM MST   SUNSET   436 PM MST


-  INDICATES NEGATIVE NUMBERS.
R  INDICATES RECORD WAS SET OR TIED.
MM INDICATES DATA IS MISSING.
T  INDICATES TRACE AMOUNT.




$$
