000
CDUS41 KALY 112144
CLIALB


CLIMATE REPORT
NATIONAL WEATHER SERVICE ALBANY NY
443 PM EST THU FEB 11 2016


...................................

...THE ALBANY NY CLIMATE SUMMARY FOR FEBRUARY 11 2016...
VALID TODAY AS OF 0400 PM LOCAL TIME.

CLIMATE NORMAL PERIOD 1981 TO 2010
CLIMATE RECORD PERIOD 1874 TO 2016


WEATHER ITEM   OBSERVED TIME   RECORD YEAR NORMAL DEPARTURE LAST
                VALUE   (LST)  VALUE       VALUE  FROM      YEAR
                                                  NORMAL
..................................................................
TEMPERATURE (F)
 TODAY
  MAXIMUM         27    125 AM  59    1981  34     -7       27
  MINIMUM         14    417 PM -18    1962  17     -3        7
  AVERAGE         21                        25     -4       17

PRECIPITATION (IN)
  TODAY            T             1.00 1981   0.08  -0.08     0.00
  MONTH TO DATE    0.51                      0.85  -0.34     1.80
  SINCE DEC 1      5.42                      6.37  -0.95     9.34
  SINCE JAN 1      1.75                      3.44  -1.69     3.97

SNOWFALL (IN)
  TODAY           MM             9.6  1933   0.4   MM        0.0
  MONTH TO DATE    3.0                       5.1   -2.1     22.9
  SINCE DEC 1      8.5                      36.7  -28.2     50.6
  SINCE JUL 1      8.5                      39.8  -31.3     62.9
  SNOW DEPTH       0

DEGREE DAYS
 HEATING
  TODAY           44                        40      4       48
  MONTH TO DATE  332                       450   -118      547
  SINCE DEC 1   2190                      2897   -707     2943
  SINCE JUL 1   3273                      4301  -1028     4218

 COOLING
  TODAY            0                         0      0        0
  MONTH TO DATE    0                         0      0        0
  SINCE DEC 1      0                         0      0        0
  SINCE JAN 1      0                         0      0        0
..................................................................


WIND (MPH)
  HIGHEST WIND SPEED    35   HIGHEST WIND DIRECTION    NW (300)
  HIGHEST GUST SPEED    44   HIGHEST GUST DIRECTION     W (290)
  AVERAGE WIND SPEED    17.1


SKY COVER
  AVERAGE SKY COVER 0.9



RELATIVE HUMIDITY (PERCENT)
 HIGHEST    68           500 AM
 LOWEST     39           100 PM
 AVERAGE    54

..........................................................


THE ALBANY NY CLIMATE NORMALS FOR TOMORROW
                         NORMAL    RECORD    YEAR
 MAXIMUM TEMPERATURE (F)   34        55      1932
 MINIMUM TEMPERATURE (F)   17       -16      1979


SUNRISE AND SUNSET
FEBRUARY 11 2016......SUNRISE   658 AM EST   SUNSET   521 PM EST
FEBRUARY 12 2016......SUNRISE   657 AM EST   SUNSET   522 PM EST


-  INDICATES NEGATIVE NUMBERS.
R  INDICATES RECORD WAS SET OR TIED.
MM INDICATES DATA IS MISSING.
T  INDICATES TRACE AMOUNT.




$$
