000
CDUS41 KALY 230623
CLIALB


CLIMATE REPORT
NATIONAL WEATHER SERVICE ALBANY NY
223 AM EDT WED APR 23 2014


...................................

...THE ALBANY NY CLIMATE SUMMARY FOR APRIL 22 2014...

CLIMATE NORMAL PERIOD 1981 TO 2010
CLIMATE RECORD PERIOD 1874 TO 2014


WEATHER ITEM   OBSERVED TIME   RECORD YEAR NORMAL DEPARTURE LAST
                VALUE   (LST)  VALUE       VALUE  FROM      YEAR
                                                  NORMAL
..................................................................
TEMPERATURE (F)
 YESTERDAY
  MAXIMUM         70   1242 PM  86    1985  61      9       58
  MINIMUM         50   1159 PM  20    1947  40     10       29
  AVERAGE         60                        50     10       44

PRECIPITATION (IN)
  YESTERDAY        0.02          1.68 1993   0.11  -0.09     0.00
  MONTH TO DATE    1.07                      2.34  -1.27     2.39
  SINCE MAR 1      3.79                      5.55  -1.76     4.88
  SINCE JAN 1      9.58                     10.34  -0.76     8.01

SNOWFALL (IN)
  YESTERDAY        0.0           1.0  1928   0.1   -0.1      0.0
  MONTH TO DATE    2.4                       2.1    0.3      1.2
  SINCE MAR 1      8.3                      12.3   -4.0     20.7
  SINCE JUL 1     73.5                      58.8   14.7     51.4
  SNOW DEPTH       0

DEGREE DAYS
 HEATING
  YESTERDAY        5                        15    -10       21
  MONTH TO DATE  387                       415    -28      456
  SINCE MAR 1   1534                      1344    190     1415
  SINCE JUL 1   6651                      6288    363     5953

 COOLING
  YESTERDAY        0                         0      0        0
  MONTH TO DATE    6                         0      6        0
  SINCE MAR 1      6                         0      6        0
  SINCE JAN 1      6                         0      6        0
..................................................................


WIND (MPH)
  HIGHEST WIND SPEED    23   HIGHEST WIND DIRECTION     W (280)
  HIGHEST GUST SPEED    30   HIGHEST GUST DIRECTION    NW (310)
  AVERAGE WIND SPEED     9.1


SKY COVER
  AVERAGE SKY COVER 1.0



RELATIVE HUMIDITY (PERCENT)
 HIGHEST    77
 LOWEST     25
 AVERAGE    51

..........................................................


THE ALBANY NY CLIMATE NORMALS FOR TODAY
                         NORMAL    RECORD    YEAR
 MAXIMUM TEMPERATURE (F)   62        87      2007
                                             1902
 MINIMUM TEMPERATURE (F)   40        26      1975


SUNRISE AND SUNSET
APRIL 23 2014.........SUNRISE   601 AM EDT   SUNSET   746 PM EDT
APRIL 24 2014.........SUNRISE   600 AM EDT   SUNSET   748 PM EDT


-  INDICATES NEGATIVE NUMBERS.
R  INDICATES RECORD WAS SET OR TIED.
MM INDICATES DATA IS MISSING.
T  INDICATES TRACE AMOUNT.




$$
