922
CDUS43 KDMX 240637 RRA
CLIALO

CLIMATE REPORT
NATIONAL WEATHER SERVICE DES MOINES IA
136 AM CDT FRI MAR 24 2017


...................................

...THE WATERLOO IA CLIMATE SUMMARY FOR MARCH 23 2017...

CLIMATE NORMAL PERIOD 1981 TO 2010
CLIMATE RECORD PERIOD 1895 TO 2017


WEATHER ITEM   OBSERVED TIME   RECORD YEAR NORMAL DEPARTURE LAST
                VALUE   (LST)  VALUE       VALUE  FROM      YEAR
                                                  NORMAL
..................................................................
TEMPERATURE (F)
 YESTERDAY
  MAXIMUM         43   1159 PM  83    1939  49     -6       47
                                      1928
  MINIMUM         35    711 AM   0    1965  29      6       32
  AVERAGE         39                        39      0       40

PRECIPITATION (IN)
  YESTERDAY        0.03          1.12 1979   0.07  -0.04     0.90
  MONTH TO DATE    1.21                      1.41  -0.20     2.32
  SINCE MAR 1      1.21                      1.41  -0.20     2.32
  SINCE JAN 1      5.14                      3.23   1.91     4.09

SNOWFALL (IN)
  YESTERDAY        0.0           6.0  1903   0.2   -0.2      0.0
  MONTH TO DATE   10.6                       3.7    6.9      2.9
  SINCE MAR 1     10.6                       3.7    6.9      2.9
  SINCE JUL 1     26.2                      32.6   -6.4     46.0
  SNOW DEPTH       0

DEGREE DAYS
 HEATING
  YESTERDAY       26                        26      0       25
  MONTH TO DATE  743                       712     31      564
  SINCE MAR 1    743                       712     31      564
  SINCE JUL 1   5205                      6131   -926     5264

 COOLING
  YESTERDAY        0                         0      0        0
  MONTH TO DATE    0                         0      0        0
  SINCE MAR 1      0                         0      0        0
  SINCE JAN 1      0                         0      0        0
..................................................................


WIND (MPH)
  HIGHEST WIND SPEED    26   HIGHEST WIND DIRECTION     S (160)
  HIGHEST GUST SPEED    32   HIGHEST GUST DIRECTION    SE (140)
  AVERAGE WIND SPEED    15.7


SKY COVER
  POSSIBLE SUNSHINE  MM
  AVERAGE SKY COVER 0.8


WEATHER CONDITIONS
 THE FOLLOWING WEATHER WAS RECORDED YESTERDAY.
  THUNDERSTORM
  LIGHT RAIN
  FOG
  HAZE


RELATIVE HUMIDITY (PERCENT)
 HIGHEST    85           200 PM
 LOWEST     48           100 AM
 AVERAGE    67

..........................................................


THE WATERLOO IA CLIMATE NORMALS FOR TODAY
                         NORMAL    RECORD    YEAR
 MAXIMUM TEMPERATURE (F)   50        86      1910
 MINIMUM TEMPERATURE (F)   29        -5      1974


SUNRISE AND SUNSET
MARCH 24 2017.........SUNRISE   705 AM CDT   SUNSET   727 PM CDT
MARCH 25 2017.........SUNRISE   704 AM CDT   SUNSET   728 PM CDT


-  INDICATES NEGATIVE NUMBERS.
R  INDICATES RECORD WAS SET OR TIED.
MM INDICATES DATA IS MISSING.
T  INDICATES TRACE AMOUNT.




$$
