000
CDUS43 KDMX 020659 RRA
CLIALO

CLIMATE REPORT
NATIONAL WEATHER SERVICE DES MOINES IA
157 AM CDT TUE JUN 2 2015


...................................

...THE WATERLOO IA CLIMATE SUMMARY FOR JUNE 1 2015...

CLIMATE NORMAL PERIOD 1981 TO 2010
CLIMATE RECORD PERIOD 1895 TO 2015


WEATHER ITEM   OBSERVED TIME   RECORD YEAR NORMAL DEPARTURE LAST
                VALUE   (LST)  VALUE       VALUE  FROM      YEAR
                                                  NORMAL
..................................................................
TEMPERATURE (F)
 YESTERDAY
  MAXIMUM         71    356 PM 101    1934  77     -6       88
  MINIMUM         43    514 AM  33    1897  55    -12       65
  AVERAGE         57                        66     -9       77

PRECIPITATION (IN)
  YESTERDAY        0.00          0.92 1954   0.15  -0.15     0.05
  MONTH TO DATE    0.00                      0.15  -0.15     0.05
  SINCE JUN 1      0.00                      0.15  -0.15     0.05
  SINCE JAN 1     10.87                     12.27  -1.40    14.08

SNOWFALL (IN)
  YESTERDAY        0.0          MM      MM   0.0    0.0      0.0
  MONTH TO DATE    0.0                       0.0    0.0      0.0
  SINCE JUN 1      0.0                       0.0    0.0      0.0
  SINCE JUL 1     29.2                      35.3   -6.1     57.1
  SNOW DEPTH       0

DEGREE DAYS
 HEATING
  YESTERDAY        8                         2      6        0
  MONTH TO DATE    8                         2      6        0
  SINCE JUN 1      8                         2      6        0
  SINCE JUL 1   7300                      7006    294     8318

 COOLING
  YESTERDAY        0                         3     -3       12
  MONTH TO DATE    0                         3     -3       12
  SINCE JUN 1      0                         3     -3       12
  SINCE JAN 1     47                        59    -12       79
..................................................................


WIND (MPH)
  HIGHEST WIND SPEED    15   HIGHEST WIND DIRECTION    SE (130)
  HIGHEST GUST SPEED    19   HIGHEST GUST DIRECTION     E (100)
  AVERAGE WIND SPEED     6.6


SKY COVER
  POSSIBLE SUNSHINE  MM
  AVERAGE SKY COVER 0.0


WEATHER CONDITIONS
 THE FOLLOWING WEATHER WAS RECORDED YESTERDAY.
  NO SIGNIFICANT WEATHER WAS OBSERVED.


RELATIVE HUMIDITY (PERCENT)
 HIGHEST    83           300 AM
 LOWEST     35           400 PM
 AVERAGE    59

..........................................................


THE WATERLOO IA CLIMATE NORMALS FOR TODAY
                         NORMAL    RECORD    YEAR
 MAXIMUM TEMPERATURE (F)   77       106      1934
 MINIMUM TEMPERATURE (F)   55        40      1969


SUNRISE AND SUNSET
JUNE  2 2015..........SUNRISE   534 AM CDT   SUNSET   841 PM CDT
JUNE  3 2015..........SUNRISE   534 AM CDT   SUNSET   842 PM CDT


-  INDICATES NEGATIVE NUMBERS.
R  INDICATES RECORD WAS SET OR TIED.
MM INDICATES DATA IS MISSING.
T  INDICATES TRACE AMOUNT.




$$
