000
CDUS43 KDMX 282236 RRA
CLIALO

CLIMATE REPORT NATIONAL WEATHER SERVICE DES MOINES IA

536 PM CDT MON JUL 28 2014


...................................

...THE WATERLOO IA CLIMATE SUMMARY FOR JULY 28 2014...
VALID TODAY AS OF 0500 PM LOCAL TIME.

CLIMATE NORMAL PERIOD 1981 TO 2010
CLIMATE RECORD PERIOD 1895 TO 2014


WEATHER ITEM   OBSERVED TIME   RECORD YEAR NORMAL DEPARTURE LAST
                VALUE   (LST)  VALUE       VALUE  FROM      YEAR
                                                  NORMAL
..................................................................
TEMPERATURE (F)
 TODAY
  MAXIMUM         76    308 PM 102    1916  84     -8       70
  MINIMUM         55    519 AM  45    1925  62     -7       50
  AVERAGE         66                        73     -7       60

PRECIPITATION (IN)
  TODAY            0.00          2.12 1976   0.15  -0.15     0.00
  MONTH TO DATE    1.14                      4.49  -3.35     4.03
  SINCE JUN 1     10.77                      9.47   1.30     8.71
  SINCE JAN 1     24.80                     21.59   3.21    32.29

SNOWFALL (IN)
  TODAY            0.0          MM      MM   0.0    0.0      0.0
  MONTH TO DATE    0.0                       0.0    0.0      0.0
  SINCE JUN 1      0.0                       0.0    0.0      0.0
  SINCE JUL 1      0.0                       0.0    0.0      0.0
  SNOW DEPTH       0

DEGREE DAYS
 HEATING
  TODAY            0                         0      0        5
  MONTH TO DATE   17                         0     17       11
  SINCE JUN 1     24                        26     -2       49
  SINCE JUL 1     17                         0     17       11

 COOLING
  TODAY            1                         8     -7        0
  MONTH TO DATE  140                       247   -107      249
  SINCE JUN 1    311                       424   -113      417
  SINCE JAN 1    378                       480   -102      470
..................................................................


WIND (MPH)
  HIGHEST WIND SPEED    15   HIGHEST WIND DIRECTION     N (360)
  HIGHEST GUST SPEED    19   HIGHEST GUST DIRECTION     N (10)
  AVERAGE WIND SPEED     9.3


SKY COVER
  POSSIBLE SUNSHINE  MM
  AVERAGE SKY COVER 0.5


WEATHER CONDITIONS
 THE FOLLOWING WEATHER WAS RECORDED TODAY.
  NO SIGNIFICANT WEATHER WAS OBSERVED.


RELATIVE HUMIDITY (PERCENT)
 HIGHEST    93           200 AM
 LOWEST     49           300 PM
 AVERAGE    71

..........................................................


THE WATERLOO IA CLIMATE NORMALS FOR TOMORROW
                         NORMAL    RECORD    YEAR
 MAXIMUM TEMPERATURE (F)   84       103      1916
 MINIMUM TEMPERATURE (F)   62        44      1925


SUNRISE AND SUNSET
JULY 28 2014..........SUNRISE   558 AM CDT   SUNSET   834 PM CDT
JULY 29 2014..........SUNRISE   559 AM CDT   SUNSET   833 PM CDT


-  INDICATES NEGATIVE NUMBERS.
R  INDICATES RECORD WAS SET OR TIED.
MM INDICATES DATA IS MISSING.
T  INDICATES TRACE AMOUNT.

$$
