000
CDUS43 KDMX 250635
CLIALO

CLIMATE REPORT
NATIONAL WEATHER SERVICE DES MOINES IA
131 AM CDT SAT OCT 25 2014

...................................

...THE WATERLOO IA CLIMATE SUMMARY FOR OCTOBER 24 2014...

CLIMATE NORMAL PERIOD 1981 TO 2010
CLIMATE RECORD PERIOD 1895 TO 2014


WEATHER ITEM   OBSERVED TIME   RECORD YEAR NORMAL DEPARTURE LAST
                VALUE   (LST)  VALUE       VALUE  FROM      YEAR
                                                  NORMAL
..................................................................
TEMPERATURE (F)
 YESTERDAY
  MAXIMUM         61    447 PM  81    1899  58      3       44
  MINIMUM         46    643 AM  19    2006  36     10       22
                                      1896
  AVERAGE         54                        47      7       33

PRECIPITATION (IN)
  YESTERDAY        0.02          1.09 1908   0.08  -0.06     0.00
  MONTH TO DATE    3.65                      1.97   1.68     1.47
  SINCE SEP 1      5.31                      4.60   0.71     2.95
  SINCE JAN 1     32.60                     30.88   1.72    37.17

SNOWFALL (IN)
  YESTERDAY       MM             1.2  1938   0.0   MM        0.0
  MONTH TO DATE    T                         0.1   -0.1      1.0
  SINCE SEP 1      T                         0.1   -0.1      1.0
  SINCE JUL 1      T                         0.1   -0.1      1.0
  SNOW DEPTH       0

DEGREE DAYS
 HEATING
  YESTERDAY       11                        18     -7       32
  MONTH TO DATE  359                       331     28      333
  SINCE SEP 1    510                       469     41      435
  SINCE JUL 1    527                       489     38      455

 COOLING
  YESTERDAY        0                         0      0        0
  MONTH TO DATE    0                         8     -8        8
  SINCE SEP 1     51                        86    -35      141
  SINCE JAN 1    658                       798   -140      837
..................................................................


WIND (MPH)
  HIGHEST WIND SPEED    16   HIGHEST WIND DIRECTION     S (170)
  HIGHEST GUST SPEED    20   HIGHEST GUST DIRECTION    SE (150)
  AVERAGE WIND SPEED     5.9


SKY COVER
  POSSIBLE SUNSHINE  MM
  AVERAGE SKY COVER 1.0


WEATHER CONDITIONS
 THE FOLLOWING WEATHER WAS RECORDED YESTERDAY.
  LIGHT RAIN
  FOG
  FOG W/VISIBILITY <= 1/4 MILE


RELATIVE HUMIDITY (PERCENT)
 HIGHEST   100          1200 AM
 LOWEST     93          1200 PM
 AVERAGE    97

..........................................................


THE WATERLOO IA CLIMATE NORMALS FOR TODAY
                         NORMAL    RECORD    YEAR
 MAXIMUM TEMPERATURE (F)   58        86      1927
 MINIMUM TEMPERATURE (F)   36        19      1987


SUNRISE AND SUNSET
OCTOBER 25 2014.......SUNRISE   735 AM CDT   SUNSET   612 PM CDT
OCTOBER 26 2014.......SUNRISE   736 AM CDT   SUNSET   611 PM CDT


-  INDICATES NEGATIVE NUMBERS.
R  INDICATES RECORD WAS SET OR TIED.
MM INDICATES DATA IS MISSING.
T  INDICATES TRACE AMOUNT.

$$

REV
