000
CDUS43 KDMX 180641
CLIALO

CLIMATE REPORT
NATIONAL WEATHER SERVICE DES MOINES IA
140 AM CDT THU SEP 18 2014


...................................

...THE WATERLOO IA CLIMATE SUMMARY FOR SEPTEMBER 17 2014...

CLIMATE NORMAL PERIOD 1981 TO 2010
CLIMATE RECORD PERIOD 1895 TO 2014


WEATHER ITEM   OBSERVED TIME   RECORD YEAR NORMAL DEPARTURE LAST
                VALUE   (LST)  VALUE       VALUE  FROM      YEAR
                                                  NORMAL
..................................................................
TEMPERATURE (F)
 YESTERDAY
  MAXIMUM         73    409 PM  95    1988  75     -2       64
                                      1925
  MINIMUM         45    621 AM  32    1916  50     -5       47
  AVERAGE         59                        63     -4       56

PRECIPITATION (IN)
  YESTERDAY        0.00          2.12 1977   0.08  -0.08     0.01
  MONTH TO DATE    1.29                      1.54  -0.25     0.46
  SINCE SEP 1      1.29                      1.54  -0.25     0.46
  SINCE JAN 1     28.58                     27.82   0.76    34.68

SNOWFALL (IN)
  YESTERDAY        0.0          MM      MM   0.0    0.0      0.0
  MONTH TO DATE    0.0                       0.0    0.0      0.0
  SINCE SEP 1      0.0                       0.0    0.0      0.0
  SINCE JUL 1      0.0                       0.0    0.0      0.0
  SNOW DEPTH       0

DEGREE DAYS
 HEATING
  YESTERDAY        6                         5      1        9
  MONTH TO DATE  109                        47     62       48
  SINCE SEP 1    109                        47     62       48
  SINCE JUL 1    126                        67     59       68

 COOLING
  YESTERDAY        0                         2     -2        0
  MONTH TO DATE   36                        60    -24       99
  SINCE SEP 1     36                        60    -24       99
  SINCE JAN 1    643                       772   -129      795
..................................................................


WIND (MPH)
  HIGHEST WIND SPEED     8   HIGHEST WIND DIRECTION     E (110)
  HIGHEST GUST SPEED    11   HIGHEST GUST DIRECTION     S (180)
  AVERAGE WIND SPEED     3.1


SKY COVER
  POSSIBLE SUNSHINE  MM
  AVERAGE SKY COVER 0.2


WEATHER CONDITIONS
 THE FOLLOWING WEATHER WAS RECORDED YESTERDAY.
  NO SIGNIFICANT WEATHER WAS OBSERVED.


RELATIVE HUMIDITY (PERCENT)
 HIGHEST   100           600 AM
 LOWEST     44           200 PM
 AVERAGE    72

..........................................................


THE WATERLOO IA CLIMATE NORMALS FOR TODAY
                         NORMAL    RECORD    YEAR
 MAXIMUM TEMPERATURE (F)   75        93      1955
 MINIMUM TEMPERATURE (F)   50        28      1929


SUNRISE AND SUNSET
SEPTEMBER 18 2014.....SUNRISE   653 AM CDT   SUNSET   714 PM CDT
SEPTEMBER 19 2014.....SUNRISE   654 AM CDT   SUNSET   712 PM CDT


-  INDICATES NEGATIVE NUMBERS.
R  INDICATES RECORD WAS SET OR TIED.
MM INDICATES DATA IS MISSING.
T  INDICATES TRACE AMOUNT.




$$
