000
CDUS45 KPUB 111135
CLIALS


CLIMATE REPORT
NATIONAL WEATHER SERVICE PUEBLO
435 AM MST MON DEC 11 2017


...................................

...THE ALAMOSA CO CLIMATE SUMMARY FOR DECEMBER 10 2017...

CLIMATE NORMAL PERIOD 1981 TO 2010
CLIMATE RECORD PERIOD 1932 TO 2017


WEATHER ITEM   OBSERVED TIME   RECORD YEAR NORMAL DEPARTURE LAST
                VALUE   (LST)  VALUE       VALUE  FROM      YEAR
                                                  NORMAL
..................................................................
TEMPERATURE (F)
 YESTERDAY
  MAXIMUM         48    322 PM  56    2015  36     12       54
  MINIMUM          0    656 AM -24    2012   2     -2        2
                                      1978
  AVERAGE         24                        19      5       28

PRECIPITATION (IN)
  YESTERDAY        0.00          0.47 1961   0.01  -0.01     0.00
  MONTH TO DATE    0.00                      0.12  -0.12     0.07
  SINCE DEC 1      0.00                      0.12  -0.12     0.07
  SINCE JAN 1     10.55                      7.08   3.47     8.16

SNOWFALL (IN)
  YESTERDAY        0.0           6.6  1961   0.2   -0.2      0.0
  MONTH TO DATE    0.0                       1.5   -1.5      1.4
  SINCE DEC 1      0.0                       1.5   -1.5      1.4
  SINCE JUL 1      0.4                       7.3   -6.9      2.4
  SNOW DEPTH       0

DEGREE DAYS
 HEATING
  YESTERDAY       41                        46     -5       37
  MONTH TO DATE  384                       447    -63      476
  SINCE DEC 1    384                       447    -63      476
  SINCE JUL 1   2150                      2622   -472     2340

 COOLING
  YESTERDAY        0                         0      0        0
  MONTH TO DATE    0                         0      0        0
  SINCE DEC 1      0                         0      0        0
  SINCE JAN 1     76                        51     25      115
..................................................................


WIND (MPH)
  HIGHEST WIND SPEED     9   HIGHEST WIND DIRECTION     W (250)
  HIGHEST GUST SPEED    10   HIGHEST GUST DIRECTION     S (200)
  AVERAGE WIND SPEED     2.7


SKY COVER
  POSSIBLE SUNSHINE  MM
  AVERAGE SKY COVER 0.0


WEATHER CONDITIONS
 THE FOLLOWING WEATHER WAS RECORDED YESTERDAY.
  NO SIGNIFICANT WEATHER WAS OBSERVED.


RELATIVE HUMIDITY (PERCENT)
 HIGHEST    83           300 AM
 LOWEST      9           300 PM
 AVERAGE    46

..........................................................


THE ALAMOSA CO CLIMATE NORMALS FOR TODAY
                         NORMAL    RECORD    YEAR
 MAXIMUM TEMPERATURE (F)   36        55      1950
 MINIMUM TEMPERATURE (F)    1       -28      1961


SUNRISE AND SUNSET
DECEMBER 11 2017......SUNRISE   708 AM MST   SUNSET   446 PM MST
DECEMBER 12 2017......SUNRISE   709 AM MST   SUNSET   446 PM MST


-  INDICATES NEGATIVE NUMBERS.
R  INDICATES RECORD WAS SET OR TIED.
MM INDICATES DATA IS MISSING.
T  INDICATES TRACE AMOUNT.




$$
