000
CDUS45 KPUB 301036
CLIALS


CLIMATE REPORT
NATIONAL WEATHER SERVICE PUEBLO
433 AM MDT FRI SEP 30 2016


...................................

...THE ALAMOSA CO CLIMATE SUMMARY FOR SEPTEMBER 29 2016...

CLIMATE NORMAL PERIOD 1981 TO 2010
CLIMATE RECORD PERIOD 1932 TO 2016


WEATHER ITEM   OBSERVED TIME   RECORD YEAR NORMAL DEPARTURE LAST
                VALUE   (LST)  VALUE       VALUE  FROM      YEAR
                                                  NORMAL
..................................................................
TEMPERATURE (F)
 YESTERDAY
  MAXIMUM         74    354 PM  85    2010  68      6       78
  MINIMUM         37    521 AM  15    1999  31      6       37
  AVERAGE         56                        50      6       58

PRECIPITATION (IN)
  YESTERDAY        0.00          0.86 1941   0.02  -0.02      T
  MONTH TO DATE    0.26                      0.89  -0.63     0.45
  SINCE SEP 1      0.26                      0.89  -0.63     0.45
  SINCE JAN 1      7.61                      5.84   1.77     7.42

SNOWFALL (IN)
  YESTERDAY        0.0           0.8  1959   0.0    0.0      0.0
  MONTH TO DATE    0.0                       0.0    0.0      0.0
  SINCE SEP 1      0.0                       0.0    0.0      0.0
  SINCE JUL 1      0.0                       0.0    0.0      0.0
  SNOW DEPTH       0

DEGREE DAYS
 HEATING
  YESTERDAY        9                        15     -6        7
  MONTH TO DATE  244                       286    -42      185
  SINCE SEP 1    244                       286    -42      185
  SINCE JUL 1    388                       415    -27      277

 COOLING
  YESTERDAY        0                         0      0        0
  MONTH TO DATE    0                         0      0        0
  SINCE SEP 1      0                         0      0        0
  SINCE JAN 1    115                        51     64       74
..................................................................


WIND (MPH)
  HIGHEST WIND SPEED    17   HIGHEST WIND DIRECTION    NW (310)
  HIGHEST GUST SPEED    20   HIGHEST GUST DIRECTION    NW (310)
  AVERAGE WIND SPEED     6.1


SKY COVER
  POSSIBLE SUNSHINE  MM
  AVERAGE SKY COVER 0.1


WEATHER CONDITIONS
 THE FOLLOWING WEATHER WAS RECORDED YESTERDAY.
  NO SIGNIFICANT WEATHER WAS OBSERVED.


RELATIVE HUMIDITY (PERCENT)
 HIGHEST    66          1100 PM
 LOWEST     20           400 PM
 AVERAGE    43

..........................................................


THE ALAMOSA CO CLIMATE NORMALS FOR TODAY
                         NORMAL    RECORD    YEAR
 MAXIMUM TEMPERATURE (F)   68        82      2010
 MINIMUM TEMPERATURE (F)   31        15      1985


SUNRISE AND SUNSET
SEPTEMBER 30 2016.....SUNRISE   659 AM MDT   SUNSET   647 PM MDT
OCTOBER  1 2016.......SUNRISE   659 AM MDT   SUNSET   646 PM MDT


-  INDICATES NEGATIVE NUMBERS.
R  INDICATES RECORD WAS SET OR TIED.
MM INDICATES DATA IS MISSING.
T  INDICATES TRACE AMOUNT.




$$
