000
CDUS45 KPUB 221044
CLIALS


CLIMATE REPORT
NATIONAL WEATHER SERVICE PUEBLO
444 AM MDT FRI AUG 22 2014


...................................

...THE ALAMOSA CO CLIMATE SUMMARY FOR AUGUST 21 2014...

CLIMATE NORMAL PERIOD 1981 TO 2010
CLIMATE RECORD PERIOD 1932 TO 2014


WEATHER ITEM   OBSERVED TIME   RECORD YEAR NORMAL DEPARTURE LAST
                VALUE   (LST)  VALUE       VALUE  FROM      YEAR
                                                  NORMAL
..................................................................
TEMPERATURE (F)
 YESTERDAY
  MAXIMUM         80    248 PM  88    2013  79      1       88
                                      2007
  MINIMUM         43    511 AM  29    1964  45     -2       45
  AVERAGE         62                        62      0       67

PRECIPITATION (IN)
  YESTERDAY        0.00          0.78 2001   0.04  -0.04     0.06
  MONTH TO DATE    T                         0.86  -0.86     2.22
  SINCE JUN 1      1.54                      2.32  -0.78     3.56
  SINCE JAN 1      3.35                      4.54  -1.19     4.62

SNOWFALL (IN)
  YESTERDAY        0.0           0.0  2002   0.0    0.0      0.0
  MONTH TO DATE    0.0                       0.0    0.0      0.0
  SINCE JUN 1      0.0                       0.0    0.0      0.0
  SINCE JUL 1      0.0                       0.0    0.0      0.0
  SNOW DEPTH       0

DEGREE DAYS
 HEATING
  YESTERDAY        3                         3      0        0
  MONTH TO DATE   42                        44     -2       47
  SINCE JUN 1    190                       257    -67      177
  SINCE JUL 1     64                        89    -25       75

 COOLING
  YESTERDAY        0                         0      0        2
  MONTH TO DATE    3                        12     -9       16
  SINCE JUN 1     60                        50     10       81
  SINCE JAN 1     60                        50     10       81
..................................................................


WIND (MPH)
  HIGHEST WIND SPEED    12   HIGHEST WIND DIRECTION     N (360)
  HIGHEST GUST SPEED    16   HIGHEST GUST DIRECTION     N (350)
  AVERAGE WIND SPEED     2.8


SKY COVER
  POSSIBLE SUNSHINE  MM
  AVERAGE SKY COVER 0.1


WEATHER CONDITIONS
 THE FOLLOWING WEATHER WAS RECORDED YESTERDAY.
  NO SIGNIFICANT WEATHER WAS OBSERVED.


RELATIVE HUMIDITY (PERCENT)
 HIGHEST    83           500 AM
 LOWEST     19           200 PM
 AVERAGE    51

..........................................................


THE ALAMOSA CO CLIMATE NORMALS FOR TODAY
                         NORMAL    RECORD    YEAR
 MAXIMUM TEMPERATURE (F)   79        89      1945
 MINIMUM TEMPERATURE (F)   45        32      1964


SUNRISE AND SUNSET
AUGUST 22 2014........SUNRISE   626 AM MDT   SUNSET   746 PM MDT
AUGUST 23 2014........SUNRISE   626 AM MDT   SUNSET   745 PM MDT


-  INDICATES NEGATIVE NUMBERS.
R  INDICATES RECORD WAS SET OR TIED.
MM INDICATES DATA IS MISSING.
T  INDICATES TRACE AMOUNT.




$$
