225
CDUS45 KPUB 251038
CLIALS


CLIMATE REPORT
NATIONAL WEATHER SERVICE PUEBLO
438 AM MDT SAT MAR 25 2017


...................................

...THE ALAMOSA CO CLIMATE SUMMARY FOR MARCH 24 2017...

CLIMATE NORMAL PERIOD 1981 TO 2010
CLIMATE RECORD PERIOD 1932 TO 2017


WEATHER ITEM   OBSERVED TIME   RECORD YEAR NORMAL DEPARTURE LAST
                VALUE   (LST)  VALUE       VALUE  FROM      YEAR
                                                  NORMAL
..................................................................
TEMPERATURE (F)
 YESTERDAY
  MAXIMUM         54    135 PM  72    2012  53      1       53
  MINIMUM         27   1158 PM  -4    2013  19      8        9
  AVERAGE         41                        36      5       31

PRECIPITATION (IN)
  YESTERDAY        0.28          0.88 2007   0.01   0.27     0.00
  MONTH TO DATE    0.35                      0.39  -0.04      T
  SINCE MAR 1      0.35                      0.39  -0.04      T
  SINCE JAN 1      2.00                      0.91   1.09     0.98

SNOWFALL (IN)
  YESTERDAY        0.3           4.7  2007   0.2    0.1      0.0
  MONTH TO DATE    0.3                       3.8   -3.5      0.0
  SINCE MAR 1      0.3                       3.8   -3.5      0.0
  SINCE JUL 1     35.8                      21.9   13.9     18.8
  SNOW DEPTH       T

DEGREE DAYS
 HEATING
  YESTERDAY       24                        29     -5       34
  MONTH TO DATE  579                       779   -200      654
  SINCE MAR 1    579                       779   -200      654
  SINCE JUL 1   6368                      7108   -740     6420

 COOLING
  YESTERDAY        0                         0      0        0
  MONTH TO DATE    0                         0      0        0
  SINCE MAR 1      0                         0      0        0
  SINCE JAN 1      0                         0      0        0
..................................................................


WIND (MPH)
  HIGHEST WIND SPEED    36   HIGHEST WIND DIRECTION     N (340)
  HIGHEST GUST SPEED    44   HIGHEST GUST DIRECTION    NW (330)
  AVERAGE WIND SPEED    16.7


SKY COVER
  POSSIBLE SUNSHINE  MM
  AVERAGE SKY COVER 0.4


WEATHER CONDITIONS
 THE FOLLOWING WEATHER WAS RECORDED YESTERDAY.
  LIGHT RAIN
  LIGHT SNOW
  FOG


RELATIVE HUMIDITY (PERCENT)
 HIGHEST   100           300 AM
 LOWEST     35           100 PM
 AVERAGE    68

..........................................................


THE ALAMOSA CO CLIMATE NORMALS FOR TODAY
                         NORMAL    RECORD    YEAR
 MAXIMUM TEMPERATURE (F)   53        73      2012
 MINIMUM TEMPERATURE (F)   19        -2      2013


SUNRISE AND SUNSET
MARCH 25 2017.........SUNRISE   659 AM MDT   SUNSET   720 PM MDT
MARCH 26 2017.........SUNRISE   657 AM MDT   SUNSET   721 PM MDT


-  INDICATES NEGATIVE NUMBERS.
R  INDICATES RECORD WAS SET OR TIED.
MM INDICATES DATA IS MISSING.
T  INDICATES TRACE AMOUNT.




$$
