000
CDUS45 KPUB 011038
CLIALS


CLIMATE REPORT
NATIONAL WEATHER SERVICE PUEBLO
438 AM MDT TUE SEP 1 2015


...................................

...THE ALAMOSA CO CLIMATE SUMMARY FOR AUGUST 31 2015...

CLIMATE NORMAL PERIOD 1981 TO 2010
CLIMATE RECORD PERIOD 1932 TO 2015


WEATHER ITEM   OBSERVED TIME   RECORD YEAR NORMAL DEPARTURE LAST
                VALUE   (LST)  VALUE       VALUE  FROM      YEAR
                                                  NORMAL
..................................................................
TEMPERATURE (F)
 YESTERDAY
  MAXIMUM         79   1251 PM  88    2011  77      2       82
  MINIMUM         51   1159 PM  31    1944  43      8       39
  AVERAGE         65                        60      5       61

PRECIPITATION (IN)
  YESTERDAY        0.04          0.34 2001   0.04   0.00     0.00
  MONTH TO DATE    0.50                      1.27  -0.77     0.53
  SINCE JUN 1      3.03                      2.73   0.30     2.07
  SINCE JAN 1      6.97                      4.95   2.02     3.88

SNOWFALL (IN)
  YESTERDAY        0.0           0.0  2002   0.0    0.0      0.0
  MONTH TO DATE    0.0                       0.0    0.0      0.0
  SINCE JUN 1      0.0                       0.0    0.0      0.0
  SINCE JUL 1      0.0                       0.0    0.0      0.0
  SNOW DEPTH       0

DEGREE DAYS
 HEATING
  YESTERDAY        0                         5     -5        4
  MONTH TO DATE   48                        84    -36       99
  SINCE JUN 1    168                       297   -129      247
  SINCE JUL 1     92                       129    -37      121

 COOLING
  YESTERDAY        0                         0      0        0
  MONTH TO DATE   25                        13     12        3
  SINCE JUN 1     74                        51     23       60
  SINCE JAN 1     74                        51     23       60
..................................................................


WIND (MPH)
  HIGHEST WIND SPEED    23   HIGHEST WIND DIRECTION     S (170)
  HIGHEST GUST SPEED    28   HIGHEST GUST DIRECTION     S (160)
  AVERAGE WIND SPEED     5.7


SKY COVER
  POSSIBLE SUNSHINE  MM
  AVERAGE SKY COVER 0.6


WEATHER CONDITIONS
 THE FOLLOWING WEATHER WAS RECORDED YESTERDAY.
  LIGHT RAIN


RELATIVE HUMIDITY (PERCENT)
 HIGHEST    93          1100 PM
 LOWEST     25           200 PM
 AVERAGE    59

..........................................................


THE ALAMOSA CO CLIMATE NORMALS FOR TODAY
                         NORMAL    RECORD    YEAR
 MAXIMUM TEMPERATURE (F)   77        86      1990
                                             1948
 MINIMUM TEMPERATURE (F)   43        29      1962


SUNRISE AND SUNSET
SEPTEMBER  1 2015.....SUNRISE   634 AM MDT   SUNSET   733 PM MDT
SEPTEMBER  2 2015.....SUNRISE   634 AM MDT   SUNSET   731 PM MDT


-  INDICATES NEGATIVE NUMBERS.
R  INDICATES RECORD WAS SET OR TIED.
MM INDICATES DATA IS MISSING.
T  INDICATES TRACE AMOUNT.




$$
