717
CDUS44 KAMA 180857
CLIAMA


CLIMATE REPORT
NATIONAL WEATHER SERVICE AMARILLO TX
256 AM CST WED JAN 18 2017


...................................

...THE AMARILLO CLIMATE SUMMARY FOR JANUARY 17 2017...

CLIMATE NORMAL PERIOD 1981 TO 2010
CLIMATE RECORD PERIOD 1892 TO 2017


WEATHER ITEM   OBSERVED TIME   RECORD YEAR NORMAL DEPARTURE LAST
                VALUE   (LST)  VALUE       VALUE  FROM      YEAR
                                                  NORMAL
..................................................................
TEMPERATURE (F)
 YESTERDAY
  MAXIMUM         54    457 PM  73    1982  51      3       41
                                      1950
                                      1923
  MINIMUM         32    548 AM  -8    1930  23      9       20
  AVERAGE         43                        37      6       31

PRECIPITATION (IN)
  YESTERDAY        0.02          0.51 2004   0.03  -0.01     0.00
  MONTH TO DATE    2.74                      0.34   2.40     0.19
  SINCE DEC 1      3.01                      1.05   1.96     0.97
  SINCE JAN 1      2.74                      0.34   2.40     0.19

SNOWFALL (IN)
  YESTERDAY        0.0           6.0  1939   0.1   -0.1      0.0
  MONTH TO DATE    6.4                       2.0    4.4      1.4
  SINCE DEC 1      6.9                       5.7    1.2      7.6
  SINCE JUL 1      6.9                       8.4   -1.5      8.9
  SNOW DEPTH       0

DEGREE DAYS
 HEATING
  YESTERDAY       22                        28     -6       34
  MONTH TO DATE  483                       482      1      512
  SINCE DEC 1   1309                      1355    -46     1247
  SINCE JUL 1   1774                      2199   -425     1906

 COOLING
  YESTERDAY        0                         0      0        0
  MONTH TO DATE    0                         0      0        0
  SINCE DEC 1      0                         0      0        0
  SINCE JAN 1      0                         0      0        0
..................................................................


WIND (MPH)
  RESULTANT WIND SPEED   3   RESULTANT WIND DIRECTION   N (360)
  HIGHEST WIND SPEED    17   HIGHEST WIND DIRECTION     S (190)
  HIGHEST GUST SPEED    22   HIGHEST GUST DIRECTION     S (170)
  AVERAGE WIND SPEED     7.6


SKY COVER
  AVERAGE SKY COVER 0.6


WEATHER CONDITIONS
 THE FOLLOWING WEATHER WAS RECORDED YESTERDAY.
  LIGHT RAIN


RELATIVE HUMIDITY (PERCENT)
 HIGHEST    96           700 AM
 LOWEST     46           300 PM
 AVERAGE    71

..........................................................


THE AMARILLO CLIMATE NORMALS FOR TODAY
                         NORMAL    RECORD    YEAR
 MAXIMUM TEMPERATURE (F)   51        74      1914
 MINIMUM TEMPERATURE (F)   23       -11      1984


SUNRISE AND SUNSET
JANUARY 18 2017.......SUNRISE   754 AM CST   SUNSET   601 PM CST
JANUARY 19 2017.......SUNRISE   753 AM CST   SUNSET   602 PM CST


-  INDICATES NEGATIVE NUMBERS.
R  INDICATES RECORD WAS SET OR TIED.
MM INDICATES DATA IS MISSING.
T  INDICATES TRACE AMOUNT.




$$
