579
CDUS44 KAMA 252131
CLIAMA


CLIMATE REPORT
NATIONAL WEATHER SERVICE AMARILLO TX
431 PM CDT SAT MAR 25 2017


...................................

...THE AMARILLO CLIMATE SUMMARY FOR MARCH 25 2017...
VALID TODAY AS OF 0400 PM LOCAL TIME.

CLIMATE NORMAL PERIOD 1981 TO 2010
CLIMATE RECORD PERIOD 1892 TO 2017


WEATHER ITEM   OBSERVED TIME   RECORD YEAR NORMAL DEPARTURE LAST
                VALUE   (LST)  VALUE       VALUE  FROM      YEAR
                                                  NORMAL
..................................................................
TEMPERATURE (F)
 TODAY
  MAXIMUM         70    317 PM  87    1998  65      5       74
                                      1910
  MINIMUM         36    655 AM  13    1996  35      1       35
  AVERAGE         53                        50      3       55

PRECIPITATION (IN)
  TODAY            0.00          1.93 1934   0.05  -0.05     0.00
  MONTH TO DATE    0.11                      1.09  -0.98     0.02
  SINCE MAR 1      0.11                      1.09  -0.98     0.02
  SINCE JAN 1      3.79                      2.37   1.42     0.71

SNOWFALL (IN)
  TODAY            0.0          19.0  1934   0.1   -0.1      0.0
  MONTH TO DATE    0.0                       2.4   -2.4      0.0
  SINCE MAR 1      0.0                       2.4   -2.4      0.0
  SINCE JUL 1      8.0                      16.4   -8.4     12.1
  SNOW DEPTH       0

DEGREE DAYS
 HEATING
  TODAY           12                        15     -3       10
  MONTH TO DATE  272                       449   -177      299
  SINCE MAR 1    272                       449   -177      299
  SINCE JUL 1   2830                      3726   -896     3040

 COOLING
  TODAY            0                         0      0        0
  MONTH TO DATE   12                         0     12        2
  SINCE MAR 1     12                         0     12        2
  SINCE JAN 1     17                         0     17        3
..................................................................


WIND (MPH)
  RESULTANT WIND SPEED  14   RESULTANT WIND DIRECTION  NW (310)
  HIGHEST WIND SPEED    25   HIGHEST WIND DIRECTION    NW (320)
  HIGHEST GUST SPEED    33   HIGHEST GUST DIRECTION    NW (320)
  AVERAGE WIND SPEED    14.2


SKY COVER
  AVERAGE SKY COVER 0.0


WEATHER CONDITIONS
 THE FOLLOWING WEATHER WAS RECORDED TODAY.
  NO SIGNIFICANT WEATHER WAS OBSERVED.


RELATIVE HUMIDITY (PERCENT)
 HIGHEST    92           600 AM
 LOWEST     22           200 PM
 AVERAGE    57

..........................................................


THE AMARILLO CLIMATE NORMALS FOR TOMORROW
                         NORMAL    RECORD    YEAR
 MAXIMUM TEMPERATURE (F)   66        86      1991
                                             1956
 MINIMUM TEMPERATURE (F)   36         9      1955


SUNRISE AND SUNSET
MARCH 25 2017.........SUNRISE   743 AM CDT   SUNSET   803 PM CDT
MARCH 26 2017.........SUNRISE   742 AM CDT   SUNSET   804 PM CDT


-  INDICATES NEGATIVE NUMBERS.
R  INDICATES RECORD WAS SET OR TIED.
MM INDICATES DATA IS MISSING.
T  INDICATES TRACE AMOUNT.




$$
