000
CDUS44 KAMA 240626
CLIAMA


CLIMATE REPORT
NATIONAL WEATHER SERVICE AMARILLO TX
125 AM CDT THU JUL 24 2014


...................................

...THE AMARILLO CLIMATE SUMMARY FOR JULY 23 2014...

CLIMATE NORMAL PERIOD 1981 TO 2010
CLIMATE RECORD PERIOD 1892 TO 2014


WEATHER ITEM   OBSERVED TIME   RECORD YEAR NORMAL DEPARTURE LAST
                VALUE   (LST)  VALUE       VALUE  FROM      YEAR
                                                  NORMAL
..................................................................
TEMPERATURE (F)
 YESTERDAY
  MAXIMUM         94    419 PM 102    2012  91      3       97
                                      2001
                                      1981
  MINIMUM         66    548 AM  57    2009  65      1       71
                                      1947
                                      1904
  AVERAGE         80                        78      2       84

PRECIPITATION (IN)
  YESTERDAY        0.00          1.99 1962   0.09  -0.09     0.00
  MONTH TO DATE    1.48                      2.05  -0.57     1.25
  SINCE JUN 1      6.88                      5.21   1.67     4.05
  SINCE JAN 1     11.59                     11.57   0.02    10.34

SNOWFALL (IN)
  YESTERDAY        0.0           0.0    MM   0.0    0.0      0.0
  MONTH TO DATE    0.0                       0.0    0.0      0.0
  SINCE JUN 1      0.0                       0.0    0.0      0.0
  SINCE JUL 1      0.0                       0.0    0.0      0.0
  SNOW DEPTH       0

DEGREE DAYS
 HEATING
  YESTERDAY        0                         0      0        0
  MONTH TO DATE    0                         0      0        0
  SINCE JUN 1      4                         7     -3        0
  SINCE JUL 1      0                         0      0        0

 COOLING
  YESTERDAY       15                        13      2       19
  MONTH TO DATE  261                       307    -46      303
  SINCE JUN 1    579                       595    -16      694
  SINCE JAN 1    776                       720     56      942
..................................................................


WIND (MPH)
  RESULTANT WIND SPEED   5   RESULTANT WIND DIRECTION  SE (150)
  HIGHEST WIND SPEED    13   HIGHEST WIND DIRECTION     S (160)
  HIGHEST GUST SPEED    15   HIGHEST GUST DIRECTION     S (160)
  AVERAGE WIND SPEED     6.5


SKY COVER
  AVERAGE SKY COVER 0.0


WEATHER CONDITIONS
 THE FOLLOWING WEATHER WAS RECORDED YESTERDAY.
  NO SIGNIFICANT WEATHER WAS OBSERVED.


RELATIVE HUMIDITY (PERCENT)
 HIGHEST    87           600 AM
 LOWEST     26           500 PM
 AVERAGE    57

..........................................................


THE AMARILLO CLIMATE NORMALS FOR TODAY
                         NORMAL    RECORD    YEAR
 MAXIMUM TEMPERATURE (F)   91       101      2000
 MINIMUM TEMPERATURE (F)   65        56      1904


SUNRISE AND SUNSET
JULY 24 2014..........SUNRISE   650 AM CDT   SUNSET   856 PM CDT
JULY 25 2014..........SUNRISE   651 AM CDT   SUNSET   856 PM CDT


-  INDICATES NEGATIVE NUMBERS.
R  INDICATES RECORD WAS SET OR TIED.
MM INDICATES DATA IS MISSING.
T  INDICATES TRACE AMOUNT.




$$
