000
CDUS44 KAMA 282230
CLIAMA


CLIMATE REPORT
NATIONAL WEATHER SERVICE AMARILLO TX
430 PM CST SUN DEC 28 2014


...................................

...THE AMARILLO CLIMATE SUMMARY FOR DECEMBER 28 2014...
VALID TODAY AS OF 0400 PM LOCAL TIME.

CLIMATE NORMAL PERIOD 1981 TO 2010
CLIMATE RECORD PERIOD 1892 TO 2014


WEATHER ITEM   OBSERVED TIME   RECORD YEAR NORMAL DEPARTURE LAST
                VALUE   (LST)  VALUE       VALUE  FROM      YEAR
                                                  NORMAL
..................................................................
TEMPERATURE (F)
 TODAY
  MAXIMUM         49    418 PM  73    1955  49      0       58
  MINIMUM         14    749 AM  -2    1983  23     -9       24
  AVERAGE         32                        36     -4       41

PRECIPITATION (IN)
  TODAY            0.00          0.40 1969   0.02  -0.02     0.00
  MONTH TO DATE    0.12                      0.65  -0.53     0.32
  SINCE DEC 1      0.12                      0.65  -0.53     0.32
  SINCE JAN 1     19.39                     20.30  -0.91    15.20

SNOWFALL (IN)
  TODAY            0.0           4.3  1969   0.1   -0.1      0.0
  MONTH TO DATE    T                         3.4   -3.4      2.2
  SINCE DEC 1      T                         3.4   -3.4      2.2
  SINCE JUL 1      2.5                       6.1   -3.6      6.5
  SNOW DEPTH       0

DEGREE DAYS
 HEATING
  TODAY           33                        29      4       24
  MONTH TO DATE  641                       786   -145      809
  SINCE DEC 1    641                       786   -145      809
  SINCE JUL 1   1435                      1630   -195     1647

 COOLING
  TODAY            0                         0      0        0
  MONTH TO DATE    0                         0      0        0
  SINCE DEC 1      0                         0      0        0
  SINCE JAN 1   1534                      1399    135     1806
..................................................................


WIND (MPH)
  RESULTANT WIND SPEED   9   RESULTANT WIND DIRECTION  SW (210)
  HIGHEST WIND SPEED    16   HIGHEST WIND DIRECTION    SW (220)
  HIGHEST GUST SPEED    20   HIGHEST GUST DIRECTION     S (200)
  AVERAGE WIND SPEED     9.7


SKY COVER
  AVERAGE SKY COVER 0.0


WEATHER CONDITIONS
 THE FOLLOWING WEATHER WAS RECORDED TODAY.
  NO SIGNIFICANT WEATHER WAS OBSERVED.


RELATIVE HUMIDITY (PERCENT)
 HIGHEST    91           900 AM
 LOWEST     19           400 PM
 AVERAGE    55

..........................................................


THE AMARILLO CLIMATE NORMALS FOR TOMORROW
                         NORMAL    RECORD    YEAR
 MAXIMUM TEMPERATURE (F)   49        74      1965
 MINIMUM TEMPERATURE (F)   23        -5      1983


SUNRISE AND SUNSET
DECEMBER 28 2014......SUNRISE   754 AM CST   SUNSET   543 PM CST
DECEMBER 29 2014......SUNRISE   755 AM CST   SUNSET   543 PM CST


-  INDICATES NEGATIVE NUMBERS.
R  INDICATES RECORD WAS SET OR TIED.
MM INDICATES DATA IS MISSING.
T  INDICATES TRACE AMOUNT.




$$
