000
CDUS44 KAMA 012130
CLIAMA


CLIMATE REPORT
NATIONAL WEATHER SERVICE AMARILLO TX
429 PM CDT SAT AUG 1 2015


...................................

...THE AMARILLO CLIMATE SUMMARY FOR AUGUST 1 2015...
VALID TODAY AS OF 0400 PM LOCAL TIME.

CLIMATE NORMAL PERIOD 1981 TO 2010
CLIMATE RECORD PERIOD 1892 TO 2015


WEATHER ITEM   OBSERVED TIME   RECORD YEAR NORMAL DEPARTURE LAST
                VALUE   (LST)  VALUE       VALUE  FROM      YEAR
                                                  NORMAL
..................................................................
TEMPERATURE (F)
 TODAY
  MAXIMUM         83    253 PM 105    2012  91     -8       85
                                      1944
  MINIMUM         64    124 AM  55    1925  65     -1       58
  AVERAGE         74                        78     -4       72

PRECIPITATION (IN)
  TODAY            0.85          1.78 1898   0.11   0.74     0.00
  MONTH TO DATE    0.85                      0.11   0.74     0.00
  SINCE JUN 1     11.33                      6.11   5.22     7.22
  SINCE JAN 1     25.88                     12.47  13.41    11.93

SNOWFALL (IN)
  TODAY            0.0           0.0    MM   0.0    0.0      0.0
  MONTH TO DATE    0.0                       0.0    0.0      0.0
  SINCE JUN 1      0.0                       0.0    0.0      0.0
  SINCE JUL 1      0.0                       0.0    0.0      0.0
  SNOW DEPTH       0

DEGREE DAYS
 HEATING
  TODAY            0                         0      0        0
  MONTH TO DATE    0                         0      0        0
  SINCE JUN 1      0                         7     -7        4
  SINCE JUL 1      0                         0      0        0

 COOLING
  TODAY            9                        13     -4        7
  MONTH TO DATE    9                        13     -4        7
  SINCE JUN 1    734                       713     21      688
  SINCE JAN 1    783                       838    -55      885
..................................................................


WIND (MPH)
  RESULTANT WIND SPEED  11   RESULTANT WIND DIRECTION   S (180)
  HIGHEST WIND SPEED    20   HIGHEST WIND DIRECTION     S (160)
  HIGHEST GUST SPEED    24   HIGHEST GUST DIRECTION    SE (150)
  AVERAGE WIND SPEED    11.6


SKY COVER
  AVERAGE SKY COVER 0.6


WEATHER CONDITIONS
 THE FOLLOWING WEATHER WAS RECORDED TODAY.
  THUNDERSTORM
  HEAVY RAIN
  RAIN
  LIGHT RAIN
  FOG


RELATIVE HUMIDITY (PERCENT)
 HIGHEST    93          1200 AM
 LOWEST     63           300 PM
 AVERAGE    78

..........................................................


THE AMARILLO CLIMATE NORMALS FOR TOMORROW
                         NORMAL    RECORD    YEAR
 MAXIMUM TEMPERATURE (F)   91       106      2012
 MINIMUM TEMPERATURE (F)   65        56      1925


SUNRISE AND SUNSET
AUGUST  1 2015........SUNRISE   656 AM CDT   SUNSET   850 PM CDT
AUGUST  2 2015........SUNRISE   656 AM CDT   SUNSET   849 PM CDT


-  INDICATES NEGATIVE NUMBERS.
R  INDICATES RECORD WAS SET OR TIED.
MM INDICATES DATA IS MISSING.
T  INDICATES TRACE AMOUNT.




$$
