000
CDUS44 KAMA 260639
CLIAMA


CLIMATE REPORT
NATIONAL WEATHER SERVICE AMARILLO TX
138 AM CDT TUE SEP 26 2017


...................................

...THE AMARILLO CLIMATE SUMMARY FOR SEPTEMBER 25 2017...

CLIMATE NORMAL PERIOD 1981 TO 2010
CLIMATE RECORD PERIOD 1892 TO 2017


WEATHER ITEM   OBSERVED TIME   RECORD YEAR NORMAL DEPARTURE LAST
                VALUE   (LST)  VALUE       VALUE  FROM      YEAR
                                                  NORMAL
..................................................................
TEMPERATURE (F)
 YESTERDAY
  MAXIMUM         68    318 PM  94    1951  79    -11       75
                                      1910
  MINIMUM         58   1145 PM  32    1926  53      5       53
  AVERAGE         63                        66     -3       64

PRECIPITATION (IN)
  YESTERDAY        1.49          3.05 1915   0.07   1.42     0.00
  MONTH TO DATE    2.45                      1.62   0.83     0.82
  SINCE SEP 1      2.45                      1.62   0.83     0.82
  SINCE JAN 1     23.33                     16.89   6.44    15.70

SNOWFALL (IN)
  YESTERDAY        0.0           T    1926   0.0    0.0      0.0
  MONTH TO DATE    0.0                       0.0    0.0      0.0
  SINCE SEP 1      0.0                       0.0    0.0      0.0
  SINCE JUL 1      T                         0.0    0.0       T
  SNOW DEPTH       0

DEGREE DAYS
 HEATING
  YESTERDAY        2                         3     -1        1
  MONTH TO DATE    4                        26    -22        2
  SINCE SEP 1      4                        26    -22        2
  SINCE JUL 1      4                        27    -23        2

 COOLING
  YESTERDAY        0                         4     -4        0
  MONTH TO DATE  191                       164     27      207
  SINCE SEP 1    191                       164     27      207
  SINCE JAN 1   1438                      1356     82     1581
..................................................................


WIND (MPH)
  RESULTANT WIND SPEED  11   RESULTANT WIND DIRECTION   S (160)
  HIGHEST WIND SPEED    15   HIGHEST WIND DIRECTION    SE (150)
  HIGHEST GUST SPEED    28   HIGHEST GUST DIRECTION    SE (150)
  AVERAGE WIND SPEED    11.4


SKY COVER
  AVERAGE SKY COVER 1.0


WEATHER CONDITIONS
 THE FOLLOWING WEATHER WAS RECORDED YESTERDAY.
  THUNDERSTORM
  HEAVY RAIN
  RAIN
  LIGHT RAIN
  FOG
  FOG W/VISIBILITY <= 1/4 MILE


RELATIVE HUMIDITY (PERCENT)
 HIGHEST   100           100 AM
 LOWEST     93          1200 AM
 AVERAGE    97

..........................................................


THE AMARILLO CLIMATE NORMALS FOR TODAY
                         NORMAL    RECORD    YEAR
 MAXIMUM TEMPERATURE (F)   79        96      1951
 MINIMUM TEMPERATURE (F)   52        32      1926


SUNRISE AND SUNSET
SEPTEMBER 26 2017.....SUNRISE   738 AM CDT   SUNSET   737 PM CDT
SEPTEMBER 27 2017.....SUNRISE   739 AM CDT   SUNSET   736 PM CDT


-  INDICATES NEGATIVE NUMBERS.
R  INDICATES RECORD WAS SET OR TIED.
MM INDICATES DATA IS MISSING.
T  INDICATES TRACE AMOUNT.




$$
