000
CDUS44 KAMA 290737
CLIAMA


CLIMATE REPORT
NATIONAL WEATHER SERVICE AMARILLO TX
135 AM CST THU JAN 29 2015


...................................

...THE AMARILLO CLIMATE SUMMARY FOR JANUARY 28 2015...

CLIMATE NORMAL PERIOD 1981 TO 2010
CLIMATE RECORD PERIOD 1892 TO 2015


WEATHER ITEM   OBSERVED TIME   RECORD YEAR NORMAL DEPARTURE LAST
                VALUE   (LST)  VALUE       VALUE  FROM      YEAR
                                                  NORMAL
..................................................................
TEMPERATURE (F)
 YESTERDAY
  MAXIMUM         71    324 PM  76    2003  52     19       33
                                      2002
  MINIMUM         42   1156 PM  -2    1966  24     18        4
  AVERAGE         57                        38     19       19

PRECIPITATION (IN)
  YESTERDAY        0.00          1.06 1895   0.03  -0.03     0.00
  MONTH TO DATE    1.21                      0.64   0.57     0.03
  SINCE DEC 1      1.34                      1.35  -0.01     0.35
  SINCE JAN 1      1.21                      0.64   0.57     0.03

SNOWFALL (IN)
  YESTERDAY        0.0          12.0  1895   0.2   -0.2      0.0
  MONTH TO DATE   14.1                       4.1   10.0      0.9
  SINCE DEC 1     14.5                       7.8    6.7      3.1
  SINCE JUL 1     17.0                      10.5    6.5      7.4
  SNOW DEPTH       0

DEGREE DAYS
 HEATING
  YESTERDAY        8                        27    -19       46
  MONTH TO DATE  795                       787      8      778
  SINCE DEC 1   1570                      1660    -90     1681
  SINCE JUL 1   2364                      2504   -140     2519

 COOLING
  YESTERDAY        0                         0      0        0
  MONTH TO DATE    0                         0      0        0
  SINCE DEC 1      0                         0      0        0
  SINCE JAN 1      0                         0      0        0
..................................................................


WIND (MPH)
  RESULTANT WIND SPEED   5   RESULTANT WIND DIRECTION   W (260)
  HIGHEST WIND SPEED    21   HIGHEST WIND DIRECTION    NW (300)
  HIGHEST GUST SPEED    27   HIGHEST GUST DIRECTION    SW (220)
  AVERAGE WIND SPEED    10.7


SKY COVER
  AVERAGE SKY COVER 0.0


WEATHER CONDITIONS
 THE FOLLOWING WEATHER WAS RECORDED YESTERDAY.
  NO SIGNIFICANT WEATHER WAS OBSERVED.


RELATIVE HUMIDITY (PERCENT)
 HIGHEST    66           600 AM
 LOWEST     23           400 PM
 AVERAGE    45

..........................................................


THE AMARILLO CLIMATE NORMALS FOR TODAY
                         NORMAL    RECORD    YEAR
 MAXIMUM TEMPERATURE (F)   52        76      1911
 MINIMUM TEMPERATURE (F)   24        -6      1966


SUNRISE AND SUNSET
JANUARY 29 2015.......SUNRISE   748 AM CST   SUNSET   612 PM CST
JANUARY 30 2015.......SUNRISE   748 AM CST   SUNSET   613 PM CST


-  INDICATES NEGATIVE NUMBERS.
R  INDICATES RECORD WAS SET OR TIED.
MM INDICATES DATA IS MISSING.
T  INDICATES TRACE AMOUNT.




$$
