000
CDUS42 KJAX 190526
CLIAMG


CLIMATE REPORT
NATIONAL WEATHER SERVICE JACKSONVILLE FL
126 AM EDT THU OCT 19 2017


...................................

...THE ALMA CLIMATE SUMMARY FOR OCTOBER 18 2017...

CLIMATE NORMAL PERIOD 1981 TO 2010
CLIMATE RECORD PERIOD 1948 TO 2017


WEATHER ITEM   OBSERVED TIME   RECORD YEAR NORMAL DEPARTURE LAST
                VALUE   (LST)  VALUE       VALUE  FROM      YEAR
                                                  NORMAL
..................................................................
TEMPERATURE (F)
 YESTERDAY
  MAXIMUM         79    324 PM  90    2006  79      0       87
                                      1972
  MINIMUM         53    532 AM  34    1954  57     -4       59
  AVERAGE         66                        68     -2       73

PRECIPITATION (IN)
  YESTERDAY        0.00          2.72 1950   0.10  -0.10     0.00
  MONTH TO DATE    1.43                      1.87  -0.44     3.23
  SINCE SEP 1      9.45                      5.51   3.94     7.49
  SINCE JAN 1     37.85                     39.72  -1.87    39.49

SNOWFALL (IN)
  YESTERDAY        0.0           0.0    MM   0.0    0.0      0.0
  MONTH TO DATE    0.0                       0.0    0.0      0.0
  SINCE SEP 1      0.0                       0.0    0.0      0.0
  SINCE JUL 1      0.0                       0.0    0.0      0.0
  SNOW DEPTH       0

DEGREE DAYS
 HEATING
  YESTERDAY        0                         2     -2        0
  MONTH TO DATE    1                        14    -13        1
  SINCE SEP 1      1                        16    -15        1
  SINCE JUL 1      1                        16    -15        1

 COOLING
  YESTERDAY        1                         4     -3        8
  MONTH TO DATE  218                       113    105      124
  SINCE SEP 1    612                       476    136      535
  SINCE JAN 1   2783                      2383    400     2616
..................................................................


WIND (MPH)
  HIGHEST WIND SPEED    12   HIGHEST WIND DIRECTION    NE (60)
  HIGHEST GUST SPEED    18   HIGHEST GUST DIRECTION    NE (50)
  AVERAGE WIND SPEED     4.2


SKY COVER
  POSSIBLE SUNSHINE  MM
  AVERAGE SKY COVER 0.0


WEATHER CONDITIONS
 THE FOLLOWING WEATHER WAS RECORDED YESTERDAY.
  NO SIGNIFICANT WEATHER WAS OBSERVED.


RELATIVE HUMIDITY (PERCENT)
 HIGHEST    84           700 PM
 LOWEST     45           400 PM
 AVERAGE    65

..........................................................


THE ALMA CLIMATE NORMALS FOR TODAY
                         NORMAL    RECORD    YEAR
 MAXIMUM TEMPERATURE (F)   79        90      2006
 MINIMUM TEMPERATURE (F)   56        39      2015


SUNRISE AND SUNSET
OCTOBER 19 2017.......SUNRISE   736 AM EDT   SUNSET   653 PM EDT
OCTOBER 20 2017.......SUNRISE   737 AM EDT   SUNSET   652 PM EDT


-  INDICATES NEGATIVE NUMBERS.
R  INDICATES RECORD WAS SET OR TIED.
MM INDICATES DATA IS MISSING.
T  INDICATES TRACE AMOUNT.




$$
