000
CDUS42 KJAX 312131
CLIAMG


CLIMATE REPORT
NATIONAL WEATHER SERVICE JACKSONVILLE FL
526 PM EDT MON AUG 31 2015


...................................

...THE ALMA CLIMATE SUMMARY FOR AUGUST 31 2015...
VALID TODAY AS OF 0500 PM LOCAL TIME.

CLIMATE NORMAL PERIOD 1981 TO 2010
CLIMATE RECORD PERIOD 1948 TO 2015


WEATHER ITEM   OBSERVED TIME   RECORD YEAR NORMAL DEPARTURE LAST
                VALUE   (LST)  VALUE       VALUE  FROM      YEAR
                                                  NORMAL
..................................................................
TEMPERATURE (F)
 TODAY
  MAXIMUM         90    421 PM 102    1995  90      0       97
  MINIMUM         75    709 AM  59    1951  70      5       73
  AVERAGE         83                        80      3       85

PRECIPITATION (IN)
  TODAY            0.00          1.88 1981   0.14  -0.14     1.70
  MONTH TO DATE    4.65                      5.41  -0.76     6.63
  SINCE JUN 1     15.54                     16.12  -0.58    10.20
  SINCE JAN 1     28.81                     34.21  -5.40    27.86

SNOWFALL (IN)
  TODAY            0.0           0.0    MM   0.0    0.0      0.0
  MONTH TO DATE    0.0                       0.0    0.0      0.0
  SINCE JUN 1      0.0                       0.0    0.0      0.0
  SINCE JUL 1      0.0                       0.0    0.0      0.0
  SNOW DEPTH       0

DEGREE DAYS
 HEATING
  TODAY            0                         0      0        0
  MONTH TO DATE    0                         0      0        0
  SINCE JUN 1      0                         0      0        0
  SINCE JUL 1      0                         0      0        0

 COOLING
  TODAY           18                        15      3       20
  MONTH TO DATE  538                       505     33      534
  SINCE JUN 1   1584                      1477    107     1523
  SINCE JAN 1   2109                      1907    202     1907
..................................................................


WIND (MPH)
  HIGHEST WIND SPEED     9   HIGHEST WIND DIRECTION     N (340)
  HIGHEST GUST SPEED    12   HIGHEST GUST DIRECTION     N (340)
  AVERAGE WIND SPEED     3.9


SKY COVER
  POSSIBLE SUNSHINE  MM
  AVERAGE SKY COVER 0.8


WEATHER CONDITIONS
 THE FOLLOWING WEATHER WAS RECORDED TODAY.
  FOG


RELATIVE HUMIDITY (PERCENT)
 HIGHEST    94          1200 AM
 LOWEST     50           400 PM
 AVERAGE    72

..........................................................


THE ALMA CLIMATE NORMALS FOR TOMORROW
                         NORMAL    RECORD    YEAR
 MAXIMUM TEMPERATURE (F)   90        98      1970
 MINIMUM TEMPERATURE (F)   70        57      1999


SUNRISE AND SUNSET
AUGUST 31 2015........SUNRISE   705 AM EDT   SUNSET   755 PM EDT
SEPTEMBER  1 2015.....SUNRISE   706 AM EDT   SUNSET   754 PM EDT


-  INDICATES NEGATIVE NUMBERS.
R  INDICATES RECORD WAS SET OR TIED.
MM INDICATES DATA IS MISSING.
T  INDICATES TRACE AMOUNT.




$$
