000
CDUS42 KJAX 022143
CLIAMG


CLIMATE REPORT
NATIONAL WEATHER SERVICE JACKSONVILLE FL
542 PM EDT TUE JUN 2 2015


...................................

...THE ALMA CLIMATE SUMMARY FOR JUNE 2 2015...
VALID TODAY AS OF 0500 PM LOCAL TIME.

CLIMATE NORMAL PERIOD 1981 TO 2010
CLIMATE RECORD PERIOD 1948 TO 2015


WEATHER ITEM   OBSERVED TIME   RECORD YEAR NORMAL DEPARTURE LAST
                VALUE   (LST)  VALUE       VALUE  FROM      YEAR
                                                  NORMAL
..................................................................
TEMPERATURE (F)
 TODAY
  MAXIMUM         84    300 PM 100    1985  89     -5       80
  MINIMUM         65        MM  47    1984  67     -2       66
  AVERAGE         75                        78     -3       73

PRECIPITATION (IN)
  TODAY            0.00          4.01 2007   0.16  -0.16     0.00
  MONTH TO DATE    0.44                      0.30   0.14     0.01
  SINCE JUN 1      0.44                      0.30   0.14     0.01
  SINCE JAN 1     13.71                     18.39  -4.68    17.67

SNOWFALL (IN)
  TODAY            0.0           0.0    MM   0.0    0.0      0.0
  MONTH TO DATE    0.0                       0.0    0.0      0.0
  SINCE JUN 1      0.0                       0.0    0.0      0.0
  SINCE JUL 1      0.0                       0.1   -0.1       T
  SNOW DEPTH       0

DEGREE DAYS
 HEATING
  TODAY            0                         0      0        0
  MONTH TO DATE    0                         0      0        0
  SINCE JUN 1      0                         0      0        0
  SINCE JUL 1   1820                      1659    161     1807

 COOLING
  TODAY           10                        13     -3        8
  MONTH TO DATE   22                        26     -4       18
  SINCE JUN 1     22                        26     -4       18
  SINCE JAN 1    547                       456     91      402
..................................................................


WIND (MPH)
  HIGHEST WIND SPEED    12   HIGHEST WIND DIRECTION     S (170)
  HIGHEST GUST SPEED    MM   HIGHEST GUST DIRECTION    MM
  AVERAGE WIND SPEED     2.3


SKY COVER
  POSSIBLE SUNSHINE  MM
  AVERAGE SKY COVER 0.1


WEATHER CONDITIONS
 THE FOLLOWING WEATHER WAS RECORDED TODAY.
  THUNDERSTORM
  FOG


RELATIVE HUMIDITY (PERCENT)
 HIGHEST   100          1200 AM
 LOWEST     61           300 PM
 AVERAGE    81

..........................................................


THE ALMA CLIMATE NORMALS FOR TOMORROW
                         NORMAL    RECORD    YEAR
 MAXIMUM TEMPERATURE (F)   89       101      2002
 MINIMUM TEMPERATURE (F)   67        48      1956


SUNRISE AND SUNSET
JUNE  2 2015..........SUNRISE   626 AM EDT   SUNSET   831 PM EDT
JUNE  3 2015..........SUNRISE   625 AM EDT   SUNSET   831 PM EDT


-  INDICATES NEGATIVE NUMBERS.
R  INDICATES RECORD WAS SET OR TIED.
MM INDICATES DATA IS MISSING.
T  INDICATES TRACE AMOUNT.




$$
