000
CDUS42 KJAX 020531
CLIAMG


CLIMATE REPORT
NATIONAL WEATHER SERVICE JACKSONVILLE FL
131 AM EDT MON MAY 2 2016


...................................

...THE ALMA CLIMATE SUMMARY FOR MAY 1 2016...

CLIMATE NORMAL PERIOD 1981 TO 2010
CLIMATE RECORD PERIOD 1948 TO 2016


WEATHER ITEM   OBSERVED TIME   RECORD YEAR NORMAL DEPARTURE LAST
                VALUE   (LST)  VALUE       VALUE  FROM      YEAR
                                                  NORMAL
..................................................................
TEMPERATURE (F)
 YESTERDAY
  MAXIMUM         89    341 PM  95    1990  82      7       74
  MINIMUM         68    949 PM  45    1963  57     11       51
  AVERAGE         79                        70      9       63

PRECIPITATION (IN)
  YESTERDAY        0.08          1.36 1976   0.07   0.01     0.00
  MONTH TO DATE    0.08                      0.07   0.01     0.00
  SINCE MAR 1      6.27                      7.63  -1.36     6.16
  SINCE JAN 1     15.52                     15.69  -0.17    11.99

SNOWFALL (IN)
  YESTERDAY        0.0           0.0    MM   0.0    0.0      0.0
  MONTH TO DATE    0.0                       0.0    0.0      0.0
  SINCE MAR 1      0.0                       0.0    0.0      0.0
  SINCE JUL 1      0.0                       0.1   -0.1      0.0
  SNOW DEPTH       0

DEGREE DAYS
 HEATING
  YESTERDAY        0                         1     -1        2
  MONTH TO DATE    0                         1     -1        2
  SINCE MAR 1    169                       253    -84      143
  SINCE JUL 1   1267                      1654   -387     1818

 COOLING
  YESTERDAY       14                         5      9        0
  MONTH TO DATE   14                         5      9        0
  SINCE MAR 1    187                       143     44      224
  SINCE JAN 1    200                       159     41      227
..................................................................


WIND (MPH)
  HIGHEST WIND SPEED    13   HIGHEST WIND DIRECTION     E (110)
  HIGHEST GUST SPEED    19   HIGHEST GUST DIRECTION     E (70)
  AVERAGE WIND SPEED     6.2


SKY COVER
  POSSIBLE SUNSHINE  MM
  AVERAGE SKY COVER 0.4


WEATHER CONDITIONS
 THE FOLLOWING WEATHER WAS RECORDED YESTERDAY.
  THUNDERSTORM
  RAIN
  LIGHT RAIN
  FOG
  HAZE


RELATIVE HUMIDITY (PERCENT)
 HIGHEST    97           800 PM
 LOWEST     46           400 PM
 AVERAGE    72

..........................................................


THE ALMA CLIMATE NORMALS FOR TODAY
                         NORMAL    RECORD    YEAR
 MAXIMUM TEMPERATURE (F)   83        97      1990
 MINIMUM TEMPERATURE (F)   58        43      1963


SUNRISE AND SUNSET
MAY  2 2016...........SUNRISE   643 AM EDT   SUNSET   811 PM EDT
MAY  3 2016...........SUNRISE   643 AM EDT   SUNSET   812 PM EDT


-  INDICATES NEGATIVE NUMBERS.
R  INDICATES RECORD WAS SET OR TIED.
MM INDICATES DATA IS MISSING.
T  INDICATES TRACE AMOUNT.




$$
