000
CDUS42 KJAX 162227
CLIAMG


CLIMATE REPORT
NATIONAL WEATHER SERVICE JACKSONVILLE FL
526 PM EST SAT DEC 16 2017


...................................

...THE ALMA CLIMATE SUMMARY FOR DECEMBER 16 2017...
VALID TODAY AS OF 0500 PM LOCAL TIME.

CLIMATE NORMAL PERIOD 1981 TO 2010
CLIMATE RECORD PERIOD 1948 TO 2017


WEATHER ITEM   OBSERVED TIME   RECORD YEAR NORMAL DEPARTURE LAST
                VALUE   (LST)  VALUE       VALUE  FROM      YEAR
                                                  NORMAL
..................................................................
TEMPERATURE (F)
 TODAY
  MAXIMUM         60    408 PM  82    1971  63     -3       58
  MINIMUM         33    649 AM  19    1955  42     -9       36
  AVERAGE         47                        52     -5       47

PRECIPITATION (IN)
  TODAY            0.00          1.14 1973   0.11  -0.11     0.00
  MONTH TO DATE    1.66                      1.59   0.07     3.94
  SINCE DEC 1      1.66                      1.59   0.07     3.94
  SINCE JAN 1     40.50                     44.95  -4.45    43.71

SNOWFALL (IN)
  TODAY            0.0           0.0    MM   0.0    0.0      0.0
  MONTH TO DATE    0.0                       0.0    0.0      0.0
  SINCE DEC 1      0.0                       0.0    0.0      0.0
  SINCE JUL 1      0.0                       0.0    0.0      0.0
  SNOW DEPTH       0

DEGREE DAYS
 HEATING
  TODAY           18                        13      5       18
  MONTH TO DATE  204                       184     20      153
  SINCE DEC 1    204                       184     20      153
  SINCE JUL 1    415                       428    -13      341

 COOLING
  TODAY            0                         0      0        0
  MONTH TO DATE   10                         7      3        6
  SINCE DEC 1     10                         7      3        6
  SINCE JAN 1   2864                      2472    392     2706
..................................................................


WIND (MPH)
  HIGHEST WIND SPEED    10   HIGHEST WIND DIRECTION    NW (320)
  HIGHEST GUST SPEED    14   HIGHEST GUST DIRECTION    NW (310)
  AVERAGE WIND SPEED     4.7


SKY COVER
  POSSIBLE SUNSHINE  MM
  AVERAGE SKY COVER 0.1


WEATHER CONDITIONS
 THE FOLLOWING WEATHER WAS RECORDED TODAY.
  NO SIGNIFICANT WEATHER WAS OBSERVED.


RELATIVE HUMIDITY (PERCENT)
 HIGHEST    82           700 AM
 LOWEST     26           300 PM
 AVERAGE    54

..........................................................


THE ALMA CLIMATE NORMALS FOR TOMORROW
                         NORMAL    RECORD    YEAR
 MAXIMUM TEMPERATURE (F)   63        82      1956
 MINIMUM TEMPERATURE (F)   41        17      1955


SUNRISE AND SUNSET
DECEMBER 16 2017......SUNRISE   723 AM EST   SUNSET   529 PM EST
DECEMBER 17 2017......SUNRISE   723 AM EST   SUNSET   529 PM EST


-  INDICATES NEGATIVE NUMBERS.
R  INDICATES RECORD WAS SET OR TIED.
MM INDICATES DATA IS MISSING.
T  INDICATES TRACE AMOUNT.




$$
