000
CDUS42 KJAX 032127
CLIAMG


CLIMATE REPORT
NATIONAL WEATHER SERVICE JACKSONVILLE FL
527 PM EDT FRI JUL 3 2015


...................................

...THE ALMA CLIMATE SUMMARY FOR JULY 3 2015...
VALID TODAY AS OF 0500 PM LOCAL TIME.

CLIMATE NORMAL PERIOD 1981 TO 2010
CLIMATE RECORD PERIOD 1948 TO 2015


WEATHER ITEM   OBSERVED TIME   RECORD YEAR NORMAL DEPARTURE LAST
                VALUE   (LST)  VALUE       VALUE  FROM      YEAR
                                                  NORMAL
..................................................................
TEMPERATURE (F)
 TODAY
  MAXIMUM         91    400 PM  99    1997  92     -1       98
  MINIMUM         70    224 AM  62    2010  71     -1       72
  AVERAGE         81                        82     -1       85

PRECIPITATION (IN)
  TODAY            0.00          1.26 1987   0.16  -0.16     0.08
  MONTH TO DATE    0.53                      0.50   0.03     0.08
  SINCE JUN 1      5.94                      5.88   0.06     3.24
  SINCE JAN 1     19.21                     23.97  -4.76    20.90

SNOWFALL (IN)
  TODAY            0.0           0.0    MM   0.0    0.0      0.0
  MONTH TO DATE    0.0                       0.0    0.0      0.0
  SINCE JUN 1      0.0                       0.0    0.0      0.0
  SINCE JUL 1      0.0                       0.0    0.0      0.0
  SNOW DEPTH       0

DEGREE DAYS
 HEATING
  TODAY            0                         0      0        0
  MONTH TO DATE    0                         0      0        0
  SINCE JUN 1      0                         0      0        0
  SINCE JUL 1      0                         0      0        0

 COOLING
  TODAY           16                        17     -1       20
  MONTH TO DATE   47                        50     -3       56
  SINCE JUN 1    527                       493     34      515
  SINCE JAN 1   1052                       923    129      899
..................................................................


WIND (MPH)
  HIGHEST WIND SPEED    13   HIGHEST WIND DIRECTION     W (280)
  HIGHEST GUST SPEED    MM   HIGHEST GUST DIRECTION    MM
  AVERAGE WIND SPEED     8.1


SKY COVER
  POSSIBLE SUNSHINE  MM
  AVERAGE SKY COVER 0.0


WEATHER CONDITIONS
 THE FOLLOWING WEATHER WAS RECORDED TODAY.
  NO SIGNIFICANT WEATHER WAS OBSERVED.


RELATIVE HUMIDITY (PERCENT)
 HIGHEST   100           200 AM
 LOWEST     47           300 PM
 AVERAGE    74

..........................................................


THE ALMA CLIMATE NORMALS FOR TOMORROW
                         NORMAL    RECORD    YEAR
 MAXIMUM TEMPERATURE (F)   92        99      1997
 MINIMUM TEMPERATURE (F)   71        60      1952


SUNRISE AND SUNSET
JULY  3 2015..........SUNRISE   629 AM EDT   SUNSET   839 PM EDT
JULY  4 2015..........SUNRISE   630 AM EDT   SUNSET   839 PM EDT


-  INDICATES NEGATIVE NUMBERS.
R  INDICATES RECORD WAS SET OR TIED.
MM INDICATES DATA IS MISSING.
T  INDICATES TRACE AMOUNT.




$$
