000
CDUS44 KBMX 280734
CLIANB


CLIMATE REPORT
NATIONAL WEATHER SERVICE BIRMINGHAM, AL
234 AM CDT WED JUN 28 2017


...................................

...THE ANNISTON CLIMATE SUMMARY FOR JUNE 27 2017...

CLIMATE NORMAL PERIOD 1981 TO 2010
CLIMATE RECORD PERIOD 1903 TO 2017


WEATHER ITEM   OBSERVED TIME   RECORD YEAR NORMAL DEPARTURE LAST
                VALUE   (LST)  VALUE       VALUE  FROM      YEAR
                                                  NORMAL
..................................................................
TEMPERATURE (F)
 YESTERDAY
  MAXIMUM         86    426 PM 102    1954  89     -3       96
  MINIMUM         63    508 AM  54    1974  69     -6       69
  AVERAGE         75                        79     -4       83

PRECIPITATION (IN)
  YESTERDAY        0.00          2.33 1972   0.15  -0.15      T
  MONTH TO DATE    6.29                      3.66   2.63     1.56
  SINCE JUN 1      6.29                      3.66   2.63     1.56
  SINCE JAN 1     32.21                     26.59   5.62    21.28

..................................................................


WIND (MPH)
  HIGHEST WIND SPEED    15   HIGHEST WIND DIRECTION     N (360)
  HIGHEST GUST SPEED    20   HIGHEST GUST DIRECTION     N (360)
  AVERAGE WIND SPEED     4.3


SKY COVER
  AVERAGE SKY COVER 0.1


WEATHER CONDITIONS
 THE FOLLOWING WEATHER WAS RECORDED YESTERDAY.
  NO SIGNIFICANT WEATHER WAS OBSERVED.


RELATIVE HUMIDITY (PERCENT)
 HIGHEST    93
 LOWEST     37
 AVERAGE    65

..........................................................


THE ANNISTON CLIMATE NORMALS FOR TODAY
                         NORMAL    RECORD    YEAR
 MAXIMUM TEMPERATURE (F)   89       104      1931
 MINIMUM TEMPERATURE (F)   69        52      1968


SUNRISE AND SUNSET
JUNE 28 2017..........SUNRISE   536 AM CDT   SUNSET   758 PM CDT
JUNE 29 2017..........SUNRISE   536 AM CDT   SUNSET   758 PM CDT


-  INDICATES NEGATIVE NUMBERS.
R  INDICATES RECORD WAS SET OR TIED.
MM INDICATES DATA IS MISSING.
T  INDICATES TRACE AMOUNT.




$$
