101
CDUS44 KBMX 230933
CLIANB


CLIMATE REPORT
NATIONAL WEATHER SERVICE BIRMINGHAM, AL
333 AM CST THU FEB 23 2017


...................................

...THE ANNISTON CLIMATE SUMMARY FOR FEBRUARY 22 2017...

CLIMATE NORMAL PERIOD 1981 TO 2010
CLIMATE RECORD PERIOD 1903 TO 2017


WEATHER ITEM   OBSERVED TIME   RECORD YEAR NORMAL DEPARTURE LAST
                VALUE   (LST)  VALUE       VALUE  FROM      YEAR
                                                  NORMAL
..................................................................
TEMPERATURE (F)
 YESTERDAY
  MAXIMUM         71    312 PM  75    1980  60     11       63
  MINIMUM         56   1159 PM  10    1963  38     18       58
  AVERAGE         64                        49     15       61

PRECIPITATION (IN)
  YESTERDAY        0.13          3.08 1961   0.18  -0.05     1.16
  MONTH TO DATE    2.69                      3.95  -1.26     3.71
  SINCE DEC 1     12.88                     12.59   0.29    16.19
  SINCE JAN 1     10.24                      8.47   1.77     6.90

SNOWFALL (IN)
  YESTERDAY        0.0                       0.0             0.0
  MONTH TO DATE    0.0                       0.3              T
  SINCE DEC 1      0.0                       1.0              T
  SINCE JUL 1      0.0                       1.0              T

DEGREE DAYS
 HEATING
  YESTERDAY        1
  MONTH TO DATE  245
  SINCE DEC 1   1152
  SINCE JUL 1   1425
..................................................................


WIND (MPH)
  HIGHEST WIND SPEED    13   HIGHEST WIND DIRECTION     E (100)
  HIGHEST GUST SPEED    16   HIGHEST GUST DIRECTION     E (90)
  AVERAGE WIND SPEED     4.8


SKY COVER
  AVERAGE SKY COVER 0.7


WEATHER CONDITIONS
 THE FOLLOWING WEATHER WAS RECORDED YESTERDAY.
  RAIN
  LIGHT RAIN
  FOG


RELATIVE HUMIDITY (PERCENT)
 HIGHEST    97
 LOWEST     66
 AVERAGE    82

..........................................................


THE ANNISTON CLIMATE NORMALS FOR TODAY
                         NORMAL    RECORD    YEAR
 MAXIMUM TEMPERATURE (F)   60        84      1996
 MINIMUM TEMPERATURE (F)   38        17      1964


SUNRISE AND SUNSET
FEBRUARY 23 2017......SUNRISE   619 AM CST   SUNSET   535 PM CST
FEBRUARY 24 2017......SUNRISE   617 AM CST   SUNSET   536 PM CST


-  INDICATES NEGATIVE NUMBERS.
R  INDICATES RECORD WAS SET OR TIED.
MM INDICATES DATA IS MISSING.
T  INDICATES TRACE AMOUNT.




$$
