000
CDUS44 KBMX 080834
CLIANB


CLIMATE REPORT
NATIONAL WEATHER SERVICE BIRMINGHAM, AL
233 AM CST THU DEC 8 2016


...................................

...THE ANNISTON CLIMATE SUMMARY FOR DECEMBER 7 2016...

CLIMATE NORMAL PERIOD 1981 TO 2010
CLIMATE RECORD PERIOD 1903 TO 2016


WEATHER ITEM   OBSERVED TIME   RECORD YEAR NORMAL DEPARTURE LAST
                VALUE   (LST)  VALUE       VALUE  FROM      YEAR
                                                  NORMAL
..................................................................
TEMPERATURE (F)
 YESTERDAY
  MAXIMUM         54    101 PM  80    1951  58     -4       67
  MINIMUM         44   1159 PM  17    1984  37      7       39
  AVERAGE         49                        47      2       53

PRECIPITATION (IN)
  YESTERDAY        0.00          1.69 1944   0.15  -0.15     0.02
  MONTH TO DATE    1.41                      1.06   0.35     1.81
  SINCE DEC 1      1.41                      1.06   0.35     1.81
  SINCE JAN 1     30.90                     46.61 -15.71    52.11

SNOWFALL (IN)
  YESTERDAY        0.0                       0.0             0.0
  MONTH TO DATE    0.0                       0.0             0.0
  SINCE DEC 1      0.0                       0.0             0.0
  SINCE JUL 1      0.0                       0.0             0.0

DEGREE DAYS
 HEATING
  YESTERDAY       16
  MONTH TO DATE  109
  SINCE DEC 1    109
  SINCE JUL 1    382
..................................................................


WIND (MPH)
  HIGHEST WIND SPEED    14   HIGHEST WIND DIRECTION    SW (240)
  HIGHEST GUST SPEED    17   HIGHEST GUST DIRECTION    SW (210)
  AVERAGE WIND SPEED     5.6


SKY COVER
  AVERAGE SKY COVER 0.9


WEATHER CONDITIONS
 THE FOLLOWING WEATHER WAS RECORDED YESTERDAY.
  NO SIGNIFICANT WEATHER WAS OBSERVED.


RELATIVE HUMIDITY (PERCENT)
 HIGHEST    80
 LOWEST     63
 AVERAGE    72

..........................................................


THE ANNISTON CLIMATE NORMALS FOR TODAY
                         NORMAL    RECORD    YEAR
 MAXIMUM TEMPERATURE (F)   57        79      1978
 MINIMUM TEMPERATURE (F)   36        17      2006


SUNRISE AND SUNSET
DECEMBER  8 2016......SUNRISE   636 AM CST   SUNSET   435 PM CST
DECEMBER  9 2016......SUNRISE   636 AM CST   SUNSET   435 PM CST


-  INDICATES NEGATIVE NUMBERS.
R  INDICATES RECORD WAS SET OR TIED.
MM INDICATES DATA IS MISSING.
T  INDICATES TRACE AMOUNT.




$$
