000
CDUS44 KBMX 250624
CLIANB


CLIMATE REPORT
NATIONAL WEATHER SERVICE BIRMINGHAM, AL
123 AM CDT WED MAY 25 2016


...................................

...THE ANNISTON CLIMATE SUMMARY FOR MAY 24 2016...

CLIMATE NORMAL PERIOD 1981 TO 2010
CLIMATE RECORD PERIOD 1903 TO 2016


WEATHER ITEM   OBSERVED TIME   RECORD YEAR NORMAL DEPARTURE LAST
                VALUE   (LST)  VALUE       VALUE  FROM      YEAR
                                                  NORMAL
..................................................................
TEMPERATURE (F)
 YESTERDAY
  MAXIMUM         86        MM  96    1996  83      3       84
  MINIMUM         54        MM  40    1931  61     -7       61
  AVERAGE         70                        72     -2       73

PRECIPITATION (IN)
  YESTERDAY        0.00          1.23 1988   0.13  -0.13     0.00
  MONTH TO DATE    4.49                      3.36   1.13     0.89
  SINCE MAR 1     10.88                     12.43  -1.55    14.72
  SINCE JAN 1     19.72                     22.03  -2.31    22.88

..................................................................


WIND (MPH)
  HIGHEST WIND SPEED     9   HIGHEST WIND DIRECTION     W (250)
  HIGHEST GUST SPEED    MM   HIGHEST GUST DIRECTION    MM
  AVERAGE WIND SPEED     3.1


SKY COVER
  AVERAGE SKY COVER 0.0


WEATHER CONDITIONS
 THE FOLLOWING WEATHER WAS RECORDED YESTERDAY.
  NO SIGNIFICANT WEATHER WAS OBSERVED.


RELATIVE HUMIDITY (PERCENT)
 HIGHEST    93
 LOWEST     31
 AVERAGE    62

..........................................................


THE ANNISTON CLIMATE NORMALS FOR TODAY
                         NORMAL    RECORD    YEAR
 MAXIMUM TEMPERATURE (F)   83        96      1904
 MINIMUM TEMPERATURE (F)   62        47      1979


SUNRISE AND SUNSET
MAY 25 2016...........SUNRISE   537 AM CDT   SUNSET   744 PM CDT
MAY 26 2016...........SUNRISE   536 AM CDT   SUNSET   745 PM CDT


-  INDICATES NEGATIVE NUMBERS.
R  INDICATES RECORD WAS SET OR TIED.
MM INDICATES DATA IS MISSING.
T  INDICATES TRACE AMOUNT.




$$
