000
CDUS44 KBMX 160835
CLIANB


CLIMATE REPORT
NATIONAL WEATHER SERVICE BIRMINGHAM, AL
234 AM CST SAT DEC 16 2017


...................................

...THE ANNISTON CLIMATE SUMMARY FOR DECEMBER 15 2017...

CLIMATE NORMAL PERIOD 1981 TO 2010
CLIMATE RECORD PERIOD 1903 TO 2017


WEATHER ITEM   OBSERVED TIME   RECORD YEAR NORMAL DEPARTURE LAST
                VALUE   (LST)  VALUE       VALUE  FROM      YEAR
                                                  NORMAL
..................................................................
TEMPERATURE (F)
 YESTERDAY
  MAXIMUM         42    225 AM  76    1971  56    -14       43
  MINIMUM         23   1109 PM  15    1985  35    -12       30
  AVERAGE         33                        45    -12       37

PRECIPITATION (IN)
  YESTERDAY        0.00          2.22 1972   0.13  -0.13     0.00
  MONTH TO DATE    1.54                      2.14  -0.60     1.49
  SINCE DEC 1      1.54                      2.14  -0.60     1.49
  SINCE JAN 1     57.99                     47.69  10.30    30.98

SNOWFALL (IN)
  YESTERDAY        0.0                       0.0             0.0
  MONTH TO DATE    0.0                       0.0             0.0
  SINCE DEC 1      0.0                       0.0             0.0
  SINCE JUL 1      0.0                       0.0             0.0

DEGREE DAYS
 HEATING
  YESTERDAY       32
  MONTH TO DATE  299
  SINCE DEC 1    299
  SINCE JUL 1    755
..................................................................


WIND (MPH)
  HIGHEST WIND SPEED    15   HIGHEST WIND DIRECTION     W (280)
  HIGHEST GUST SPEED    23   HIGHEST GUST DIRECTION    NW (310)
  AVERAGE WIND SPEED     3.8


SKY COVER
  AVERAGE SKY COVER 0.0


WEATHER CONDITIONS
 THE FOLLOWING WEATHER WAS RECORDED YESTERDAY.
  NO SIGNIFICANT WEATHER WAS OBSERVED.


RELATIVE HUMIDITY (PERCENT)
 HIGHEST    85
 LOWEST     50
 AVERAGE    68

..........................................................


THE ANNISTON CLIMATE NORMALS FOR TODAY
                         NORMAL    RECORD    YEAR
 MAXIMUM TEMPERATURE (F)   55        77      1971
 MINIMUM TEMPERATURE (F)   35        13      1989


SUNRISE AND SUNSET
DECEMBER 16 2017......SUNRISE   641 AM CST   SUNSET   437 PM CST
DECEMBER 17 2017......SUNRISE   642 AM CST   SUNSET   438 PM CST


-  INDICATES NEGATIVE NUMBERS.
R  INDICATES RECORD WAS SET OR TIED.
MM INDICATES DATA IS MISSING.
T  INDICATES TRACE AMOUNT.




$$
