599
CDUS44 KBMX 062113
CLIANB


CLIMATE REPORT
NATIONAL WEATHER SERVICE BIRMINGHAM, AL
413 PM CDT FRI MAY 6 2016


...................................

...THE ANNISTON CLIMATE SUMMARY FOR MAY 6 2016...
VALID AS OF 0400 PM LOCAL TIME.

CLIMATE NORMAL PERIOD 1981 TO 2010
CLIMATE RECORD PERIOD 1903 TO 2016


WEATHER ITEM   OBSERVED TIME   RECORD YEAR NORMAL DEPARTURE LAST
                VALUE   (LST)  VALUE       VALUE  FROM      YEAR
                                                  NORMAL
..................................................................
TEMPERATURE (F)
 TODAY
  MAXIMUM         72    259 PM  93    1959  79     -7       83
                                      1952
  MINIMUM         44    457 AM  38    1968  56    -12       56
  AVERAGE         58

PRECIPITATION (IN)
  TODAY            0.00          1.26 2003   0.14  -0.14     0.00
  MONTH TO DATE    3.33                      0.86   2.47     0.00
  SINCE MAR 1      9.72                      9.93  -0.21    13.83
  SINCE JAN 1     18.56                     19.53  -0.97    21.99

..................................................................


WIND (MPH)
  HIGHEST WIND SPEED    17   HIGHEST WIND DIRECTION     N (360)
  HIGHEST GUST SPEED    26   HIGHEST GUST DIRECTION     N (360)
  AVERAGE WIND SPEED     6.8


SKY COVER
  AVERAGE SKY COVER 0.1


WEATHER CONDITIONS
 THE FOLLOWING WEATHER WAS RECORDED TODAY.
  NO SIGNIFICANT WEATHER WAS OBSERVED.


RELATIVE HUMIDITY (PERCENT)
 HIGHEST    89
 LOWEST     29
 AVERAGE    59

..........................................................


THE ANNISTON CLIMATE NORMALS FOR TOMORROW
                         NORMAL    RECORD    YEAR
 MAXIMUM TEMPERATURE (F)   79        92      1959
                                             1952
 MINIMUM TEMPERATURE (F)   56        42      1989


SUNRISE AND SUNSET
MAY  6 2016...........SUNRISE   550 AM CDT   SUNSET   731 PM CDT
MAY  7 2016...........SUNRISE   549 AM CDT   SUNSET   731 PM CDT


-  INDICATES NEGATIVE NUMBERS.
R  INDICATES RECORD WAS SET OR TIED.
MM INDICATES DATA IS MISSING.
T  INDICATES TRACE AMOUNT.




$$
