000
CDAK48 PAFC 291255
CLIANC

CLIMATE REPORT
NATIONAL WEATHER SERVICE ANCHORAGE, AK
454 AM AKDT SUN MAR 29 2015


...................................

...THE ANCHORAGE AK CLIMATE SUMMARY FOR MARCH 28 2015...

CLIMATE NORMAL PERIOD 1981 TO 2010
CLIMATE RECORD PERIOD 1952 TO 2015


WEATHER ITEM   OBSERVED RECORD YEAR NORMAL DEPARTURE LAST
                VALUE   VALUE       VALUE  FROM      YEAR
                                           NORMAL
...........................................................
TEMPERATURE (F)
 YESTERDAY
  MAXIMUM         49R    49    1970  37     12       37
  MINIMUM         28      1    1963  22      6       18
  AVERAGE         39                 30      9       28

PRECIPITATION (IN)
  YESTERDAY        0.00   0.20 2005   0.02  -0.02
  MONTH TO DATE    0.77               0.55   0.22
  SINCE MAR 1      0.77               0.55   0.22
  SINCE JAN 1      1.85               2.00  -0.15

SNOWFALL (IN)
  YESTERDAY        0.0    4.8  2005   0.3   -0.3
  MONTH TO DATE    0.2                9.1   -8.9
  SINCE MAR 1      0.2                9.1   -8.9
  SINCE JUL 1     20.7               69.4  -48.7
  SNOW DEPTH       0

DEGREE DAYS
 HEATING
  YESTERDAY       26                        -9
  MONTH TO DATE 1009                       -80
  SINCE MAR 1   1009                       -80
  SINCE JUL 1   7361                     -1057

 COOLING
  YESTERDAY        0                         0
  MONTH TO DATE    0                         0
  SINCE MAR 1      0                         0
  SINCE JAN 1      0                         0
...........................................................


WIND (MPH)
  HIGHEST WIND SPEED     9   HIGHEST WIND DIRECTION    SW (240)
  HIGHEST GUST SPEED    MM   HIGHEST GUST DIRECTION    MM
  AVERAGE WIND SPEED     2.8




RELATIVE HUMIDITY (PERCENT)
 HIGHEST    85
 LOWEST     42
 AVERAGE    64

..........................................................


THE ANCHORAGE AK CLIMATE NORMALS FOR TODAY
                         NORMAL    RECORD    YEAR
 MAXIMUM TEMPERATURE (F)   38        48      1995
 MINIMUM TEMPERATURE (F)   23         7      1972


SUNRISE AND SUNSET
MARCH 29 2015.........SUNRISE   733 AM AKDT  SUNSET   838 PM AKDT
MARCH 30 2015.........SUNRISE   730 AM AKDT  SUNSET   841 PM AKDT

CIVIL TWILIGHT
MARCH 29 2015           START   649 AM AKDT     END   923 PM AKDT
MARCH 30 2015           START   646 AM AKDT     END   926 PM AKDT



-  INDICATES NEGATIVE NUMBERS.
R  INDICATES RECORD WAS SET OR TIED.
MM INDICATES DATA IS MISSING.
T  INDICATES TRACE AMOUNT.
