000
CDAK48 PAFC 241245
CLIANC

CLIMATE REPORT
NATIONAL WEATHER SERVICE ANCHORAGE, AK
444 AM AKDT SUN MAY 24 2015


...................................

...THE ANCHORAGE AK CLIMATE SUMMARY FOR MAY 23 2015...

CLIMATE NORMAL PERIOD 1981 TO 2010
CLIMATE RECORD PERIOD 1952 TO 2015


WEATHER ITEM   OBSERVED RECORD YEAR NORMAL DEPARTURE LAST
                VALUE   VALUE       VALUE  FROM      YEAR
                                           NORMAL
...........................................................
TEMPERATURE (F)
 YESTERDAY
  MAXIMUM         54     72    2006  58     -4       65
  MINIMUM         46     34    1996  42      4       43
                               1975
                               1973
  AVERAGE         50                 50      0       54

PRECIPITATION (IN)
  YESTERDAY        0.22   0.43 2004   0.02   0.20
  MONTH TO DATE    0.53               0.50   0.03
  SINCE MAR 1      1.96               1.57   0.39
  SINCE JAN 1      3.04               3.02   0.02

SNOWFALL (IN)
  YESTERDAY        0.0    0.0    MM   0.0    0.0
  MONTH TO DATE    0.0                0.3   -0.3
  SINCE MAR 1      4.6               14.2   -9.6
  SINCE JUL 1     25.1               74.5  -49.4
  SNOW DEPTH       0

DEGREE DAYS
 HEATING
  YESTERDAY       15                         0
  MONTH TO DATE  369                       -54
  SINCE MAR 1   2181                      -280
  SINCE JUL 1   8533                     -1257

 COOLING
  YESTERDAY        0                         0
  MONTH TO DATE    0                         0
  SINCE MAR 1      0                         0
  SINCE JAN 1      0                         0
...........................................................


WIND (MPH)
  HIGHEST WIND SPEED     6   HIGHEST WIND DIRECTION    NE (30)
  HIGHEST GUST SPEED    MM   HIGHEST GUST DIRECTION    MM
  AVERAGE WIND SPEED     2.7




RELATIVE HUMIDITY (PERCENT)
 HIGHEST    89
 LOWEST     68
 AVERAGE    79

..........................................................


THE ANCHORAGE AK CLIMATE NORMALS FOR TODAY
                         NORMAL    RECORD    YEAR
 MAXIMUM TEMPERATURE (F)   59        77      1969
 MINIMUM TEMPERATURE (F)   42        34      1957
                                             1952


SUNRISE AND SUNSET
MAY 24 2015...........SUNRISE   452 AM AKDT  SUNSET  1103 PM AKDT
MAY 25 2015...........SUNRISE   450 AM AKDT  SUNSET  1105 PM AKDT

CIVIL TWILIGHT
MAY 24 2015             START   329 AM AKDT     END  1229 AM AKDT
MAY 25 2015             START   325 AM AKDT     END  1233 AM AKDT



-  INDICATES NEGATIVE NUMBERS.
R  INDICATES RECORD WAS SET OR TIED.
MM INDICATES DATA IS MISSING.
T  INDICATES TRACE AMOUNT.




$$
&&
------------------------------------------------------
AMOUNT OF DAYLIGHT TODAY  (HOUR:MIN)........18:11
GAIN/LOSS SINCE YESTERDAY (HOUR:MIN:SEC)....+0:04:29

$$
