000
CDUS43 KAPX 270527
CLIANJ


CLIMATE REPORT
NATIONAL WEATHER SERVICE GAYLORD MI
127 AM EDT THU JUL 27 2017


...................................

...THE SAULT STE MARIE MI CLIMATE SUMMARY FOR JULY 26 2017...

CLIMATE NORMAL PERIOD 1981 TO 2010
CLIMATE RECORD PERIOD 1888 TO 2017


WEATHER ITEM   OBSERVED TIME   RECORD YEAR NORMAL DEPARTURE LAST
                VALUE   (LST)  VALUE       VALUE  FROM      YEAR
                                                  NORMAL
..................................................................
TEMPERATURE (F)
 YESTERDAY
  MAXIMUM         75    514 PM  92    1955  77     -2       87
  MINIMUM         59   1159 PM  40    1975  55      4       56
  AVERAGE         67                        66      1       72

PRECIPITATION (IN)
  YESTERDAY        0.58          2.38 2013   0.10   0.48     0.18
  MONTH TO DATE    4.47                      2.35   2.12     3.33
  SINCE JUN 1      8.19                      5.05   3.14     5.21
  SINCE JAN 1     21.63                     15.49   6.14    15.76

DEGREE DAYS
 HEATING
  YESTERDAY        0                         2     -2        0
  MONTH TO DATE   31                        62    -31       23
  SINCE JUN 1    143                       242    -99      186
  SINCE JUL 1     31                        62    -31       23

 COOLING
  YESTERDAY        2                         3     -1        7
  MONTH TO DATE   46                        69    -23      105
  SINCE JUN 1     64                        99    -35      141
  SINCE JAN 1     65                       104    -39      152
..................................................................


WIND (MPH)
  HIGHEST WIND SPEED    16   HIGHEST WIND DIRECTION     S (190)
  HIGHEST GUST SPEED    21   HIGHEST GUST DIRECTION     S (190)
  AVERAGE WIND SPEED     5.9




RELATIVE HUMIDITY (PERCENT)
 HIGHEST    93
 LOWEST     61
 AVERAGE    77

..........................................................


THE SAULT STE MARIE MI CLIMATE NORMALS FOR TODAY
                         NORMAL    RECORD    YEAR
 MAXIMUM TEMPERATURE (F)   77        92      2015
                                             1894
 MINIMUM TEMPERATURE (F)   55        39      1971


SUNRISE AND SUNSET
JULY 27 2017..........SUNRISE   613 AM EDT   SUNSET   914 PM EDT
JULY 28 2017..........SUNRISE   614 AM EDT   SUNSET   913 PM EDT


-  INDICATES NEGATIVE NUMBERS.
R  INDICATES RECORD WAS SET OR TIED.
MM INDICATES DATA IS MISSING.
T  INDICATES TRACE AMOUNT.




$$
