624
CDUS43 KAPX 172230
CLIANJ


CLIMATE REPORT
NATIONAL WEATHER SERVICE GAYLORD MI
530 PM EST SAT FEB 17 2018


...................................

...THE SAULT STE MARIE MI CLIMATE SUMMARY FOR FEBRUARY 17 2018...
VALID TODAY AS OF 0500 PM LOCAL TIME.

CLIMATE NORMAL PERIOD 1981 TO 2010
CLIMATE RECORD PERIOD 1888 TO 2018


WEATHER ITEM   OBSERVED TIME   RECORD YEAR NORMAL DEPARTURE LAST
                VALUE   (LST)  VALUE       VALUE  FROM      YEAR
                                                  NORMAL
..................................................................
TEMPERATURE (F)
 TODAY
  MAXIMUM         32    401 PM  44    2011  26      6       37
                                      1994
                                      1981
  MINIMUM          4    753 AM -35    1979  10     -6       13
  AVERAGE         18                        18      0       25

PRECIPITATION (IN)
  TODAY            0.00          0.65 1968   0.05  -0.05     0.00
  MONTH TO DATE    0.64                      0.82  -0.18     2.06
  SINCE DEC 1      6.15                      5.80   0.35     8.97
  SINCE JAN 1      2.43                      3.01  -0.58     4.72

SNOWFALL (IN)
  TODAY            0.0           6.6  2008   0.6             0.0
  MONTH TO DATE    9.9                      12.4            32.7
  SINCE OCT 1     84.8                      94.0           117.7
  SINCE JUL 1     84.8                      94.0           117.7

DEGREE DAYS
 HEATING
  TODAY           47                        47      0       40
  MONTH TO DATE  889                       824     65      744
  SINCE DEC 1   3850                      3692    158     3242
  SINCE JUL 1   5435                      5624   -189     4512
..................................................................


WIND (MPH)
  RESULTANT WIND SPEED   5   RESULTANT WIND DIRECTION   S (190)
  HIGHEST WIND SPEED    23   HIGHEST WIND DIRECTION    SW (210)
  HIGHEST GUST SPEED    29   HIGHEST GUST DIRECTION    SW (210)
  AVERAGE WIND SPEED     8.1


SKY COVER
  POSSIBLE SUNSHINE  MM
  AVERAGE SKY COVER 0.4


WEATHER CONDITIONS
 THE FOLLOWING WEATHER WAS RECORDED TODAY.
  HAZE


RELATIVE HUMIDITY (PERCENT)
 HIGHEST    91           400 AM
 LOWEST     54           300 PM
 AVERAGE    73

..........................................................


THE SAULT STE MARIE MI CLIMATE NORMALS FOR TOMORROW
                         NORMAL    RECORD    YEAR
 MAXIMUM TEMPERATURE (F)   27        49      2017
 MINIMUM TEMPERATURE (F)   10       -27      1979


SUNRISE AND SUNSET
FEBRUARY 17 2018......SUNRISE   738 AM EST   SUNSET   606 PM EST
FEBRUARY 18 2018......SUNRISE   736 AM EST   SUNSET   607 PM EST


-  INDICATES NEGATIVE NUMBERS.
R  INDICATES RECORD WAS SET OR TIED.
MM INDICATES DATA IS MISSING.
T  INDICATES TRACE AMOUNT.




$$
