000
CDUS43 KAPX 220527
CLIANJ


CLIMATE REPORT
NATIONAL WEATHER SERVICE GAYLORD MI
1227 AM EST WED NOV 22 2017


...................................

...THE SAULT STE MARIE MI CLIMATE SUMMARY FOR NOVEMBER 21 2017...

CLIMATE NORMAL PERIOD 1981 TO 2010
CLIMATE RECORD PERIOD 1888 TO 2017


WEATHER ITEM   OBSERVED TIME   RECORD YEAR NORMAL DEPARTURE LAST
                VALUE   (LST)  VALUE       VALUE  FROM      YEAR
                                                  NORMAL
..................................................................
TEMPERATURE (F)
 YESTERDAY
  MAXIMUM         46    345 AM  63    1913  38      8       30
  MINIMUM         22   1159 PM  -1    1895  26     -4       20
  AVERAGE         34                        32      2       25

PRECIPITATION (IN)
  YESTERDAY        0.03          1.52 1990   0.12  -0.09     0.00
  MONTH TO DATE    3.38                      2.38   1.00     0.58
  SINCE SEP 1     11.03                     10.00   1.03     8.69
  SINCE JAN 1     38.79                     29.17   9.62    28.77

SNOWFALL (IN)
  YESTERDAY        0.8          10.0  1929   0.6    0.2      0.0
  MONTH TO DATE   11.4                       8.6    2.8      2.4
  SINCE OCT 1     12.1                      10.2    1.9      2.4
  SINCE JUL 1     12.1                      10.2    1.9      2.4
  SNOW DEPTH       T

DEGREE DAYS
 HEATING
  YESTERDAY       31                        33     -2       40
  MONTH TO DATE  678                       611     67      427
  SINCE SEP 1   1228                      1469   -241      973
  SINCE JUL 1   1311                      1616   -305     1008
..................................................................


WIND (MPH)
  HIGHEST WIND SPEED    28   HIGHEST WIND DIRECTION    NW (310)
  HIGHEST GUST SPEED    42   HIGHEST GUST DIRECTION     W (280)
  AVERAGE WIND SPEED    15.1




RELATIVE HUMIDITY (PERCENT)
 HIGHEST    85
 LOWEST     59
 AVERAGE    72

..........................................................


THE SAULT STE MARIE MI CLIMATE NORMALS FOR TODAY
                         NORMAL    RECORD    YEAR
 MAXIMUM TEMPERATURE (F)   37        65      2012
 MINIMUM TEMPERATURE (F)   26        -3      1956


SUNRISE AND SUNSET
NOVEMBER 22 2017......SUNRISE   749 AM EST   SUNSET   458 PM EST
NOVEMBER 23 2017......SUNRISE   751 AM EST   SUNSET   457 PM EST


-  INDICATES NEGATIVE NUMBERS.
R  INDICATES RECORD WAS SET OR TIED.
MM INDICATES DATA IS MISSING.
T  INDICATES TRACE AMOUNT.




$$
