000
CDUS43 KAPX 210528
CLIANJ


CLIMATE REPORT
NATIONAL WEATHER SERVICE GAYLORD MI
127 AM EDT MON APR 21 2014


...................................

...THE SAULT STE MARIE MI CLIMATE SUMMARY FOR APRIL 20 2014...

CLIMATE NORMAL PERIOD 1981 TO 2010
CLIMATE RECORD PERIOD 1888 TO 2014


WEATHER ITEM   OBSERVED TIME   RECORD YEAR NORMAL DEPARTURE LAST
                VALUE   (LST)  VALUE       VALUE  FROM      YEAR
                                                  NORMAL
..................................................................
TEMPERATURE (F)
 YESTERDAY
  MAXIMUM         39    436 PM  81    1987  52    -13       29
  MINIMUM         33    656 AM  10    1928  33      0       16
  AVERAGE         36                        43     -7       23

PRECIPITATION (IN)
  YESTERDAY        0.88          1.06 1970   0.07   0.81     0.01
  MONTH TO DATE    2.94                      1.64   1.30     2.52
  SINCE MAR 1      4.65                      3.59   1.06     5.12
  SINCE JAN 1      8.01                      7.12   0.89    11.21

SNOWFALL (IN)
  YESTERDAY        0.0           4.0  1893   0.2   -0.2      0.1
                                      1982
  MONTH TO DATE   10.3                       5.5    4.8     13.8
  SINCE OCT 1    134.6                     119.1   15.5    153.4
  SINCE JUL 1    134.6                     119.1   15.5    153.4
  SNOW DEPTH       9

DEGREE DAYS
 HEATING
  YESTERDAY       29                        22      7       42
  MONTH TO DATE  646                       540    106      676
  SINCE MAR 1   2080                      1740    340     1890
  SINCE JUL 1   8860                      7866    994     7622

 COOLING
  YESTERDAY        0                         0      0        0
  MONTH TO DATE    0                         0      0        0
  SINCE MAR 1      0                         0      0        0
  SINCE JAN 1      0                         0      0        0
..................................................................


WIND (MPH)
  HIGHEST WIND SPEED    12   HIGHEST WIND DIRECTION     E (110)
  HIGHEST GUST SPEED    21   HIGHEST GUST DIRECTION    SE (130)
  AVERAGE WIND SPEED     5.8




RELATIVE HUMIDITY (PERCENT)
 HIGHEST   100
 LOWEST     82
 AVERAGE    91

..........................................................


THE SAULT STE MARIE MI CLIMATE NORMALS FOR TODAY
                         NORMAL    RECORD    YEAR
 MAXIMUM TEMPERATURE (F)   53        76      1985
 MINIMUM TEMPERATURE (F)   34        16      1981


SUNRISE AND SUNSET
APRIL 21 2014.........SUNRISE   640 AM EDT   SUNSET   833 PM EDT
APRIL 22 2014.........SUNRISE   638 AM EDT   SUNSET   835 PM EDT


-  INDICATES NEGATIVE NUMBERS.
R  INDICATES RECORD WAS SET OR TIED.
MM INDICATES DATA IS MISSING.
T  INDICATES TRACE AMOUNT.




$$
