000
CDUS43 KAPX 210527
CLIANJ


CLIMATE REPORT
NATIONAL WEATHER SERVICE GAYLORD MI
126 AM EDT SUN SEP 21 2014


...................................

...THE SAULT STE MARIE MI CLIMATE SUMMARY FOR SEPTEMBER 20 2014...

CLIMATE NORMAL PERIOD 1981 TO 2010
CLIMATE RECORD PERIOD 1888 TO 2014


WEATHER ITEM   OBSERVED TIME   RECORD YEAR NORMAL DEPARTURE LAST
                VALUE   (LST)  VALUE       VALUE  FROM      YEAR
                                                  NORMAL
..................................................................
TEMPERATURE (F)
 YESTERDAY
  MAXIMUM         68    153 PM  85    1914  65      3       70
                                      1895
  MINIMUM         52   1159 PM  30    1981  46      6       56
  AVERAGE         60                        56      4       63

PRECIPITATION (IN)
  YESTERDAY        0.14          0.91 1978   0.13   0.01     0.72
  MONTH TO DATE    3.36                      2.50   0.86     6.55
  SINCE SEP 1      3.36                      2.50   0.86     6.55
  SINCE JAN 1     22.28                     21.67   0.61    34.84

DEGREE DAYS
 HEATING
  YESTERDAY        5                        10     -5        2
  MONTH TO DATE  179                       137     42      147
  SINCE SEP 1    179                       137     42      147
  SINCE JUL 1    360                       284     76      263

 COOLING
  YESTERDAY        0                         0      0        0
  MONTH TO DATE    4                        15    -11       14
  SINCE SEP 1      4                        15    -11       14
  SINCE JAN 1    112                       193    -81      266
..................................................................


WIND (MPH)
  HIGHEST WIND SPEED    24   HIGHEST WIND DIRECTION    SW (220)
  HIGHEST GUST SPEED    33   HIGHEST GUST DIRECTION    SW (220)
  AVERAGE WIND SPEED     8.8




RELATIVE HUMIDITY (PERCENT)
 HIGHEST    93
 LOWEST     81
 AVERAGE    87

..........................................................


THE SAULT STE MARIE MI CLIMATE NORMALS FOR TODAY
                         NORMAL    RECORD    YEAR
 MAXIMUM TEMPERATURE (F)   64        84      1914
 MINIMUM TEMPERATURE (F)   46        27      1981


SUNRISE AND SUNSET
SEPTEMBER 21 2014.....SUNRISE   723 AM EDT   SUNSET   737 PM EDT
SEPTEMBER 22 2014.....SUNRISE   724 AM EDT   SUNSET   735 PM EDT


-  INDICATES NEGATIVE NUMBERS.
R  INDICATES RECORD WAS SET OR TIED.
MM INDICATES DATA IS MISSING.
T  INDICATES TRACE AMOUNT.




$$
