000
CDUS43 KAPX 102229
CLIANJ


CLIMATE REPORT
NATIONAL WEATHER SERVICE GAYLORD MI
529 PM EST WED FEB 10 2016


...................................

...THE SAULT STE MARIE MI CLIMATE SUMMARY FOR FEBRUARY 10 2016...
VALID TODAY AS OF 0500 PM LOCAL TIME.

CLIMATE NORMAL PERIOD 1981 TO 2010
CLIMATE RECORD PERIOD 1888 TO 2016


WEATHER ITEM   OBSERVED TIME   RECORD YEAR NORMAL DEPARTURE LAST
                VALUE   (LST)  VALUE       VALUE  FROM      YEAR
                                                  NORMAL
..................................................................
TEMPERATURE (F)
 TODAY
  MAXIMUM         10    357 PM  46    2009  25    -15       21
  MINIMUM          1    927 AM -37    1899   8     -7        1
  AVERAGE          6                        17    -11       11

PRECIPITATION (IN)
  TODAY            0.01          0.79 1939   0.04  -0.03     0.00
  MONTH TO DATE    0.70                      0.50   0.20     0.66
  SINCE DEC 1      7.66                      5.48   2.18     6.00
  SINCE JAN 1      2.25                      2.69  -0.44     2.66

SNOWFALL (IN)
  TODAY            0.2           7.3  1996   0.7             0.0
  MONTH TO DATE   10.2                       7.8             8.9
  SINCE OCT 1     49.2                      89.4           137.9
  SINCE JUL 1     49.2                      89.4           137.9

DEGREE DAYS
 HEATING
  TODAY           59                        48     11       54
  MONTH TO DATE  417                       491    -74      571
  SINCE DEC 1   2782                      3359   -577     3458
  SINCE JUL 1   4273                      5291  -1018     5620
..................................................................


WIND (MPH)
  RESULTANT WIND SPEED  11   RESULTANT WIND DIRECTION   N (340)
  HIGHEST WIND SPEED    16   HIGHEST WIND DIRECTION    NW (330)
  HIGHEST GUST SPEED    24   HIGHEST GUST DIRECTION     N (350)
  AVERAGE WIND SPEED    11.1


SKY COVER
  POSSIBLE SUNSHINE  MM
  AVERAGE SKY COVER 0.6


WEATHER CONDITIONS
 THE FOLLOWING WEATHER WAS RECORDED TODAY.
  LIGHT SNOW
  HAZE


RELATIVE HUMIDITY (PERCENT)
 HIGHEST    75           700 AM
 LOWEST     49           100 PM
 AVERAGE    62

..........................................................


THE SAULT STE MARIE MI CLIMATE NORMALS FOR TOMORROW
                         NORMAL    RECORD    YEAR
 MAXIMUM TEMPERATURE (F)   25        49      1999
 MINIMUM TEMPERATURE (F)    9       -34      1899


SUNRISE AND SUNSET
FEBRUARY 10 2016......SUNRISE   749 AM EST   SUNSET   555 PM EST
FEBRUARY 11 2016......SUNRISE   748 AM EST   SUNSET   556 PM EST


-  INDICATES NEGATIVE NUMBERS.
R  INDICATES RECORD WAS SET OR TIED.
MM INDICATES DATA IS MISSING.
T  INDICATES TRACE AMOUNT.




$$
