000
CDUS43 KAPX 010602
CLIANJ


CLIMATE REPORT
NATIONAL WEATHER SERVICE GAYLORD MI
102 AM EST SUN MAR 1 2015


...................................

...THE SAULT STE MARIE MI CLIMATE SUMMARY FOR FEBRUARY 28 2015...

CLIMATE NORMAL PERIOD 1981 TO 2010
CLIMATE RECORD PERIOD 1888 TO 2015


WEATHER ITEM   OBSERVED TIME   RECORD YEAR NORMAL DEPARTURE LAST
                VALUE   (LST)  VALUE       VALUE  FROM      YEAR
                                                  NORMAL
..................................................................
TEMPERATURE (F)
 YESTERDAY
  MAXIMUM         21    430 PM  46    1998  29     -8        9
  MINIMUM        -10    713 AM -21    2014  12    -22      -21
  AVERAGE          6                        21    -15       -6

PRECIPITATION (IN)
  YESTERDAY        0.00          0.78 1999   0.05  -0.05     0.09
  MONTH TO DATE    1.37                      1.34   0.03     0.77
  SINCE DEC 1      6.71                      6.32   0.39     6.16
  SINCE JAN 1      3.37                      3.53  -0.16     3.36

SNOWFALL (IN)
  YESTERDAY        0.0           3.5  1971   0.5   -0.5      0.9
  MONTH TO DATE   19.7                      18.6    1.1     15.9
  SINCE OCT 1    148.7                     100.2   48.5    106.1
  SINCE JUL 1    148.7                     100.2   48.5    106.1
  SNOW DEPTH      28

DEGREE DAYS
 HEATING
  YESTERDAY       59                        44     15       71
  MONTH TO DATE 1730                      1326    404     1551
  SINCE DEC 1   4617                      4194    423     4887
  SINCE JUL 1   6779                      6126    653     6780
..................................................................


WIND (MPH)
  HIGHEST WIND SPEED    16   HIGHEST WIND DIRECTION     S (200)
  HIGHEST GUST SPEED    21   HIGHEST GUST DIRECTION     S (200)
  AVERAGE WIND SPEED     5.2




RELATIVE HUMIDITY (PERCENT)
 HIGHEST    95
 LOWEST     41
 AVERAGE    68

..........................................................


THE SAULT STE MARIE MI CLIMATE NORMALS FOR TODAY
                         NORMAL    RECORD    YEAR
 MAXIMUM TEMPERATURE (F)   30        45      1998
 MINIMUM TEMPERATURE (F)   13       -18      1967


SUNRISE AND SUNSET
MARCH  1 2015.........SUNRISE   717 AM EST   SUNSET   623 PM EST
MARCH  2 2015.........SUNRISE   715 AM EST   SUNSET   625 PM EST


-  INDICATES NEGATIVE NUMBERS.
R  INDICATES RECORD WAS SET OR TIED.
MM INDICATES DATA IS MISSING.
T  INDICATES TRACE AMOUNT.




$$
