000
CDUS43 KAPX 300537
CLIANJ


CLIMATE REPORT
NATIONAL WEATHER SERVICE GAYLORD MI
137 AM EDT SAT MAY 30 2015


...................................

...THE SAULT STE MARIE MI CLIMATE SUMMARY FOR MAY 29 2015...

CLIMATE NORMAL PERIOD 1981 TO 2010
CLIMATE RECORD PERIOD 1888 TO 2015


WEATHER ITEM   OBSERVED TIME   RECORD YEAR NORMAL DEPARTURE LAST
                VALUE   (LST)  VALUE       VALUE  FROM      YEAR
                                                  NORMAL
..................................................................
TEMPERATURE (F)
 YESTERDAY
  MAXIMUM         67    259 PM  89    2006  67      0       79
                                      1895
  MINIMUM         52    553 AM  30    1958  44      8       44
  AVERAGE         60                        55      5       62

PRECIPITATION (IN)
  YESTERDAY        0.11          1.22 1983   0.09   0.02     0.00
  MONTH TO DATE    2.15                      2.39  -0.24     2.77
  SINCE MAR 1      5.31                      6.73  -1.42     8.68
  SINCE JAN 1      8.68                     10.26  -1.58    12.04

DEGREE DAYS
 HEATING
  YESTERDAY        5                        10     -5        3
  MONTH TO DATE  334                       394    -60      453
  SINCE MAR 1   2457                      2337    120     2837
  SINCE JUL 1   9236                      8463    773     9617

 COOLING
  YESTERDAY        0                         0      0        0
  MONTH TO DATE    2                         0      2        2
  SINCE MAR 1      2                         0      2        2
  SINCE JAN 1      2                         0      2        2
..................................................................


WIND (MPH)
  HIGHEST WIND SPEED    13   HIGHEST WIND DIRECTION    SW (210)
  HIGHEST GUST SPEED    17   HIGHEST GUST DIRECTION    SW (220)
  AVERAGE WIND SPEED     5.6




RELATIVE HUMIDITY (PERCENT)
 HIGHEST    96
 LOWEST     68
 AVERAGE    82

..........................................................


THE SAULT STE MARIE MI CLIMATE NORMALS FOR TODAY
                         NORMAL    RECORD    YEAR
 MAXIMUM TEMPERATURE (F)   67        91      1919
 MINIMUM TEMPERATURE (F)   44        31      2009
                                             1996
                                             1973


SUNRISE AND SUNSET
MAY 30 2015...........SUNRISE   550 AM EDT   SUNSET   921 PM EDT
MAY 31 2015...........SUNRISE   549 AM EDT   SUNSET   922 PM EDT


-  INDICATES NEGATIVE NUMBERS.
R  INDICATES RECORD WAS SET OR TIED.
MM INDICATES DATA IS MISSING.
T  INDICATES TRACE AMOUNT.




$$
