000
CDUS43 KAPX 010528
CLIANJ


CLIMATE REPORT
NATIONAL WEATHER SERVICE GAYLORD MI
127 AM EDT WED JUN 1 2016


...................................

...THE SAULT STE MARIE MI CLIMATE SUMMARY FOR MAY 31 2016...

CLIMATE NORMAL PERIOD 1981 TO 2010
CLIMATE RECORD PERIOD 1888 TO 2016


WEATHER ITEM   OBSERVED TIME   RECORD YEAR NORMAL DEPARTURE LAST
                VALUE   (LST)  VALUE       VALUE  FROM      YEAR
                                                  NORMAL
..................................................................
TEMPERATURE (F)
 YESTERDAY
  MAXIMUM         72    406 PM  91    1919  67      5       57
  MINIMUM         46    430 AM  30    1945  45      1       38
  AVERAGE         59                        56      3       48

PRECIPITATION (IN)
  YESTERDAY        0.00          5.08 1970   0.09  -0.09     0.00
  MONTH TO DATE    1.76                      2.57  -0.81     2.17
  SINCE MAR 1      6.84                      6.91  -0.07     5.33
  SINCE JAN 1     10.55                     10.44   0.11     8.70

DEGREE DAYS
 HEATING
  YESTERDAY        6                         9     -3       17
  MONTH TO DATE  349                       413    -64      368
  SINCE MAR 1   2203                      2357   -154     2491
  SINCE JUL 1   7344                      8483  -1139     9270

 COOLING
  YESTERDAY        0                         0      0        0
  MONTH TO DATE   11                         5      6        2
  SINCE MAR 1     11                         5      6        2
  SINCE JAN 1     11                         5      6        2
..................................................................


WIND (MPH)
  HIGHEST WIND SPEED    14   HIGHEST WIND DIRECTION    NW (310)
  HIGHEST GUST SPEED    18   HIGHEST GUST DIRECTION     S (160)
  AVERAGE WIND SPEED     6.7




RELATIVE HUMIDITY (PERCENT)
 HIGHEST    93
 LOWEST     44
 AVERAGE    69

..........................................................


THE SAULT STE MARIE MI CLIMATE NORMALS FOR TODAY
                         NORMAL    RECORD    YEAR
 MAXIMUM TEMPERATURE (F)   67        92      1919
 MINIMUM TEMPERATURE (F)   45        32      1998
                                             1971


SUNRISE AND SUNSET
JUNE  1 2016..........SUNRISE   548 AM EDT   SUNSET   923 PM EDT
JUNE  2 2016..........SUNRISE   548 AM EDT   SUNSET   924 PM EDT


-  INDICATES NEGATIVE NUMBERS.
R  INDICATES RECORD WAS SET OR TIED.
MM INDICATES DATA IS MISSING.
T  INDICATES TRACE AMOUNT.




$$
