000
CDUS43 KAPX 240600
CLIANJ


CLIMATE REPORT
NATIONAL WEATHER SERVICE GAYLORD MI
100 AM EST MON NOV 24 2014


...................................

...THE SAULT STE MARIE MI CLIMATE SUMMARY FOR NOVEMBER 23 2014...

CLIMATE NORMAL PERIOD 1981 TO 2010
CLIMATE RECORD PERIOD 1888 TO 2014


WEATHER ITEM   OBSERVED TIME   RECORD YEAR NORMAL DEPARTURE LAST
                VALUE   (LST)  VALUE       VALUE  FROM      YEAR
                                                  NORMAL
..................................................................
TEMPERATURE (F)
 YESTERDAY
  MAXIMUM         43        MM  59    1931  37      6       27
  MINIMUM         34        MM  -5    1956  26      8        8
  AVERAGE         39                        31      8       18

PRECIPITATION (IN)
  YESTERDAY        0.53          1.48 2003   0.11   0.42     0.10
  MONTH TO DATE    5.09                      2.60   2.49     5.97
  SINCE SEP 1     16.68                     10.22   6.46    17.32
  SINCE JAN 1     35.60                     29.39   6.21    45.61

SNOWFALL (IN)
  YESTERDAY        0.0           6.8  1950   0.7   -0.7      1.4
  MONTH TO DATE   56.8                       9.9   46.9     10.1
  SINCE OCT 1     56.8                      11.5   45.3     16.8
  SINCE JUL 1     56.8                      11.5   45.3     16.8
  SNOW DEPTH      18

DEGREE DAYS
 HEATING
  YESTERDAY       26                        34     -8       47
  MONTH TO DATE  838                       678    160      664
  SINCE SEP 1   1695                      1536    159     1466
  SINCE JUL 1   1876                      1683    193     1582
..................................................................


WIND (MPH)
  HIGHEST WIND SPEED     9   HIGHEST WIND DIRECTION     E (110)
  HIGHEST GUST SPEED    MM   HIGHEST GUST DIRECTION    MM
  AVERAGE WIND SPEED     6.4




RELATIVE HUMIDITY (PERCENT)
 HIGHEST   100
 LOWEST     82
 AVERAGE    91

..........................................................


THE SAULT STE MARIE MI CLIMATE NORMALS FOR TODAY
                         NORMAL    RECORD    YEAR
 MAXIMUM TEMPERATURE (F)   36        62      1931
 MINIMUM TEMPERATURE (F)   25        -4      1995


SUNRISE AND SUNSET
NOVEMBER 24 2014......SUNRISE   752 AM EST   SUNSET   456 PM EST
NOVEMBER 25 2014......SUNRISE   753 AM EST   SUNSET   456 PM EST


-  INDICATES NEGATIVE NUMBERS.
R  INDICATES RECORD WAS SET OR TIED.
MM INDICATES DATA IS MISSING.
T  INDICATES TRACE AMOUNT.




$$
