000
CDAK47 PAJK 201241
CLIANN
CLIMATE REPORT
NATIONAL WEATHER SERVICE JUNEAU, AK
336 AM AKST MON NOV 20 2017


...................................

...THE ANNETTE ISLAND CLIMATE SUMMARY FOR NOVEMBER 19 2017...

CLIMATE NORMAL PERIOD 1981 TO 2010
CLIMATE RECORD PERIOD 1941 TO 2017


WEATHER ITEM   OBSERVED RECORD YEAR NORMAL DEPARTURE LAST
                VALUE   VALUE       VALUE  FROM      YEAR
                                           NORMAL
...........................................................
TEMPERATURE (F)
 YESTERDAY
  MAXIMUM         39     52    2008  44     -5       45
                               2002
                               2001
  MINIMUM         29     16    1963  35     -6       36
  AVERAGE         34                 39     -5       41

PRECIPITATION (IN)
  YESTERDAY        T      2.03 1980   0.39  -0.39     0.00
  MONTH TO DATE    3.41               8.07  -4.66     7.34
  SINCE JAN 1     83.90              86.69  -2.79    83.71

SNOWFALL (IN)
  YESTERDAY        0.0    5.0  1973   0.1   -0.1      0.0
  MONTH TO DATE    0.0                1.7   -1.7      0.0
  SINCE JUL 1      0.0                1.8   -1.8      0.0
  SNOW DEPTH       0

DEGREE DAYS
 HEATING
  YESTERDAY       31                 26      5       24
  MONTH TO DATE  506                459     47      321
...........................................................


WIND (MPH)
  HIGHEST WIND SPEED    10   HIGHEST WIND DIRECTION    NW (320)
  HIGHEST GUST SPEED    12   HIGHEST GUST DIRECTION    NW (330)
  AVERAGE WIND SPEED     2.1


SKY COVER
  AVERAGE SKY COVER 0.7


WEATHER CONDITIONS
 THE FOLLOWING WEATHER WAS RECORDED YESTERDAY.
  LIGHT RAIN


..........................................................


THE ANNETTE ISLAND CLIMATE NORMALS FOR TODAY
                         NORMAL    RECORD    YEAR
 MAXIMUM TEMPERATURE (F)   44        57      1949
 MINIMUM TEMPERATURE (F)   35        12      1996


SUNRISE AND SUNSET
NOVEMBER 20 2017......SUNRISE   729 AM AKST  SUNSET   335 PM AKST
NOVEMBER 21 2017......SUNRISE   731 AM AKST  SUNSET   333 PM AKST


-  INDICATES NEGATIVE NUMBERS.
R  INDICATES RECORD WAS SET OR TIED.
MM INDICATES DATA IS MISSING.
T  INDICATES TRACE AMOUNT.




$$
--------------------------------------------------------------

AMOUNT OF DAYLIGHT TODAY (HOUR:MIN)......... 8 HOURS 05 MINUTES
GAIN/LOSS SINCE YESTERDAY (HOUR:MIN:SEC).... -0:03:18

$$
