000
CDAK47 PANT 020000
CLIANN

CLIMATE REPORT
NATIONAL WEATHER SERVICE ANNETTE, AK
400 PM AKDT SAT AUG 1 2015

...................................
...THE ANNETTE WSO AP CLIMATE SUMMARY FOR AUGUST 1 2015...
VALID TODAY AS OF 2:00 PM LOCAL TIME

CLIMATE NORMAL PERIOD  1981 TO  2010
CLIMATE RECORD PERIOD  1948 TO  2015

WEATHER ITEM   OBSERVED TIME    RECORD YEAR NORMAL DEPARTURE LAST
               VALUE    (LST)   VALUE       VALUE  FROM      YEAR
                                                   NORMAL
...................................................................
TEMPERATURE
TODAY
 MAXIMUM            70  0129 PM    82  1999     66       4     MM
 MINIMUM            50  0424 AM    45  1973     54      -4     MM
 AVERAGE            60                          60       0     MM

PRECIPITATION
(INCHES)
 TODAY               T           1.12  1958   0.17   -0.17   0.00
 MONTH TO DATE       T                        0.17   -0.17   0.00
 SINCE JUN 1     11.63                        9.70    1.93  15.35
 SINCE JAN 1     55.11                       48.12    6.99  56.15

SNOWFALL
(INCHES)
 TODAY             0.0            0.0  2015    0.0     0.0    0.0
 MONTH TO DATE     0.0                         0.0     0.0    0.0
 SINCE JUN 1       0.0                         0.0     0.0    0.0
 SINCE JUL 1       0.0                         0.0     0.0    0.0
 SNOW DEPTH (IN)     0                                          0

DEGREE DAYS
 HEATING
  TODAY              5                           5       0     MM
  MONTH TO DATE      5                           5       0     MM
  SINCE JUN 1      312                         509    -197    766
  SINCE JUL 1      124                         211     -87     MM

 COOLING
  TODAY              0                           0       0     MM
  MONTH TO DATE      0                           0       0     MM
  SINCE JUN 1       37                           0      37      8
  SINCE JAN 1       37                           0      37     MM
...................................................................

WIND (MPH)
 HIGHEST WIND SPEED     9     HIGHEST WIND DIRECTION    150
 HIGHEST GUST SPEED    11     HIGHEST GUST DIRECTION    150
 AVERAGE WIND SPEED    MM

SKY COVER
  POSSIBLE SUNSHINE  MM            AVERAGE SKY COVER MM

WEATHER CONDITIONS
 THE FOLLOWING WEATHER WAS RECORDED TODAY.
FOG
RAIN


RELATIVE HUMIDITY
 HIGHEST RH     MM PERCENT       MM
 LOWEST  RH     MM PERCENT       MM
 AVERAGE RH     MM PERCENT       MM
...................................................................

THE ANNETTE CLIMATE NORMALS FOR TOMORROW
                        NORMAL    RECORD   YEAR
 MAXIMUM TEMPERATURE      66        77     1993
 MINIMUM TEMPERATURE      54        47     1975

SUNRISE AND SUNSET
 AUG 1 2015..........SUNRISE  4:55 AM      SUNSET  8:50 PM
 AUG 2 2015..........SUNRISE  4:57 AM      SUNSET  8:48 PM

-  INDICATES NEGATIVE NUMBERS.
R  INDICATES RECORD HAS BEEN SET OR TIED.
MM INDICATES DATA IS MISSING.
T  INDICATES TRACE OF PRECIPITATION.

&&
-------------------------------------------------------------------

AMOUNT OF DAYLIGHT TODAY  (HOUR:MIN)........15 HOURS 55 MINUTES
GAIN/LOSS SINCE YESTERDAY (HOUR:MIN:SEC)....-0:03:40

$$
JH AUG 15
