000
CDUS41 KCTP 280641
CLIAOO


CLIMATE REPORT
NATIONAL WEATHER SERVICE STATE COLLEGE PA
241 AM EDT THU AUG 28 2014


...................................

...THE ALTOONA CLIMATE SUMMARY FOR AUGUST 27 2014...

CLIMATE NORMAL PERIOD 1981 TO 2010
CLIMATE RECORD PERIOD 1948 TO 2014


WEATHER ITEM   OBSERVED TIME   RECORD YEAR NORMAL DEPARTURE LAST
                VALUE   (LST)  VALUE       VALUE  FROM      YEAR
                                                  NORMAL
..................................................................
TEMPERATURE (F)
 YESTERDAY
  MAXIMUM         86    357 PM  96    1948  79      7       86
  MINIMUM         58    350 AM  45    1958  57      1       70
  AVERAGE         72                        68      4       78

PRECIPITATION (IN)
  YESTERDAY        0.22          0.85 2006   0.10   0.12     0.01
  MONTH TO DATE    4.82                      2.60   2.22     2.41
  SINCE JUN 1     14.99                      9.34   5.65     7.81
  SINCE JAN 1     28.49                     23.52   4.97    18.66

DEGREE DAYS
 HEATING
  YESTERDAY        0                         1     -1        0
  MONTH TO DATE   16                        19     -3       16
  SINCE JUN 1     45                        87    -42       41
  SINCE JUL 1     30                        29      1       21

 COOLING
  YESTERDAY        7                         4      3       13
  MONTH TO DATE   87                       140    -53      110
  SINCE JUN 1    391                       434    -43      498
  SINCE JAN 1    438                       467    -29      572
..................................................................


WIND (MPH)
  HIGHEST WIND SPEED    20   HIGHEST WIND DIRECTION     N (10)
  HIGHEST GUST SPEED    24   HIGHEST GUST DIRECTION     N (360)
  AVERAGE WIND SPEED     4.1


SKY COVER
  POSSIBLE SUNSHINE  MM
  AVERAGE SKY COVER 0.1


WEATHER CONDITIONS
 THE FOLLOWING WEATHER WAS RECORDED YESTERDAY.
  THUNDERSTORM
  HEAVY RAIN
  LIGHT RAIN
  FOG


RELATIVE HUMIDITY (PERCENT)
 HIGHEST    97           200 AM
 LOWEST     51           400 PM
 AVERAGE    74

..........................................................


THE ALTOONA CLIMATE NORMALS FOR TODAY
                         NORMAL    RECORD    YEAR
 MAXIMUM TEMPERATURE (F)   78        97      1948
 MINIMUM TEMPERATURE (F)   57        44      1986


SUNRISE AND SUNSET
AUGUST 28 2014........SUNRISE   637 AM EDT   SUNSET   751 PM EDT
AUGUST 29 2014........SUNRISE   638 AM EDT   SUNSET   750 PM EDT


-  INDICATES NEGATIVE NUMBERS.
R  INDICATES RECORD WAS SET OR TIED.
MM INDICATES DATA IS MISSING.
T  INDICATES TRACE AMOUNT.




$$
