000
CDUS41 KCTP 280706
CLIAOO


CLIMATE REPORT
NATIONAL WEATHER SERVICE STATE COLLEGE PA
306 AM EDT FRI AUG 28 2015


...................................

...THE ALTOONA CLIMATE SUMMARY FOR AUGUST 27 2015...

CLIMATE NORMAL PERIOD 1981 TO 2010
CLIMATE RECORD PERIOD 1948 TO 2015


WEATHER ITEM   OBSERVED TIME   RECORD YEAR NORMAL DEPARTURE LAST
                VALUE   (LST)  VALUE       VALUE  FROM      YEAR
                                                  NORMAL
..................................................................
TEMPERATURE (F)
 YESTERDAY
  MAXIMUM         71    101 PM  96    1948  79     -8       86
  MINIMUM         51    451 AM  45    1958  57     -6       58
  AVERAGE         61                        68     -7       72

PRECIPITATION (IN)
  YESTERDAY        0.00          0.85 2006   0.10  -0.10     0.22
  MONTH TO DATE    1.00                      2.60  -1.60     4.82
  SINCE JUN 1     14.27                      9.34   4.93    14.99
  SINCE JAN 1     23.77                     23.52   0.25    28.49

DEGREE DAYS
 HEATING
  YESTERDAY        4                         1      3        0
  MONTH TO DATE   10                        19     -9       16
  SINCE JUN 1     52                        87    -35       45
  SINCE JUL 1     13                        29    -16       30

 COOLING
  YESTERDAY        0                         4     -4        7
  MONTH TO DATE  126                       140    -14       87
  SINCE JUN 1    460                       434     26      391
  SINCE JAN 1    564                       467     97      438
..................................................................


WIND (MPH)
  HIGHEST WIND SPEED    10   HIGHEST WIND DIRECTION    NW (320)
  HIGHEST GUST SPEED    15   HIGHEST GUST DIRECTION    NW (320)
  AVERAGE WIND SPEED     2.8


SKY COVER
  POSSIBLE SUNSHINE  MM
  AVERAGE SKY COVER 0.7


WEATHER CONDITIONS
 THE FOLLOWING WEATHER WAS RECORDED YESTERDAY.
  FOG


RELATIVE HUMIDITY (PERCENT)
 HIGHEST    93           400 AM
 LOWEST     53           100 PM
 AVERAGE    73

..........................................................


THE ALTOONA CLIMATE NORMALS FOR TODAY
                         NORMAL    RECORD    YEAR
 MAXIMUM TEMPERATURE (F)   78        97      1948
 MINIMUM TEMPERATURE (F)   57        44      1986


SUNRISE AND SUNSET
AUGUST 28 2015........SUNRISE   637 AM EDT   SUNSET   752 PM EDT
AUGUST 29 2015........SUNRISE   638 AM EDT   SUNSET   750 PM EDT


-  INDICATES NEGATIVE NUMBERS.
R  INDICATES RECORD WAS SET OR TIED.
MM INDICATES DATA IS MISSING.
T  INDICATES TRACE AMOUNT.




$$
