426
CDUS41 KCTP 252130
CLIAOO


CLIMATE REPORT
NATIONAL WEATHER SERVICE STATE COLLEGE PA
530 PM EDT THU AUG 25 2016


...................................

...THE ALTOONA CLIMATE SUMMARY FOR AUGUST 25 2016...
VALID TODAY AS OF 0500 PM LOCAL TIME.

CLIMATE NORMAL PERIOD 1981 TO 2010
CLIMATE RECORD PERIOD 1948 TO 2016


WEATHER ITEM   OBSERVED TIME   RECORD YEAR NORMAL DEPARTURE LAST
                VALUE   (LST)  VALUE       VALUE  FROM      YEAR
                                                  NORMAL
..................................................................
TEMPERATURE (F)
 TODAY
  MAXIMUM         87    314 PM  92    1948  79      8       78
  MINIMUM         64    134 AM  44    1963  57      7       52
  AVERAGE         76                        68      8       65

PRECIPITATION (IN)
  TODAY            T             1.35 1982   0.10  -0.10     0.00
  MONTH TO DATE    2.87                      2.39   0.48     1.00
  SINCE JUN 1      7.16                      9.13  -1.97    14.27
  SINCE JAN 1     17.14                     23.31  -6.17    23.77

DEGREE DAYS
 HEATING
  TODAY            0                         1     -1        0
  MONTH TO DATE    0                        17    -17        2
  SINCE JUN 1     27                        85    -58       44
  SINCE JUL 1      4                        27    -23        5

 COOLING
  TODAY           11                         4      7        0
  MONTH TO DATE  224                       132     92      126
  SINCE JUN 1    644                       426    218      460
  SINCE JAN 1    695                       459    236      564
..................................................................


WIND (MPH)
  HIGHEST WIND SPEED    12   HIGHEST WIND DIRECTION     W (270)
  HIGHEST GUST SPEED    16   HIGHEST GUST DIRECTION    SW (240)
  AVERAGE WIND SPEED     5.5


SKY COVER
  POSSIBLE SUNSHINE  MM
  AVERAGE SKY COVER 0.3


WEATHER CONDITIONS
 THE FOLLOWING WEATHER WAS RECORDED TODAY.
  LIGHT RAIN


RELATIVE HUMIDITY (PERCENT)
 HIGHEST   100           100 AM
 LOWEST     57           200 PM
 AVERAGE    79

..........................................................


THE ALTOONA CLIMATE NORMALS FOR TOMORROW
                         NORMAL    RECORD    YEAR
 MAXIMUM TEMPERATURE (F)   79        96      1948
 MINIMUM TEMPERATURE (F)   57        44      1963


SUNRISE AND SUNSET
AUGUST 25 2016........SUNRISE   634 AM EDT   SUNSET   755 PM EDT
AUGUST 26 2016........SUNRISE   635 AM EDT   SUNSET   754 PM EDT


-  INDICATES NEGATIVE NUMBERS.
R  INDICATES RECORD WAS SET OR TIED.
MM INDICATES DATA IS MISSING.
T  INDICATES TRACE AMOUNT.




$$
