000
CDUS41 KCTP 020613
CLIAOO


CLIMATE REPORT
NATIONAL WEATHER SERVICE STATE COLLEGE PA
213 AM EDT MON MAY 2 2016


...................................

...THE ALTOONA CLIMATE SUMMARY FOR MAY 1 2016...

CLIMATE NORMAL PERIOD 1981 TO 2010
CLIMATE RECORD PERIOD 1948 TO 2016


WEATHER ITEM   OBSERVED TIME   RECORD YEAR NORMAL DEPARTURE LAST
                VALUE   (LST)  VALUE       VALUE  FROM      YEAR
                                                  NORMAL
..................................................................
TEMPERATURE (F)
 YESTERDAY
  MAXIMUM         59    211 PM  87    2010  65     -6       66
  MINIMUM         48   1222 AM  27    1978  43      5       49
  AVERAGE         54                        54      0       58

PRECIPITATION (IN)
  YESTERDAY        0.27          0.77 1989   0.11   0.16     0.01
  MONTH TO DATE    0.27                      0.11   0.16     0.01
  SINCE MAR 1      3.18                      6.37  -3.19     5.83
  SINCE JAN 1      7.02                     10.58  -3.56     8.35

DEGREE DAYS
 HEATING
  YESTERDAY       11                        11      0        7
  MONTH TO DATE   11                        11      0        7
  SINCE MAR 1   1106                      1359   -253     1364
  SINCE JUL 1   4930                      5915   -985     6157

 COOLING
  YESTERDAY        0                         0      0        0
  MONTH TO DATE    0                         0      0        0
  SINCE MAR 1      0                         6     -6        0
  SINCE JAN 1      0                         6     -6        0
..................................................................


WIND (MPH)
  HIGHEST WIND SPEED    15   HIGHEST WIND DIRECTION     S (170)
  HIGHEST GUST SPEED    19   HIGHEST GUST DIRECTION     S (170)
  AVERAGE WIND SPEED     8.1


SKY COVER
  POSSIBLE SUNSHINE  MM
  AVERAGE SKY COVER 1.0


WEATHER CONDITIONS
 THE FOLLOWING WEATHER WAS RECORDED YESTERDAY.
  RAIN
  LIGHT RAIN
  FOG


RELATIVE HUMIDITY (PERCENT)
 HIGHEST    96           900 AM
 LOWEST     80           200 PM
 AVERAGE    88

..........................................................


THE ALTOONA CLIMATE NORMALS FOR TODAY
                         NORMAL    RECORD    YEAR
 MAXIMUM TEMPERATURE (F)   65        87      1954
 MINIMUM TEMPERATURE (F)   43        29      1979


SUNRISE AND SUNSET
MAY  2 2016...........SUNRISE   611 AM EDT   SUNSET   810 PM EDT
MAY  3 2016...........SUNRISE   610 AM EDT   SUNSET   811 PM EDT


-  INDICATES NEGATIVE NUMBERS.
R  INDICATES RECORD WAS SET OR TIED.
MM INDICATES DATA IS MISSING.
T  INDICATES TRACE AMOUNT.




$$
