000
CDUS41 KCTP 280633
CLIAOO


CLIMATE REPORT
NATIONAL WEATHER SERVICE STATE COLLEGE PA
133 AM EST WED JAN 28 2015


...................................

...THE ALTOONA CLIMATE SUMMARY FOR JANUARY 27 2015...

CLIMATE NORMAL PERIOD 1981 TO 2010
CLIMATE RECORD PERIOD 1948 TO 2015


WEATHER ITEM   OBSERVED TIME   RECORD YEAR NORMAL DEPARTURE LAST
                VALUE   (LST)  VALUE       VALUE  FROM      YEAR
                                                  NORMAL
..................................................................
TEMPERATURE (F)
 YESTERDAY
  MAXIMUM         24    314 PM  61    2002  34    -10       41
  MINIMUM         15   1159 PM   1    1982  20     -5        7
  AVERAGE         20                        27     -7       24

PRECIPITATION (IN)
  YESTERDAY        0.03          1.02 1967   0.07  -0.04     0.03
  MONTH TO DATE    1.50                      1.87  -0.37     0.84
  SINCE DEC 1      3.36                      4.29  -0.93     3.43
  SINCE JAN 1      1.50                      1.87  -0.37     0.84

DEGREE DAYS
 HEATING
  YESTERDAY       45                        38      7       41
  MONTH TO DATE 1058                      1026     32     1144
  SINCE DEC 1   2012                      2091    -79     2089
  SINCE JUL 1   3314                      3401    -87     3399

 COOLING
  YESTERDAY        0                         0      0        0
  MONTH TO DATE    0                         0      0        0
  SINCE DEC 1      0                         0      0        0
  SINCE JAN 1      0                         0      0        0
..................................................................


WIND (MPH)
  HIGHEST WIND SPEED    23   HIGHEST WIND DIRECTION    NW (300)
  HIGHEST GUST SPEED    30   HIGHEST GUST DIRECTION    NW (320)
  AVERAGE WIND SPEED    10.3


SKY COVER
  POSSIBLE SUNSHINE  MM
  AVERAGE SKY COVER 0.9


WEATHER CONDITIONS
 THE FOLLOWING WEATHER WAS RECORDED YESTERDAY.
  LIGHT SNOW
  FOG
  HAZE


RELATIVE HUMIDITY (PERCENT)
 HIGHEST    91          1200 AM
 LOWEST     71           700 PM
 AVERAGE    81

..........................................................


THE ALTOONA CLIMATE NORMALS FOR TODAY
                         NORMAL    RECORD    YEAR
 MAXIMUM TEMPERATURE (F)   34        62      2002
 MINIMUM TEMPERATURE (F)   20        -7      2014


SUNRISE AND SUNSET
JANUARY 28 2015.......SUNRISE   726 AM EST   SUNSET   527 PM EST
JANUARY 29 2015.......SUNRISE   725 AM EST   SUNSET   528 PM EST


-  INDICATES NEGATIVE NUMBERS.
R  INDICATES RECORD WAS SET OR TIED.
MM INDICATES DATA IS MISSING.
T  INDICATES TRACE AMOUNT.




$$
