000
CDUS41 KCTP 280625
CLIAOO


CLIMATE REPORT
NATIONAL WEATHER SERVICE STATE COLLEGE PA
225 AM EDT FRI APR 28 2017


...................................

...THE ALTOONA CLIMATE SUMMARY FOR APRIL 27 2017...

CLIMATE NORMAL PERIOD 1981 TO 2010
CLIMATE RECORD PERIOD 1948 TO 2017


WEATHER ITEM   OBSERVED TIME   RECORD YEAR NORMAL DEPARTURE LAST
                VALUE   (LST)  VALUE       VALUE  FROM      YEAR
                                                  NORMAL
..................................................................
TEMPERATURE (F)
 YESTERDAY
  MAXIMUM         77    122 PM  89    1962  64     13       58
  MINIMUM         56    406 AM  27    1993  42     14       44
  AVERAGE         67                        53     14       51

PRECIPITATION (IN)
  YESTERDAY        0.11          1.01 1959   0.10   0.01     0.00
  MONTH TO DATE    1.99                      2.86  -0.87     1.17
  SINCE MAR 1      6.32                      5.93   0.39     2.42
  SINCE JAN 1     10.95                     10.14   0.81     6.26

DEGREE DAYS
 HEATING
  YESTERDAY        0                        13    -13       14
  MONTH TO DATE  254                       454   -200      439
  SINCE MAR 1   1090                      1313   -223     1039
  SINCE JUL 1   4757                      5868  -1111     4863

 COOLING
  YESTERDAY        2                         0      2        0
  MONTH TO DATE   10                         0     10        0
  SINCE MAR 1     10                         1      9        0
  SINCE JAN 1     10                         1      9        0
..................................................................


WIND (MPH)
  HIGHEST WIND SPEED    20   HIGHEST WIND DIRECTION    SE (150)
  HIGHEST GUST SPEED    26   HIGHEST GUST DIRECTION     S (160)
  AVERAGE WIND SPEED     6.4


SKY COVER
  POSSIBLE SUNSHINE  MM
  AVERAGE SKY COVER 0.5


WEATHER CONDITIONS
 THE FOLLOWING WEATHER WAS RECORDED YESTERDAY.
  THUNDERSTORM
  HEAVY RAIN
  RAIN
  LIGHT RAIN
  FOG
  FOG W/VISIBILITY <= 1/4 MILE


RELATIVE HUMIDITY (PERCENT)
 HIGHEST   100           500 AM
 LOWEST     61           600 PM
 AVERAGE    81

..........................................................


THE ALTOONA CLIMATE NORMALS FOR TODAY
                         NORMAL    RECORD    YEAR
 MAXIMUM TEMPERATURE (F)   64        87      1962
 MINIMUM TEMPERATURE (F)   42        29      2004


SUNRISE AND SUNSET
APRIL 28 2017.........SUNRISE   616 AM EDT   SUNSET   806 PM EDT
APRIL 29 2017.........SUNRISE   615 AM EDT   SUNSET   807 PM EDT


-  INDICATES NEGATIVE NUMBERS.
R  INDICATES RECORD WAS SET OR TIED.
MM INDICATES DATA IS MISSING.
T  INDICATES TRACE AMOUNT.




$$
