519
CDUS41 KCTP 230653
CLIAOO


CLIMATE REPORT
NATIONAL WEATHER SERVICE STATE COLLEGE PA
253 AM EDT FRI JUN 23 2017


...................................

...THE ALTOONA CLIMATE SUMMARY FOR JUNE 22 2017...

CLIMATE NORMAL PERIOD 1981 TO 2010
CLIMATE RECORD PERIOD 1948 TO 2017


WEATHER ITEM   OBSERVED TIME   RECORD YEAR NORMAL DEPARTURE LAST
                VALUE   (LST)  VALUE       VALUE  FROM      YEAR
                                                  NORMAL
..................................................................
TEMPERATURE (F)
 YESTERDAY
  MAXIMUM         85    348 PM  91    1988  79      6       79
  MINIMUM         61    459 AM  39    1963  58      3       59
  AVERAGE         73                        69      4       69

PRECIPITATION (IN)
  YESTERDAY        0.25          4.39 1972   0.11   0.14     0.00
  MONTH TO DATE    2.07                      2.57  -0.50     2.19
  SINCE JUN 1      2.07                      2.57  -0.50     2.19
  SINCE JAN 1     19.36                     16.75   2.61    12.17

DEGREE DAYS
 HEATING
  YESTERDAY        0                         1     -1        0
  MONTH TO DATE   22                        51    -29       22
  SINCE JUN 1     22                        51    -29       22
  SINCE JUL 1   4991                      6197  -1206     5190

 COOLING
  YESTERDAY        8                         4      4        4
  MONTH TO DATE  126                        68     58       93
  SINCE JUN 1    126                        68     58       93
  SINCE JAN 1    199                       101     98      144
..................................................................


WIND (MPH)
  HIGHEST WIND SPEED    16   HIGHEST WIND DIRECTION     W (290)
  HIGHEST GUST SPEED    22   HIGHEST GUST DIRECTION    NW (300)
  AVERAGE WIND SPEED     4.5


SKY COVER
  POSSIBLE SUNSHINE  MM
  AVERAGE SKY COVER 0.3


WEATHER CONDITIONS
 THE FOLLOWING WEATHER WAS RECORDED YESTERDAY.
  THUNDERSTORM
  HEAVY RAIN
  LIGHT RAIN
  FOG


RELATIVE HUMIDITY (PERCENT)
 HIGHEST   100          1200 AM
 LOWEST     55           200 PM
 AVERAGE    78

..........................................................


THE ALTOONA CLIMATE NORMALS FOR TODAY
                         NORMAL    RECORD    YEAR
 MAXIMUM TEMPERATURE (F)   79        90      1994
 MINIMUM TEMPERATURE (F)   58        43      1963


SUNRISE AND SUNSET
JUNE 23 2017..........SUNRISE   544 AM EDT   SUNSET   847 PM EDT
JUNE 24 2017..........SUNRISE   545 AM EDT   SUNSET   847 PM EDT


-  INDICATES NEGATIVE NUMBERS.
R  INDICATES RECORD WAS SET OR TIED.
MM INDICATES DATA IS MISSING.
T  INDICATES TRACE AMOUNT.




$$
