000
CDUS41 KCTP 200632
CLIAOO


CLIMATE REPORT
NATIONAL WEATHER SERVICE STATE COLLEGE PA
232 AM EDT MON OCT 20 2014


...................................

...THE ALTOONA CLIMATE SUMMARY FOR OCTOBER 19 2014...

CLIMATE NORMAL PERIOD 1981 TO 2010
CLIMATE RECORD PERIOD 1948 TO 2014


WEATHER ITEM   OBSERVED TIME   RECORD YEAR NORMAL DEPARTURE LAST
                VALUE   (LST)  VALUE       VALUE  FROM      YEAR
                                                  NORMAL
..................................................................
TEMPERATURE (F)
 YESTERDAY
  MAXIMUM         52    323 PM  82    1984  60     -8       53
  MINIMUM         39    502 AM  25    1948  40     -1       37
  AVERAGE         46                        50     -4       45

PRECIPITATION (IN)
  YESTERDAY        T             1.40 1968   0.08  -0.08     0.03
  MONTH TO DATE    2.90                      1.56   1.34     3.67
  SINCE SEP 1      3.66                      5.02  -1.36     5.71
  SINCE JAN 1     32.28                     25.94   6.34    24.72

DEGREE DAYS
 HEATING
  YESTERDAY       19                        15      4       20
  MONTH TO DATE  183                       236    -53      118
  SINCE SEP 1    307                       384    -77      266
  SINCE JUL 1    341                       407    -66      287

 COOLING
  YESTERDAY        0                         0      0        0
  MONTH TO DATE    2                         0      2       32
  SINCE SEP 1     69                        47     22       87
  SINCE JAN 1    521                       522     -1      695
..................................................................


WIND (MPH)
  HIGHEST WIND SPEED    24   HIGHEST WIND DIRECTION    NW (310)
  HIGHEST GUST SPEED    31   HIGHEST GUST DIRECTION    NW (310)
  AVERAGE WIND SPEED    12.5


SKY COVER
  POSSIBLE SUNSHINE  MM
  AVERAGE SKY COVER 0.4


WEATHER CONDITIONS
 THE FOLLOWING WEATHER WAS RECORDED YESTERDAY.
  LIGHT RAIN


RELATIVE HUMIDITY (PERCENT)
 HIGHEST    79           900 PM
 LOWEST     44           200 PM
 AVERAGE    62

..........................................................


THE ALTOONA CLIMATE NORMALS FOR TODAY
                         NORMAL    RECORD    YEAR
 MAXIMUM TEMPERATURE (F)   60        80      1963
 MINIMUM TEMPERATURE (F)   40        21      1972


SUNRISE AND SUNSET
OCTOBER 20 2014.......SUNRISE   729 AM EDT   SUNSET   626 PM EDT
OCTOBER 21 2014.......SUNRISE   730 AM EDT   SUNSET   625 PM EDT


-  INDICATES NEGATIVE NUMBERS.
R  INDICATES RECORD WAS SET OR TIED.
MM INDICATES DATA IS MISSING.
T  INDICATES TRACE AMOUNT.




$$
