751
CDUS41 KCTP 200613
CLIAOO


CLIMATE REPORT
NATIONAL WEATHER SERVICE STATE COLLEGE PA
213 AM EDT FRI OCT 20 2017


...................................

...THE ALTOONA CLIMATE SUMMARY FOR OCTOBER 19 2017...

CLIMATE NORMAL PERIOD 1981 TO 2010
CLIMATE RECORD PERIOD 1948 TO 2017


WEATHER ITEM   OBSERVED TIME   RECORD YEAR NORMAL DEPARTURE LAST
                VALUE   (LST)  VALUE       VALUE  FROM      YEAR
                                                  NORMAL
..................................................................
TEMPERATURE (F)
 YESTERDAY
  MAXIMUM         74    301 PM  82    1984  60     14       79
  MINIMUM         42    649 AM  25    1948  40      2       60
  AVERAGE         58                        50      8       70

PRECIPITATION (IN)
  YESTERDAY        0.00          1.40 1968   0.08  -0.08      T
  MONTH TO DATE    1.96                      1.56   0.40     1.25
  SINCE SEP 1      3.46                      5.02  -1.56     4.43
  SINCE JAN 1     33.88                     25.94   7.94    22.09

DEGREE DAYS
 HEATING
  YESTERDAY        7                        15     -8        0
  MONTH TO DATE   88                       236   -148      168
  SINCE SEP 1    198                       384   -186      223
  SINCE JUL 1    232                       407   -175      227

 COOLING
  YESTERDAY        0                         0      0        5
  MONTH TO DATE   47                         0     47        9
  SINCE SEP 1    113                        47     66      127
  SINCE JAN 1    655                       522    133      871
..................................................................


WIND (MPH)
  HIGHEST WIND SPEED    17   HIGHEST WIND DIRECTION     W (250)
  HIGHEST GUST SPEED    20   HIGHEST GUST DIRECTION     W (250)
  AVERAGE WIND SPEED     6.0


SKY COVER
  POSSIBLE SUNSHINE  MM
  AVERAGE SKY COVER 0.0


WEATHER CONDITIONS
 THE FOLLOWING WEATHER WAS RECORDED YESTERDAY.
  NO SIGNIFICANT WEATHER WAS OBSERVED.


RELATIVE HUMIDITY (PERCENT)
 HIGHEST    51           700 PM
 LOWEST     27           400 PM
 AVERAGE    39

..........................................................


THE ALTOONA CLIMATE NORMALS FOR TODAY
                         NORMAL    RECORD    YEAR
 MAXIMUM TEMPERATURE (F)   60        80      1963
 MINIMUM TEMPERATURE (F)   40        21      1972


SUNRISE AND SUNSET
OCTOBER 20 2017.......SUNRISE   730 AM EDT   SUNSET   626 PM EDT
OCTOBER 21 2017.......SUNRISE   731 AM EDT   SUNSET   624 PM EDT


-  INDICATES NEGATIVE NUMBERS.
R  INDICATES RECORD WAS SET OR TIED.
MM INDICATES DATA IS MISSING.
T  INDICATES TRACE AMOUNT.




$$
