000
CDUS41 KCTP 300627
CLIAOO


CLIMATE REPORT
NATIONAL WEATHER SERVICE STATE COLLEGE PA
226 AM EDT MON MAY 30 2016


...................................

...THE ALTOONA CLIMATE SUMMARY FOR MAY 29 2016...

CLIMATE NORMAL PERIOD 1981 TO 2010
CLIMATE RECORD PERIOD 1948 TO 2016


WEATHER ITEM   OBSERVED TIME   RECORD YEAR NORMAL DEPARTURE LAST
                VALUE   (LST)  VALUE       VALUE  FROM      YEAR
                                                  NORMAL
..................................................................
TEMPERATURE (F)
 YESTERDAY
  MAXIMUM         83   1238 PM  94    1969  72     11       84
  MINIMUM         63   1159 PM  35    1949  51     12       56
  AVERAGE         73                        62     11       70

PRECIPITATION (IN)
  YESTERDAY        T             1.12 2012   0.12  -0.12     0.00
  MONTH TO DATE    3.23                      3.47  -0.24     1.16
  SINCE MAR 1      6.14                      9.73  -3.59     6.98
  SINCE JAN 1      9.98                     13.94  -3.96     9.50

DEGREE DAYS
 HEATING
  YESTERDAY        0                         5     -5        0
  MONTH TO DATE  249                       233     16      105
  SINCE MAR 1   1344                      1581   -237     1462
  SINCE JUL 1   5168                      6137   -969     6255

 COOLING
  YESTERDAY        8                         2      6        5
  MONTH TO DATE   37                        22     15       84
  SINCE MAR 1     37                        28      9       84
  SINCE JAN 1     37                        28      9       84
..................................................................


WIND (MPH)
  HIGHEST WIND SPEED    20   HIGHEST WIND DIRECTION    NW (310)
  HIGHEST GUST SPEED    25   HIGHEST GUST DIRECTION    NW (310)
  AVERAGE WIND SPEED     4.5


SKY COVER
  POSSIBLE SUNSHINE  MM
  AVERAGE SKY COVER 0.2


WEATHER CONDITIONS
 THE FOLLOWING WEATHER WAS RECORDED YESTERDAY.
  LIGHT RAIN
  FOG
  HAZE


RELATIVE HUMIDITY (PERCENT)
 HIGHEST    87           400 AM
 LOWEST     43          1100 AM
 AVERAGE    65

..........................................................


THE ALTOONA CLIMATE NORMALS FOR TODAY
                         NORMAL    RECORD    YEAR
 MAXIMUM TEMPERATURE (F)   73        91      2006
 MINIMUM TEMPERATURE (F)   52        34      1966


SUNRISE AND SUNSET
MAY 30 2016...........SUNRISE   546 AM EDT   SUNSET   836 PM EDT
MAY 31 2016...........SUNRISE   546 AM EDT   SUNSET   837 PM EDT


-  INDICATES NEGATIVE NUMBERS.
R  INDICATES RECORD WAS SET OR TIED.
MM INDICATES DATA IS MISSING.
T  INDICATES TRACE AMOUNT.




$$
