000
CDUS42 KMFL 220920
CLIAPF


CLIMATE REPORT
NATIONAL WEATHER SERVICE MIAMI, FL
420 AM EST MON JAN 22 2018


...................................

...THE NAPLES CLIMATE SUMMARY FOR JANUARY 21 2018...

CLIMATE NORMAL PERIOD 1981 TO 2010
CLIMATE RECORD PERIOD 1942 TO 2018


WEATHER ITEM   OBSERVED TIME   RECORD YEAR NORMAL DEPARTURE LAST
                VALUE   (LST)  VALUE       VALUE  FROM      YEAR
                                                  NORMAL
..................................................................
TEMPERATURE (F)
 YESTERDAY
  MAXIMUM         81    308 PM  88    1990  75      6       82
  MINIMUM         60    752 AM  28    1971  54      6       62
  AVERAGE         71                        64      7       72

PRECIPITATION (IN)
  YESTERDAY        T             1.19 1956   0.07  -0.07     0.00
  MONTH TO DATE    0.14                      1.13  -0.99     0.38
  SINCE NOV 1      1.29                      4.62  -3.33     0.73
  SINCE JAN 1      0.14                      1.13  -0.99     0.38

SNOWFALL (IN)
  YESTERDAY        0.0
  MONTH TO DATE    0.0
  SINCE DEC 1      0.0
  SINCE JUL 1      0.0
  SNOW DEPTH       0

DEGREE DAYS
 HEATING
  YESTERDAY        0                         3     -3        0
  MONTH TO DATE  118                        76     42       20
  SINCE DEC 1    165                       140     25       25
  SINCE JUL 1    169                       154     15       29

 COOLING
  YESTERDAY        6                         3      3        7
  MONTH TO DATE   34                        63    -29      120
  SINCE DEC 1    193                       183     10      387
  SINCE JAN 1     34                        63    -29      120
..................................................................


WIND (MPH)
  HIGHEST WIND SPEED    16   HIGHEST WIND DIRECTION    NE (50)
  HIGHEST GUST SPEED    20   HIGHEST GUST DIRECTION    NE (40)
  AVERAGE WIND SPEED     8.0


SKY COVER
  AVERAGE SKY COVER 0.3


WEATHER CONDITIONS
 THE FOLLOWING WEATHER WAS RECORDED YESTERDAY.
  NO SIGNIFICANT WEATHER WAS OBSERVED.


RELATIVE HUMIDITY (PERCENT)
 HIGHEST   100
 LOWEST     54
 AVERAGE    77

..........................................................


THE NAPLES CLIMATE NORMALS FOR TODAY
                         NORMAL    RECORD    YEAR
 MAXIMUM TEMPERATURE (F)   75        87      1962
 MINIMUM TEMPERATURE (F)   54        28      1985


SUNRISE AND SUNSET
JANUARY 22 2018.......SUNRISE   715 AM EST   SUNSET   603 PM EST
JANUARY 23 2018.......SUNRISE   715 AM EST   SUNSET   603 PM EST


-  INDICATES NEGATIVE NUMBERS.
R  INDICATES RECORD WAS SET OR TIED.
MM INDICATES DATA IS MISSING.
T  INDICATES TRACE AMOUNT.




$$
