739
CDUS42 KMFL 290824
CLIAPF


CLIMATE REPORT
NATIONAL WEATHER SERVICE MIAMI, FL
423 AM EDT MON MAY 29 2017


...................................

...THE NAPLES CLIMATE SUMMARY FOR MAY 28 2017...

CLIMATE NORMAL PERIOD 1981 TO 2010
CLIMATE RECORD PERIOD 1942 TO 2017


WEATHER ITEM   OBSERVED TIME   RECORD YEAR NORMAL DEPARTURE LAST
                VALUE   (LST)  VALUE       VALUE  FROM      YEAR
                                                  NORMAL
..................................................................
TEMPERATURE (F)
 YESTERDAY
  MAXIMUM         88    305 PM  94    1986  89     -1       88
                                      1975
                                      1953
  MINIMUM         72    543 AM  62    1962  71      1       70
                                      1945
  AVERAGE         80                        80      0       79

PRECIPITATION (IN)
  YESTERDAY        0.00          2.59 1959   0.15  -0.15     1.10
  MONTH TO DATE    2.58                      2.70  -0.12     2.44
  SINCE NOV 1      5.96                     14.88  -8.92    16.68
  SINCE JAN 1      5.61                     11.39  -5.78    12.06

SNOWFALL (IN)
  YESTERDAY        0.0
  MONTH TO DATE    0.0
  SINCE MAR 1      0.0
  SINCE JUL 1      0.0
  SNOW DEPTH       0

DEGREE DAYS
 HEATING
  YESTERDAY        0                         0      0        0
  MONTH TO DATE    0                         0      0        0
  SINCE MAR 1     11                        27    -16        4
  SINCE JUL 1     67                       260   -193      142

 COOLING
  YESTERDAY       15                        15      0       14
  MONTH TO DATE  412                       363     49      393
  SINCE MAR 1    963                       792    171      975
  SINCE JAN 1   1286                       983    303     1137
..................................................................


WIND (MPH)
  HIGHEST WIND SPEED    16   HIGHEST WIND DIRECTION     W (290)
  HIGHEST GUST SPEED    20   HIGHEST GUST DIRECTION    NW (300)
  AVERAGE WIND SPEED     6.2


SKY COVER
  AVERAGE SKY COVER 0.0


WEATHER CONDITIONS
 THE FOLLOWING WEATHER WAS RECORDED YESTERDAY.
  NO SIGNIFICANT WEATHER WAS OBSERVED.


RELATIVE HUMIDITY (PERCENT)
 HIGHEST    87
 LOWEST     55
 AVERAGE    71

..........................................................


THE NAPLES CLIMATE NORMALS FOR TODAY
                         NORMAL    RECORD    YEAR
 MAXIMUM TEMPERATURE (F)   89        96      2011
 MINIMUM TEMPERATURE (F)   71        62      1975


SUNRISE AND SUNSET
MAY 29 2017...........SUNRISE   635 AM EDT   SUNSET   814 PM EDT
MAY 30 2017...........SUNRISE   635 AM EDT   SUNSET   814 PM EDT


-  INDICATES NEGATIVE NUMBERS.
R  INDICATES RECORD WAS SET OR TIED.
MM INDICATES DATA IS MISSING.
T  INDICATES TRACE AMOUNT.




$$
