000
CDUS42 KMFL 240929
CLIAPF


CLIMATE REPORT
NATIONAL WEATHER SERVICE MIAMI, FL
428 AM EST MON NOV 24 2014


...................................

...THE NAPLES CLIMATE SUMMARY FOR NOVEMBER 23 2014...

CLIMATE NORMAL PERIOD 1981 TO 2010
CLIMATE RECORD PERIOD 1942 TO 2014


WEATHER ITEM   OBSERVED TIME   RECORD YEAR NORMAL DEPARTURE LAST
                VALUE   (LST)  VALUE       VALUE  FROM      YEAR
                                                  NORMAL
..................................................................
TEMPERATURE (F)
 YESTERDAY
  MAXIMUM         85    207 PM  88    1992  80      5       86
                                      1973
  MINIMUM         71   1232 AM  42    1981  61     10       68
                                      1956
  AVERAGE         78                        70      8       77

PRECIPITATION (IN)
  YESTERDAY        0.00          0.63 1965   0.04  -0.04     0.10
  MONTH TO DATE    0.66                      1.65  -0.99     0.10
  SINCE NOV 1      0.66                      1.65  -0.99     0.10
  SINCE JAN 1     50.02                     50.05  -0.03    48.32

SNOWFALL (IN)
  YESTERDAY        0.0
  MONTH TO DATE    0.0
  SINCE SEP 1      0.0
  SINCE JUL 1      0.0
  SNOW DEPTH       0

DEGREE DAYS
 HEATING
  YESTERDAY        0                         1     -1
  MONTH TO DATE   17                         4     13
  SINCE SEP 1     17                         5     12
  SINCE JUL 1     17                         5     12

 COOLING
  YESTERDAY       13                         6      7
  MONTH TO DATE  106                       184    -78
  SINCE SEP 1   1044                      1122    -78
  SINCE JAN 1   3914                      3779    135
..................................................................


WIND (MPH)
  HIGHEST WIND SPEED    24   HIGHEST WIND DIRECTION    SE (150)
  HIGHEST GUST SPEED    30   HIGHEST GUST DIRECTION    SE (150)
  AVERAGE WIND SPEED    11.3


SKY COVER
  AVERAGE SKY COVER 0.6


WEATHER CONDITIONS
 THE FOLLOWING WEATHER WAS RECORDED YESTERDAY.
  NO SIGNIFICANT WEATHER WAS OBSERVED.


RELATIVE HUMIDITY (PERCENT)
 HIGHEST   100
 LOWEST     65
 AVERAGE    83

..........................................................


THE NAPLES CLIMATE NORMALS FOR TODAY
                         NORMAL    RECORD    YEAR
 MAXIMUM TEMPERATURE (F)   80        88      1986
                                             1973
 MINIMUM TEMPERATURE (F)   61        40      1975


SUNRISE AND SUNSET
NOVEMBER 24 2014......SUNRISE   652 AM EST   SUNSET   535 PM EST
NOVEMBER 25 2014......SUNRISE   653 AM EST   SUNSET   535 PM EST


-  INDICATES NEGATIVE NUMBERS.
R  INDICATES RECORD WAS SET OR TIED.
MM INDICATES DATA IS MISSING.
T  INDICATES TRACE AMOUNT.




$$
