000
CDUS42 KMFL 280822
CLIAPF


CLIMATE REPORT
NATIONAL WEATHER SERVICE MIAMI, FL
422 AM EDT MON JUL 28 2014


...................................

...THE NAPLES CLIMATE SUMMARY FOR JULY 27 2014...

CLIMATE NORMAL PERIOD 1981 TO 2010
CLIMATE RECORD PERIOD 1942 TO 2014


WEATHER ITEM   OBSERVED TIME   RECORD YEAR NORMAL DEPARTURE LAST
                VALUE   (LST)  VALUE       VALUE  FROM      YEAR
                                                  NORMAL
..................................................................
TEMPERATURE (F)
 YESTERDAY
  MAXIMUM         89    427 PM  97    1996  91     -2       89
  MINIMUM         77   1028 AM  68    1978  75      2       76
  AVERAGE         83                        83      0       83

PRECIPITATION (IN)
  YESTERDAY        1.45          1.63 1981   0.21   1.24     0.33
  MONTH TO DATE    6.85                      6.46   0.39     8.78
  SINCE JUN 1     15.03                     15.28  -0.25    17.54
  SINCE JAN 1     23.86                     27.13  -3.27    27.88

SNOWFALL (IN)
  YESTERDAY        0.0
  MONTH TO DATE    0.0
  SINCE JUN 1      0.0
  SINCE JUL 1      0.0
  SNOW DEPTH       0

DEGREE DAYS
 HEATING
  YESTERDAY        0                         0      0
  MONTH TO DATE    0                         0      0
  SINCE JUN 1      0                         0      0
  SINCE JUL 1      0                         0      0

 COOLING
  YESTERDAY       18                        18      0
  MONTH TO DATE  489                       486      3
  SINCE JUN 1    996                       993      3
  SINCE JAN 1   2185                      2021    164
..................................................................


WIND (MPH)
  HIGHEST WIND SPEED    17   HIGHEST WIND DIRECTION     W (290)
  HIGHEST GUST SPEED    22   HIGHEST GUST DIRECTION    NW (320)
  AVERAGE WIND SPEED     3.9


SKY COVER
  AVERAGE SKY COVER 0.2


WEATHER CONDITIONS
 THE FOLLOWING WEATHER WAS RECORDED YESTERDAY.
  THUNDERSTORM
  HEAVY RAIN
  LIGHT RAIN
  FOG


RELATIVE HUMIDITY (PERCENT)
 HIGHEST   100
 LOWEST     70
 AVERAGE    85

..........................................................


THE NAPLES CLIMATE NORMALS FOR TODAY
                         NORMAL    RECORD    YEAR
 MAXIMUM TEMPERATURE (F)   91        98      1996
 MINIMUM TEMPERATURE (F)   75        68      1976


SUNRISE AND SUNSET
JULY 28 2014..........SUNRISE   651 AM EDT   SUNSET   816 PM EDT
JULY 29 2014..........SUNRISE   651 AM EDT   SUNSET   815 PM EDT


-  INDICATES NEGATIVE NUMBERS.
R  INDICATES RECORD WAS SET OR TIED.
MM INDICATES DATA IS MISSING.
T  INDICATES TRACE AMOUNT.




$$
