000
CDUS42 KMFL 012115
CLIAPF


CLIMATE REPORT
NATIONAL WEATHER SERVICE MIAMI, FL
415 PM EST SUN FEB 1 2015


...................................

...THE NAPLES CLIMATE SUMMARY FOR FEBRUARY 1 2015...
VALID TODAY AS OF 0400 PM LOCAL TIME.

CLIMATE NORMAL PERIOD 1981 TO 2010
CLIMATE RECORD PERIOD 1942 TO 2015


WEATHER ITEM   OBSERVED TIME   RECORD YEAR NORMAL DEPARTURE LAST
                VALUE   (LST)  VALUE       VALUE  FROM      YEAR
                                                  NORMAL
..................................................................
TEMPERATURE (F)
 TODAY
  MAXIMUM         79    304 PM  88    2002  75      4       85
                                      1975
  MINIMUM         52    712 AM  35    1984  55     -3       68
  AVERAGE         66                        65      1       77

PRECIPITATION (IN)
  TODAY            0.00          0.69 1976   0.08  -0.08     0.00
  MONTH TO DATE    0.00                      0.08  -0.08     0.00
  SINCE NOV 1      1.40                      5.42  -4.02     3.49
  SINCE JAN 1      0.10                      1.93  -1.83     2.39

SNOWFALL (IN)
  TODAY            0.0
  MONTH TO DATE    0.0
  SINCE DEC 1      0.0
  SINCE JUL 1      0.0
  SNOW DEPTH       0

DEGREE DAYS
 HEATING
  TODAY            0                         2     -2
  MONTH TO DATE    0                         2     -2
  SINCE DEC 1     88                       168    -80
  SINCE JUL 1    117                       182    -65

 COOLING
  TODAY            1                         2     -1
  MONTH TO DATE    1                         2     -1
  SINCE DEC 1    268                       208     60
  SINCE JAN 1    118                        88     30
..................................................................


WIND (MPH)
  HIGHEST WIND SPEED    21   HIGHEST WIND DIRECTION    SE (120)
  HIGHEST GUST SPEED    26   HIGHEST GUST DIRECTION     E (100)
  AVERAGE WIND SPEED     9.3


SKY COVER
  AVERAGE SKY COVER 0.1


WEATHER CONDITIONS
 THE FOLLOWING WEATHER WAS RECORDED TODAY.
  NO SIGNIFICANT WEATHER WAS OBSERVED.


RELATIVE HUMIDITY (PERCENT)
 HIGHEST    89
 LOWEST     39
 AVERAGE    64

..........................................................


THE NAPLES CLIMATE NORMALS FOR TOMORROW
                         NORMAL    RECORD    YEAR
 MAXIMUM TEMPERATURE (F)   75        87      1990
 MINIMUM TEMPERATURE (F)   55        35      1979


SUNRISE AND SUNSET
FEBRUARY  1 2015......SUNRISE   711 AM EST   SUNSET   610 PM EST
FEBRUARY  2 2015......SUNRISE   711 AM EST   SUNSET   611 PM EST


-  INDICATES NEGATIVE NUMBERS.
R  INDICATES RECORD WAS SET OR TIED.
MM INDICATES DATA IS MISSING.
T  INDICATES TRACE AMOUNT.




$$
