000
CDUS42 KMFL 240936
CLIAPF


CLIMATE REPORT
NATIONAL WEATHER SERVICE MIAMI, FL
435 AM EST TUE JAN 24 2017


...................................

...THE NAPLES CLIMATE SUMMARY FOR JANUARY 23 2017...

CLIMATE NORMAL PERIOD 1981 TO 2010
CLIMATE RECORD PERIOD 1942 TO 2017


WEATHER ITEM   OBSERVED TIME   RECORD YEAR NORMAL DEPARTURE LAST
                VALUE   (LST)  VALUE       VALUE  FROM      YEAR
                                                  NORMAL
..................................................................
TEMPERATURE (F)
 YESTERDAY
  MAXIMUM         76    106 PM  87    1975  75      1       66
  MINIMUM         67    805 AM  31    1985  54     13       59
  AVERAGE         72                        64      8       63

PRECIPITATION (IN)
  YESTERDAY        0.09          0.90 1980   0.07   0.02      T
  MONTH TO DATE    0.57                      1.27  -0.70     3.63
  SINCE NOV 1      0.92                      4.76  -3.84     8.25
  SINCE JAN 1      0.57                      1.27  -0.70     3.63

SNOWFALL (IN)
  YESTERDAY        0.0
  MONTH TO DATE    0.0
  SINCE DEC 1      0.0
  SINCE JUL 1      0.0
  SNOW DEPTH      MM

DEGREE DAYS
 HEATING
  YESTERDAY        0                         3     -3        2
  MONTH TO DATE   20                        82    -62       35
  SINCE DEC 1     25                       146   -121       35
  SINCE JUL 1     29                       160   -131       35

 COOLING
  YESTERDAY        7                         3      4        0
  MONTH TO DATE  139                        69     70       67
  SINCE DEC 1    406                       189    217      423
  SINCE JAN 1    139                        69     70       67
..................................................................


WIND (MPH)
  HIGHEST WIND SPEED    32   HIGHEST WIND DIRECTION    SW (220)
  HIGHEST GUST SPEED    43   HIGHEST GUST DIRECTION    NW (300)
  AVERAGE WIND SPEED    20.6


SKY COVER
  AVERAGE SKY COVER  MM


WEATHER CONDITIONS
 THE FOLLOWING WEATHER WAS RECORDED YESTERDAY.
  THUNDERSTORM
  FOG
  HAZE


RELATIVE HUMIDITY (PERCENT)
 HIGHEST    MM
 LOWEST     MM
 AVERAGE    MM

..........................................................


THE NAPLES CLIMATE NORMALS FOR TODAY
                         NORMAL    RECORD    YEAR
 MAXIMUM TEMPERATURE (F)   75        88      1974
 MINIMUM TEMPERATURE (F)   54        33      2003


SUNRISE AND SUNSET
JANUARY 24 2017.......SUNRISE   714 AM EST   SUNSET   604 PM EST
JANUARY 25 2017.......SUNRISE   714 AM EST   SUNSET   605 PM EST


-  INDICATES NEGATIVE NUMBERS.
R  INDICATES RECORD WAS SET OR TIED.
MM INDICATES DATA IS MISSING.
T  INDICATES TRACE AMOUNT.




$$
