000
CDUS42 KMFL 280844
CLIAPF


CLIMATE REPORT
NATIONAL WEATHER SERVICE MIAMI, FL
442 AM EDT TUE MAR 28 2017


...................................

...THE NAPLES CLIMATE SUMMARY FOR MARCH 27 2017...

CLIMATE NORMAL PERIOD 1981 TO 2010
CLIMATE RECORD PERIOD 1942 TO 2017


WEATHER ITEM   OBSERVED TIME   RECORD YEAR NORMAL DEPARTURE LAST
                VALUE   (LST)  VALUE       VALUE  FROM      YEAR
                                                  NORMAL
..................................................................
TEMPERATURE (F)
 YESTERDAY
  MAXIMUM         85    118 PM  89    2011  81      4       86
                                      1975
                                      1944
  MINIMUM         62    651 AM  43    1979  61      1       73
  AVERAGE         74                        71      3       80

PRECIPITATION (IN)
  YESTERDAY        0.00          1.24 1987   0.08  -0.08     0.00
  MONTH TO DATE    0.14                      1.99  -1.85     0.44
  SINCE NOV 1      2.41                      9.43  -7.02    13.76
  SINCE JAN 1      2.06                      5.94  -3.88     9.14

SNOWFALL (IN)
  YESTERDAY        0.0
  MONTH TO DATE    0.0
  SINCE MAR 1      0.0
  SINCE JUL 1      0.0
  SNOW DEPTH       0

DEGREE DAYS
 HEATING
  YESTERDAY        0                         0      0        0
  MONTH TO DATE   11                        19     -8        4
  SINCE MAR 1     11                        19     -8        4
  SINCE JUL 1     67                       252   -185      142

 COOLING
  YESTERDAY        9                         6      3       15
  MONTH TO DATE  160                       147     13      214
  SINCE MAR 1    160                       147     13      214
  SINCE JAN 1    483                       338    145      376
..................................................................


WIND (MPH)
  HIGHEST WIND SPEED    18   HIGHEST WIND DIRECTION    SW (220)
  HIGHEST GUST SPEED    20   HIGHEST GUST DIRECTION    SW (220)
  AVERAGE WIND SPEED     6.9


SKY COVER
  AVERAGE SKY COVER 0.2


WEATHER CONDITIONS
 THE FOLLOWING WEATHER WAS RECORDED YESTERDAY.
  NO SIGNIFICANT WEATHER WAS OBSERVED.


RELATIVE HUMIDITY (PERCENT)
 HIGHEST    93
 LOWEST     43
 AVERAGE    68

..........................................................


THE NAPLES CLIMATE NORMALS FOR TODAY
                         NORMAL    RECORD    YEAR
 MAXIMUM TEMPERATURE (F)   81        91      1975
 MINIMUM TEMPERATURE (F)   61        44      1969


SUNRISE AND SUNSET
MARCH 28 2017.........SUNRISE   722 AM EDT   SUNSET   742 PM EDT
MARCH 29 2017.........SUNRISE   721 AM EDT   SUNSET   743 PM EDT


-  INDICATES NEGATIVE NUMBERS.
R  INDICATES RECORD WAS SET OR TIED.
MM INDICATES DATA IS MISSING.
T  INDICATES TRACE AMOUNT.




$$
