000
CDUS42 KMFL 310830
CLIAPF


CLIMATE REPORT
NATIONAL WEATHER SERVICE MIAMI, FL
430 AM EDT MON AUG 31 2015


...................................

...THE NAPLES CLIMATE SUMMARY FOR AUGUST 30 2015...

CLIMATE NORMAL PERIOD 1981 TO 2010
CLIMATE RECORD PERIOD 1942 TO 2015


WEATHER ITEM   OBSERVED TIME   RECORD YEAR NORMAL DEPARTURE LAST
                VALUE   (LST)  VALUE       VALUE  FROM      YEAR
                                                  NORMAL
..................................................................
TEMPERATURE (F)
 YESTERDAY
  MAXIMUM         87    202 PM  96    2007  91     -4       95
                                      1987
                                      1963
  MINIMUM         75    724 PM  69    1969  76     -1       76
  AVERAGE         81                        83     -2       86

PRECIPITATION (IN)
  YESTERDAY        0.86          2.16 1980   0.29   0.57     0.23
  MONTH TO DATE    2.46                      8.30  -5.84    12.97
  SINCE JUN 1     18.93                     24.39  -5.46    28.10
  SINCE JAN 1     26.95                     36.24  -9.29    36.93

SNOWFALL (IN)
  YESTERDAY        0.0
  MONTH TO DATE    0.0
  SINCE JUN 1      0.0
  SINCE JUL 1      0.0
  SNOW DEPTH       0

DEGREE DAYS
 HEATING
  YESTERDAY        0                         0      0        0
  MONTH TO DATE    0                         0      0        0
  SINCE JUN 1      0                         0      0        0
  SINCE JUL 1      0                         0      0        0

 COOLING
  YESTERDAY       16                        18     -2       21
  MONTH TO DATE  602                       540     62      584
  SINCE JUN 1   1678                      1606     72     1660
  SINCE JAN 1   3033                      2634    399     2849
..................................................................


WIND (MPH)
  HIGHEST WIND SPEED    21   HIGHEST WIND DIRECTION    SE (150)
  HIGHEST GUST SPEED    26   HIGHEST GUST DIRECTION    SE (150)
  AVERAGE WIND SPEED     7.9


SKY COVER
  AVERAGE SKY COVER 0.4


WEATHER CONDITIONS
 THE FOLLOWING WEATHER WAS RECORDED YESTERDAY.
  THUNDERSTORM
  HEAVY RAIN
  RAIN
  LIGHT RAIN
  FOG


RELATIVE HUMIDITY (PERCENT)
 HIGHEST    94
 LOWEST     75
 AVERAGE    85

..........................................................


THE NAPLES CLIMATE NORMALS FOR TODAY
                         NORMAL    RECORD    YEAR
 MAXIMUM TEMPERATURE (F)   91        97      2001
 MINIMUM TEMPERATURE (F)   76        70      1991
                                             1980
                                             1956


SUNRISE AND SUNSET
AUGUST 31 2015........SUNRISE   707 AM EDT   SUNSET   748 PM EDT
SEPTEMBER  1 2015.....SUNRISE   707 AM EDT   SUNSET   747 PM EDT


-  INDICATES NEGATIVE NUMBERS.
R  INDICATES RECORD WAS SET OR TIED.
MM INDICATES DATA IS MISSING.
T  INDICATES TRACE AMOUNT.




$$
