000
CDUS43 KAPX 210530
CLIAPN


CLIMATE REPORT
NATIONAL WEATHER SERVICE GAYLORD MI
130 AM EDT THU AUG 21 2014


...................................

...THE ALPENA MI CLIMATE SUMMARY FOR AUGUST 20 2014...

CLIMATE NORMAL PERIOD 1981 TO 2010
CLIMATE RECORD PERIOD 1916 TO 2014


WEATHER ITEM   OBSERVED TIME   RECORD YEAR NORMAL DEPARTURE LAST
                VALUE   (LST)  VALUE       VALUE  FROM      YEAR
                                                  NORMAL
..................................................................
TEMPERATURE (F)
 YESTERDAY
  MAXIMUM         79    241 PM  95    1955  77      2       89
  MINIMUM         62    131 AM  34    1929  53      9       62
  AVERAGE         71                        65      6       76

PRECIPITATION (IN)
  YESTERDAY        0.00          1.74 1968   0.11  -0.11     0.00
  MONTH TO DATE    4.04                      2.04   2.00     0.77
  SINCE JUN 1      9.13                      7.69   1.44     6.33
  SINCE JAN 1     20.63                     17.59   3.04    21.26

DEGREE DAYS
 HEATING
  YESTERDAY        0                         2     -2        0
  MONTH TO DATE   36                        36      0       52
  SINCE JUN 1    217                       223     -6      241
  SINCE JUL 1    105                        80     25      105

 COOLING
  YESTERDAY        6                         2      4       11
  MONTH TO DATE   21                        58    -37       28
  SINCE JUN 1    127                       230   -103      221
  SINCE JAN 1    132                       243   -111      234
..................................................................


WIND (MPH)
  HIGHEST WIND SPEED    15   HIGHEST WIND DIRECTION     N (20)
  HIGHEST GUST SPEED    17   HIGHEST GUST DIRECTION     N (20)
  AVERAGE WIND SPEED     4.5




RELATIVE HUMIDITY (PERCENT)
 HIGHEST   100
 LOWEST     62
 AVERAGE    81

..........................................................


THE ALPENA MI CLIMATE NORMALS FOR TODAY
                         NORMAL    RECORD    YEAR
 MAXIMUM TEMPERATURE (F)   76        99      1955
 MINIMUM TEMPERATURE (F)   53        31      1922


SUNRISE AND SUNSET
AUGUST 21 2014........SUNRISE   643 AM EDT   SUNSET   831 PM EDT
AUGUST 22 2014........SUNRISE   644 AM EDT   SUNSET   829 PM EDT


-  INDICATES NEGATIVE NUMBERS.
R  INDICATES RECORD WAS SET OR TIED.
MM INDICATES DATA IS MISSING.
T  INDICATES TRACE AMOUNT.




$$
