000
CDUS43 KAPX 260527
CLIAPN


CLIMATE REPORT
NATIONAL WEATHER SERVICE GAYLORD MI
127 AM EDT WED JUL 26 2017


...................................

...THE ALPENA MI CLIMATE SUMMARY FOR JULY 25 2017...

CLIMATE NORMAL PERIOD 1981 TO 2010
CLIMATE RECORD PERIOD 1916 TO 2017


WEATHER ITEM   OBSERVED TIME   RECORD YEAR NORMAL DEPARTURE LAST
                VALUE   (LST)  VALUE       VALUE  FROM      YEAR
                                                  NORMAL
..................................................................
TEMPERATURE (F)
 YESTERDAY
  MAXIMUM         78    344 PM  95    1966  79     -1       87
                                      1941
  MINIMUM         50    454 AM  40    2004  56     -6       63
  AVERAGE         64                        68     -4       75

PRECIPITATION (IN)
  YESTERDAY        0.00          1.41 2012   0.09  -0.09     0.00
  MONTH TO DATE    1.45                      2.46  -1.01     1.99
  SINCE JUN 1      7.85                      5.08   2.77     3.43
  SINCE JAN 1     23.16                     14.98   8.18    18.16

DEGREE DAYS
 HEATING
  YESTERDAY        1                         1      0        0
  MONTH TO DATE    7                        35    -28       17
  SINCE JUN 1     90                       178    -88      125
  SINCE JUL 1      7                        35    -28       17

 COOLING
  YESTERDAY        0                         4     -4       10
  MONTH TO DATE   85                        97    -12      157
  SINCE JUN 1    154                       153      1      222
  SINCE JAN 1    160                       166     -6      254
..................................................................


WIND (MPH)
  HIGHEST WIND SPEED    16   HIGHEST WIND DIRECTION     E (110)
  HIGHEST GUST SPEED    20   HIGHEST GUST DIRECTION    SE (130)
  AVERAGE WIND SPEED     6.0




RELATIVE HUMIDITY (PERCENT)
 HIGHEST   100
 LOWEST     43
 AVERAGE    72

..........................................................


THE ALPENA MI CLIMATE NORMALS FOR TODAY
                         NORMAL    RECORD    YEAR
 MAXIMUM TEMPERATURE (F)   79        98      1955
 MINIMUM TEMPERATURE (F)   56        39      1926


SUNRISE AND SUNSET
JULY 26 2017..........SUNRISE   613 AM EDT   SUNSET   908 PM EDT
JULY 27 2017..........SUNRISE   614 AM EDT   SUNSET   907 PM EDT


-  INDICATES NEGATIVE NUMBERS.
R  INDICATES RECORD WAS SET OR TIED.
MM INDICATES DATA IS MISSING.
T  INDICATES TRACE AMOUNT.




$$
