655
CDUS43 KAPX 240533
CLIAPN


CLIMATE REPORT
NATIONAL WEATHER SERVICE GAYLORD MI
1232 AM EST FRI NOV 24 2017


...................................

...THE ALPENA MI CLIMATE SUMMARY FOR NOVEMBER 23 2017...

CLIMATE NORMAL PERIOD 1981 TO 2010
CLIMATE RECORD PERIOD 1916 TO 2017


WEATHER ITEM   OBSERVED TIME   RECORD YEAR NORMAL DEPARTURE LAST
                VALUE   (LST)  VALUE       VALUE  FROM      YEAR
                                                  NORMAL
..................................................................
TEMPERATURE (F)
 YESTERDAY
  MAXIMUM         39    428 PM  65    1931  40     -1       39
  MINIMUM         26   1159 PM   0    1989  26      0       17
  AVERAGE         33                        33      0       28

PRECIPITATION (IN)
  YESTERDAY        T             0.65 1955   0.07  -0.07     0.56
  MONTH TO DATE    3.02                      1.63   1.39     0.80
  SINCE SEP 1     11.34                      7.16   4.18     6.17
  SINCE JAN 1     38.77                     25.94  12.83    26.80

SNOWFALL (IN)
  YESTERDAY        T             6.9  1970   0.4   -0.4      0.3
  MONTH TO DATE    0.4                       4.9   -4.5      1.8
  SINCE OCT 1      0.4                       5.3   -4.9      1.8
  SINCE JUL 1      0.4                       5.3   -4.9      1.8
  SNOW DEPTH       0

DEGREE DAYS
 HEATING
  YESTERDAY       32                        32      0       37
  MONTH TO DATE  707                       645     62      480
  SINCE SEP 1   1256                      1474   -218     1017
  SINCE JUL 1   1314                      1589   -275     1040
..................................................................


WIND (MPH)
  HIGHEST WIND SPEED    15   HIGHEST WIND DIRECTION    SW (240)
  HIGHEST GUST SPEED    20   HIGHEST GUST DIRECTION    SW (220)
  AVERAGE WIND SPEED     5.8




RELATIVE HUMIDITY (PERCENT)
 HIGHEST    85
 LOWEST     59
 AVERAGE    72

..........................................................


THE ALPENA MI CLIMATE NORMALS FOR TODAY
                         NORMAL    RECORD    YEAR
 MAXIMUM TEMPERATURE (F)   40        62      1931
 MINIMUM TEMPERATURE (F)   26         0      1950


SUNRISE AND SUNSET
NOVEMBER 24 2017......SUNRISE   744 AM EST   SUNSET   457 PM EST
NOVEMBER 25 2017......SUNRISE   746 AM EST   SUNSET   457 PM EST


-  INDICATES NEGATIVE NUMBERS.
R  INDICATES RECORD WAS SET OR TIED.
MM INDICATES DATA IS MISSING.
T  INDICATES TRACE AMOUNT.




$$
