000
CDUS43 KAPX 252237
CLIAPN


CLIMATE REPORT
NATIONAL WEATHER SERVICE GAYLORD MI
536 PM EST SUN FEB 25 2018


...................................

...THE ALPENA MI CLIMATE SUMMARY FOR FEBRUARY 25 2018...
VALID TODAY AS OF 0500 PM LOCAL TIME.

CLIMATE NORMAL PERIOD 1981 TO 2010
CLIMATE RECORD PERIOD 1916 TO 2018


WEATHER ITEM   OBSERVED TIME   RECORD YEAR NORMAL DEPARTURE LAST
                VALUE   (LST)  VALUE       VALUE  FROM      YEAR
                                                  NORMAL
..................................................................
TEMPERATURE (F)
 TODAY
  MAXIMUM         42    436 PM  58    1976  32     10       34
  MINIMUM         33    420 AM -24    1934  13     20       21
  AVERAGE         38                        22     16       28

PRECIPITATION (IN)
  TODAY            0.21          0.94 1926   0.05   0.16     0.04
  MONTH TO DATE    1.72                      1.15   0.57     2.70
  SINCE DEC 1      5.11                      4.56   0.55     7.38
  SINCE JAN 1      3.87                      2.81   1.06     5.34

SNOWFALL (IN)
  TODAY            0.0           8.3  1926   0.6             0.5
  MONTH TO DATE    8.0                      15.8             9.8
  SINCE OCT 1     37.1                      64.4            53.5
  SINCE JUL 1     37.1                      64.4            53.5

DEGREE DAYS
 HEATING
  TODAY           27                        43    -16       37
  MONTH TO DATE 1105                      1122    -17      927
  SINCE DEC 1   3867                      3781     86     3318
  SINCE JUL 1   5371                      5604   -233     4527
..................................................................


WIND (MPH)
  RESULTANT WIND SPEED  11   RESULTANT WIND DIRECTION  SW (210)
  HIGHEST WIND SPEED    30   HIGHEST WIND DIRECTION    SW (240)
  HIGHEST GUST SPEED    44   HIGHEST GUST DIRECTION    SW (240)
  AVERAGE WIND SPEED    18.6


SKY COVER
  POSSIBLE SUNSHINE  MM
  AVERAGE SKY COVER 0.7


WEATHER CONDITIONS
 THE FOLLOWING WEATHER WAS RECORDED TODAY.
  RAIN
  LIGHT RAIN
  FOG


RELATIVE HUMIDITY (PERCENT)
 HIGHEST   100
 LOWEST     45
 AVERAGE    73

..........................................................


THE ALPENA MI CLIMATE NORMALS FOR TOMORROW
                         NORMAL    RECORD    YEAR
 MAXIMUM TEMPERATURE (F)   32        59      2000
 MINIMUM TEMPERATURE (F)   13       -18      1963


SUNRISE AND SUNSET
FEBRUARY 25 2018......SUNRISE   719 AM EST   SUNSET   616 PM EST
FEBRUARY 26 2018......SUNRISE   717 AM EST   SUNSET   618 PM EST


-  INDICATES NEGATIVE NUMBERS.
R  INDICATES RECORD WAS SET OR TIED.
MM INDICATES DATA IS MISSING.
T  INDICATES TRACE AMOUNT.




$$
