000
CDUS43 KAPX 140528
CLIAPN


CLIMATE REPORT
NATIONAL WEATHER SERVICE GAYLORD MI
1227 AM EST SUN FEB 14 2016


...................................

...THE ALPENA MI CLIMATE SUMMARY FOR FEBRUARY 13 2016...

CLIMATE NORMAL PERIOD 1981 TO 2010
CLIMATE RECORD PERIOD 1916 TO 2016


WEATHER ITEM   OBSERVED TIME   RECORD YEAR NORMAL DEPARTURE LAST
                VALUE   (LST)  VALUE       VALUE  FROM      YEAR
                                                  NORMAL
..................................................................
TEMPERATURE (F)
 YESTERDAY
  MAXIMUM          7    456 PM  49    1941  29    -22       18
  MINIMUM        -13    808 AM -19    1997  11    -24      -16
  AVERAGE         -3                        20    -23        1

PRECIPITATION (IN)
  YESTERDAY        0.02          0.69 1962   0.04  -0.02     0.03
  MONTH TO DATE    1.57                      0.56   1.01     0.55
  SINCE DEC 1      7.26                      3.97   3.29     3.43
  SINCE JAN 1      3.47                      2.22   1.25     1.74

SNOWFALL (IN)
  YESTERDAY        0.2           7.0  1962   0.6   -0.4      0.6
  MONTH TO DATE   12.2                       8.3    3.9      9.9
  SINCE OCT 1     36.8                      56.9  -20.1     41.3
  SINCE JUL 1     36.8                      56.9  -20.1     41.3
  SNOW DEPTH       9

DEGREE DAYS
 HEATING
  YESTERDAY       68                        45     23       64
  MONTH TO DATE  566                       595    -29      689
  SINCE DEC 1   2754                      3254   -500     3392
  SINCE JUL 1   4127                      5077   -950     5325
..................................................................


WIND (MPH)
  HIGHEST WIND SPEED    21   HIGHEST WIND DIRECTION     N (350)
  HIGHEST GUST SPEED    26   HIGHEST GUST DIRECTION    NW (330)
  AVERAGE WIND SPEED     7.2




RELATIVE HUMIDITY (PERCENT)
 HIGHEST    79
 LOWEST     49
 AVERAGE    64

..........................................................


THE ALPENA MI CLIMATE NORMALS FOR TODAY
                         NORMAL    RECORD    YEAR
 MAXIMUM TEMPERATURE (F)   29        52      1954
 MINIMUM TEMPERATURE (F)   11       -17      1970


SUNRISE AND SUNSET
FEBRUARY 14 2016......SUNRISE   737 AM EST   SUNSET   600 PM EST
FEBRUARY 15 2016......SUNRISE   736 AM EST   SUNSET   601 PM EST


-  INDICATES NEGATIVE NUMBERS.
R  INDICATES RECORD WAS SET OR TIED.
MM INDICATES DATA IS MISSING.
T  INDICATES TRACE AMOUNT.




$$
