000
CDUS43 KAPX 020537
CLIAPN


CLIMATE REPORT
NATIONAL WEATHER SERVICE GAYLORD MI
137 AM EDT TUE JUN 2 2015


...................................

...THE ALPENA MI CLIMATE SUMMARY FOR JUNE 1 2015...

CLIMATE NORMAL PERIOD 1981 TO 2010
CLIMATE RECORD PERIOD 1916 TO 2015


WEATHER ITEM   OBSERVED TIME   RECORD YEAR NORMAL DEPARTURE LAST
                VALUE   (LST)  VALUE       VALUE  FROM      YEAR
                                                  NORMAL
..................................................................
TEMPERATURE (F)
 YESTERDAY
  MAXIMUM         64    536 PM 104    1934  70     -6       89
  MINIMUM         35    224 AM  28    1966  45    -10       49
  AVERAGE         50                        58     -8       69

PRECIPITATION (IN)
  YESTERDAY        0.00          1.14 2012   0.09  -0.09      T
  MONTH TO DATE    0.00                      0.09  -0.09      T
  SINCE JUN 1      0.00                      0.09  -0.09      T
  SINCE JAN 1      8.55                      9.99  -1.44    11.50

DEGREE DAYS
 HEATING
  YESTERDAY       15                         8      7        0
  MONTH TO DATE   15                         8      7        0
  SINCE JUN 1     15                         8      7        0
  SINCE JUL 1   8448                      7965    483     9053

 COOLING
  YESTERDAY        0                         1     -1        4
  MONTH TO DATE    0                         1     -1        4
  SINCE JUN 1      0                         1     -1        4
  SINCE JAN 1     24                        14     10        9
..................................................................


WIND (MPH)
  HIGHEST WIND SPEED    14   HIGHEST WIND DIRECTION     N (20)
  HIGHEST GUST SPEED    20   HIGHEST GUST DIRECTION     N (10)
  AVERAGE WIND SPEED     4.3




RELATIVE HUMIDITY (PERCENT)
 HIGHEST    92
 LOWEST     27
 AVERAGE    60

..........................................................


THE ALPENA MI CLIMATE NORMALS FOR TODAY
                         NORMAL    RECORD    YEAR
 MAXIMUM TEMPERATURE (F)   70        90      1949
                                             1934
 MINIMUM TEMPERATURE (F)   46        27      1945


SUNRISE AND SUNSET
JUNE  2 2015..........SUNRISE   550 AM EDT   SUNSET   915 PM EDT
JUNE  3 2015..........SUNRISE   550 AM EDT   SUNSET   916 PM EDT


-  INDICATES NEGATIVE NUMBERS.
R  INDICATES RECORD WAS SET OR TIED.
MM INDICATES DATA IS MISSING.
T  INDICATES TRACE AMOUNT.




$$
