000
CDUS43 KAPX 270527
CLIAPN


CLIMATE REPORT
NATIONAL WEATHER SERVICE GAYLORD MI
127 AM EDT MON MAR 27 2017


...................................

...THE ALPENA MI CLIMATE SUMMARY FOR MARCH 26 2017...

CLIMATE NORMAL PERIOD 1981 TO 2010
CLIMATE RECORD PERIOD 1916 TO 2017


WEATHER ITEM   OBSERVED TIME   RECORD YEAR NORMAL DEPARTURE LAST
                VALUE   (LST)  VALUE       VALUE  FROM      YEAR
                                                  NORMAL
..................................................................
TEMPERATURE (F)
 YESTERDAY
  MAXIMUM         39   1259 PM  76    1945  42     -3       45
  MINIMUM         33    458 AM  -9    1923  23     10       15
  AVERAGE         36                        33      3       30

PRECIPITATION (IN)
  YESTERDAY        0.58          0.89 1970   0.07   0.51     0.00
  MONTH TO DATE    2.33                      1.54   0.79     3.24
  SINCE MAR 1      2.33                      1.54   0.79     3.24
  SINCE JAN 1      7.82                      4.52   3.30     7.72

SNOWFALL (IN)
  YESTERDAY        0.0          10.0  1970   0.3   -0.3      0.0
  MONTH TO DATE   10.0                      10.7   -0.7     19.6
  SINCE OCT 1     63.5                      76.8  -13.3     67.0
  SINCE JUL 1     63.5                      76.8  -13.3     67.0
  SNOW DEPTH       0

DEGREE DAYS
 HEATING
  YESTERDAY       29                        32     -3       35
  MONTH TO DATE  993                       968     25      849
  SINCE MAR 1    993                       968     25      849
  SINCE JUL 1   5624                      6700  -1076     5631

 COOLING
  YESTERDAY        0                         0      0        0
  MONTH TO DATE    0                         0      0        0
  SINCE MAR 1      0                         0      0        0
  SINCE JAN 1      0                         0      0        0
..................................................................


WIND (MPH)
  HIGHEST WIND SPEED    16   HIGHEST WIND DIRECTION    SE (120)
  HIGHEST GUST SPEED    23   HIGHEST GUST DIRECTION     E (100)
  AVERAGE WIND SPEED     8.6




RELATIVE HUMIDITY (PERCENT)
 HIGHEST   100
 LOWEST     85
 AVERAGE    93

..........................................................


THE ALPENA MI CLIMATE NORMALS FOR TODAY
                         NORMAL    RECORD    YEAR
 MAXIMUM TEMPERATURE (F)   43        75      1945
 MINIMUM TEMPERATURE (F)   24         3      1996


SUNRISE AND SUNSET
MARCH 27 2017.........SUNRISE   724 AM EDT   SUNSET   756 PM EDT
MARCH 28 2017.........SUNRISE   722 AM EDT   SUNSET   757 PM EDT


-  INDICATES NEGATIVE NUMBERS.
R  INDICATES RECORD WAS SET OR TIED.
MM INDICATES DATA IS MISSING.
T  INDICATES TRACE AMOUNT.




$$
