000
CDUS43 KAPX 302131
CLIAPN


CLIMATE REPORT
NATIONAL WEATHER SERVICE GAYLORD MI
531 PM EDT SUN APR 30 2017


...................................

...THE ALPENA MI CLIMATE SUMMARY FOR APRIL 30 2017...
VALID TODAY AS OF 0500 PM LOCAL TIME.

CLIMATE NORMAL PERIOD 1981 TO 2010
CLIMATE RECORD PERIOD 1916 TO 2017


WEATHER ITEM   OBSERVED TIME   RECORD YEAR NORMAL DEPARTURE LAST
                VALUE   (LST)  VALUE       VALUE  FROM      YEAR
                                                  NORMAL
..................................................................
TEMPERATURE (F)
 TODAY
  MAXIMUM         46   1223 AM  87    2001  59    -13       58
  MINIMUM         35    855 AM  22    1969  36     -1       27
                                      1919
  AVERAGE         41                        47     -6       43

PRECIPITATION (IN)
  TODAY            0.71          1.11 1942   0.08   0.63     0.00
  MONTH TO DATE    4.71                      2.39   2.32     3.42
  SINCE MAR 1      7.54                      4.25   3.29     8.94
  SINCE JAN 1     13.03                      7.23   5.80    13.42

SNOWFALL (IN)
  TODAY            0.0           4.3  1979   0.1             0.0
  MONTH TO DATE    T                         5.8            21.8
  SINCE OCT 1     66.4                      84.1            88.8
  SINCE JUL 1     66.4                      84.1            88.8

DEGREE DAYS
 HEATING
  TODAY           24                        18      6       22
  MONTH TO DATE  585                       702   -117      845
  SINCE MAR 1   1716                      1827   -111     1823
  SINCE JUL 1   6347                      7559  -1212     6605

 COOLING
  TODAY            0                         0      0        0
  MONTH TO DATE    0                         2     -2        0
  SINCE MAR 1      0                         2     -2        0
  SINCE JAN 1      0                         2     -2        0
..................................................................


WIND (MPH)
  RESULTANT WIND SPEED  14   RESULTANT WIND DIRECTION   E (80)
  HIGHEST WIND SPEED    22   HIGHEST WIND DIRECTION    NE (60)
  HIGHEST GUST SPEED    31   HIGHEST GUST DIRECTION     E (100)
  AVERAGE WIND SPEED    14.4


SKY COVER
  POSSIBLE SUNSHINE  MM
  AVERAGE SKY COVER 1.0


WEATHER CONDITIONS
 THE FOLLOWING WEATHER WAS RECORDED TODAY.
  RAIN
  LIGHT RAIN
  FOG


RELATIVE HUMIDITY (PERCENT)
 HIGHEST   100
 LOWEST     58
 AVERAGE    79

..........................................................


THE ALPENA MI CLIMATE NORMALS FOR TOMORROW
                         NORMAL    RECORD    YEAR
 MAXIMUM TEMPERATURE (F)   59        84      2013
                                             1954
                                             1930
 MINIMUM TEMPERATURE (F)   36        23      1963


SUNRISE AND SUNSET
APRIL 30 2017.........SUNRISE   625 AM EDT   SUNSET   839 PM EDT
MAY  1 2017...........SUNRISE   623 AM EDT   SUNSET   840 PM EDT


-  INDICATES NEGATIVE NUMBERS.
R  INDICATES RECORD WAS SET OR TIED.
MM INDICATES DATA IS MISSING.
T  INDICATES TRACE AMOUNT.




$$
