000
CDUS43 KAPX 240526
CLIAPN


CLIMATE REPORT
NATIONAL WEATHER SERVICE GAYLORD MI
126 AM EDT SUN SEP 24 2017


...................................

...THE ALPENA MI CLIMATE SUMMARY FOR SEPTEMBER 23 2017...

CLIMATE NORMAL PERIOD 1981 TO 2010
CLIMATE RECORD PERIOD 1916 TO 2017


WEATHER ITEM   OBSERVED TIME   RECORD YEAR NORMAL DEPARTURE LAST
                VALUE   (LST)  VALUE       VALUE  FROM      YEAR
                                                  NORMAL
..................................................................
TEMPERATURE (F)
 YESTERDAY
  MAXIMUM         93R   401 PM  89    1937  66     27       65
  MINIMUM         62    239 AM  23    1942  44     18       44
  AVERAGE         78                        55     23       55

PRECIPITATION (IN)
  YESTERDAY        0.00          2.28 2010   0.10  -0.10      T
  MONTH TO DATE    2.37                      2.25   0.12     2.06
  SINCE SEP 1      2.37                      2.25   0.12     2.06
  SINCE JAN 1     29.80                     21.03   8.77    22.69

DEGREE DAYS
 HEATING
  YESTERDAY        0                        10    -10       10
  MONTH TO DATE  128                       158    -30       49
  SINCE SEP 1    128                       158    -30       49
  SINCE JUL 1    186                       273    -87       72

 COOLING
  YESTERDAY       13                         0     13        0
  MONTH TO DATE   52                        21     31       56
  SINCE SEP 1     52                        21     31       56
  SINCE JAN 1    322                       287     35      547
..................................................................


WIND (MPH)
  HIGHEST WIND SPEED    10   HIGHEST WIND DIRECTION    SW (210)
  HIGHEST GUST SPEED    15   HIGHEST GUST DIRECTION     W (270)
  AVERAGE WIND SPEED     3.6




RELATIVE HUMIDITY (PERCENT)
 HIGHEST   100
 LOWEST     44
 AVERAGE    72

..........................................................


THE ALPENA MI CLIMATE NORMALS FOR TODAY
                         NORMAL    RECORD    YEAR
 MAXIMUM TEMPERATURE (F)   66        89      2007
 MINIMUM TEMPERATURE (F)   44        27      1981
                                             1924


SUNRISE AND SUNSET
SEPTEMBER 24 2017.....SUNRISE   724 AM EDT   SUNSET   727 PM EDT
SEPTEMBER 25 2017.....SUNRISE   725 AM EDT   SUNSET   726 PM EDT


-  INDICATES NEGATIVE NUMBERS.
R  INDICATES RECORD WAS SET OR TIED.
MM INDICATES DATA IS MISSING.
T  INDICATES TRACE AMOUNT.




$$
