000
CDUS43 KAPX 220534
CLIAPN


CLIMATE REPORT
NATIONAL WEATHER SERVICE GAYLORD MI
134 AM EDT TUE JUL 22 2014


...................................

...THE ALPENA MI CLIMATE SUMMARY FOR JULY 21 2014...

CLIMATE NORMAL PERIOD 1981 TO 2010
CLIMATE RECORD PERIOD 1916 TO 2014


WEATHER ITEM   OBSERVED TIME   RECORD YEAR NORMAL DEPARTURE LAST
                VALUE   (LST)  VALUE       VALUE  FROM      YEAR
                                                  NORMAL
..................................................................
TEMPERATURE (F)
 YESTERDAY
  MAXIMUM         86    348 PM  96    1955  80      6       71
  MINIMUM         56    541 AM  41    1974  56      0       50
                                      1965
                                      1960
  AVERAGE         71                        68      3       61

PRECIPITATION (IN)
  YESTERDAY        0.00          1.68 1919   0.10  -0.10      T
  MONTH TO DATE    2.79                      2.09   0.70     1.14
  SINCE JUN 1      3.97                      4.71  -0.74     3.17
  SINCE JAN 1     15.47                     14.61   0.86    18.10

DEGREE DAYS
 HEATING
  YESTERDAY        0                         1     -1        4
  MONTH TO DATE   51                        31     20       25
  SINCE JUN 1    163                       174    -11      161
  SINCE JUL 1     51                        31     20       25

 COOLING
  YESTERDAY        6                         4      2        0
  MONTH TO DATE   33                        81    -48      116
  SINCE JUN 1     88                       137    -49      180
  SINCE JAN 1     93                       150    -57      193
..................................................................


WIND (MPH)
  HIGHEST WIND SPEED    14   HIGHEST WIND DIRECTION     S (190)
  HIGHEST GUST SPEED    19   HIGHEST GUST DIRECTION     S (190)
  AVERAGE WIND SPEED     5.7




RELATIVE HUMIDITY (PERCENT)
 HIGHEST    93
 LOWEST     44
 AVERAGE    69

..........................................................


THE ALPENA MI CLIMATE NORMALS FOR TODAY
                         NORMAL    RECORD    YEAR
 MAXIMUM TEMPERATURE (F)   80        97      1918
 MINIMUM TEMPERATURE (F)   56        42      1992
                                             1966


SUNRISE AND SUNSET
JULY 22 2014..........SUNRISE   608 AM EDT   SUNSET   912 PM EDT
JULY 23 2014..........SUNRISE   610 AM EDT   SUNSET   911 PM EDT


-  INDICATES NEGATIVE NUMBERS.
R  INDICATES RECORD WAS SET OR TIED.
MM INDICATES DATA IS MISSING.
T  INDICATES TRACE AMOUNT.




$$
