000
CDUS44 KLCH 110837
CLIARA


CLIMATE REPORT
NATIONAL WEATHER SERVICE LAKE CHARLES, LA
236 AM CST MON DEC 11 2017


...................................

...THE NEW IBERIA CLIMATE SUMMARY FOR DECEMBER 10 2017...

CLIMATE NORMAL PERIOD 1981 TO 2010
CLIMATE RECORD PERIOD 1948 TO 2017


WEATHER ITEM   OBSERVED TIME   RECORD YEAR NORMAL DEPARTURE LAST
                VALUE   (LST)  VALUE       VALUE  FROM      YEAR
                                                  NORMAL
..................................................................
TEMPERATURE (F)
 YESTERDAY
  MAXIMUM         61    303 PM  83    2007  65     -4       57
  MINIMUM         31    713 AM  26    1995  45    -14       34
  AVERAGE         46                        55     -9       46

PRECIPITATION (IN)
  YESTERDAY        0.00          1.90 1980   0.19  -0.19     0.00
  MONTH TO DATE    5.51                      1.88   3.63     5.05
  SINCE DEC 1      5.51                      1.88   3.63     5.05
  SINCE JAN 1     65.26                     56.57   8.69    82.33

SNOWFALL (IN)
  YESTERDAY        0.0           0.0    MM  MM               0.0
  MONTH TO DATE    2.4                      MM               0.0
  SINCE DEC 1      2.4                      MM               0.0
  SINCE JUL 1      2.4                      MM               0.0

DEGREE DAYS
 HEATING
  YESTERDAY       19                        11      8       19
  MONTH TO DATE  129                       101     28       99
  SINCE DEC 1    129                       101     28       99
  SINCE JUL 1    308                       296     12      194

 COOLING
  YESTERDAY        0                         1     -1        0
  MONTH TO DATE    4                        10     -6        0
  SINCE DEC 1      4                        10     -6        0
  SINCE JAN 1   3091                      2802    289     3143
..................................................................


WIND (MPH)
  RESULTANT WIND SPEED   2   RESULTANT WIND DIRECTION   W (290)
  HIGHEST WIND SPEED     8   HIGHEST WIND DIRECTION     W (280)
  HIGHEST GUST SPEED    14   HIGHEST GUST DIRECTION    NW (300)
  AVERAGE WIND SPEED     2.8


SKY COVER
  POSSIBLE SUNSHINE  MM
  AVERAGE SKY COVER 0.0


WEATHER CONDITIONS
 THE FOLLOWING WEATHER WAS RECORDED YESTERDAY.
  FOG


RELATIVE HUMIDITY (PERCENT)
 HIGHEST    92           300 AM
 LOWEST     25           200 PM
 AVERAGE    59

..........................................................


THE NEW IBERIA CLIMATE NORMALS FOR TODAY
                         NORMAL    RECORD    YEAR
 MAXIMUM TEMPERATURE (F)   65        82      2007
 MINIMUM TEMPERATURE (F)   45        27      1995


SUNRISE AND SUNSET
DECEMBER 11 2017......SUNRISE   653 AM CST   SUNSET   508 PM CST
DECEMBER 12 2017......SUNRISE   654 AM CST   SUNSET   509 PM CST


-  INDICATES NEGATIVE NUMBERS.
R  INDICATES RECORD WAS SET OR TIED.
MM INDICATES DATA IS MISSING.
T  INDICATES TRACE AMOUNT.




$$
