000
CDUS44 KLCH 290955
CLIARA


CLIMATE REPORT
NATIONAL WEATHER SERVICE LAKE CHARLES, LA
355 AM CST MON DEC 29 2014


...................................

...THE NEW IBERIA CLIMATE SUMMARY FOR DECEMBER 28 2014...

CLIMATE NORMAL PERIOD 1981 TO 2010
CLIMATE RECORD PERIOD 1948 TO 2014


WEATHER ITEM   OBSERVED TIME   RECORD YEAR NORMAL DEPARTURE LAST
                VALUE   (LST)  VALUE       VALUE  FROM      YEAR
                                                  NORMAL
..................................................................
TEMPERATURE (F)
 YESTERDAY
  MAXIMUM         68   1237 AM  80    1984  63      5       50
  MINIMUM         51   1159 PM  25    1961  43      8       45
  AVERAGE         60                        53      7       48

PRECIPITATION (IN)
  YESTERDAY        0.14          2.50 1962   0.13   0.01     0.45
  MONTH TO DATE    1.71                      4.61  -2.90     2.42
  SINCE DEC 1      1.71                      4.61  -2.90     2.42
  SINCE JAN 1     50.27                     59.30  -9.03    65.50

SNOWFALL (IN)
  YESTERDAY        0.0           0.0    MM  MM              MM
  MONTH TO DATE    0.0                      MM               0.0
  SINCE DEC 1      0.0                      MM               0.0
  SINCE JUL 1      0.0                      MM               0.0

DEGREE DAYS
 HEATING
  YESTERDAY        5                        13     -8       17
  MONTH TO DATE  194                       313   -119      351
  SINCE DEC 1    194                       313   -119      351
  SINCE JUL 1    481                       508    -27      584

 COOLING
  YESTERDAY        0                         1     -1        0
  MONTH TO DATE   22                        22      0       41
  SINCE DEC 1     22                        22      0       41
  SINCE JAN 1   2851                      2814     37     3232
..................................................................


WIND (MPH)
  RESULTANT WIND SPEED   9   RESULTANT WIND DIRECTION   N (360)
  HIGHEST WIND SPEED    15   HIGHEST WIND DIRECTION     N (350)
  HIGHEST GUST SPEED    18   HIGHEST GUST DIRECTION    NE (30)
  AVERAGE WIND SPEED     9.7


SKY COVER
  POSSIBLE SUNSHINE  MM
  AVERAGE SKY COVER 0.9


WEATHER CONDITIONS
 THE FOLLOWING WEATHER WAS RECORDED YESTERDAY.
  RAIN
  LIGHT RAIN
  FOG


RELATIVE HUMIDITY (PERCENT)
 HIGHEST   100           200 AM
 LOWEST     80           100 PM
 AVERAGE    90

..........................................................


THE NEW IBERIA CLIMATE NORMALS FOR TODAY
                         NORMAL    RECORD    YEAR
 MAXIMUM TEMPERATURE (F)   63        80      1984
 MINIMUM TEMPERATURE (F)   43        22      1961


SUNRISE AND SUNSET
DECEMBER 29 2014......SUNRISE   703 AM CST   SUNSET   517 PM CST
DECEMBER 30 2014......SUNRISE   703 AM CST   SUNSET   517 PM CST


-  INDICATES NEGATIVE NUMBERS.
R  INDICATES RECORD WAS SET OR TIED.
MM INDICATES DATA IS MISSING.
T  INDICATES TRACE AMOUNT.




$$
