000
CDUS44 KLCH 280020
CLIARA


CLIMATE REPORT
NATIONAL WEATHER SERVICE LAKE CHARLES, LA
720 PM CDT THU APR 27 2017


...................................

...THE NEW IBERIA CLIMATE SUMMARY FOR APRIL 27 2017...
VALID TODAY AS OF 0500 PM LOCAL TIME.

CLIMATE NORMAL PERIOD 1981 TO 2010
CLIMATE RECORD PERIOD 1948 TO 2017


WEATHER ITEM   OBSERVED TIME   RECORD YEAR NORMAL DEPARTURE LAST
                VALUE   (LST)  VALUE       VALUE  FROM      YEAR
                                                  NORMAL
..................................................................
TEMPERATURE (F)
 TODAY
  MAXIMUM         86    353 PM  89    1987  82      4       84
                                      1963
                                      1948
  MINIMUM         59    532 AM  48    1992  60     -1       67
                                      1978
                                      1952
  AVERAGE         73                        71      2       76

PRECIPITATION (IN)
  TODAY            0.00          2.31 1979   0.10  -0.10     0.55
  MONTH TO DATE    1.59                      3.74  -2.15     4.72
  SINCE MAR 1      4.28                      7.51  -3.23     8.44
  SINCE JAN 1      7.08                     16.92  -9.84    18.67

SNOWFALL (IN)
  TODAY            0.0           0.0    MM  MM               0.0
  MONTH TO DATE    0.0                      MM               0.0
  SINCE MAR 1      0.0                      MM               0.0
  SINCE JUL 1      0.0                      MM               0.0

DEGREE DAYS
 HEATING
  TODAY            0                         0      0        0
  MONTH TO DATE    7                        43    -36       16
  SINCE MAR 1     78                       191   -113       81
  SINCE JUL 1    707                      1407   -700      997

 COOLING
  TODAY            8                         6      2       11
  MONTH TO DATE  168                       115     53      145
  SINCE MAR 1    293                       167    126      250
  SINCE JAN 1    428                       198    230      260
..................................................................


WIND (MPH)
  RESULTANT WIND SPEED   5   RESULTANT WIND DIRECTION   N (10)
  HIGHEST WIND SPEED    17   HIGHEST WIND DIRECTION     N (360)
  HIGHEST GUST SPEED    23   HIGHEST GUST DIRECTION    NW (330)
  AVERAGE WIND SPEED     7.8


SKY COVER
  POSSIBLE SUNSHINE  MM
  AVERAGE SKY COVER 0.5


WEATHER CONDITIONS
 THE FOLLOWING WEATHER WAS RECORDED TODAY.
  NO SIGNIFICANT WEATHER WAS OBSERVED.


RELATIVE HUMIDITY (PERCENT)
 HIGHEST    84           300 AM
 LOWEST     35           400 PM
 AVERAGE    60

..........................................................


THE NEW IBERIA CLIMATE NORMALS FOR TOMORROW
                         NORMAL    RECORD    YEAR
 MAXIMUM TEMPERATURE (F)   82        94      1987
 MINIMUM TEMPERATURE (F)   61        47      1973


SUNRISE AND SUNSET
APRIL 27 2017.........SUNRISE   628 AM CDT   SUNSET   743 PM CDT
APRIL 28 2017.........SUNRISE   627 AM CDT   SUNSET   743 PM CDT


-  INDICATES NEGATIVE NUMBERS.
R  INDICATES RECORD WAS SET OR TIED.
MM INDICATES DATA IS MISSING.
T  INDICATES TRACE AMOUNT.




$$
