000
CDUS44 KLCH 190811
CLIARA


CLIMATE REPORT
NATIONAL WEATHER SERVICE LAKE CHARLES, LA
311 AM CDT FRI SEP 19 2014


...................................

...THE NEW IBERIA CLIMATE SUMMARY FOR SEPTEMBER 18 2014...

CLIMATE NORMAL PERIOD 1981 TO 2010
CLIMATE RECORD PERIOD 1948 TO 2014


WEATHER ITEM   OBSERVED TIME   RECORD YEAR NORMAL DEPARTURE LAST
                VALUE   (LST)  VALUE       VALUE  FROM      YEAR
                                                  NORMAL
..................................................................
TEMPERATURE (F)
 YESTERDAY
  MAXIMUM         86    127 PM  96    1953  88     -2       95
  MINIMUM         73   1159 PM  54    1981  69      4       76
                                      1961
  AVERAGE         80                        78      2       86

PRECIPITATION (IN)
  YESTERDAY        0.23          1.19 1963   0.13   0.10      T
  MONTH TO DATE    1.23                      2.78  -1.55     1.18
  SINCE SEP 1      1.23                      2.78  -1.55     1.18
  SINCE JAN 1     40.30                     43.63  -3.33    54.25

SNOWFALL (IN)
  YESTERDAY        0.0           0.0    MM  MM               0.0
  MONTH TO DATE    0.0                      MM               0.0
  SINCE SEP 1      0.0                      MM               0.0
  SINCE JUL 1      0.0                      MM               0.0

DEGREE DAYS
 HEATING
  YESTERDAY        0                         0      0        0
  MONTH TO DATE    0                         0      0        0
  SINCE SEP 1      0                         0      0        0
  SINCE JUL 1      0                         0      0        0

 COOLING
  YESTERDAY       15                        13      2       21
  MONTH TO DATE  295                       275     20      368
  SINCE SEP 1    295                       275     20      368
  SINCE JAN 1   2398                      2418    -20     2688
..................................................................


WIND (MPH)
  RESULTANT WIND SPEED   1   RESULTANT WIND DIRECTION   E (80)
  HIGHEST WIND SPEED    12   HIGHEST WIND DIRECTION     E (100)
  HIGHEST GUST SPEED    13   HIGHEST GUST DIRECTION     E (110)
  AVERAGE WIND SPEED     2.7


SKY COVER
  POSSIBLE SUNSHINE  MM
  AVERAGE SKY COVER 0.4


WEATHER CONDITIONS
 THE FOLLOWING WEATHER WAS RECORDED YESTERDAY.
  RAIN
  LIGHT RAIN
  FOG


RELATIVE HUMIDITY (PERCENT)
 HIGHEST    94          1200 AM
 LOWEST     70          1200 PM
 AVERAGE    82

..........................................................


THE NEW IBERIA CLIMATE NORMALS FOR TODAY
                         NORMAL    RECORD    YEAR
 MAXIMUM TEMPERATURE (F)   88        97      2005
                                             1972
 MINIMUM TEMPERATURE (F)   69        54      1981
                                             1961


SUNRISE AND SUNSET
SEPTEMBER 19 2014.....SUNRISE   654 AM CDT   SUNSET   708 PM CDT
SEPTEMBER 20 2014.....SUNRISE   655 AM CDT   SUNSET   707 PM CDT


-  INDICATES NEGATIVE NUMBERS.
R  INDICATES RECORD WAS SET OR TIED.
MM INDICATES DATA IS MISSING.
T  INDICATES TRACE AMOUNT.




$$
