000
CDUS43 KLOT 290632
CLIARR


CLIMATE REPORT
NATIONAL WEATHER SERVICE CHICAGO IL
132 AM CDT FRI AUG 29 2014


...................................

...THE AURORA MUNICIPAL AIRPORT CLIMATE SUMMARY FOR AUGUST 28 2014...

CLIMATE NORMAL PERIOD 1981 TO 2010
CLIMATE RECORD PERIOD 1998 TO 2014


WEATHER ITEM   OBSERVED TIME   RECORD YEAR NORMAL DEPARTURE LAST
                VALUE   (LST)  VALUE       VALUE  FROM      YEAR
                                                  NORMAL
..................................................................
TEMPERATURE (F)
 YESTERDAY
  MAXIMUM         82    245 PM  94    2003  80      2       86
  MINIMUM         60    308 AM  52    2011  58      2       68
                                      2001
  AVERAGE         71                        69      2       77

PRECIPITATION (IN)
  YESTERDAY        0.15          0.70 2006   0.10   0.05     0.00
  MONTH TO DATE    3.45                      3.83  -0.38     2.37
  SINCE JUN 1     14.53                     12.03   2.50     8.37
  SINCE JAN 1     22.52                     24.91  -2.39    25.23

DEGREE DAYS
 HEATING
  YESTERDAY        0                         1     -1        0
  MONTH TO DATE    6                         3      3       12
  SINCE JUN 1     37                        53    -16       72
  SINCE JUL 1     21                        12      9       28

 COOLING
  YESTERDAY        6                         5      1       12
  MONTH TO DATE  195                       159     36      149
  SINCE JUN 1    512                       529    -17      514
  SINCE JAN 1    598                       570     28      594
..................................................................


WIND (MPH)
  RESULTANT WIND SPEED   5   RESULTANT WIND DIRECTION   E (100)
  HIGHEST WIND SPEED    13   HIGHEST WIND DIRECTION     E (100)
  HIGHEST GUST SPEED    16   HIGHEST GUST DIRECTION     E (100)
  AVERAGE WIND SPEED     5.8


SKY COVER
  POSSIBLE SUNSHINE  MM
  AVERAGE SKY COVER 0.2


WEATHER CONDITIONS
 THE FOLLOWING WEATHER WAS RECORDED YESTERDAY.
  LIGHT RAIN
  FOG
  HAZE


RELATIVE HUMIDITY (PERCENT)
 HIGHEST    97           100 AM
 LOWEST     42           200 PM
 AVERAGE    70

..........................................................


THE AURORA MUNICIPAL AIRPORT CLIMATE NORMALS FOR TODAY
                         NORMAL    RECORD    YEAR
 MAXIMUM TEMPERATURE (F)   80        93      2010
 MINIMUM TEMPERATURE (F)   58        48      2001


SUNRISE AND SUNSET
AUGUST 29 2014........SUNRISE   617 AM CDT   SUNSET   732 PM CDT
AUGUST 30 2014........SUNRISE   618 AM CDT   SUNSET   731 PM CDT


-  INDICATES NEGATIVE NUMBERS.
R  INDICATES RECORD WAS SET OR TIED.
MM INDICATES DATA IS MISSING.
T  INDICATES TRACE AMOUNT.




$$
