000
CDUS41 KBUF 261025
CLIART


CLIMATE REPORT
NATIONAL WEATHER SERVICE BUFFALO NY
621 AM EDT TUE MAY 26 2015


...................................

...THE WATERTOWN NY CLIMATE SUMMARY FOR MAY 25 2015...

CLIMATE NORMAL PERIOD 1981 TO 2010
CLIMATE RECORD PERIOD 1949 TO 2015


WEATHER ITEM   OBSERVED TIME   RECORD YEAR NORMAL DEPARTURE LAST
                VALUE   (LST)  VALUE       VALUE  FROM      YEAR
                                                  NORMAL
..................................................................
TEMPERATURE (F)
 YESTERDAY
  MAXIMUM         83    131 PM  86    2012  68     15       70
  MINIMUM         58    609 AM  30    2002  46     12       46
  AVERAGE         71                        57     14       58

PRECIPITATION (IN)
  YESTERDAY        0.20          1.13 1979   0.11   0.09     0.03
  MONTH TO DATE    0.94                      2.45  -1.51     3.33
  SINCE MAR 1      3.46                      7.65  -4.19    11.37
  SINCE JAN 1      6.55                     12.53  -5.98    18.47

DEGREE DAYS
 HEATING
  YESTERDAY        0                         8     -8        7
  MONTH TO DATE  198                       289    -91      236
  SINCE MAR 1   2006                      1991     15     2160
  SINCE JUL 1   7526                      7432     94     7831

 COOLING
  YESTERDAY        6                         1      5        0
  MONTH TO DATE   24                         2     22       20
  SINCE MAR 1     24                         3     21       20
  SINCE JAN 1     24                         3     21       20
..................................................................


WIND (MPH)
  HIGHEST WIND SPEED    17   HIGHEST WIND DIRECTION    SW (210)
  HIGHEST GUST SPEED    26   HIGHEST GUST DIRECTION     S (200)
  AVERAGE WIND SPEED     5.8


SKY COVER
  AVERAGE SKY COVER 0.8


WEATHER CONDITIONS
 THE FOLLOWING WEATHER WAS RECORDED YESTERDAY.
  HEAVY RAIN
  RAIN
  LIGHT RAIN
  FOG


RELATIVE HUMIDITY (PERCENT)
 HIGHEST    93           900 PM
 LOWEST     36           100 PM
 AVERAGE    65

..........................................................


THE WATERTOWN NY CLIMATE NORMALS FOR TODAY
                         NORMAL    RECORD    YEAR
 MAXIMUM TEMPERATURE (F)   69        85      2010
 MINIMUM TEMPERATURE (F)   47        29      1969


SUNRISE AND SUNSET
MAY 26 2015...........SUNRISE   528 AM EDT   SUNSET   835 PM EDT
MAY 27 2015...........SUNRISE   528 AM EDT   SUNSET   835 PM EDT


-  INDICATES NEGATIVE NUMBERS.
R  INDICATES RECORD WAS SET OR TIED.
MM INDICATES DATA IS MISSING.
T  INDICATES TRACE AMOUNT.




$$
