000
CDUS41 KBUF 191030
CLIART


CLIMATE REPORT
NATIONAL WEATHER SERVICE BUFFALO NY
518 AM EST FRI DEC 19 2014


...................................

...THE WATERTOWN NY CLIMATE SUMMARY FOR DECEMBER 18 2014...

CLIMATE NORMAL PERIOD 1981 TO 2010
CLIMATE RECORD PERIOD 1949 TO 2014


WEATHER ITEM   OBSERVED TIME   RECORD YEAR NORMAL DEPARTURE LAST
                VALUE   (LST)  VALUE       VALUE  FROM      YEAR
                                                  NORMAL
..................................................................
TEMPERATURE (F)
 YESTERDAY
  MAXIMUM         37    129 AM  51    1990  34      3       33
  MINIMUM         28   1159 PM -16    1973  17     11       13
  AVERAGE         33                        25      8       23

PRECIPITATION (IN)
  YESTERDAY        T             1.62 1983   0.10  -0.10     0.03
  MONTH TO DATE    0.59                      1.91  -1.32     0.52
  SINCE DEC 1      0.59                      1.91  -1.32     0.52
  SINCE JAN 1     40.81                     34.84   5.97    32.86

DEGREE DAYS
 HEATING
  YESTERDAY       32                        40     -8       42
  MONTH TO DATE  586                       653    -67      743
  SINCE DEC 1    586                       653    -67      743
  SINCE JUL 1   1939                      2252   -313     2318

 COOLING
  YESTERDAY        0                         0      0        0
  MONTH TO DATE    0                         0      0        0
  SINCE DEC 1      0                         0      0        0
  SINCE JAN 1    433                       362     71      481
..................................................................


WIND (MPH)
  HIGHEST WIND SPEED    20   HIGHEST WIND DIRECTION     W (270)
  HIGHEST GUST SPEED    28   HIGHEST GUST DIRECTION     W (270)
  AVERAGE WIND SPEED    10.1


SKY COVER
  AVERAGE SKY COVER 1.0


WEATHER CONDITIONS
 THE FOLLOWING WEATHER WAS RECORDED YESTERDAY.
  LIGHT SNOW
  HAZE


RELATIVE HUMIDITY (PERCENT)
 HIGHEST    82           400 AM
 LOWEST     63           100 PM
 AVERAGE    73

..........................................................


THE WATERTOWN NY CLIMATE NORMALS FOR TODAY
                         NORMAL    RECORD    YEAR
 MAXIMUM TEMPERATURE (F)   34        56      1957
 MINIMUM TEMPERATURE (F)   16       -21      1983


SUNRISE AND SUNSET
DECEMBER 19 2014......SUNRISE   734 AM EST   SUNSET   428 PM EST
DECEMBER 20 2014......SUNRISE   735 AM EST   SUNSET   428 PM EST


-  INDICATES NEGATIVE NUMBERS.
R  INDICATES RECORD WAS SET OR TIED.
MM INDICATES DATA IS MISSING.
T  INDICATES TRACE AMOUNT.




$$
