000
CDUS45 KGJT 300739
CLIASE


CLIMATE REPORT
NATIONAL WEATHER SERVICE GRAND JUNCTION CO
132 AM MDT WED JUL 30 2014


...................................

...THE ASPEN CO CLIMATE SUMMARY FOR JULY 29 2014...

CLIMATE NORMAL PERIOD 1981 TO 2010
CLIMATE RECORD PERIOD 9999 TO 9999


WEATHER ITEM   OBSERVED TIME   RECORD YEAR NORMAL DEPARTURE LAST
                VALUE   (LST)  VALUE       VALUE  FROM      YEAR
                                                  NORMAL
..................................................................
TEMPERATURE (F)
 YESTERDAY
  MAXIMUM         66    530 PM  MM      MM  80    -14       69
  MINIMUM         52    423 AM  MM      MM  48      4       48
  AVERAGE         59                        64     -5       59

PRECIPITATION (IN)
  YESTERDAY        0.28         MM      MM   0.06   0.22     0.16
  MONTH TO DATE    1.73                      1.58   0.15     1.58
  SINCE JUN 1      1.77                      2.71  -0.94     1.67
  SINCE JAN 1      7.30                      9.65  -2.35     8.35

SNOWFALL (IN)
  YESTERDAY       MM            MM      MM  MM     MM       MM
  MONTH TO DATE   MM                        MM     MM       MM
  SINCE JUN 1     MM                        MM     MM       MM
  SINCE JUL 1     MM                        MM     MM       MM
  SNOW DEPTH      MM

DEGREE DAYS
 HEATING
  YESTERDAY        6                         2      4        6
  MONTH TO DATE   19                        67    -48       26
  SINCE JUN 1    224                       296    -72      172
  SINCE JUL 1     19                        67    -48       26

 COOLING
  YESTERDAY        0                         1     -1        0
  MONTH TO DATE   54                        27     27       40
  SINCE JUN 1     55                        31     24       56
  SINCE JAN 1     55                        31     24       56
..................................................................


WIND (MPH)
  HIGHEST WIND SPEED    13   HIGHEST WIND DIRECTION     N (360)
  HIGHEST GUST SPEED    15   HIGHEST GUST DIRECTION     N (360)
  AVERAGE WIND SPEED     3.1


SKY COVER
  POSSIBLE SUNSHINE  MM
  AVERAGE SKY COVER 0.8


WEATHER CONDITIONS
 THE FOLLOWING WEATHER WAS RECORDED YESTERDAY.
  THUNDERSTORM
  LIGHT RAIN
  FOG


RELATIVE HUMIDITY (PERCENT)
 HIGHEST    93          1200 AM
 LOWEST     63           600 PM
 AVERAGE    78

..........................................................


THE ASPEN CO CLIMATE NORMALS FOR TODAY
                         NORMAL    RECORD    YEAR
 MAXIMUM TEMPERATURE (F)   80        MM        MM
 MINIMUM TEMPERATURE (F)   48        MM        MM


SUNRISE AND SUNSET
JULY 30 2014..........SUNRISE   606 AM MDT   SUNSET   821 PM MDT
JULY 31 2014..........SUNRISE   607 AM MDT   SUNSET   820 PM MDT


-  INDICATES NEGATIVE NUMBERS.
R  INDICATES RECORD WAS SET OR TIED.
MM INDICATES DATA IS MISSING.
T  INDICATES TRACE AMOUNT.




$$
