000
CDUS45 KGJT 010742
CLIASE


CLIMATE REPORT
NATIONAL WEATHER SERVICE GRAND JUNCTION CO
139 AM MDT MON SEP 1 2014


...................................

...THE ASPEN CO CLIMATE SUMMARY FOR AUGUST 31 2014...

CLIMATE NORMAL PERIOD 1981 TO 2010
CLIMATE RECORD PERIOD 9999 TO 9999


WEATHER ITEM   OBSERVED TIME   RECORD YEAR NORMAL DEPARTURE LAST
                VALUE   (LST)  VALUE       VALUE  FROM      YEAR
                                                  NORMAL
..................................................................
TEMPERATURE (F)
 YESTERDAY
  MAXIMUM         75    421 PM  MM      MM  74      1       78
  MINIMUM         48   1148 PM  MM      MM  43      5       50
  AVERAGE         62                        58      4       64

PRECIPITATION (IN)
  YESTERDAY        0.03         MM      MM   0.05  -0.02     0.08
  MONTH TO DATE    1.77                      1.68   0.09     1.61
  SINCE JUN 1      3.71                      4.52  -0.81     3.28
  SINCE JAN 1      9.24                     11.46  -2.22     9.96

SNOWFALL (IN)
  YESTERDAY       MM            MM      MM  MM     MM       MM
  MONTH TO DATE   MM                        MM     MM       MM
  SINCE JUN 1     MM                        MM     MM       MM
  SINCE JUL 1     MM                        MM     MM       MM
  SNOW DEPTH      MM

DEGREE DAYS
 HEATING
  YESTERDAY        3                         7     -4        1
  MONTH TO DATE  128                       124      4      103
  SINCE JUN 1    358                       425    -67      281
  SINCE JUL 1    153                       196    -43      135

 COOLING
  YESTERDAY        0                         0      0        0
  MONTH TO DATE    1                        10     -9        4
  SINCE JUN 1     56                        39     17       60
  SINCE JAN 1     56                        39     17       60
..................................................................


WIND (MPH)
  HIGHEST WIND SPEED    22   HIGHEST WIND DIRECTION     W (260)
  HIGHEST GUST SPEED    36   HIGHEST GUST DIRECTION     W (270)
  AVERAGE WIND SPEED     7.4


SKY COVER
  POSSIBLE SUNSHINE  MM
  AVERAGE SKY COVER 0.5


WEATHER CONDITIONS
 THE FOLLOWING WEATHER WAS RECORDED YESTERDAY.
  THUNDERSTORM
  LIGHT RAIN


RELATIVE HUMIDITY (PERCENT)
 HIGHEST    71          1200 AM
 LOWEST     17           400 PM
 AVERAGE    44

..........................................................


THE ASPEN CO CLIMATE NORMALS FOR TODAY
                         NORMAL    RECORD    YEAR
 MAXIMUM TEMPERATURE (F)   73        MM        MM
 MINIMUM TEMPERATURE (F)   43        MM        MM


SUNRISE AND SUNSET
SEPTEMBER  1 2014.....SUNRISE   636 AM MDT   SUNSET   738 PM MDT
SEPTEMBER  2 2014.....SUNRISE   637 AM MDT   SUNSET   736 PM MDT


-  INDICATES NEGATIVE NUMBERS.
R  INDICATES RECORD WAS SET OR TIED.
MM INDICATES DATA IS MISSING.
T  INDICATES TRACE AMOUNT.




$$
