000
CDUS46 KPQR 181145
CLIAST


CLIMATE REPORT
NATIONAL WEATHER SERVICE PORTLAND OREGON
445 AM PDT WED OCT 18 2017


...................................

...THE ASTORIA OR CLIMATE SUMMARY FOR OCTOBER 17 2017...

CLIMATE NORMAL PERIOD 1981 TO 2010
CLIMATE RECORD PERIOD 1892 TO 2017


WEATHER ITEM   OBSERVED TIME   RECORD YEAR NORMAL DEPARTURE LAST
                VALUE   (LST)  VALUE       VALUE  FROM      YEAR
                                                  NORMAL
..................................................................
TEMPERATURE (F)
 YESTERDAY
  MAXIMUM         59    107 PM  78    1942  61     -2       62
                                      1936
  MINIMUM         41    130 AM  31    1984  44     -3       53
  AVERAGE         50                        52     -2       58

PRECIPITATION (IN)
  YESTERDAY        0.22          1.60 1975   0.20   0.02     0.43
  MONTH TO DATE    1.45                      2.59  -1.14    12.08
  SINCE OCT 1      1.45                      2.59  -1.14    12.08
  SINCE JAN 1     54.66                     42.83  11.83    55.06

DEGREE DAYS
 HEATING
  YESTERDAY       15                        13      2        7
  MONTH TO DATE  227                       189     38      140
  SINCE SEP 1    371                       389    -18      273
  SINCE JUL 1    611                       670    -59      394

 COOLING
  YESTERDAY        0                         0      0        0
  MONTH TO DATE    0                         0      0        0
  SINCE SEP 1     22                         5     17        7
  SINCE JAN 1     55                        12     43       62
..................................................................


WIND (MPH)
  HIGHEST WIND SPEED    26   HIGHEST WIND DIRECTION     W (260)
  HIGHEST GUST SPEED    35   HIGHEST GUST DIRECTION     W (260)
  AVERAGE WIND SPEED     6.0


SKY COVER
  POSSIBLE SUNSHINE  MM
  AVERAGE SKY COVER 0.5


WEATHER CONDITIONS
 THE FOLLOWING WEATHER WAS RECORDED YESTERDAY.
  RAIN
  LIGHT RAIN
  FOG


RELATIVE HUMIDITY (PERCENT)
 HIGHEST   100          1000 AM
 LOWEST     62           300 PM
 AVERAGE    81

..........................................................


THE ASTORIA OR CLIMATE NORMALS FOR TODAY
                         NORMAL    RECORD    YEAR
 MAXIMUM TEMPERATURE (F)   60        79      1978
 MINIMUM TEMPERATURE (F)   44        31      1949


SUNRISE AND SUNSET
OCTOBER 18 2017.......SUNRISE   737 AM PDT   SUNSET   623 PM PDT
OCTOBER 19 2017.......SUNRISE   739 AM PDT   SUNSET   622 PM PDT


-  INDICATES NEGATIVE NUMBERS.
R  INDICATES RECORD WAS SET OR TIED.
MM INDICATES DATA IS MISSING.
T  INDICATES TRACE AMOUNT.




$$
