000
CDUS46 KPQR 271142
CLIAST


CLIMATE REPORT
NATIONAL WEATHER SERVICE PORTLAND OREGON
441 AM PDT WED JUL 27 2016


...................................

...THE ASTORIA OR CLIMATE SUMMARY FOR JULY 26 2016...

CLIMATE NORMAL PERIOD 1981 TO 2010
CLIMATE RECORD PERIOD 1892 TO 2016


WEATHER ITEM   OBSERVED TIME   RECORD YEAR NORMAL DEPARTURE LAST
                VALUE   (LST)  VALUE       VALUE  FROM      YEAR
                                                  NORMAL
..................................................................
TEMPERATURE (F)
 YESTERDAY
  MAXIMUM         69   1255 PM  85    1899  68      1       70
  MINIMUM         59   1159 PM  42    1930  54      5       57
  AVERAGE         64                        61      3       64

PRECIPITATION (IN)
  YESTERDAY        0.00          1.01 1916   0.03  -0.03     0.02
  MONTH TO DATE    1.12                      0.92   0.20     0.39
  SINCE OCT 1     82.88                     63.85  19.03    53.40
  SINCE JAN 1     40.35                     36.83   3.52    27.78

DEGREE DAYS
 HEATING
  YESTERDAY        1                         4     -3        1
  MONTH TO DATE   55                       128    -73       37
  SINCE JUN 1    231                       370   -139      186
  SINCE JUL 1     55                       128    -73       37

 COOLING
  YESTERDAY        0                         0      0        0
  MONTH TO DATE    1                         0      1       14
  SINCE JUN 1      7                         0      7       18
  SINCE JAN 1     10                         0     10       20
..................................................................


WIND (MPH)
  HIGHEST WIND SPEED    21   HIGHEST WIND DIRECTION    NW (320)
  HIGHEST GUST SPEED    24   HIGHEST GUST DIRECTION    NW (330)
  AVERAGE WIND SPEED    11.3


SKY COVER
  POSSIBLE SUNSHINE  MM
  AVERAGE SKY COVER 0.9


WEATHER CONDITIONS
 THE FOLLOWING WEATHER WAS RECORDED YESTERDAY.
  FOG
  HAZE


RELATIVE HUMIDITY (PERCENT)
 HIGHEST    90           900 PM
 LOWEST     61           100 PM
 AVERAGE    76

..........................................................


THE ASTORIA OR CLIMATE NORMALS FOR TODAY
                         NORMAL    RECORD    YEAR
 MAXIMUM TEMPERATURE (F)   68        90      1958
 MINIMUM TEMPERATURE (F)   54        37      1930


SUNRISE AND SUNSET
JULY 27 2016..........SUNRISE   552 AM PDT   SUNSET   851 PM PDT
JULY 28 2016..........SUNRISE   554 AM PDT   SUNSET   850 PM PDT


-  INDICATES NEGATIVE NUMBERS.
R  INDICATES RECORD WAS SET OR TIED.
MM INDICATES DATA IS MISSING.
T  INDICATES TRACE AMOUNT.




$$
