000
CDUS46 KPQR 301141
CLIAST


CLIMATE REPORT
NATIONAL WEATHER SERVICE PORTLAND OREGON
440 AM PDT TUE SEP 30 2014


...................................

...THE ASTORIA OR CLIMATE SUMMARY FOR SEPTEMBER 29 2014...

CLIMATE NORMAL PERIOD 1981 TO 2010
CLIMATE RECORD PERIOD 1892 TO 2014


WEATHER ITEM   OBSERVED TIME   RECORD YEAR NORMAL DEPARTURE LAST
                VALUE   (LST)  VALUE       VALUE  FROM      YEAR
                                                  NORMAL
..................................................................
TEMPERATURE (F)
 YESTERDAY
  MAXIMUM         64    318 PM  84    1987  65     -1       60
  MINIMUM         52    145 AM  34    1983  47      5       49
  AVERAGE         58                        56      2       55

PRECIPITATION (IN)
  YESTERDAY        0.37          2.41 2013   0.10   0.27     2.41
  MONTH TO DATE    4.93                      2.04   2.89    10.51
  SINCE OCT 1     59.40                     67.16  -7.76    88.48
  SINCE JAN 1     47.24                     40.14   7.10    46.86

DEGREE DAYS
 HEATING
  YESTERDAY        7                         9     -2       10
  MONTH TO DATE   85                       191   -106      136
  SINCE SEP 1     85                       191   -106      136
  SINCE JUL 1    243                       472   -229      383

 COOLING
  YESTERDAY        0                         0      0        0
  MONTH TO DATE   20                         0     20        3
  SINCE SEP 1     20                         0     20        3
  SINCE JAN 1     45                         7     38        9
..................................................................


WIND (MPH)
  HIGHEST WIND SPEED    18   HIGHEST WIND DIRECTION    NW (310)
  HIGHEST GUST SPEED    23   HIGHEST GUST DIRECTION    NW (300)
  AVERAGE WIND SPEED     5.6


SKY COVER
  POSSIBLE SUNSHINE  MM
  AVERAGE SKY COVER 0.8


WEATHER CONDITIONS
 THE FOLLOWING WEATHER WAS RECORDED YESTERDAY.
  HEAVY RAIN
  RAIN
  LIGHT RAIN
  FOG
  HAZE


RELATIVE HUMIDITY (PERCENT)
 HIGHEST   100           200 AM
 LOWEST     78           400 PM
 AVERAGE    89

..........................................................


THE ASTORIA OR CLIMATE NORMALS FOR TODAY
                         NORMAL    RECORD    YEAR
 MAXIMUM TEMPERATURE (F)   65        86      1987
 MINIMUM TEMPERATURE (F)   47        34      1985


SUNRISE AND SUNSET
SEPTEMBER 30 2014.....SUNRISE   713 AM PDT   SUNSET   657 PM PDT
OCTOBER  1 2014.......SUNRISE   714 AM PDT   SUNSET   655 PM PDT


-  INDICATES NEGATIVE NUMBERS.
R  INDICATES RECORD WAS SET OR TIED.
MM INDICATES DATA IS MISSING.
T  INDICATES TRACE AMOUNT.




$$
