000
CDUS46 KPQR 221141
CLIAST


CLIMATE REPORT
NATIONAL WEATHER SERVICE PORTLAND OREGON
441 AM PDT MON MAY 22 2017


...................................

...THE ASTORIA OR CLIMATE SUMMARY FOR MAY 21 2017...

CLIMATE NORMAL PERIOD 1981 TO 2010
CLIMATE RECORD PERIOD 1892 TO 2017


WEATHER ITEM   OBSERVED TIME   RECORD YEAR NORMAL DEPARTURE LAST
                VALUE   (LST)  VALUE       VALUE  FROM      YEAR
                                                  NORMAL
..................................................................
TEMPERATURE (F)
 YESTERDAY
  MAXIMUM         74    216 PM  86    1914  61     13       60
  MINIMUM         50    123 AM  36    1973  47      3       45
  AVERAGE         62                        54      8       53

PRECIPITATION (IN)
  YESTERDAY        0.00          1.13 1922   0.10  -0.10     0.00
  MONTH TO DATE    5.78                      2.33   3.45     0.74
  SINCE OCT 1     90.89                     59.39  31.50    79.64
  SINCE JAN 1     47.02                     32.37  14.65    37.11

DEGREE DAYS
 HEATING
  YESTERDAY        3                        11     -8       12
  MONTH TO DATE  255                       267    -12      193
  SINCE MAR 1   1294                      1334    -40      999
  SINCE JUL 1   4277                      4676   -399     3618

 COOLING
  YESTERDAY        0                         0      0        0
  MONTH TO DATE    0                         0      0        0
  SINCE MAR 1      0                         0      0        3
  SINCE JAN 1      0                         0      0        3
..................................................................


WIND (MPH)
  HIGHEST WIND SPEED    22   HIGHEST WIND DIRECTION    NW (310)
  HIGHEST GUST SPEED    27   HIGHEST GUST DIRECTION    NW (320)
  AVERAGE WIND SPEED     7.8


SKY COVER
  POSSIBLE SUNSHINE  MM
  AVERAGE SKY COVER 0.3


WEATHER CONDITIONS
 THE FOLLOWING WEATHER WAS RECORDED YESTERDAY.
  FOG
  FOG W/VISIBILITY <= 1/4 MILE


RELATIVE HUMIDITY (PERCENT)
 HIGHEST   100           700 AM
 LOWEST     57           100 PM
 AVERAGE    79

..........................................................


THE ASTORIA OR CLIMATE NORMALS FOR TODAY
                         NORMAL    RECORD    YEAR
 MAXIMUM TEMPERATURE (F)   61        88      1941
 MINIMUM TEMPERATURE (F)   47        37      1960
                                             1955


SUNRISE AND SUNSET
MAY 22 2017...........SUNRISE   535 AM PDT   SUNSET   850 PM PDT
MAY 23 2017...........SUNRISE   534 AM PDT   SUNSET   851 PM PDT


-  INDICATES NEGATIVE NUMBERS.
R  INDICATES RECORD WAS SET OR TIED.
MM INDICATES DATA IS MISSING.
T  INDICATES TRACE AMOUNT.




$$
