000
CDUS46 KPQR 171141
CLIAST


CLIMATE REPORT
NATIONAL WEATHER SERVICE PORTLAND OREGON
441 AM PDT WED SEP 17 2014


...................................

...THE ASTORIA OR CLIMATE SUMMARY FOR SEPTEMBER 16 2014...

CLIMATE NORMAL PERIOD 1981 TO 2010
CLIMATE RECORD PERIOD 1892 TO 2014


WEATHER ITEM   OBSERVED TIME   RECORD YEAR NORMAL DEPARTURE LAST
                VALUE   (LST)  VALUE       VALUE  FROM      YEAR
                                                  NORMAL
..................................................................
TEMPERATURE (F)
 YESTERDAY
  MAXIMUM         68    245 PM  85    1994  68      0       68
  MINIMUM         56    317 AM  41    1978  49      7       55
                                      1960
                                      1941
  AVERAGE         62                        59      3       62

PRECIPITATION (IN)
  YESTERDAY        T             2.67 1997   0.07  -0.07     0.08
  MONTH TO DATE    0.04                      0.98  -0.94     0.63
  SINCE OCT 1     54.51                     66.10 -11.59    78.60
  SINCE JAN 1     42.35                     39.08   3.27    36.98

DEGREE DAYS
 HEATING
  YESTERDAY        3                         7     -4        3
  MONTH TO DATE   38                        89    -51       34
  SINCE SEP 1     38                        89    -51       34
  SINCE JUL 1    196                       370   -174      281

 COOLING
  YESTERDAY        0                         0      0        0
  MONTH TO DATE   16                         0     16        3
  SINCE SEP 1     16                         0     16        3
  SINCE JAN 1     41                         7     34        9
..................................................................


WIND (MPH)
  HIGHEST WIND SPEED    10   HIGHEST WIND DIRECTION    SW (240)
  HIGHEST GUST SPEED    13   HIGHEST GUST DIRECTION     W (250)
  AVERAGE WIND SPEED     3.3


SKY COVER
  POSSIBLE SUNSHINE  MM
  AVERAGE SKY COVER 0.5


WEATHER CONDITIONS
 THE FOLLOWING WEATHER WAS RECORDED YESTERDAY.
  NO SIGNIFICANT WEATHER WAS OBSERVED.


RELATIVE HUMIDITY (PERCENT)
 HIGHEST    87          1000 PM
 LOWEST     63           100 PM
 AVERAGE    75

..........................................................


THE ASTORIA OR CLIMATE NORMALS FOR TODAY
                         NORMAL    RECORD    YEAR
 MAXIMUM TEMPERATURE (F)   68        86      1991
                                             1962
 MINIMUM TEMPERATURE (F)   49        36      1965


SUNRISE AND SUNSET
SEPTEMBER 17 2014.....SUNRISE   656 AM PDT   SUNSET   723 PM PDT
SEPTEMBER 18 2014.....SUNRISE   657 AM PDT   SUNSET   721 PM PDT


-  INDICATES NEGATIVE NUMBERS.
R  INDICATES RECORD WAS SET OR TIED.
MM INDICATES DATA IS MISSING.
T  INDICATES TRACE AMOUNT.




$$
