000
CDUS46 KPQR 071142
CLIAST


CLIMATE REPORT
NATIONAL WEATHER SERVICE PORTLAND OREGON
342 AM PST WED DEC 7 2016


...................................

...THE ASTORIA OR CLIMATE SUMMARY FOR DECEMBER 6 2016...

CLIMATE NORMAL PERIOD 1981 TO 2010
CLIMATE RECORD PERIOD 1892 TO 2016


WEATHER ITEM   OBSERVED TIME   RECORD YEAR NORMAL DEPARTURE LAST
                VALUE   (LST)  VALUE       VALUE  FROM      YEAR
                                                  NORMAL
..................................................................
TEMPERATURE (F)
 YESTERDAY
  MAXIMUM         44    315 PM  57    2015  49     -5       57
                                      1987
                                      1941
  MINIMUM         30   1143 PM  16    1972  37     -7       50
  AVERAGE         37                        43     -6       54

PRECIPITATION (IN)
  YESTERDAY        0.00          3.77 1933   0.34  -0.34     0.68
  MONTH TO DATE    2.15                      2.11   0.04     4.23
  SINCE OCT 1     35.67                     19.24  16.43    26.23
  SINCE JAN 1     78.65                     59.48  19.17    57.48

DEGREE DAYS
 HEATING
  YESTERDAY       28                        22      6       11
  MONTH TO DATE  122                       129     -7       82
  SINCE DEC 1    122                       129     -7       82
  SINCE JUL 1    985                      1542   -557     1082

 COOLING
  YESTERDAY        0                         0      0        0
  MONTH TO DATE    0                         0      0        0
  SINCE DEC 1      0                         0      0        0
  SINCE JAN 1     62                        12     50       49
..................................................................


WIND (MPH)
  HIGHEST WIND SPEED    12   HIGHEST WIND DIRECTION     E (90)
  HIGHEST GUST SPEED    14   HIGHEST GUST DIRECTION    NE (50)
  AVERAGE WIND SPEED     4.5


SKY COVER
  POSSIBLE SUNSHINE  MM
  AVERAGE SKY COVER 0.4


WEATHER CONDITIONS
 THE FOLLOWING WEATHER WAS RECORDED YESTERDAY.
  NO SIGNIFICANT WEATHER WAS OBSERVED.


RELATIVE HUMIDITY (PERCENT)
 HIGHEST    89           300 AM
 LOWEST     58           200 PM
 AVERAGE    74

..........................................................


THE ASTORIA OR CLIMATE NORMALS FOR TODAY
                         NORMAL    RECORD    YEAR
 MAXIMUM TEMPERATURE (F)   49        63      1939
 MINIMUM TEMPERATURE (F)   37        10      1972


SUNRISE AND SUNSET
DECEMBER  7 2016......SUNRISE   745 AM PST   SUNSET   430 PM PST
DECEMBER  8 2016......SUNRISE   746 AM PST   SUNSET   430 PM PST


-  INDICATES NEGATIVE NUMBERS.
R  INDICATES RECORD WAS SET OR TIED.
MM INDICATES DATA IS MISSING.
T  INDICATES TRACE AMOUNT.




$$
