000
CDUS46 KPQR 181141
CLIAST


CLIMATE REPORT
NATIONAL WEATHER SERVICE PORTLAND OREGON
440 AM PDT FRI APR 18 2014


...................................

...THE ASTORIA OR CLIMATE SUMMARY FOR APRIL 17 2014...

CLIMATE NORMAL PERIOD 1981 TO 2010
CLIMATE RECORD PERIOD 1892 TO 2014


WEATHER ITEM   OBSERVED TIME   RECORD YEAR NORMAL DEPARTURE LAST
                VALUE   (LST)  VALUE       VALUE  FROM      YEAR
                                                  NORMAL
..................................................................
TEMPERATURE (F)
 YESTERDAY
  MAXIMUM         55   1232 PM  81    1983  57     -2       54
  MINIMUM         46    952 PM  30    1967  41      5       39
  AVERAGE         51                        49      2       47

PRECIPITATION (IN)
  YESTERDAY        0.92          2.04 1908   0.17   0.75      T
  MONTH TO DATE    3.12                      3.21  -0.09     5.05
  SINCE OCT 1     39.90                     55.07 -15.17    65.95
  SINCE JAN 1     27.74                     28.05  -0.31    24.33

DEGREE DAYS
 HEATING
  YESTERDAY       14                        16     -2       18
  MONTH TO DATE  259                       288    -29      285
  SINCE MAR 1    775                       866    -91      858
  SINCE JUL 1   4204                      4208     -4     4238

 COOLING
  YESTERDAY        0                         0      0        0
  MONTH TO DATE    0                         0      0        0
  SINCE MAR 1      0                         0      0        0
  SINCE JAN 1      0                         0      0        0
..................................................................


WIND (MPH)
  HIGHEST WIND SPEED    24   HIGHEST WIND DIRECTION    SW (210)
  HIGHEST GUST SPEED    37   HIGHEST GUST DIRECTION    SW (210)
  AVERAGE WIND SPEED    11.2


SKY COVER
  POSSIBLE SUNSHINE  MM
  AVERAGE SKY COVER 0.9


WEATHER CONDITIONS
 THE FOLLOWING WEATHER WAS RECORDED YESTERDAY.
  RAIN
  LIGHT RAIN
  FOG


RELATIVE HUMIDITY (PERCENT)
 HIGHEST    96          1200 AM
 LOWEST     76          1000 PM
 AVERAGE    86

..........................................................


THE ASTORIA OR CLIMATE NORMALS FOR TODAY
                         NORMAL    RECORD    YEAR
 MAXIMUM TEMPERATURE (F)   57        70      1934
 MINIMUM TEMPERATURE (F)   41        26      1927


SUNRISE AND SUNSET
APRIL 18 2014.........SUNRISE   624 AM PDT   SUNSET   807 PM PDT
APRIL 19 2014.........SUNRISE   622 AM PDT   SUNSET   808 PM PDT


-  INDICATES NEGATIVE NUMBERS.
R  INDICATES RECORD WAS SET OR TIED.
MM INDICATES DATA IS MISSING.
T  INDICATES TRACE AMOUNT.




$$
