000
CDUS42 KFFC 250021
CLIATL


CLIMATE REPORT
NATIONAL WEATHER SERVICE PEACHTREE CITY GA
721 PM EST MON NOV 24 2014


...................................

...THE ATLANTA CLIMATE SUMMARY FOR NOVEMBER 24 2014...
VALID AS OF 0700 PM LOCAL TIME.

CLIMATE NORMAL PERIOD 1981 TO 2010
CLIMATE RECORD PERIOD 1878 TO 2014


WEATHER ITEM   OBSERVED TIME   RECORD YEAR NORMAL DEPARTURE LAST
                VALUE   (LST)  VALUE       VALUE  FROM      YEAR
                                                  NORMAL
..................................................................
TEMPERATURE (F)
 TODAY
  MAXIMUM         76R   322 PM  75    1900  61     15       48
  MINIMUM         60   1237 AM  14    1970  42     18       29
                                      1950
  AVERAGE         68                        51     17       39

PRECIPITATION (IN)
  TODAY            0.00          1.86 1967   0.15  -0.15     0.00
  MONTH TO DATE    3.85                      3.21   0.64     0.77
  SINCE SEP 1      8.14                     11.09  -2.95     6.08
  SINCE JAN 1     42.11                     44.92  -2.81    57.12

SNOWFALL (IN)
  TODAY            0.0           0.0  2001   0.0    0.0      0.0
  MONTH TO DATE    0.0                       0.0    0.0      0.0
  SINCE SEP 1      0.0                       0.0    0.0      0.0
  SINCE JUL 1      0.0                       0.0    0.0      0.0
  SNOW DEPTH       0

DEGREE DAYS
 HEATING
  TODAY            0                        14    -14       26
  MONTH TO DATE  373                       249    124      278
  SINCE SEP 1    446                       378     68      375
  SINCE JUL 1    446                       378     68      376

 COOLING
  TODAY            3                         0      3        0
  MONTH TO DATE    3                        11     -8        1
  SINCE SEP 1    450                       344    106      373
  SINCE JAN 1   1988                      1883    105     1755
..................................................................


WIND (MPH)
  RESULTANT WIND SPEED   9   RESULTANT WIND DIRECTION  SW (230)
  HIGHEST WIND SPEED    17   HIGHEST WIND DIRECTION     W (250)
  HIGHEST GUST SPEED    23   HIGHEST GUST DIRECTION     W (260)
  AVERAGE WIND SPEED     9.8


SKY COVER
  AVERAGE SKY COVER 0.6


WEATHER CONDITIONS
 THE FOLLOWING WEATHER WAS RECORDED TODAY.
  NO SIGNIFICANT WEATHER WAS OBSERVED.


RELATIVE HUMIDITY (PERCENT)
 HIGHEST    90           200 AM
 LOWEST     41           300 PM

..........................................................


THE ATLANTA CLIMATE NORMALS FOR TOMORROW
                         NORMAL    RECORD    YEAR
 MAXIMUM TEMPERATURE (F)   60        76      1973
 MINIMUM TEMPERATURE (F)   42         3      1950


SUNRISE AND SUNSET
NOVEMBER 24 2014......SUNRISE   718 AM EST   SUNSET   531 PM EST
NOVEMBER 25 2014......SUNRISE   719 AM EST   SUNSET   530 PM EST


-  INDICATES NEGATIVE NUMBERS.
R  INDICATES RECORD WAS SET OR TIED.
MM INDICATES DATA IS MISSING.
T  INDICATES TRACE AMOUNT.




$$
