000
CDUS42 KFFC 300823
CLIATL


CLIMATE REPORT
NATIONAL WEATHER SERVICE PEACHTREE CITY GA
422 AM EDT MON MAY 30 2016


...................................

...THE ATLANTA CLIMATE SUMMARY FOR MAY 29 2016...

CLIMATE NORMAL PERIOD 1981 TO 2010
CLIMATE RECORD PERIOD 1878 TO 2016


WEATHER ITEM   OBSERVED TIME   RECORD YEAR NORMAL DEPARTURE LAST
                VALUE   (LST)  VALUE       VALUE  FROM      YEAR
                                                  NORMAL
..................................................................
TEMPERATURE (F)
 YESTERDAY
  MAXIMUM         90    502 PM  97    1941  83      7       84
                                      1914
  MINIMUM         67    511 AM  49    1984  64      3       67
  AVERAGE         79                        74      5       76

PRECIPITATION (IN)
  YESTERDAY        0.00          4.40 1948   0.11  -0.11     0.00
  MONTH TO DATE    1.25                      3.44  -2.19     4.25
  SINCE MAR 1      6.61                     11.61  -5.00    15.02
  SINCE JAN 1     19.14                     20.48  -1.34    23.53

DEGREE DAYS
 HEATING
  YESTERDAY        0                         0      0        0
  MONTH TO DATE   19                        24     -5        6
  SINCE MAR 1    284                       509   -225      298
  SINCE JUL 1   1999                      2764   -765     2656

 COOLING
  YESTERDAY       14                         9      5       11
  MONTH TO DATE  185                       165     20      241
  SINCE MAR 1    297                       230     67      337
  SINCE JAN 1    297                       231     66      337
..................................................................


WIND (MPH)
  RESULTANT WIND SPEED   4   RESULTANT WIND DIRECTION   N (340)
  HIGHEST WIND SPEED    16   HIGHEST WIND DIRECTION     E (100)
  HIGHEST GUST SPEED    21   HIGHEST GUST DIRECTION    NW (320)
  AVERAGE WIND SPEED     6.6


SKY COVER
  AVERAGE SKY COVER 0.7


WEATHER CONDITIONS
 THE FOLLOWING WEATHER WAS RECORDED YESTERDAY.
  NO SIGNIFICANT WEATHER WAS OBSERVED.


RELATIVE HUMIDITY (PERCENT)
 HIGHEST    76           400 AM
 LOWEST     34           500 PM
 AVERAGE    55

..........................................................


THE ATLANTA CLIMATE NORMALS FOR TODAY
                         NORMAL    RECORD    YEAR
 MAXIMUM TEMPERATURE (F)   83        94      1898
 MINIMUM TEMPERATURE (F)   64        44      1984


SUNRISE AND SUNSET
MAY 30 2016...........SUNRISE   629 AM EDT   SUNSET   842 PM EDT
MAY 31 2016...........SUNRISE   629 AM EDT   SUNSET   843 PM EDT


-  INDICATES NEGATIVE NUMBERS.
R  INDICATES RECORD WAS SET OR TIED.
MM INDICATES DATA IS MISSING.
T  INDICATES TRACE AMOUNT.




$$
