174
CDUS42 KFFC 230818
CLIATL


CLIMATE REPORT
NATIONAL WEATHER SERVICE PEACHTREE CITY GA
418 AM EDT SAT SEP 23 2017


...................................

...THE ATLANTA CLIMATE SUMMARY FOR SEPTEMBER 22 2017...

CLIMATE NORMAL PERIOD 1981 TO 2010
CLIMATE RECORD PERIOD 1878 TO 2017


WEATHER ITEM   OBSERVED TIME   RECORD YEAR NORMAL DEPARTURE LAST
                VALUE   (LST)  VALUE       VALUE  FROM      YEAR
                                                  NORMAL
..................................................................
TEMPERATURE (F)
 YESTERDAY
  MAXIMUM         89    253 PM  95    1940  80      9       89
  MINIMUM         69    625 AM  43    1983  63      6       70
  AVERAGE         79                        71      8       80

PRECIPITATION (IN)
  YESTERDAY        0.00          2.11 1951   0.14  -0.14     0.00
  MONTH TO DATE    4.25                      3.23   1.02     3.37
  SINCE SEP 1      4.25                      3.23   1.02     3.37
  SINCE JAN 1     43.19                     37.06   6.13    32.49

DEGREE DAYS
 HEATING
  YESTERDAY        0                         1     -1        0
  MONTH TO DATE    7                         2      5        0
  SINCE SEP 1      7                         2      5        0
  SINCE JUL 1      7                         2      5        0

 COOLING
  YESTERDAY       14                         7      7       15
  MONTH TO DATE  175                       220    -45      327
  SINCE SEP 1    175                       220    -45      327
  SINCE JAN 1   1899                      1759    140     2277
..................................................................


WIND (MPH)
  RESULTANT WIND SPEED   5   RESULTANT WIND DIRECTION   E (80)
  HIGHEST WIND SPEED    10   HIGHEST WIND DIRECTION     E (70)
  HIGHEST GUST SPEED    14   HIGHEST GUST DIRECTION    NE (50)
  AVERAGE WIND SPEED     5.0


SKY COVER
  AVERAGE SKY COVER 0.3


WEATHER CONDITIONS
 THE FOLLOWING WEATHER WAS RECORDED YESTERDAY.
  NO SIGNIFICANT WEATHER WAS OBSERVED.


RELATIVE HUMIDITY (PERCENT)
 HIGHEST    90           600 AM
 LOWEST     44           300 PM
 AVERAGE    67

..........................................................


THE ATLANTA CLIMATE NORMALS FOR TODAY
                         NORMAL    RECORD    YEAR
 MAXIMUM TEMPERATURE (F)   80        94      1931
 MINIMUM TEMPERATURE (F)   62        45      1982


SUNRISE AND SUNSET
SEPTEMBER 23 2017.....SUNRISE   727 AM EDT   SUNSET   733 PM EDT
SEPTEMBER 24 2017.....SUNRISE   727 AM EDT   SUNSET   731 PM EDT


-  INDICATES NEGATIVE NUMBERS.
R  INDICATES RECORD WAS SET OR TIED.
MM INDICATES DATA IS MISSING.
T  INDICATES TRACE AMOUNT.




$$
