000
CDUS42 KFFC 172214
CLIATL


CLIMATE REPORT
NATIONAL WEATHER SERVICE PEACHTREE CITY GA
507 PM EST WED JAN 17 2018


...................................

...THE ATLANTA CLIMATE SUMMARY FOR JANUARY 17 2018...
VALID TODAY AS OF 0500 PM LOCAL TIME.

CLIMATE NORMAL PERIOD 1981 TO 2010
CLIMATE RECORD PERIOD 1878 TO 2018


WEATHER ITEM   OBSERVED TIME   RECORD YEAR NORMAL DEPARTURE LAST
                VALUE   (LST)  VALUE       VALUE  FROM      YEAR
                                                  NORMAL
..................................................................
TEMPERATURE (F)
 TODAY
  MAXIMUM         27   1219 AM  75    2017  52    -25       75
                                      1943
  MINIMUM         14    910 AM   0    1982  34    -20       53
  AVERAGE         21                        43    -22       64

PRECIPITATION (IN)
  TODAY            0.14          3.29 1925   0.14   0.00     0.00
  MONTH TO DATE    1.00                      2.15  -1.15     3.58
  SINCE DEC 1      5.38                      6.05  -0.67     6.58
  SINCE JAN 1      1.00                      2.15  -1.15     3.58

SNOWFALL (IN)
  TODAY            2.2 R         T    2016   0.1    2.1      0.0
                                      2009
                                      2007
  MONTH TO DATE    2.3                       0.8    1.5       T
  SINCE DEC 1      4.6                       1.2    3.4       T
  SINCE JUL 1      4.6                       1.2    3.4       T
  SNOW DEPTH       2

DEGREE DAYS
 HEATING
  TODAY           44                        22     22        1
  MONTH TO DATE  498                       374    124      243
  SINCE DEC 1   1054                       987     67      734
  SINCE JUL 1   1451                      1455     -4      956

 COOLING
  TODAY            0                         0      0        0
  MONTH TO DATE    0                         0      0        0
  SINCE DEC 1      0                         1     -1        0
  SINCE JAN 1      0                         0      0        0
..................................................................


WIND (MPH)
  HIGHEST WIND SPEED    30   HIGHEST WIND DIRECTION    NW (320)
  HIGHEST GUST SPEED    36   HIGHEST GUST DIRECTION    NW (320)
  AVERAGE WIND SPEED    18.0


SKY COVER
  POSSIBLE SUNSHINE  MM
  AVERAGE SKY COVER 0.4


WEATHER CONDITIONS
 THE FOLLOWING WEATHER WAS RECORDED TODAY.
  SNOW
  LIGHT SNOW
  FOG


RELATIVE HUMIDITY (PERCENT)
 HIGHEST    92           300 AM
 LOWEST     50           300 PM
 AVERAGE    71

..........................................................


THE ATLANTA CLIMATE NORMALS FOR TOMORROW
                         NORMAL    RECORD    YEAR
 MAXIMUM TEMPERATURE (F)   52        72      1929
 MINIMUM TEMPERATURE (F)   34        10      1994


SUNRISE AND SUNSET
JANUARY 17 2018.......SUNRISE   742 AM EST   SUNSET   554 PM EST
JANUARY 18 2018.......SUNRISE   741 AM EST   SUNSET   555 PM EST


-  INDICATES NEGATIVE NUMBERS.
R  INDICATES RECORD WAS SET OR TIED.
MM INDICATES DATA IS MISSING.
T  INDICATES TRACE AMOUNT.




$$
