000
CDUS42 KFFC 290823
CLIATL


CLIMATE REPORT
NATIONAL WEATHER SERVICE PEACHTREE CITY GA
423 AM EDT TUE JUL 29 2014


...................................

...THE ATLANTA CLIMATE SUMMARY FOR JULY 28 2014...

CLIMATE NORMAL PERIOD 1981 TO 2010
CLIMATE RECORD PERIOD 1878 TO 2014


WEATHER ITEM   OBSERVED TIME   RECORD YEAR NORMAL DEPARTURE LAST
                VALUE   (LST)  VALUE       VALUE  FROM      YEAR
                                                  NORMAL
..................................................................
TEMPERATURE (F)
 YESTERDAY
  MAXIMUM         90    307 PM 101    1952  89      1       86
  MINIMUM         72   1159 PM  62    1911  71      1       69
  AVERAGE         81                        80      1       78

PRECIPITATION (IN)
  YESTERDAY        T             3.07 1887   0.15  -0.15     0.00
  MONTH TO DATE    4.47                      4.83  -0.36     7.91
  SINCE JUN 1      9.57                      8.78   0.79    17.48
  SINCE JAN 1     28.04                     29.49  -1.45    45.23

DEGREE DAYS
 HEATING
  YESTERDAY        0                         0      0        0
  MONTH TO DATE    0                         0      0        0
  SINCE JUN 1      0                         2     -2        0
  SINCE JUL 1      0                         0      0        0

 COOLING
  YESTERDAY       16                        15      1       13
  MONTH TO DATE  382                       420    -38      359
  SINCE JUN 1    787                       791     -4      742
  SINCE JAN 1   1070                      1041     29      950
..................................................................


WIND (MPH)
  RESULTANT WIND SPEED  10   RESULTANT WIND DIRECTION   W (290)
  HIGHEST WIND SPEED    23   HIGHEST WIND DIRECTION    NW (320)
  HIGHEST GUST SPEED    29   HIGHEST GUST DIRECTION    NW (330)
  AVERAGE WIND SPEED    11.0


SKY COVER
  AVERAGE SKY COVER 0.5


WEATHER CONDITIONS
 THE FOLLOWING WEATHER WAS RECORDED YESTERDAY.
  LIGHT RAIN


RELATIVE HUMIDITY (PERCENT)
 HIGHEST    85           700 AM
 LOWEST     40           400 PM
 AVERAGE    63

..........................................................


THE ATLANTA CLIMATE NORMALS FOR TODAY
                         NORMAL    RECORD    YEAR
 MAXIMUM TEMPERATURE (F)   89       103      1952
 MINIMUM TEMPERATURE (F)   71        63      1977


SUNRISE AND SUNSET
JULY 29 2014..........SUNRISE   648 AM EDT   SUNSET   840 PM EDT
JULY 30 2014..........SUNRISE   648 AM EDT   SUNSET   839 PM EDT


-  INDICATES NEGATIVE NUMBERS.
R  INDICATES RECORD WAS SET OR TIED.
MM INDICATES DATA IS MISSING.
T  INDICATES TRACE AMOUNT.




$$
