000
CDUS42 KFFC 010917
CLIATL


CLIMATE REPORT
NATIONAL WEATHER SERVICE PEACHTREE CITY GA
417 AM EST SUN FEB 1 2015


...................................

...THE ATLANTA CLIMATE SUMMARY FOR JANUARY 31 2015...

CLIMATE NORMAL PERIOD 1981 TO 2010
CLIMATE RECORD PERIOD 1878 TO 2015


WEATHER ITEM   OBSERVED TIME   RECORD YEAR NORMAL DEPARTURE LAST
                VALUE   (LST)  VALUE       VALUE  FROM      YEAR
                                                  NORMAL
..................................................................
TEMPERATURE (F)
 YESTERDAY
  MAXIMUM         56    403 PM  78    2002  54      2       58
  MINIMUM         29    701 AM   5    1936  35     -6       21
  AVERAGE         43                        44     -1       40

PRECIPITATION (IN)
  YESTERDAY        0.00          2.05 1908   0.16  -0.16     0.00
  MONTH TO DATE    4.36                      4.20   0.16     3.35
  SINCE DEC 1      9.87                      8.10   1.77    11.15
  SINCE JAN 1      4.36                      4.20   0.16     3.35

SNOWFALL (IN)
  YESTERDAY        0.0           T    2007   0.0    0.0      0.0
  MONTH TO DATE    0.0                       1.3   -1.3      2.6
  SINCE DEC 1      0.0                       1.7   -1.7      2.6
  SINCE JUL 1      0.0                       1.7   -1.7      3.0
  SNOW DEPTH       0

DEGREE DAYS
 HEATING
  YESTERDAY       22                        21      1       25
  MONTH TO DATE  672                       673     -1      861
  SINCE DEC 1   1128                      1286   -158     1384
  SINCE JUL 1   1675                      1754    -79     1911

 COOLING
  YESTERDAY        0                         0      0        0
  MONTH TO DATE    0                         0      0        0
  SINCE DEC 1      0                         1     -1        7
  SINCE JAN 1      0                         0      0        0
..................................................................


WIND (MPH)
  RESULTANT WIND SPEED   1   RESULTANT WIND DIRECTION   N (350)
  HIGHEST WIND SPEED    13   HIGHEST WIND DIRECTION    NW (320)
  HIGHEST GUST SPEED    17   HIGHEST GUST DIRECTION    NW (330)
  AVERAGE WIND SPEED     3.1


SKY COVER
  AVERAGE SKY COVER 0.6


WEATHER CONDITIONS
 THE FOLLOWING WEATHER WAS RECORDED YESTERDAY.
  HAZE


RELATIVE HUMIDITY (PERCENT)
 HIGHEST    69           700 AM
 LOWEST     19           500 PM
 AVERAGE    44

..........................................................


THE ATLANTA CLIMATE NORMALS FOR TODAY
                         NORMAL    RECORD    YEAR
 MAXIMUM TEMPERATURE (F)   54        77      1957
 MINIMUM TEMPERATURE (F)   35        10      1936


SUNRISE AND SUNSET
FEBRUARY  1 2015......SUNRISE   734 AM EST   SUNSET   609 PM EST
FEBRUARY  2 2015......SUNRISE   734 AM EST   SUNSET   610 PM EST


-  INDICATES NEGATIVE NUMBERS.
R  INDICATES RECORD WAS SET OR TIED.
MM INDICATES DATA IS MISSING.
T  INDICATES TRACE AMOUNT.




$$
