000
CDUS42 KFFC 210818
CLIATL


CLIMATE REPORT
NATIONAL WEATHER SERVICE PEACHTREE CITY GA
418 AM EDT FRI JUL 21 2017


...................................

...THE ATLANTA CLIMATE SUMMARY FOR JULY 20 2017...

CLIMATE NORMAL PERIOD 1981 TO 2010
CLIMATE RECORD PERIOD 1878 TO 2017


WEATHER ITEM   OBSERVED TIME   RECORD YEAR NORMAL DEPARTURE LAST
                VALUE   (LST)  VALUE       VALUE  FROM      YEAR
                                                  NORMAL
..................................................................
TEMPERATURE (F)
 YESTERDAY
  MAXIMUM         93    429 PM 100    1986  89      4       97
  MINIMUM         73    538 AM  61    2009  71      2       71
                                      1946
  AVERAGE         83                        80      3       84

PRECIPITATION (IN)
  YESTERDAY        0.00          2.20 1958   0.17  -0.17     0.03
  MONTH TO DATE    2.56                      3.57  -1.01     2.04
  SINCE JUN 1     10.27                      7.52   2.75     5.30
  SINCE JAN 1     33.35                     28.23   5.12    24.44

DEGREE DAYS
 HEATING
  YESTERDAY        0                         0      0        0
  MONTH TO DATE    0                         0      0        0
  SINCE JUN 1      0                         2     -2        0
  SINCE JUL 1      0                         0      0        0

 COOLING
  YESTERDAY       18                        15      3       19
  MONTH TO DATE  324                       300     24      370
  SINCE JUN 1    680                       671      9      859
  SINCE JAN 1   1088                       921    167     1188
..................................................................


WIND (MPH)
  RESULTANT WIND SPEED   7   RESULTANT WIND DIRECTION  NW (320)
  HIGHEST WIND SPEED    18   HIGHEST WIND DIRECTION    NW (330)
  HIGHEST GUST SPEED    24   HIGHEST GUST DIRECTION     N (360)
  AVERAGE WIND SPEED     8.3


SKY COVER
  AVERAGE SKY COVER 0.3


WEATHER CONDITIONS
 THE FOLLOWING WEATHER WAS RECORDED YESTERDAY.
  NO SIGNIFICANT WEATHER WAS OBSERVED.


RELATIVE HUMIDITY (PERCENT)
 HIGHEST    87           600 AM
 LOWEST     44           300 PM
 AVERAGE    66

..........................................................


THE ATLANTA CLIMATE NORMALS FOR TODAY
                         NORMAL    RECORD    YEAR
 MAXIMUM TEMPERATURE (F)   89       102      1986
 MINIMUM TEMPERATURE (F)   71        61      1929


SUNRISE AND SUNSET
JULY 21 2017..........SUNRISE   642 AM EDT   SUNSET   846 PM EDT
JULY 22 2017..........SUNRISE   643 AM EDT   SUNSET   845 PM EDT


-  INDICATES NEGATIVE NUMBERS.
R  INDICATES RECORD WAS SET OR TIED.
MM INDICATES DATA IS MISSING.
T  INDICATES TRACE AMOUNT.




$$
