000
CDUS42 KFFC 260020
CLIATL


CLIMATE REPORT
NATIONAL WEATHER SERVICE PEACHTREE CITY GA
720 PM EST TUE NOV 25 2014


...................................

...THE ATLANTA CLIMATE SUMMARY FOR NOVEMBER 25 2014...
VALID AS OF 0700 PM LOCAL TIME.

CLIMATE NORMAL PERIOD 1981 TO 2010
CLIMATE RECORD PERIOD 1878 TO 2014


WEATHER ITEM   OBSERVED TIME   RECORD YEAR NORMAL DEPARTURE LAST
                VALUE   (LST)  VALUE       VALUE  FROM      YEAR
                                                  NORMAL
..................................................................
TEMPERATURE (F)
 TODAY
  MAXIMUM         62    335 PM  76    1973  60      2       46
  MINIMUM         48    815 AM   3    1950  42      6       29
  AVERAGE         55                        51      4       38

PRECIPITATION (IN)
  TODAY            0.00          2.43 1992   0.14  -0.14      T
  MONTH TO DATE    3.85                      3.35   0.50     0.77
  SINCE SEP 1      8.14                     11.23  -3.09     6.08
  SINCE JAN 1     42.11                     45.06  -2.95    57.12

SNOWFALL (IN)
  TODAY            0.0           0.0  2001   0.0    0.0      0.0
  MONTH TO DATE    0.0                       0.0    0.0      0.0
  SINCE SEP 1      0.0                       0.0    0.0      0.0
  SINCE JUL 1      0.0                       0.0    0.0      0.0
  SNOW DEPTH       0

DEGREE DAYS
 HEATING
  TODAY           10                        14     -4       27
  MONTH TO DATE  383                       263    120      305
  SINCE SEP 1    456                       392     64      402
  SINCE JUL 1    456                       392     64      403

 COOLING
  TODAY            0                         0      0        0
  MONTH TO DATE    1                        11    -10        1
  SINCE SEP 1    448                       344    104      373
  SINCE JAN 1   1986                      1883    103     1755
..................................................................


WIND (MPH)
  RESULTANT WIND SPEED   9   RESULTANT WIND DIRECTION  NW (330)
  HIGHEST WIND SPEED    17   HIGHEST WIND DIRECTION    NW (320)
  HIGHEST GUST SPEED    23   HIGHEST GUST DIRECTION    NE (40)
  AVERAGE WIND SPEED     9.4


SKY COVER
  AVERAGE SKY COVER 0.7


WEATHER CONDITIONS
 THE FOLLOWING WEATHER WAS RECORDED TODAY.
  NO SIGNIFICANT WEATHER WAS OBSERVED.


RELATIVE HUMIDITY (PERCENT)
 HIGHEST    63           300 AM
 LOWEST     25           400 PM

..........................................................


THE ATLANTA CLIMATE NORMALS FOR TOMORROW
                         NORMAL    RECORD    YEAR
 MAXIMUM TEMPERATURE (F)   60        76      1973
                                             1908
 MINIMUM TEMPERATURE (F)   41        14      1950


SUNRISE AND SUNSET
NOVEMBER 25 2014......SUNRISE   719 AM EST   SUNSET   530 PM EST
NOVEMBER 26 2014......SUNRISE   720 AM EST   SUNSET   530 PM EST


-  INDICATES NEGATIVE NUMBERS.
R  INDICATES RECORD WAS SET OR TIED.
MM INDICATES DATA IS MISSING.
T  INDICATES TRACE AMOUNT.




$$
