000
CDUS42 KFFC 050823
CLIATL


CLIMATE REPORT
NATIONAL WEATHER SERVICE PEACHTREE CITY GA
423 AM EDT SAT SEP 5 2015


...................................

...THE ATLANTA CLIMATE SUMMARY FOR SEPTEMBER 4 2015...

CLIMATE NORMAL PERIOD 1981 TO 2010
CLIMATE RECORD PERIOD 1878 TO 2015


WEATHER ITEM   OBSERVED TIME   RECORD YEAR NORMAL DEPARTURE LAST
                VALUE   (LST)  VALUE       VALUE  FROM      YEAR
                                                  NORMAL
..................................................................
TEMPERATURE (F)
 YESTERDAY
  MAXIMUM         92    355 PM 100    1925  86      6       82
  MINIMUM         70    553 AM  57    1982  69      1       72
                                      1974
  AVERAGE         81                        77      4       77

PRECIPITATION (IN)
  YESTERDAY        T             3.67 1992   0.14  -0.14     0.11
  MONTH TO DATE    0.41                      0.56  -0.15     0.43
  SINCE SEP 1      0.41                      0.56  -0.15     0.43
  SINCE JAN 1     41.82                     34.39   7.43    34.40

DEGREE DAYS
 HEATING
  YESTERDAY        0                         0      0        0
  MONTH TO DATE    0                         0      0        0
  SINCE SEP 1      0                         0      0        0
  SINCE JUL 1      0                         0      0        0

 COOLING
  YESTERDAY       16                        12      4       12
  MONTH TO DATE   62                        49     13       62
  SINCE SEP 1     62                        49     13       62
  SINCE JAN 1   1854                      1588    266     1600
..................................................................


WIND (MPH)
  RESULTANT WIND SPEED   2   RESULTANT WIND DIRECTION  NW (330)
  HIGHEST WIND SPEED    22   HIGHEST WIND DIRECTION     N (340)
  HIGHEST GUST SPEED    24   HIGHEST GUST DIRECTION     N (340)
  AVERAGE WIND SPEED     3.3


SKY COVER
  AVERAGE SKY COVER 0.5


WEATHER CONDITIONS
 THE FOLLOWING WEATHER WAS RECORDED YESTERDAY.
  THUNDERSTORM
  LIGHT RAIN


RELATIVE HUMIDITY (PERCENT)
 HIGHEST    90           600 AM
 LOWEST     49           300 PM
 AVERAGE    70

..........................................................


THE ATLANTA CLIMATE NORMALS FOR TODAY
                         NORMAL    RECORD    YEAR
 MAXIMUM TEMPERATURE (F)   85       102      1925
 MINIMUM TEMPERATURE (F)   68        53      1891


SUNRISE AND SUNSET
SEPTEMBER  5 2015.....SUNRISE   714 AM EDT   SUNSET   758 PM EDT
SEPTEMBER  6 2015.....SUNRISE   715 AM EDT   SUNSET   757 PM EDT


-  INDICATES NEGATIVE NUMBERS.
R  INDICATES RECORD WAS SET OR TIED.
MM INDICATES DATA IS MISSING.
T  INDICATES TRACE AMOUNT.




$$
