000
CDUS42 KFFC 300022
CLIATL


CLIMATE REPORT
NATIONAL WEATHER SERVICE PEACHTREE CITY GA
821 PM EDT FRI AUG 29 2014


...................................

...THE ATLANTA CLIMATE SUMMARY FOR AUGUST 29 2014...
VALID AS OF 0800 PM LOCAL TIME.

CLIMATE NORMAL PERIOD 1981 TO 2010
CLIMATE RECORD PERIOD 1878 TO 2014


WEATHER ITEM   OBSERVED TIME   RECORD YEAR NORMAL DEPARTURE LAST
                VALUE   (LST)  VALUE       VALUE  FROM      YEAR
                                                  NORMAL
..................................................................
TEMPERATURE (F)
 TODAY
  MAXIMUM         92    429 PM  98    1990  87      5       92
  MINIMUM         68    631 AM  55    1992  70     -2       72
  AVERAGE         80                        78      2       82

PRECIPITATION (IN)
  TODAY            0.00          2.64 1952   0.13  -0.13     0.00
  MONTH TO DATE    5.01                      3.65   1.36     5.24
  SINCE JUN 1     14.71                     12.87   1.84    23.29
  SINCE JAN 1     33.18                     33.58  -0.40    51.04

SNOWFALL (IN)
  TODAY            0.0           0.0  2002   0.0    0.0      0.0
                                      2001
                                      2000
  MONTH TO DATE    0.0                       0.0    0.0      0.0
  SINCE JUN 1      0.0                       0.0    0.0      0.0
  SINCE JUL 1      0.0                       0.0    0.0      0.0
  SNOW DEPTH       0

DEGREE DAYS
 HEATING
  TODAY            0                         0      0        0
  MONTH TO DATE    0                         0      0        1
  SINCE JUN 1      0                         2     -2        1
  SINCE JUL 1      0                         0      0        1

 COOLING
  TODAY           15                        13      2       17
  MONTH TO DATE  411                       421    -10      363
  SINCE JUN 1   1225                      1263    -38     1142
  SINCE JAN 1   1508                      1513     -5     1350
..................................................................


WIND (MPH)
  RESULTANT WIND SPEED   3   RESULTANT WIND DIRECTION  SE (150)
  HIGHEST WIND SPEED    12   HIGHEST WIND DIRECTION    SE (150)
  HIGHEST GUST SPEED    16   HIGHEST GUST DIRECTION     S (160)
  AVERAGE WIND SPEED     3.3


SKY COVER
  AVERAGE SKY COVER 0.3


WEATHER CONDITIONS
 THE FOLLOWING WEATHER WAS RECORDED TODAY.
  NO SIGNIFICANT WEATHER WAS OBSERVED.


RELATIVE HUMIDITY (PERCENT)
 HIGHEST    73           500 AM
 LOWEST     30           500 PM

..........................................................


THE ATLANTA CLIMATE NORMALS FOR TOMORROW
                         NORMAL    RECORD    YEAR
 MAXIMUM TEMPERATURE (F)   87        98      1948
 MINIMUM TEMPERATURE (F)   70        55      1986


SUNRISE AND SUNSET
AUGUST 29 2014........SUNRISE   710 AM EDT   SUNSET   807 PM EDT
AUGUST 30 2014........SUNRISE   710 AM EDT   SUNSET   806 PM EDT


-  INDICATES NEGATIVE NUMBERS.
R  INDICATES RECORD WAS SET OR TIED.
MM INDICATES DATA IS MISSING.
T  INDICATES TRACE AMOUNT.




$$
