000
CDUS42 KFFC 222135
CLIATL


CLIMATE REPORT
NATIONAL WEATHER SERVICE PEACHTREE CITY GA
435 PM EST SAT NOV 22 2014


...................................

...THE ATLANTA CLIMATE SUMMARY FOR NOVEMBER 22 2014...
VALID TODAY AS OF 0400 PM LOCAL TIME.

CLIMATE NORMAL PERIOD 1981 TO 2010
CLIMATE RECORD PERIOD 1878 TO 2014


WEATHER ITEM   OBSERVED TIME   RECORD YEAR NORMAL DEPARTURE LAST
                VALUE   (LST)  VALUE       VALUE  FROM      YEAR
                                                  NORMAL
..................................................................
TEMPERATURE (F)
 TODAY
  MAXIMUM         62    322 PM  77    2011  61      1       64
  MINIMUM         38    748 AM  19    1937  42     -4       51
  AVERAGE         50                        52     -2       58

PRECIPITATION (IN)
  TODAY            0.00          1.89 1883   0.15  -0.15     0.09
  MONTH TO DATE    1.67                      2.91  -1.24     0.77
  SINCE SEP 1      5.96                     10.79  -4.83     6.08
  SINCE JAN 1     39.93                     44.62  -4.69    57.12

SNOWFALL (IN)
  TODAY            0.0           0.0  2001   0.0    0.0      0.0
  MONTH TO DATE    0.0                       0.0    0.0      0.0
  SINCE SEP 1      0.0                       0.0    0.0      0.0
  SINCE JUL 1      0.0                       0.0    0.0      0.0
  SNOW DEPTH       0

DEGREE DAYS
 HEATING
  TODAY           15                        13      2        7
  MONTH TO DATE  362                       221    141      237
  SINCE SEP 1    435                       350     85      334
  SINCE JUL 1    435                       350     85      335

 COOLING
  TODAY            0                         0      0        0
  MONTH TO DATE    0                        11    -11        1
  SINCE SEP 1    447                       344    103      373
  SINCE JAN 1   1985                      1883    102     1755
..................................................................


WIND (MPH)
  HIGHEST WIND SPEED    16   HIGHEST WIND DIRECTION     E (80)
  HIGHEST GUST SPEED    33   HIGHEST GUST DIRECTION     S (160)
  AVERAGE WIND SPEED     9.1


SKY COVER
  POSSIBLE SUNSHINE  MM
  AVERAGE SKY COVER 0.2


WEATHER CONDITIONS
 THE FOLLOWING WEATHER WAS RECORDED TODAY.
  NO SIGNIFICANT WEATHER WAS OBSERVED.


RELATIVE HUMIDITY (PERCENT)
 HIGHEST    76           500 AM
 LOWEST     25           200 PM
 AVERAGE    51

..........................................................


THE ATLANTA CLIMATE NORMALS FOR TOMORROW
                         NORMAL    RECORD    YEAR
 MAXIMUM TEMPERATURE (F)   61        76      1979
 MINIMUM TEMPERATURE (F)   42        19      1970


SUNRISE AND SUNSET
NOVEMBER 22 2014......SUNRISE   716 AM EST   SUNSET   531 PM EST
NOVEMBER 23 2014......SUNRISE   717 AM EST   SUNSET   531 PM EST


-  INDICATES NEGATIVE NUMBERS.
R  INDICATES RECORD WAS SET OR TIED.
MM INDICATES DATA IS MISSING.
T  INDICATES TRACE AMOUNT.




$$
