000
CDUS44 KEWX 260711
CLIATT


CLIMATE REPORT
NATIONAL WEATHER SERVICE AUSTIN/SAN ANTONIO, TX
109 AM CST WED NOV 26 2014


...................................

...THE AUSTIN CAMP MABRY CLIMATE SUMMARY FOR NOVEMBER 25 2014...

CLIMATE NORMAL PERIOD 1981 TO 2010
CLIMATE RECORD PERIOD 1897 TO 2014


WEATHER ITEM   OBSERVED TIME   RECORD YEAR NORMAL DEPARTURE LAST
                VALUE   (LST)  VALUE       VALUE  FROM      YEAR
                                                  NORMAL
..................................................................
TEMPERATURE (F)
 YESTERDAY
  MAXIMUM         67    334 PM  85    1967  68     -1       40
                                      1942
  MINIMUM         38    241 AM  23    1938  47     -9       35
                                      1924
  AVERAGE         53                        57     -4

PRECIPITATION (IN)
  YESTERDAY        0.00          1.48 1940   0.09  -0.09     0.95
  MONTH TO DATE    5.81                      2.51   3.30     3.43
  SINCE SEP 1     14.64                      9.38   5.26    22.53
  SINCE JAN 1     34.50                     31.47   3.03    40.31

SNOWFALL (IN)
  YESTERDAY        0.0
  MONTH TO DATE    0.0
  SINCE SEP 1      0.0
  SINCE JUL 1      0.0
  SNOW DEPTH       0

DEGREE DAYS
 HEATING
  YESTERDAY       12                         9      3       27
  MONTH TO DATE  263                       134    129      171
  SINCE SEP 1    265                       165    100      191
  SINCE JUL 1    265                       165    100      191

 COOLING
  YESTERDAY        0                         1     -1        0
  MONTH TO DATE   10                        56    -46       48
  SINCE SEP 1    788                       727     61      839
  SINCE JAN 1   3181                      3121     60     3449
..................................................................


WIND (MPH)
  HIGHEST WIND SPEED     9   HIGHEST WIND DIRECTION     W (260)
  HIGHEST GUST SPEED    16   HIGHEST GUST DIRECTION    NW (300)
  AVERAGE WIND SPEED     3.3


SKY COVER
  AVERAGE SKY COVER 0.0


WEATHER CONDITIONS
 THE FOLLOWING WEATHER WAS RECORDED YESTERDAY.
  NO SIGNIFICANT WEATHER WAS OBSERVED.


RELATIVE HUMIDITY (PERCENT)
 HIGHEST    85          1200 AM
 LOWEST     20           400 PM
 AVERAGE    53

..........................................................


THE AUSTIN CAMP MABRY CLIMATE NORMALS FOR TODAY
                         NORMAL    RECORD    YEAR
 MAXIMUM TEMPERATURE (F)   68        86      1988
 MINIMUM TEMPERATURE (F)   47        24      1924


SUNRISE AND SUNSET
NOVEMBER 26 2014......SUNRISE   706 AM CST   SUNSET   530 PM CST
NOVEMBER 27 2014......SUNRISE   706 AM CST   SUNSET   530 PM CST


-  INDICATES NEGATIVE NUMBERS.
R  INDICATES RECORD WAS SET OR TIED.
MM INDICATES DATA IS MISSING.
T  INDICATES TRACE AMOUNT.




$$
