000
CDUS44 KEWX 222246
CLIATT


CLIMATE REPORT
NATIONAL WEATHER SERVICE AUSTIN/SAN ANTONIO, TX
545 PM CDT FRI SEP 22 2017


...................................

...THE AUSTIN CAMP MABRY CLIMATE SUMMARY FOR SEPTEMBER 22 2017...
VALID TODAY AS OF 0500 PM LOCAL TIME.

CLIMATE NORMAL PERIOD 1981 TO 2010
CLIMATE RECORD PERIOD 1897 TO 2017


WEATHER ITEM   OBSERVED TIME   RECORD YEAR NORMAL DEPARTURE LAST
                VALUE   (LST)  VALUE       VALUE  FROM      YEAR
                                                  NORMAL
..................................................................
TEMPERATURE (F)
 TODAY
  MAXIMUM         91   1219 PM 102    1926  89      2       94
  MINIMUM         75    322 AM  49    1995  68      7       70
                                      1983
  AVERAGE         83                        78      5       82

PRECIPITATION (IN)
  TODAY            T             4.00 1965   0.08  -0.08     0.00
  MONTH TO DATE    0.02                      2.28  -2.26     0.07
  SINCE SEP 1      0.02                      2.28  -2.26     0.07
  SINCE JAN 1     26.52                     24.37   2.15    31.01

SNOWFALL (IN)
  TODAY            0.0
  MONTH TO DATE    0.0
  SINCE SEP 1      0.0
  SINCE JUL 1      0.0
  SNOW DEPTH       0

DEGREE DAYS
 HEATING
  TODAY            0                         0      0        0
  MONTH TO DATE    0                         0      0        0
  SINCE SEP 1      0                         0      0        0
  SINCE JUL 1      0                         0      0        0

 COOLING
  TODAY           18                        13      5       17
  MONTH TO DATE  342                       354    -12      432
  SINCE SEP 1    342                       354    -12      432
  SINCE JAN 1   3168                      2748    420     2926
..................................................................


WIND (MPH)
  HIGHEST WIND SPEED    13   HIGHEST WIND DIRECTION    SE (150)
  HIGHEST GUST SPEED    20   HIGHEST GUST DIRECTION     S (160)
  AVERAGE WIND SPEED     5.1


SKY COVER
  AVERAGE SKY COVER 0.7


WEATHER CONDITIONS
 THE FOLLOWING WEATHER WAS RECORDED TODAY.
  LIGHT RAIN
  FOG


RELATIVE HUMIDITY (PERCENT)
 HIGHEST    94           700 AM
 LOWEST     50           400 PM
 AVERAGE    72

..........................................................


THE AUSTIN CAMP MABRY CLIMATE NORMALS FOR TOMORROW
                         NORMAL    RECORD    YEAR
 MAXIMUM TEMPERATURE (F)   88       100      2000
 MINIMUM TEMPERATURE (F)   67        52      1995
                                             1983


SUNRISE AND SUNSET
SEPTEMBER 22 2017.....SUNRISE   719 AM CDT   SUNSET   727 PM CDT
SEPTEMBER 23 2017.....SUNRISE   720 AM CDT   SUNSET   726 PM CDT


-  INDICATES NEGATIVE NUMBERS.
R  INDICATES RECORD WAS SET OR TIED.
MM INDICATES DATA IS MISSING.
T  INDICATES TRACE AMOUNT.




$$
