000
CDUS44 KEWX 292223
CLIATT


CLIMATE REPORT
NATIONAL WEATHER SERVICE AUSTIN/SAN ANTONIO, TX
522 PM CDT MON SEP 29 2014


...................................

...THE AUSTIN CAMP MABRY CLIMATE SUMMARY FOR SEPTEMBER 29 2014...
VALID TODAY AS OF 522 PM LOCAL TIME.

CLIMATE NORMAL PERIOD 1981 TO 2010
CLIMATE RECORD PERIOD 1897 TO 2014


WEATHER ITEM   OBSERVED TIME   RECORD YEAR NORMAL DEPARTURE LAST
                VALUE   (LST)  VALUE       VALUE  FROM      YEAR
                                                  NORMAL
..................................................................
TEMPERATURE (F)
 TODAY
  MAXIMUM         89    336 PM 101    2011  87      2       78
  MINIMUM         67    642 AM  47    1967  65      2       66
  AVERAGE         78                        76      2       72

PRECIPITATION (IN)
  TODAY            0.00          1.91 2012   0.09  -0.09     0.52
  MONTH TO DATE    6.98                      2.90   4.08     5.82
  SINCE SEP 1      6.98                      2.90   4.08     5.82
  SINCE JAN 1     26.84                     24.99   1.85    23.60

SNOWFALL (IN)
  TODAY            0.0
  MONTH TO DATE    0.0
  SINCE SEP 1      0.0
  SINCE JUL 1      0.0
  SNOW DEPTH       0

DEGREE DAYS
 HEATING
  TODAY            0                         0      0        0
  MONTH TO DATE    2                         0      2        0
  SINCE SEP 1      2                         0      2        0
  SINCE JUL 1      2                         0      2        0

 COOLING
  TODAY           13                        11      2        7
  MONTH TO DATE  463                       438     25      550
  SINCE SEP 1    463                       438     25      550
  SINCE JAN 1   2856                      2832     24     3160
..................................................................


WIND (MPH)
  HIGHEST WIND SPEED     8   HIGHEST WIND DIRECTION     E (90)
  HIGHEST GUST SPEED    12   HIGHEST GUST DIRECTION     E (70)
  AVERAGE WIND SPEED     2.4


SKY COVER
  AVERAGE SKY COVER 0.1


WEATHER CONDITIONS
 THE FOLLOWING WEATHER WAS RECORDED TODAY.
  NO SIGNIFICANT WEATHER WAS OBSERVED.


RELATIVE HUMIDITY (PERCENT)
 HIGHEST    93           500 AM
 LOWEST     43           200 PM
 AVERAGE    68

..........................................................


THE AUSTIN CAMP MABRY CLIMATE NORMALS FOR TOMORROW
                         NORMAL    RECORD    YEAR
 MAXIMUM TEMPERATURE (F)   86        97      1923
 MINIMUM TEMPERATURE (F)   65        42      1924


SUNRISE AND SUNSET
SEPTEMBER 29 2014.....SUNRISE   723 AM CDT   SUNSET   719 PM CDT
SEPTEMBER 30 2014.....SUNRISE   724 AM CDT   SUNSET   717 PM CDT


-  INDICATES NEGATIVE NUMBERS.
R  INDICATES RECORD WAS SET OR TIED.
MM INDICATES DATA IS MISSING.
T  INDICATES TRACE AMOUNT.




$$
