000
CDUS43 KABR 012229
CLIATY


CLIMATE REPORT
NATIONAL WEATHER SERVICE ABERDEEN SD
527 PM CDT MON JUN 1 2015


...................................

...THE WATERTOWN SD CLIMATE SUMMARY FOR JUNE 1 2015...
VALID TODAY AS OF 0500 PM LOCAL TIME.

CLIMATE NORMAL PERIOD 1981 TO 2010
CLIMATE RECORD PERIOD 1898 TO 2015


WEATHER ITEM   OBSERVED TIME   RECORD YEAR NORMAL DEPARTURE LAST
                VALUE   (LST)  VALUE       VALUE  FROM      YEAR
                                                  NORMAL
..................................................................
TEMPERATURE (F)
 TODAY
  MAXIMUM         76    355 PM  94    1940  72      4       78
  MINIMUM         54    558 AM  33    1956  50      4       59
  AVERAGE         65                        61      4       69

PRECIPITATION (IN)
  TODAY            0.00          1.87 1904   0.11  -0.11     1.67
  MONTH TO DATE    0.00                      0.11  -0.11     1.67
  SINCE JUN 1      0.00                      0.11  -0.11     1.67
  SINCE JAN 1      6.00                      6.96  -0.96     6.54

SNOWFALL (IN)
  TODAY            0.0
  MONTH TO DATE    0.0
  SINCE OCT 1     25.3
  SINCE JUL 1     25.3
  SNOW DEPTH       0

DEGREE DAYS
 HEATING
  TODAY            0                         5     -5        0
  MONTH TO DATE    0                         5     -5        0
  SINCE JUN 1      0                         5     -5        0
  SINCE JUL 1   8196                      8452   -256     9273

 COOLING
  TODAY            0                         1     -1        4
  MONTH TO DATE    0                         1     -1        4
  SINCE JUN 1      0                         1     -1        4
  SINCE JAN 1      8                        23    -15       45
..................................................................


WIND (MPH)
  HIGHEST WIND SPEED    24   HIGHEST WIND DIRECTION     S (170)
  HIGHEST GUST SPEED    29   HIGHEST GUST DIRECTION     S (170)
  AVERAGE WIND SPEED    14.0


SKY COVER
  POSSIBLE SUNSHINE  MM
  AVERAGE SKY COVER 0.8


WEATHER CONDITIONS
 THE FOLLOWING WEATHER WAS RECORDED TODAY.
  NO SIGNIFICANT WEATHER WAS OBSERVED.


RELATIVE HUMIDITY (PERCENT)
 HIGHEST    72          1200 AM
 LOWEST     38           300 PM
 AVERAGE    55

..........................................................


THE WATERTOWN SD CLIMATE NORMALS FOR TOMORROW
                         NORMAL    RECORD    YEAR
 MAXIMUM TEMPERATURE (F)   72        96      1940
 MINIMUM TEMPERATURE (F)   50        30      1946


SUNRISE AND SUNSET
JUNE  1 2015..........SUNRISE   546 AM CDT   SUNSET   908 PM CDT
JUNE  2 2015..........SUNRISE   545 AM CDT   SUNSET   909 PM CDT


-  INDICATES NEGATIVE NUMBERS.
R  INDICATES RECORD WAS SET OR TIED.
MM INDICATES DATA IS MISSING.
T  INDICATES TRACE AMOUNT.




$$
