000
CDUS43 KABR 281032
CLIATY


CLIMATE REPORT
NATIONAL WEATHER SERVICE ABERDEEN SD
532 AM CDT FRI JUL 28 2017


...................................

...THE WATERTOWN SD CLIMATE SUMMARY FOR JULY 27 2017...

CLIMATE NORMAL PERIOD 1981 TO 2010
CLIMATE RECORD PERIOD 1898 TO 2017


WEATHER ITEM   OBSERVED TIME   RECORD YEAR NORMAL DEPARTURE LAST
                VALUE   (LST)  VALUE       VALUE  FROM      YEAR
                                                  NORMAL
..................................................................
TEMPERATURE (F)
 YESTERDAY
  MAXIMUM         81    439 PM 105    1931  83     -2       82
  MINIMUM         56    522 AM  42    2013  60     -4       61
  AVERAGE         69                        71     -2       72

PRECIPITATION (IN)
  YESTERDAY        0.00          0.97 1910   0.10  -0.10     0.13
  MONTH TO DATE    3.21                      2.63   0.58     2.48
  SINCE JUN 1      6.95                      6.21   0.74     4.01
  SINCE JAN 1     11.90                     13.06  -1.16     9.66

DEGREE DAYS
 HEATING
  YESTERDAY        0                         1     -1        0
  MONTH TO DATE    1                        14    -13       12
  SINCE JUN 1     49                        92    -43       37
  SINCE JUL 1      1                        14    -13       12

 COOLING
  YESTERDAY        4                         7     -3        7
  MONTH TO DATE  196                       182     14      219
  SINCE JUN 1    301                       278     23      418
  SINCE JAN 1    312                       300     12      442
..................................................................


WIND (MPH)
  HIGHEST WIND SPEED    10   HIGHEST WIND DIRECTION    NE (60)
  HIGHEST GUST SPEED    13   HIGHEST GUST DIRECTION    NE (40)
  AVERAGE WIND SPEED     4.0


SKY COVER
  POSSIBLE SUNSHINE  MM
  AVERAGE SKY COVER 0.2


WEATHER CONDITIONS
 THE FOLLOWING WEATHER WAS RECORDED YESTERDAY.
  NO SIGNIFICANT WEATHER WAS OBSERVED.


RELATIVE HUMIDITY (PERCENT)
 HIGHEST    93          1200 AM
 LOWEST     48           300 PM
 AVERAGE    71

..........................................................


THE WATERTOWN SD CLIMATE NORMALS FOR TODAY
                         NORMAL    RECORD    YEAR
 MAXIMUM TEMPERATURE (F)   83       105      1933
 MINIMUM TEMPERATURE (F)   60        41      1928


SUNRISE AND SUNSET
JULY 28 2017..........SUNRISE   610 AM CDT   SUNSET   859 PM CDT
JULY 29 2017..........SUNRISE   611 AM CDT   SUNSET   858 PM CDT


-  INDICATES NEGATIVE NUMBERS.
R  INDICATES RECORD WAS SET OR TIED.
MM INDICATES DATA IS MISSING.
T  INDICATES TRACE AMOUNT.




$$
