000
CDUS43 KABR 132227
CLIATY


CLIMATE REPORT
NATIONAL WEATHER SERVICE ABERDEEN SD
526 PM CDT SUN JUL 13 2014


...................................

...THE WATERTOWN SD CLIMATE SUMMARY FOR JULY 13 2014...
VALID TODAY AS OF 0500 PM LOCAL TIME.

CLIMATE NORMAL PERIOD 1981 TO 2010
CLIMATE RECORD PERIOD 1898 TO 2014


WEATHER ITEM   OBSERVED TIME   RECORD YEAR NORMAL DEPARTURE LAST
                VALUE   (LST)  VALUE       VALUE  FROM      YEAR
                                                  NORMAL
..................................................................
TEMPERATURE (F)
 TODAY
  MAXIMUM         76    338 PM 101    1936  83     -7       86
  MINIMUM         56    524 AM  38    1926  60     -4       72
  AVERAGE         66                        71     -5       79

PRECIPITATION (IN)
  TODAY            0.00          1.90 1966   0.10  -0.10      T
  MONTH TO DATE    0.49                      1.30  -0.81     0.76
  SINCE JUN 1      5.09                      4.88   0.21     6.27
  SINCE JAN 1      9.96                     11.73  -1.77    14.26

SNOWFALL (IN)
  TODAY            0.0
  MONTH TO DATE    0.0
  SINCE OCT 1     28.2
  SINCE JUL 1      0.0
  SNOW DEPTH       0

DEGREE DAYS
 HEATING
  TODAY            0                         0      0        0
  MONTH TO DATE   11                         8      3        0
  SINCE JUN 1     74                        86    -12       88
  SINCE JUL 1     11                         8      3        0

 COOLING
  TODAY            1                         7     -6       14
  MONTH TO DATE   65                        84    -19      105
  SINCE JUN 1    126                       180    -54      194
  SINCE JAN 1    167                       202    -35      216
..................................................................


WIND (MPH)
  HIGHEST WIND SPEED    22   HIGHEST WIND DIRECTION    NW (310)
  HIGHEST GUST SPEED    28   HIGHEST GUST DIRECTION    NW (310)
  AVERAGE WIND SPEED     9.4


SKY COVER
  POSSIBLE SUNSHINE  MM
  AVERAGE SKY COVER 0.0


WEATHER CONDITIONS
 THE FOLLOWING WEATHER WAS RECORDED TODAY.
  FOG


RELATIVE HUMIDITY (PERCENT)
 HIGHEST    93          1200 AM
 LOWEST     31           400 PM
 AVERAGE    62

..........................................................


THE WATERTOWN SD CLIMATE NORMALS FOR TOMORROW
                         NORMAL    RECORD    YEAR
 MAXIMUM TEMPERATURE (F)   83       104      1931
 MINIMUM TEMPERATURE (F)   60        40      1930


SUNRISE AND SUNSET
JULY 13 2014..........SUNRISE   555 AM CDT   SUNSET   913 PM CDT
JULY 14 2014..........SUNRISE   556 AM CDT   SUNSET   913 PM CDT


-  INDICATES NEGATIVE NUMBERS.
R  INDICATES RECORD WAS SET OR TIED.
MM INDICATES DATA IS MISSING.
T  INDICATES TRACE AMOUNT.




$$
