000
CDUS43 KABR 300905
CLIATY


CLIMATE REPORT
NATIONAL WEATHER SERVICE ABERDEEN SD
404 AM CDT THU JUL 30 2015


...................................

...THE WATERTOWN SD CLIMATE SUMMARY FOR JULY 29 2015...

CLIMATE NORMAL PERIOD 1981 TO 2010
CLIMATE RECORD PERIOD 1898 TO 2015


WEATHER ITEM   OBSERVED TIME   RECORD YEAR NORMAL DEPARTURE LAST
                VALUE   (LST)  VALUE       VALUE  FROM      YEAR
                                                  NORMAL
..................................................................
TEMPERATURE (F)
 YESTERDAY
  MAXIMUM         81    501 PM 107    1933  82     -1       76
  MINIMUM         59    523 AM  44    1925  60     -1       49
  AVERAGE         70                        71     -1       63

PRECIPITATION (IN)
  YESTERDAY        0.00          1.20 1950   0.10  -0.10     0.00
  MONTH TO DATE    3.57                      2.82   0.75     1.25
  SINCE JUN 1      6.50                      6.40   0.10     5.85
  SINCE JAN 1     12.50                     13.25  -0.75    10.72

DEGREE DAYS
 HEATING
  YESTERDAY        0                         1     -1        2
  MONTH TO DATE   13                        16     -3       34
  SINCE JUN 1     40                        94    -54       97
  SINCE JUL 1     13                        16     -3       34

 COOLING
  YESTERDAY        5                         7     -2        0
  MONTH TO DATE  211                       196     15      119
  SINCE JUN 1    308                       292     16      180
  SINCE JAN 1    316                       314      2      221
..................................................................


WIND (MPH)
  HIGHEST WIND SPEED    29   HIGHEST WIND DIRECTION     W (290)
  HIGHEST GUST SPEED    41   HIGHEST GUST DIRECTION     W (290)
  AVERAGE WIND SPEED    14.7


SKY COVER
  POSSIBLE SUNSHINE  MM
  AVERAGE SKY COVER 0.0


WEATHER CONDITIONS
 THE FOLLOWING WEATHER WAS RECORDED YESTERDAY.
  NO SIGNIFICANT WEATHER WAS OBSERVED.


RELATIVE HUMIDITY (PERCENT)
 HIGHEST    78          1000 PM
 LOWEST     33           500 PM
 AVERAGE    56

..........................................................


THE WATERTOWN SD CLIMATE NORMALS FOR TODAY
                         NORMAL    RECORD    YEAR
 MAXIMUM TEMPERATURE (F)   82       108      1933
 MINIMUM TEMPERATURE (F)   60        37      1971


SUNRISE AND SUNSET
JULY 30 2015..........SUNRISE   612 AM CDT   SUNSET   858 PM CDT
JULY 31 2015..........SUNRISE   613 AM CDT   SUNSET   856 PM CDT


-  INDICATES NEGATIVE NUMBERS.
R  INDICATES RECORD WAS SET OR TIED.
MM INDICATES DATA IS MISSING.
T  INDICATES TRACE AMOUNT.




$$
