000
CDUS43 KABR 301038
CLIATY


CLIMATE REPORT
NATIONAL WEATHER SERVICE ABERDEEN SD
537 AM CDT FRI SEP 30 2016


...................................

...THE WATERTOWN SD CLIMATE SUMMARY FOR SEPTEMBER 29 2016...

CLIMATE NORMAL PERIOD 1981 TO 2010
CLIMATE RECORD PERIOD 1898 TO 2016


WEATHER ITEM   OBSERVED TIME   RECORD YEAR NORMAL DEPARTURE LAST
                VALUE   (LST)  VALUE       VALUE  FROM      YEAR
                                                  NORMAL
..................................................................
TEMPERATURE (F)
 YESTERDAY
  MAXIMUM         66    334 PM  87    1933  65      1       70
  MINIMUM         37    557 AM   9    1899  41     -4       37
  AVERAGE         52                        53     -1       54

PRECIPITATION (IN)
  YESTERDAY        0.00          1.05 1965   0.08  -0.08     0.00
  MONTH TO DATE    2.06                      2.57  -0.51     0.27
  SINCE SEP 1      2.06                      2.57  -0.51     0.27
  SINCE JAN 1     18.70                     18.80  -0.10    18.21

DEGREE DAYS
 HEATING
  YESTERDAY       13                        12      1       11
  MONTH TO DATE  112                       206    -94       84
  SINCE SEP 1    112                       206    -94       84
  SINCE JUL 1    138                       263   -125      146

 COOLING
  YESTERDAY        0                         0      0        0
  MONTH TO DATE   36                        37     -1      106
  SINCE SEP 1     36                        37     -1      106
  SINCE JAN 1    721                       511    210      583
..................................................................


WIND (MPH)
  HIGHEST WIND SPEED    12   HIGHEST WIND DIRECTION     E (80)
  HIGHEST GUST SPEED    17   HIGHEST GUST DIRECTION    SE (120)
  AVERAGE WIND SPEED     4.8


SKY COVER
  POSSIBLE SUNSHINE  MM
  AVERAGE SKY COVER 0.1


WEATHER CONDITIONS
 THE FOLLOWING WEATHER WAS RECORDED YESTERDAY.
  FOG


RELATIVE HUMIDITY (PERCENT)
 HIGHEST   100           100 AM
 LOWEST     52           200 PM
 AVERAGE    76

..........................................................


THE WATERTOWN SD CLIMATE NORMALS FOR TODAY
                         NORMAL    RECORD    YEAR
 MAXIMUM TEMPERATURE (F)   64        87      1976
                                             1932
 MINIMUM TEMPERATURE (F)   41        20      1939


SUNRISE AND SUNSET
SEPTEMBER 30 2016.....SUNRISE   726 AM CDT   SUNSET   710 PM CDT
OCTOBER  1 2016.......SUNRISE   727 AM CDT   SUNSET   708 PM CDT


-  INDICATES NEGATIVE NUMBERS.
R  INDICATES RECORD WAS SET OR TIED.
MM INDICATES DATA IS MISSING.
T  INDICATES TRACE AMOUNT.




$$
