000
CDUS43 KABR 291042
CLIATY


CLIMATE REPORT
NATIONAL WEATHER SERVICE ABERDEEN SD
541 AM CDT FRI APR 29 2016


...................................

...THE WATERTOWN SD CLIMATE SUMMARY FOR APRIL 28 2016...

CLIMATE NORMAL PERIOD 1981 TO 2010
CLIMATE RECORD PERIOD 1898 TO 2016


WEATHER ITEM   OBSERVED TIME   RECORD YEAR NORMAL DEPARTURE LAST
                VALUE   (LST)  VALUE       VALUE  FROM      YEAR
                                                  NORMAL
..................................................................
TEMPERATURE (F)
 YESTERDAY
  MAXIMUM         40    953 PM  94    1910  62    -22       66
  MINIMUM         34    319 PM  18    2008  38     -4       39
  AVERAGE         37                        50    -13       53

PRECIPITATION (IN)
  YESTERDAY       MM             0.86 2014   0.08  MM        0.00
  MONTH TO DATE    1.94                      1.85   0.09     0.39
  SINCE MAR 1      2.20                      2.96  -0.76     0.74
  SINCE JAN 1      3.23                      4.04  -0.81     1.39

SNOWFALL (IN)
  YESTERDAY       MM
  MONTH TO DATE    T
  SINCE OCT 1     28.7
  SINCE JUL 1     28.7
  SNOW DEPTH       0

DEGREE DAYS
 HEATING
  YESTERDAY       28                        15     13       12
  MONTH TO DATE  514                       605    -91      498
  SINCE MAR 1   1310                      1709   -399     1460
  SINCE JUL 1   6629                      8120  -1491     7852

 COOLING
  YESTERDAY        0                         0      0        0
  MONTH TO DATE    0                         0      0        0
  SINCE MAR 1      0                         0      0        0
  SINCE JAN 1      0                         0      0        0
..................................................................


WIND (MPH)
  HIGHEST WIND SPEED    21   HIGHEST WIND DIRECTION    NE (50)
  HIGHEST GUST SPEED    25   HIGHEST GUST DIRECTION    NE (50)
  AVERAGE WIND SPEED     9.2


SKY COVER
  POSSIBLE SUNSHINE  MM
  AVERAGE SKY COVER 1.0


WEATHER CONDITIONS
 THE FOLLOWING WEATHER WAS RECORDED YESTERDAY.
  RAIN
  LIGHT RAIN
  LIGHT SNOW
  FOG


RELATIVE HUMIDITY (PERCENT)
 HIGHEST    96           800 AM
 LOWEST     70           500 AM
 AVERAGE    83

..........................................................


THE WATERTOWN SD CLIMATE NORMALS FOR TODAY
                         NORMAL    RECORD    YEAR
 MAXIMUM TEMPERATURE (F)   63        89      1934
 MINIMUM TEMPERATURE (F)   38        14      1907


SUNRISE AND SUNSET
APRIL 29 2016.........SUNRISE   620 AM CDT   SUNSET   832 PM CDT
APRIL 30 2016.........SUNRISE   619 AM CDT   SUNSET   833 PM CDT


-  INDICATES NEGATIVE NUMBERS.
R  INDICATES RECORD WAS SET OR TIED.
MM INDICATES DATA IS MISSING.
T  INDICATES TRACE AMOUNT.




$$
