058
CDUS43 KABR 292231
CLIATY


CLIMATE REPORT
NATIONAL WEATHER SERVICE ABERDEEN SD
530 PM CDT WED MAR 29 2017


...................................

...THE WATERTOWN SD CLIMATE SUMMARY FOR MARCH 29 2017...
VALID TODAY AS OF 0500 PM LOCAL TIME.

CLIMATE NORMAL PERIOD 1981 TO 2010
CLIMATE RECORD PERIOD 1898 TO 2017


WEATHER ITEM   OBSERVED TIME   RECORD YEAR NORMAL DEPARTURE LAST
                VALUE   (LST)  VALUE       VALUE  FROM      YEAR
                                                  NORMAL
..................................................................
TEMPERATURE (F)
 TODAY
  MAXIMUM         56    158 PM  76    1967  46     10       59
  MINIMUM         36    608 AM -12    1969  25     11       38
  AVERAGE         46                        35     11       49

PRECIPITATION (IN)
  TODAY            0.00          1.50 1924   0.04  -0.04     0.03
  MONTH TO DATE    0.33                      1.01  -0.68     0.16
  SINCE MAR 1      0.33                      1.01  -0.68     0.16
  SINCE JAN 1      1.11                      2.09  -0.98     1.19

SNOWFALL (IN)
  TODAY            0.0
  MONTH TO DATE   11.3
  SINCE OCT 1     39.1
  SINCE JUL 1     39.1
  SNOW DEPTH       0

DEGREE DAYS
 HEATING
  TODAY           19                        30    -11       16
  MONTH TO DATE 1029                      1046    -17      750
  SINCE MAR 1   1029                      1046    -17      750
  SINCE JUL 1   6630                      7457   -827     6069

 COOLING
  TODAY            0                         0      0        0
  MONTH TO DATE    0                         0      0        0
  SINCE MAR 1      0                         0      0        0
  SINCE JAN 1      0                         0      0        0
..................................................................


WIND (MPH)
  HIGHEST WIND SPEED    18   HIGHEST WIND DIRECTION    SE (140)
  HIGHEST GUST SPEED    24   HIGHEST GUST DIRECTION    SE (130)
  AVERAGE WIND SPEED     6.8


SKY COVER
  POSSIBLE SUNSHINE  MM
  AVERAGE SKY COVER 0.1


WEATHER CONDITIONS
 THE FOLLOWING WEATHER WAS RECORDED TODAY.
  NO SIGNIFICANT WEATHER WAS OBSERVED.


RELATIVE HUMIDITY (PERCENT)
 HIGHEST    92           300 AM
 LOWEST     38           200 PM
 AVERAGE    65

..........................................................


THE WATERTOWN SD CLIMATE NORMALS FOR TOMORROW
                         NORMAL    RECORD    YEAR
 MAXIMUM TEMPERATURE (F)   46        81      1943
 MINIMUM TEMPERATURE (F)   25       -12      1969


SUNRISE AND SUNSET
MARCH 29 2017.........SUNRISE   714 AM CDT   SUNSET   753 PM CDT
MARCH 30 2017.........SUNRISE   712 AM CDT   SUNSET   754 PM CDT


-  INDICATES NEGATIVE NUMBERS.
R  INDICATES RECORD WAS SET OR TIED.
MM INDICATES DATA IS MISSING.
T  INDICATES TRACE AMOUNT.




$$
