000
CDUS43 KABR 291058
CLIATY


CLIMATE REPORT
NATIONAL WEATHER SERVICE ABERDEEN SD
555 AM CDT FRI JUL 29 2016


...................................

...THE WATERTOWN SD CLIMATE SUMMARY FOR JULY 28 2016...

CLIMATE NORMAL PERIOD 1981 TO 2010
CLIMATE RECORD PERIOD 1898 TO 2016


WEATHER ITEM   OBSERVED TIME   RECORD YEAR NORMAL DEPARTURE LAST
                VALUE   (LST)  VALUE       VALUE  FROM      YEAR
                                                  NORMAL
..................................................................
TEMPERATURE (F)
 YESTERDAY
  MAXIMUM         81    148 PM 105    1933  83     -2       78
  MINIMUM         60    503 AM  41    1928  60      0       61
  AVERAGE         71                        71      0       70

PRECIPITATION (IN)
  YESTERDAY        T             2.45 1953   0.09  -0.09     0.83
  MONTH TO DATE    2.48                      2.72  -0.24     3.57
  SINCE JUN 1      4.01                      6.30  -2.29     6.50
  SINCE JAN 1      9.66                     13.15  -3.49    12.50

DEGREE DAYS
 HEATING
  YESTERDAY        0                         1     -1        0
  MONTH TO DATE   12                        15     -3       13
  SINCE JUN 1     37                        93    -56       40
  SINCE JUL 1     12                        15     -3       13

 COOLING
  YESTERDAY        6                         7     -1        5
  MONTH TO DATE  225                       189     36      206
  SINCE JUN 1    424                       285    139      303
  SINCE JAN 1    448                       307    141      311
..................................................................


WIND (MPH)
  HIGHEST WIND SPEED    15   HIGHEST WIND DIRECTION     E (80)
  HIGHEST GUST SPEED    18   HIGHEST GUST DIRECTION     E (70)
  AVERAGE WIND SPEED     7.1


SKY COVER
  POSSIBLE SUNSHINE  MM
  AVERAGE SKY COVER 0.2


WEATHER CONDITIONS
 THE FOLLOWING WEATHER WAS RECORDED YESTERDAY.
  LIGHT RAIN
  FOG


RELATIVE HUMIDITY (PERCENT)
 HIGHEST    90          1200 AM
 LOWEST     45           200 PM
 AVERAGE    68

..........................................................


THE WATERTOWN SD CLIMATE NORMALS FOR TODAY
                         NORMAL    RECORD    YEAR
 MAXIMUM TEMPERATURE (F)   82       107      1933
 MINIMUM TEMPERATURE (F)   60        44      1925


SUNRISE AND SUNSET
JULY 29 2016..........SUNRISE   611 AM CDT   SUNSET   858 PM CDT
JULY 30 2016..........SUNRISE   613 AM CDT   SUNSET   857 PM CDT


-  INDICATES NEGATIVE NUMBERS.
R  INDICATES RECORD WAS SET OR TIED.
MM INDICATES DATA IS MISSING.
T  INDICATES TRACE AMOUNT.




$$
