000
CDUS43 KABR 242332
CLIATY


CLIMATE REPORT
NATIONAL WEATHER SERVICE ABERDEEN SD
530 PM CST MON NOV 24 2014


...................................

...THE WATERTOWN SD CLIMATE SUMMARY FOR NOVEMBER 24 2014...
VALID TODAY AS OF 0500 PM LOCAL TIME.

CLIMATE NORMAL PERIOD 1981 TO 2010
CLIMATE RECORD PERIOD 1898 TO 2014


WEATHER ITEM   OBSERVED TIME   RECORD YEAR NORMAL DEPARTURE LAST
                VALUE   (LST)  VALUE       VALUE  FROM      YEAR
                                                  NORMAL
..................................................................
TEMPERATURE (F)
 TODAY
  MAXIMUM         21    404 PM  61    1984  34    -13       38
  MINIMUM         12   1049 AM -17    1985  16     -4        8
  AVERAGE         17                        25     -8       23

PRECIPITATION (IN)
  TODAY           MM             1.45 1905   0.02  MM        0.00
  MONTH TO DATE    0.69                      0.64   0.05      T
  SINCE SEP 1      2.14                      5.20  -3.06     7.33
  SINCE JAN 1     15.76                     21.43  -5.67    24.15

SNOWFALL (IN)
  TODAY           MM
  MONTH TO DATE    9.9
  SINCE OCT 1      9.9
  SINCE JUL 1      9.9
  SNOW DEPTH       4

DEGREE DAYS
 HEATING
  TODAY           48                        40      8       42
  MONTH TO DATE  980                       803    177      811
  SINCE SEP 1   1708                      1630     78     1526
  SINCE JUL 1   1762                      1687     75     1577

 COOLING
  TODAY            0                         0      0        0
  MONTH TO DATE    0                         0      0        0
  SINCE SEP 1     36                        41     -5      104
  SINCE JAN 1    369                       515   -146      618
..................................................................


WIND (MPH)
  HIGHEST WIND SPEED    33   HIGHEST WIND DIRECTION    NW (330)
  HIGHEST GUST SPEED    39   HIGHEST GUST DIRECTION    NW (330)
  AVERAGE WIND SPEED    24.0


SKY COVER
  POSSIBLE SUNSHINE  MM
  AVERAGE SKY COVER 0.9


WEATHER CONDITIONS
 THE FOLLOWING WEATHER WAS RECORDED TODAY.
  LIGHT SNOW
  FOG


RELATIVE HUMIDITY (PERCENT)
 HIGHEST    80           100 AM
 LOWEST     67           500 PM
 AVERAGE    74

..........................................................


THE WATERTOWN SD CLIMATE NORMALS FOR TOMORROW
                         NORMAL    RECORD    YEAR
 MAXIMUM TEMPERATURE (F)   33        66      1960
 MINIMUM TEMPERATURE (F)   15       -19      1977


SUNRISE AND SUNSET
NOVEMBER 24 2014......SUNRISE   738 AM CST   SUNSET   452 PM CST
NOVEMBER 25 2014......SUNRISE   739 AM CST   SUNSET   452 PM CST


-  INDICATES NEGATIVE NUMBERS.
R  INDICATES RECORD WAS SET OR TIED.
MM INDICATES DATA IS MISSING.
T  INDICATES TRACE AMOUNT.




$$
