000
CDUS43 KABR 232236
CLIATY


CLIMATE REPORT
NATIONAL WEATHER SERVICE ABERDEEN SD
536 PM CDT TUE AUG 23 2016


...................................

...THE WATERTOWN SD CLIMATE SUMMARY FOR AUGUST 23 2016...
VALID TODAY AS OF 0500 PM LOCAL TIME.

CLIMATE NORMAL PERIOD 1981 TO 2010
CLIMATE RECORD PERIOD 1898 TO 2016


WEATHER ITEM   OBSERVED TIME   RECORD YEAR NORMAL DEPARTURE LAST
                VALUE   (LST)  VALUE       VALUE  FROM      YEAR
                                                  NORMAL
..................................................................
TEMPERATURE (F)
 TODAY
  MAXIMUM         83    102 PM  98    1936  79      4       68
  MINIMUM         66    607 AM  37    1927  56     10       50
  AVERAGE         75                        68      7       59

PRECIPITATION (IN)
  TODAY            0.00          1.90 1955   0.10  -0.10     0.02
                                      2001
  MONTH TO DATE    6.97                      2.10   4.87     5.37
  SINCE JUN 1     10.98                      8.70   2.28    11.87
  SINCE JAN 1     16.63                     15.55   1.08    17.87

SNOWFALL (IN)
  TODAY            0.0
  MONTH TO DATE    0.0
  SINCE OCT 1     28.7
  SINCE JUL 1      0.0
  SNOW DEPTH       0

DEGREE DAYS
 HEATING
  TODAY            0                         2     -2        6
  MONTH TO DATE    5                        24    -19       30
  SINCE JUN 1     42                       119    -77       70
  SINCE JUL 1     17                        41    -24       43

 COOLING
  TODAY           10                         4      6        0
  MONTH TO DATE  178                       121     57      121
  SINCE JUN 1    622                       423    199      441
  SINCE JAN 1    646                       445    201      449
..................................................................


WIND (MPH)
  HIGHEST WIND SPEED    31   HIGHEST WIND DIRECTION     S (180)
  HIGHEST GUST SPEED    43   HIGHEST GUST DIRECTION     S (180)
  AVERAGE WIND SPEED    17.9


SKY COVER
  POSSIBLE SUNSHINE  MM
  AVERAGE SKY COVER 0.0


WEATHER CONDITIONS
 THE FOLLOWING WEATHER WAS RECORDED TODAY.
  NO SIGNIFICANT WEATHER WAS OBSERVED.


RELATIVE HUMIDITY (PERCENT)
 HIGHEST    78           600 AM
 LOWEST     55           100 PM
 AVERAGE    67

..........................................................


THE WATERTOWN SD CLIMATE NORMALS FOR TOMORROW
                         NORMAL    RECORD    YEAR
 MAXIMUM TEMPERATURE (F)   79       105      1936
 MINIMUM TEMPERATURE (F)   56        34      1934


SUNRISE AND SUNSET
AUGUST 23 2016........SUNRISE   641 AM CDT   SUNSET   821 PM CDT
AUGUST 24 2016........SUNRISE   642 AM CDT   SUNSET   819 PM CDT


-  INDICATES NEGATIVE NUMBERS.
R  INDICATES RECORD WAS SET OR TIED.
MM INDICATES DATA IS MISSING.
T  INDICATES TRACE AMOUNT.




$$
