000
CDUS41 KGYX 160917
CLIAUG


CLIMATE REPORT
NATIONAL WEATHER SERVICE GRAY ME
417 AM EST TUE JAN 16 2018


...................................

...THE AUGUSTA CLIMATE SUMMARY FOR JANUARY 15 2018...

CLIMATE NORMAL PERIOD 1981 TO 2010
CLIMATE RECORD PERIOD 1948 TO 2018


WEATHER ITEM   OBSERVED TIME   RECORD YEAR NORMAL DEPARTURE LAST
                VALUE   (LST)  VALUE       VALUE  FROM      YEAR
                                                  NORMAL
..................................................................
TEMPERATURE (F)
 YESTERDAY
  MAXIMUM         14    913 PM  53    1995  27    -13       27
  MINIMUM          1    854 AM -22    1957  11    -10       15
  AVERAGE          8                        19    -11       21

PRECIPITATION (IN)
  YESTERDAY        T             2.02 1999   0.08  -0.08     0.00
  MONTH TO DATE    3.15                      1.25   1.90     1.38
  SINCE DEC 1      6.07                      4.49   1.58     5.35
  SINCE JAN 1      3.15                      1.25   1.90     1.38

DEGREE DAYS
 HEATING
  YESTERDAY       57                        46     11       44
  MONTH TO DATE  730                       681     49      610
  SINCE DEC 1   2092                      1888    204     1853
  SINCE JUL 1   3328                      3436   -108     3171

 COOLING
  YESTERDAY        0                         0      0        0
  MONTH TO DATE    0                         0      0        0
  SINCE DEC 1      0                         0      0        0
  SINCE JAN 1      0                         0      0        0
..................................................................


WIND (MPH)
  HIGHEST WIND SPEED    17   HIGHEST WIND DIRECTION     N (20)
  HIGHEST GUST SPEED    23   HIGHEST GUST DIRECTION     N (10)
  AVERAGE WIND SPEED    11.3


SKY COVER
  AVERAGE SKY COVER 0.4


WEATHER CONDITIONS
 THE FOLLOWING WEATHER WAS RECORDED YESTERDAY.
  LIGHT SNOW
  FOG
  HAZE


RELATIVE HUMIDITY (PERCENT)
 HIGHEST    84          1000 PM
 LOWEST     50          1200 PM
 AVERAGE    67

..........................................................


THE AUGUSTA CLIMATE NORMALS FOR TODAY
                         NORMAL    RECORD    YEAR
 MAXIMUM TEMPERATURE (F)   27        54      1995
 MINIMUM TEMPERATURE (F)   10       -16      1994


SUNRISE AND SUNSET
JANUARY 16 2018.......SUNRISE   711 AM EST   SUNSET   427 PM EST
JANUARY 17 2018.......SUNRISE   710 AM EST   SUNSET   429 PM EST


-  INDICATES NEGATIVE NUMBERS.
R  INDICATES RECORD WAS SET OR TIED.
MM INDICATES DATA IS MISSING.
T  INDICATES TRACE AMOUNT.




$$
