000
CDUS41 KGYX 200810
CLIAUG


CLIMATE REPORT
NATIONAL WEATHER SERVICE GRAY ME
410 AM EDT WED SEP 20 2017


...................................

...THE AUGUSTA CLIMATE SUMMARY FOR SEPTEMBER 19 2017...

CLIMATE NORMAL PERIOD 1981 TO 2010
CLIMATE RECORD PERIOD 1948 TO 2017


WEATHER ITEM   OBSERVED TIME   RECORD YEAR NORMAL DEPARTURE LAST
                VALUE   (LST)  VALUE       VALUE  FROM      YEAR
                                                  NORMAL
..................................................................
TEMPERATURE (F)
 YESTERDAY
  MAXIMUM         70    118 PM  82    1985  68      2       72
  MINIMUM         59    300 AM  34    2014  49     10       64
  AVERAGE         65                        59      6       68

PRECIPITATION (IN)
  YESTERDAY        0.06          1.08 1991   0.12  -0.06     0.10
  MONTH TO DATE    2.98                      2.25   0.73     0.78
  SINCE SEP 1      2.98                      2.25   0.73     0.78
  SINCE JAN 1     28.17                     28.43  -0.26    22.36

DEGREE DAYS
 HEATING
  YESTERDAY        0                         7     -7        0
  MONTH TO DATE   41                        80    -39       19
  SINCE SEP 1     41                        80    -39       19
  SINCE JUL 1     82                       122    -40       44

 COOLING
  YESTERDAY        0                         1     -1        3
  MONTH TO DATE   33                        27      6       56
  SINCE SEP 1     33                        27      6       56
  SINCE JAN 1    393                       384      9      513
..................................................................


WIND (MPH)
  HIGHEST WIND SPEED     9   HIGHEST WIND DIRECTION    NE (50)
  HIGHEST GUST SPEED    11   HIGHEST GUST DIRECTION    NE (50)
  AVERAGE WIND SPEED     4.6


SKY COVER
  AVERAGE SKY COVER 1.0


WEATHER CONDITIONS
 THE FOLLOWING WEATHER WAS RECORDED YESTERDAY.
  RAIN
  LIGHT RAIN
  FOG
  FOG W/VISIBILITY <= 1/4 MILE


RELATIVE HUMIDITY (PERCENT)
 HIGHEST   100           100 AM
 LOWEST     78           100 PM
 AVERAGE    89

..........................................................


THE AUGUSTA CLIMATE NORMALS FOR TODAY
                         NORMAL    RECORD    YEAR
 MAXIMUM TEMPERATURE (F)   68        86      1985
 MINIMUM TEMPERATURE (F)   49        32      1964


SUNRISE AND SUNSET
SEPTEMBER 20 2017.....SUNRISE   624 AM EDT   SUNSET   640 PM EDT
SEPTEMBER 21 2017.....SUNRISE   625 AM EDT   SUNSET   638 PM EDT


-  INDICATES NEGATIVE NUMBERS.
R  INDICATES RECORD WAS SET OR TIED.
MM INDICATES DATA IS MISSING.
T  INDICATES TRACE AMOUNT.




$$
