289
CDUS41 KGYX 010807
CLIAUG


CLIMATE REPORT
NATIONAL WEATHER SERVICE GRAY ME
407 AM EDT SUN MAY 1 2016


...................................

...THE AUGUSTA CLIMATE SUMMARY FOR APRIL 30 2016...

CLIMATE NORMAL PERIOD 1981 TO 2010
CLIMATE RECORD PERIOD 1948 TO 2016


WEATHER ITEM   OBSERVED TIME   RECORD YEAR NORMAL DEPARTURE LAST
                VALUE   (LST)  VALUE       VALUE  FROM      YEAR
                                                  NORMAL
..................................................................
TEMPERATURE (F)
 YESTERDAY
  MAXIMUM         62    318 PM  85    2004  60      2       56
  MINIMUM         31    517 AM  28    1964  40     -9       44
  AVERAGE         47                        50     -3       50

PRECIPITATION (IN)
  YESTERDAY        0.00          1.17 1963   0.13  -0.13     0.00
  MONTH TO DATE    2.72                      3.79  -1.07     4.36
  SINCE MAR 1      6.22                      7.16  -0.94     5.53
  SINCE JAN 1     12.09                     12.20  -0.11     7.80

DEGREE DAYS
 HEATING
  YESTERDAY       18                        15      3       15
  MONTH TO DATE  689                       634     55      666
  SINCE MAR 1   1622                      1661    -39     1842
  SINCE JUL 1   6301                      7004   -703     7469

 COOLING
  YESTERDAY        0                         0      0        0
  MONTH TO DATE    0                         0      0        0
  SINCE MAR 1      0                         0      0        0
  SINCE JAN 1      0                         0      0        0
..................................................................


WIND (MPH)
  HIGHEST WIND SPEED    16   HIGHEST WIND DIRECTION    SE (150)
  HIGHEST GUST SPEED    23   HIGHEST GUST DIRECTION    SE (150)
  AVERAGE WIND SPEED     4.7


SKY COVER
  AVERAGE SKY COVER 0.1


WEATHER CONDITIONS
 THE FOLLOWING WEATHER WAS RECORDED YESTERDAY.
  NO SIGNIFICANT WEATHER WAS OBSERVED.


RELATIVE HUMIDITY (PERCENT)
 HIGHEST    96           300 AM
 LOWEST     22           400 PM
 AVERAGE    59

..........................................................


THE AUGUSTA CLIMATE NORMALS FOR TODAY
                         NORMAL    RECORD    YEAR
 MAXIMUM TEMPERATURE (F)   60        79      1998
 MINIMUM TEMPERATURE (F)   40        30      1995


SUNRISE AND SUNSET
MAY  1 2016...........SUNRISE   529 AM EDT   SUNSET   744 PM EDT
MAY  2 2016...........SUNRISE   528 AM EDT   SUNSET   745 PM EDT


-  INDICATES NEGATIVE NUMBERS.
R  INDICATES RECORD WAS SET OR TIED.
MM INDICATES DATA IS MISSING.
T  INDICATES TRACE AMOUNT.




$$
