000
CDUS41 KGYX 282042
CLIAUG


CLIMATE REPORT
NATIONAL WEATHER SERVICE GRAY ME
442 PM EDT WED JUN 28 2017


...................................

...THE AUGUSTA CLIMATE SUMMARY FOR JUNE 28 2017...
VALID TODAY AS OF 0400 PM LOCAL TIME.

CLIMATE NORMAL PERIOD 1981 TO 2010
CLIMATE RECORD PERIOD 1948 TO 2017


WEATHER ITEM   OBSERVED TIME   RECORD YEAR NORMAL DEPARTURE LAST
                VALUE   (LST)  VALUE       VALUE  FROM      YEAR
                                                  NORMAL
..................................................................
TEMPERATURE (F)
 TODAY
  MAXIMUM         72   1229 PM  93    1991  77     -5       74
  MINIMUM         54    515 AM  47    1968  58     -4       64
  AVERAGE         63                        67     -4       69

PRECIPITATION (IN)
  TODAY            0.06          1.41 2013   0.10  -0.04     0.04
  MONTH TO DATE    1.61                      3.35  -1.74     2.24
  SINCE JUN 1      1.61                      3.35  -1.74     2.24
  SINCE JAN 1     20.56                     19.24   1.32    15.81

DEGREE DAYS
 HEATING
  TODAY            2                         1      1        0
  MONTH TO DATE   78                        90    -12       78
  SINCE JUN 1     78                        90    -12       78
  SINCE JUL 1   7004                      7416   -412     6666

 COOLING
  TODAY            0                         4     -4        4
  MONTH TO DATE   79                        57     22       28
  SINCE JUN 1     79                        57     22       28
  SINCE JAN 1     90                        66     24       43
..................................................................


WIND (MPH)
  HIGHEST WIND SPEED    18   HIGHEST WIND DIRECTION     W (280)
  HIGHEST GUST SPEED    25   HIGHEST GUST DIRECTION     W (290)
  AVERAGE WIND SPEED     5.1


SKY COVER
  AVERAGE SKY COVER 0.4


WEATHER CONDITIONS
 THE FOLLOWING WEATHER WAS RECORDED TODAY.
  THUNDERSTORM
  RAIN
  LIGHT RAIN
  FOG
  FOG W/VISIBILITY <= 1/4 MILE


RELATIVE HUMIDITY (PERCENT)
 HIGHEST   100          1200 AM
 LOWEST     47          1100 AM
 AVERAGE    74

..........................................................


THE AUGUSTA CLIMATE NORMALS FOR TOMORROW
                         NORMAL    RECORD    YEAR
 MAXIMUM TEMPERATURE (F)   77        90      1997
 MINIMUM TEMPERATURE (F)   58        47      1968


SUNRISE AND SUNSET
JUNE 28 2017..........SUNRISE   458 AM EDT   SUNSET   827 PM EDT
JUNE 29 2017..........SUNRISE   458 AM EDT   SUNSET   827 PM EDT


-  INDICATES NEGATIVE NUMBERS.
R  INDICATES RECORD WAS SET OR TIED.
MM INDICATES DATA IS MISSING.
T  INDICATES TRACE AMOUNT.




$$
