000
CDUS41 KGYX 272047
CLIAUG


CLIMATE REPORT
NATIONAL WEATHER SERVICE GRAY ME
447 PM EDT MON MAR 27 2017


...................................

...THE AUGUSTA CLIMATE SUMMARY FOR MARCH 27 2017...
VALID TODAY AS OF 0400 PM LOCAL TIME.

CLIMATE NORMAL PERIOD 1981 TO 2010
CLIMATE RECORD PERIOD 1948 TO 2017


WEATHER ITEM   OBSERVED TIME   RECORD YEAR NORMAL DEPARTURE LAST
                VALUE   (LST)  VALUE       VALUE  FROM      YEAR
                                                  NORMAL
..................................................................
TEMPERATURE (F)
 TODAY
  MAXIMUM         32    259 PM  72    1998  44    -12       47
  MINIMUM         29    621 AM   8    1975  27      2       29
  AVERAGE         31                        36     -5       38

PRECIPITATION (IN)
  TODAY            0.39          2.12 1978   0.12   0.27     0.00
  MONTH TO DATE    3.43                      2.89   0.54     2.52
  SINCE MAR 1      3.43                      2.89   0.54     2.52
  SINCE JAN 1      9.91                      7.93   1.98     8.39

DEGREE DAYS
 HEATING
  TODAY           34                        29      5       27
  MONTH TO DATE 1071                       914    157      840
  SINCE MAR 1   1071                       914    157      840
  SINCE JUL 1   5883                      6257   -374     5519

 COOLING
  TODAY            0                         0      0        0
  MONTH TO DATE    0                         0      0        0
  SINCE MAR 1      0                         0      0        0
  SINCE JAN 1      0                         0      0        0
..................................................................


WIND (MPH)
  HIGHEST WIND SPEED     9   HIGHEST WIND DIRECTION    SE (120)
  HIGHEST GUST SPEED    14   HIGHEST GUST DIRECTION    SE (130)
  AVERAGE WIND SPEED     6.1


SKY COVER
  AVERAGE SKY COVER 1.0


WEATHER CONDITIONS
 THE FOLLOWING WEATHER WAS RECORDED TODAY.
  LT FREEZING RAIN
  LIGHT SNOW
  FOG


RELATIVE HUMIDITY (PERCENT)
 HIGHEST    92           500 AM
 LOWEST     78          1200 AM
 AVERAGE    85

..........................................................


THE AUGUSTA CLIMATE NORMALS FOR TOMORROW
                         NORMAL    RECORD    YEAR
 MAXIMUM TEMPERATURE (F)   45        69      1989
 MINIMUM TEMPERATURE (F)   28         5      1974


SUNRISE AND SUNSET
MARCH 27 2017.........SUNRISE   629 AM EDT   SUNSET   701 PM EDT
MARCH 28 2017.........SUNRISE   627 AM EDT   SUNSET   702 PM EDT


-  INDICATES NEGATIVE NUMBERS.
R  INDICATES RECORD WAS SET OR TIED.
MM INDICATES DATA IS MISSING.
T  INDICATES TRACE AMOUNT.




$$
