000
CDUS41 KGYX 262106
CLIAUG


CLIMATE REPORT
NATIONAL WEATHER SERVICE GRAY ME
506 PM EDT WED APR 26 2017


...................................

...THE AUGUSTA CLIMATE SUMMARY FOR APRIL 26 2017...
VALID TODAY AS OF 0500 PM LOCAL TIME.

CLIMATE NORMAL PERIOD 1981 TO 2010
CLIMATE RECORD PERIOD 1948 TO 2017


WEATHER ITEM   OBSERVED TIME   RECORD YEAR NORMAL DEPARTURE LAST
                VALUE   (LST)  VALUE       VALUE  FROM      YEAR
                                                  NORMAL
..................................................................
TEMPERATURE (F)
 TODAY
  MAXIMUM         54    218 PM  74    2009  58     -4       38
  MINIMUM         42    222 AM  30    2016  38      4       30
                                      1966
  AVERAGE         48                        48      0       34

PRECIPITATION (IN)
  TODAY            0.80R         0.64 1994   0.12   0.68     0.09
  MONTH TO DATE    3.55                      3.26   0.29     2.72
  SINCE MAR 1      7.04                      6.63   0.41     6.22
  SINCE JAN 1     13.52                     11.67   1.85    12.09

DEGREE DAYS
 HEATING
  TODAY           17                        17      0       31
  MONTH TO DATE  521                       571    -50      595
  SINCE MAR 1   1713                      1597    116     1528
  SINCE JUL 1   6525                      6940   -415     6207

 COOLING
  TODAY            0                         0      0        0
  MONTH TO DATE    0                         0      0        0
  SINCE MAR 1      0                         0      0        0
  SINCE JAN 1      0                         0      0        0
..................................................................


WIND (MPH)
  HIGHEST WIND SPEED     9   HIGHEST WIND DIRECTION     N (20)
  HIGHEST GUST SPEED    MM   HIGHEST GUST DIRECTION    MM
  AVERAGE WIND SPEED     6.6


SKY COVER
  AVERAGE SKY COVER 1.0


WEATHER CONDITIONS
 THE FOLLOWING WEATHER WAS RECORDED TODAY.
  RAIN
  LIGHT RAIN
  FOG


RELATIVE HUMIDITY (PERCENT)
 HIGHEST    96           100 AM
 LOWEST     89          1200 AM
 AVERAGE    93

..........................................................


THE AUGUSTA CLIMATE NORMALS FOR TOMORROW
                         NORMAL    RECORD    YEAR
 MAXIMUM TEMPERATURE (F)   59        90      1990
 MINIMUM TEMPERATURE (F)   39        24      1966


SUNRISE AND SUNSET
APRIL 26 2017.........SUNRISE   537 AM EDT   SUNSET   737 PM EDT
APRIL 27 2017.........SUNRISE   536 AM EDT   SUNSET   739 PM EDT


-  INDICATES NEGATIVE NUMBERS.
R  INDICATES RECORD WAS SET OR TIED.
MM INDICATES DATA IS MISSING.
T  INDICATES TRACE AMOUNT.




$$
