000
CDUS41 KGYX 192142
CLIAUG


CLIMATE REPORT
NATIONAL WEATHER SERVICE GRAY ME
442 PM EST FRI DEC 19 2014


...................................

...THE AUGUSTA CLIMATE SUMMARY FOR DECEMBER 19 2014...
VALID TODAY AS OF 0400 PM LOCAL TIME.

CLIMATE NORMAL PERIOD 1981 TO 2010
CLIMATE RECORD PERIOD 1948 TO 2014


WEATHER ITEM   OBSERVED TIME   RECORD YEAR NORMAL DEPARTURE LAST
                VALUE   (LST)  VALUE       VALUE  FROM      YEAR
                                                  NORMAL
..................................................................
TEMPERATURE (F)
 TODAY
  MAXIMUM         33    229 PM  MM      MM  32      1       30
  MINIMUM         26    540 AM  MM      MM  17      9       19
  AVERAGE         30                        25      5       25

PRECIPITATION (IN)
  TODAY            0.00         MM      MM   0.10  -0.10      T
  MONTH TO DATE    3.32                      2.15   1.17     1.31
  SINCE DEC 1      3.32                      2.15   1.17     1.31
  SINCE JAN 1     41.82                     40.79   1.03    41.04

DEGREE DAYS
 HEATING
  TODAY           35                        40     -5       40
  MONTH TO DATE  691                       699     -8      825
  SINCE DEC 1    691                       699     -8      825
  SINCE JUL 1   2180                      2247    -67     2334

 COOLING
  TODAY            0                         0      0        0
  MONTH TO DATE    0                         0      0        0
  SINCE DEC 1      0                         0      0        0
  SINCE JAN 1    371                       388    -17      428
..................................................................


WIND (MPH)
  HIGHEST WIND SPEED    20   HIGHEST WIND DIRECTION    NW (330)
  HIGHEST GUST SPEED    23   HIGHEST GUST DIRECTION    NW (330)
  AVERAGE WIND SPEED     9.1


SKY COVER
  AVERAGE SKY COVER 0.5


WEATHER CONDITIONS
 THE FOLLOWING WEATHER WAS RECORDED TODAY.
  NO SIGNIFICANT WEATHER WAS OBSERVED.


RELATIVE HUMIDITY (PERCENT)
 HIGHEST    75           200 AM
 LOWEST     59           100 PM
 AVERAGE    67

..........................................................


THE AUGUSTA CLIMATE NORMALS FOR TOMORROW
                         NORMAL
 MAXIMUM TEMPERATURE (F)   32
 MINIMUM TEMPERATURE (F)   17


SUNRISE AND SUNSET
DECEMBER 19 2014......SUNRISE   711 AM EST   SUNSET   402 PM EST
DECEMBER 20 2014......SUNRISE   711 AM EST   SUNSET   402 PM EST


-  INDICATES NEGATIVE NUMBERS.
R  INDICATES RECORD WAS SET OR TIED.
MM INDICATES DATA IS MISSING.
T  INDICATES TRACE AMOUNT.




$$
