000
CDUS41 KGYX 270803
CLIAUG


CLIMATE REPORT
NATIONAL WEATHER SERVICE GRAY ME
403 AM EDT WED AUG 27 2014


...................................

...THE AUGUSTA CLIMATE SUMMARY FOR AUGUST 26 2014...

CLIMATE NORMAL PERIOD 1981 TO 2010
CLIMATE RECORD PERIOD 1948 TO 2014


WEATHER ITEM   OBSERVED TIME   NORMAL DEPARTURE LAST
                VALUE   (LST)  VALUE  FROM      YEAR
                                      NORMAL
......................................................
TEMPERATURE (F)
 YESTERDAY
  MAXIMUM         83    224 PM  77      6       76
  MINIMUM         60    604 AM  57      3       59
  AVERAGE         72            67      5       68

PRECIPITATION (IN)
  YESTERDAY        0.00          0.10  -0.10     0.02
  MONTH TO DATE    4.84          2.81   2.03     4.44
  SINCE JUN 1     16.12          9.79   6.33    14.34
  SINCE JAN 1     30.24         25.68   4.56    25.83

DEGREE DAYS
 HEATING
  YESTERDAY        0             1     -1        0
  MONTH TO DATE   11            15     -4        3
  SINCE JUN 1     89           125    -36       87
  SINCE JUL 1     13            31    -18        9

 COOLING
  YESTERDAY        7             3      4        3
  MONTH TO DATE   73           112    -39       65
  SINCE JUN 1    297           333    -36      352
  SINCE JAN 1    297           342    -45      367
......................................................


WIND (MPH)
  HIGHEST WIND SPEED    13   HIGHEST WIND DIRECTION     S (160)
  HIGHEST GUST SPEED    19   HIGHEST GUST DIRECTION     S (180)
  AVERAGE WIND SPEED     5.5


SKY COVER
  AVERAGE SKY COVER 0.2


WEATHER CONDITIONS
 THE FOLLOWING WEATHER WAS RECORDED YESTERDAY.
  FOG
  FOG W/VISIBILITY <= 1/4 MILE


RELATIVE HUMIDITY (PERCENT)
 HIGHEST   100           500 AM
 LOWEST     55          1200 PM
 AVERAGE    78

..........................................................


THE AUGUSTA CLIMATE NORMALS FOR TODAY
                         NORMAL
 MAXIMUM TEMPERATURE (F)   76
 MINIMUM TEMPERATURE (F)   57


SUNRISE AND SUNSET
AUGUST 27 2014........SUNRISE   556 AM EDT   SUNSET   724 PM EDT
AUGUST 28 2014........SUNRISE   557 AM EDT   SUNSET   723 PM EDT


-  INDICATES NEGATIVE NUMBERS.
R  INDICATES RECORD WAS SET OR TIED.
MM INDICATES DATA IS MISSING.
T  INDICATES TRACE AMOUNT.




$$
