000
CDUS41 KGYX 082143
CLIAUG


CLIMATE REPORT
NATIONAL WEATHER SERVICE GRAY ME
443 PM EST MON FEB 8 2016


...................................

...THE AUGUSTA CLIMATE SUMMARY FOR FEBRUARY 8 2016...
VALID TODAY AS OF 0400 PM LOCAL TIME.

CLIMATE NORMAL PERIOD 1981 TO 2010
CLIMATE RECORD PERIOD 1948 TO 2016


WEATHER ITEM   OBSERVED TIME   RECORD YEAR NORMAL DEPARTURE LAST
                VALUE   (LST)  VALUE       VALUE  FROM      YEAR
                                                  NORMAL
..................................................................
TEMPERATURE (F)
 TODAY
  MAXIMUM         20   1200 AM  MM      MM  30    -10       15
  MINIMUM         11    858 AM  MM      MM  13     -2        3
  AVERAGE         16                        21     -5        9

PRECIPITATION (IN)
  TODAY            T            MM      MM   0.08  -0.08     0.04
  MONTH TO DATE    0.78                      0.67   0.11     0.27
  SINCE DEC 1      7.15                      6.52   0.63     6.37
  SINCE JAN 1      3.18                      3.28  -0.10     1.89

DEGREE DAYS
 HEATING
  TODAY           49                        44      5       56
  MONTH TO DATE  261                       355    -94      450
  SINCE DEC 1   2443                      2978   -535     3059
  SINCE JUL 1   3821                      4526   -705     4548

 COOLING
  TODAY            0                         0      0        0
  MONTH TO DATE    0                         0      0        0
  SINCE DEC 1      0                         0      0        0
  SINCE JAN 1      0                         0      0        0
..................................................................


WIND (MPH)
  HIGHEST WIND SPEED    24   HIGHEST WIND DIRECTION     N (20)
  HIGHEST GUST SPEED    32   HIGHEST GUST DIRECTION    NE (30)
  AVERAGE WIND SPEED    15.9


SKY COVER
  AVERAGE SKY COVER 0.3


WEATHER CONDITIONS
 THE FOLLOWING WEATHER WAS RECORDED TODAY.
  LIGHT SNOW


RELATIVE HUMIDITY (PERCENT)
 HIGHEST    80           400 PM
 LOWEST     44           400 AM
 AVERAGE    62

..........................................................


THE AUGUSTA CLIMATE NORMALS FOR TOMORROW
                         NORMAL
 MAXIMUM TEMPERATURE (F)   30
 MINIMUM TEMPERATURE (F)   13


SUNRISE AND SUNSET
FEBRUARY  8 2016......SUNRISE   649 AM EST   SUNSET   458 PM EST
FEBRUARY  9 2016......SUNRISE   648 AM EST   SUNSET   459 PM EST


-  INDICATES NEGATIVE NUMBERS.
R  INDICATES RECORD WAS SET OR TIED.
MM INDICATES DATA IS MISSING.
T  INDICATES TRACE AMOUNT.




$$
