000
CDUS41 KGYX 310904
CLIAUG


CLIMATE REPORT
NATIONAL WEATHER SERVICE GRAY ME
404 AM EST SAT JAN 31 2015


...................................

...THE AUGUSTA CLIMATE SUMMARY FOR JANUARY 30 2015...

CLIMATE NORMAL PERIOD 1981 TO 2010
CLIMATE RECORD PERIOD 1948 TO 2015


WEATHER ITEM   OBSERVED TIME   RECORD YEAR NORMAL DEPARTURE LAST
                VALUE   (LST)  VALUE       VALUE  FROM      YEAR
                                                  NORMAL
..................................................................
TEMPERATURE (F)
 YESTERDAY
  MAXIMUM         29    907 PM  MM      MM  28      1       25
  MINIMUM         17   1203 AM  MM      MM  11      6        6
  AVERAGE         23                        20      3       16

PRECIPITATION (IN)
  YESTERDAY        0.30         MM      MM   0.09   0.21     0.00
  MONTH TO DATE    1.61                      2.53  -0.92     3.10
  SINCE DEC 1      6.09                      5.77   0.32     5.72
  SINCE JAN 1      1.61                      2.53  -0.92     3.10

DEGREE DAYS
 HEATING
  YESTERDAY       42                        45     -3       49
  MONTH TO DATE 1449                      1369     80     1377
  SINCE DEC 1   2555                      2576    -21     2741
  SINCE JUL 1   4044                      4124    -80     4250

 COOLING
  YESTERDAY        0                         0      0        0
  MONTH TO DATE    0                         0      0        0
  SINCE DEC 1      0                         0      0        0
  SINCE JAN 1      0                         0      0        0
..................................................................


WIND (MPH)
  HIGHEST WIND SPEED    22   HIGHEST WIND DIRECTION     N (350)
  HIGHEST GUST SPEED    29   HIGHEST GUST DIRECTION     N (350)
  AVERAGE WIND SPEED     8.7


SKY COVER
  AVERAGE SKY COVER 1.0


WEATHER CONDITIONS
 THE FOLLOWING WEATHER WAS RECORDED YESTERDAY.
  SNOW
  LIGHT SNOW
  FOG


RELATIVE HUMIDITY (PERCENT)
 HIGHEST    96          1100 AM
 LOWEST     61          1200 AM
 AVERAGE    79

..........................................................


THE AUGUSTA CLIMATE NORMALS FOR TODAY
                         NORMAL
 MAXIMUM TEMPERATURE (F)   28
 MINIMUM TEMPERATURE (F)   11


SUNRISE AND SUNSET
JANUARY 31 2015.......SUNRISE   659 AM EST   SUNSET   447 PM EST
FEBRUARY  1 2015......SUNRISE   658 AM EST   SUNSET   448 PM EST


-  INDICATES NEGATIVE NUMBERS.
R  INDICATES RECORD WAS SET OR TIED.
MM INDICATES DATA IS MISSING.
T  INDICATES TRACE AMOUNT.




$$
