000
CDUS41 KGYX 282040
CLIAUG


CLIMATE REPORT
NATIONAL WEATHER SERVICE GRAY ME
440 PM EDT TUE JUL 28 2015


...................................

...THE AUGUSTA CLIMATE SUMMARY FOR JULY 28 2015...
VALID TODAY AS OF 0400 PM LOCAL TIME.

CLIMATE NORMAL PERIOD 1981 TO 2010
CLIMATE RECORD PERIOD 1948 TO 2015


WEATHER ITEM   OBSERVED TIME   RECORD YEAR NORMAL DEPARTURE LAST
                VALUE   (LST)  VALUE       VALUE  FROM      YEAR
                                                  NORMAL
..................................................................
TEMPERATURE (F)
 TODAY
  MAXIMUM         82   1242 PM  MM      MM  80      2       72
  MINIMUM         64    323 AM  MM      MM  60      4       62
  AVERAGE         73                        70      3       67

PRECIPITATION (IN)
  TODAY            0.33         MM      MM   0.11   0.22     1.12
  MONTH TO DATE    2.15                      3.06  -0.91     6.18
  SINCE JUN 1      7.61                      6.62   0.99    11.09
  SINCE JAN 1     17.29                     22.51  -5.22    25.21

DEGREE DAYS
 HEATING
  TODAY            0                         0      0        0
  MONTH TO DATE   18                        12      6        2
  SINCE JUN 1    169                       106     63       78
  SINCE JUL 1     18                        12      6        2

 COOLING
  TODAY            8                         5      3        2
  MONTH TO DATE  100                       135    -35      160
  SINCE JUN 1    133                       199    -66      219
  SINCE JAN 1    167                       208    -41      219
..................................................................


WIND (MPH)
  HIGHEST WIND SPEED    13   HIGHEST WIND DIRECTION    NW (330)
  HIGHEST GUST SPEED    20   HIGHEST GUST DIRECTION    NW (320)
  AVERAGE WIND SPEED     3.9


SKY COVER
  AVERAGE SKY COVER 0.7


WEATHER CONDITIONS
 THE FOLLOWING WEATHER WAS RECORDED TODAY.
  THUNDERSTORM
  HEAVY RAIN
  RAIN
  LIGHT RAIN
  FOG
  FOG W/VISIBILITY <= 1/4 MILE


RELATIVE HUMIDITY (PERCENT)
 HIGHEST   100          1200 AM
 LOWEST     62           100 PM
 AVERAGE    81

..........................................................


THE AUGUSTA CLIMATE NORMALS FOR TOMORROW
                         NORMAL
 MAXIMUM TEMPERATURE (F)   80
 MINIMUM TEMPERATURE (F)   60


SUNRISE AND SUNSET
JULY 28 2015..........SUNRISE   522 AM EDT   SUNSET   809 PM EDT
JULY 29 2015..........SUNRISE   523 AM EDT   SUNSET   808 PM EDT


-  INDICATES NEGATIVE NUMBERS.
R  INDICATES RECORD WAS SET OR TIED.
MM INDICATES DATA IS MISSING.
T  INDICATES TRACE AMOUNT.




$$
