000
CDUS41 KGYX 300802
CLIAUG


CLIMATE REPORT
NATIONAL WEATHER SERVICE GRAY ME
401 AM EDT MON MAY 30 2016


...................................

...THE AUGUSTA CLIMATE SUMMARY FOR MAY 29 2016...

CLIMATE NORMAL PERIOD 1981 TO 2010
CLIMATE RECORD PERIOD 1948 TO 2016


WEATHER ITEM   OBSERVED TIME   RECORD YEAR NORMAL DEPARTURE LAST
                VALUE   (LST)  VALUE       VALUE  FROM      YEAR
                                                  NORMAL
..................................................................
TEMPERATURE (F)
 YESTERDAY
  MAXIMUM         68    230 PM  89    1998  69     -1       78
  MINIMUM         49   1151 PM  36    2014  49      0       59
  AVERAGE         59                        59      0       69

PRECIPITATION (IN)
  YESTERDAY        0.00          2.66 1984   0.11  -0.11     0.00
  MONTH TO DATE    1.44                      3.45  -2.01     1.62
  SINCE MAR 1      7.66                     10.61  -2.95     7.15
  SINCE JAN 1     13.53                     15.65  -2.12     9.42

DEGREE DAYS
 HEATING
  YESTERDAY        6                         7     -1        0
  MONTH TO DATE  284                       309    -25      188
  SINCE MAR 1   1906                      1970    -64     2030
  SINCE JUL 1   6585                      7313   -728     7657

 COOLING
  YESTERDAY        0                         1     -1        4
  MONTH TO DATE    8                         5      3       31
  SINCE MAR 1      8                         5      3       31
  SINCE JAN 1      8                         5      3       31
..................................................................


WIND (MPH)
  HIGHEST WIND SPEED    13   HIGHEST WIND DIRECTION     S (160)
  HIGHEST GUST SPEED    18   HIGHEST GUST DIRECTION    SE (150)
  AVERAGE WIND SPEED     7.3


SKY COVER
  AVERAGE SKY COVER 1.0


WEATHER CONDITIONS
 THE FOLLOWING WEATHER WAS RECORDED YESTERDAY.
  FOG


RELATIVE HUMIDITY (PERCENT)
 HIGHEST   100          1100 PM
 LOWEST     45           200 PM
 AVERAGE    73

..........................................................


THE AUGUSTA CLIMATE NORMALS FOR TODAY
                         NORMAL    RECORD    YEAR
 MAXIMUM TEMPERATURE (F)   69        85      2013
 MINIMUM TEMPERATURE (F)   49        35      1961


SUNRISE AND SUNSET
MAY 30 2016...........SUNRISE   459 AM EDT   SUNSET   815 PM EDT
MAY 31 2016...........SUNRISE   459 AM EDT   SUNSET   816 PM EDT


-  INDICATES NEGATIVE NUMBERS.
R  INDICATES RECORD WAS SET OR TIED.
MM INDICATES DATA IS MISSING.
T  INDICATES TRACE AMOUNT.




$$
