000
CDUS44 KEWX 262352
CLIAUS


CLIMATE REPORT
NATIONAL WEATHER SERVICE AUSTIN/SAN ANTONIO, TX
548 PM CST SUN FEB 26 2017


...................................

...THE AUSTIN BERGSTROM CLIMATE SUMMARY FOR FEBRUARY 26 2017...
VALID TODAY AS OF 548 PM LOCAL TIME.

CLIMATE NORMAL PERIOD 1981 TO 2010
CLIMATE RECORD PERIOD 1943 TO 2017


WEATHER ITEM   OBSERVED TIME   RECORD YEAR NORMAL DEPARTURE LAST
                VALUE   (LST)  VALUE       VALUE  FROM      YEAR
                                                  NORMAL
..................................................................
TEMPERATURE (F)
 TODAY
  MAXIMUM         73    356 PM  88    2009  67      6       65
  MINIMUM         35    432 AM  23    2002  42     -7       33
  AVERAGE         54                        54      0       49

PRECIPITATION (IN)
  TODAY            0.01          0.95 1984   0.10  -0.09     0.00
  MONTH TO DATE    2.66                      2.11   0.55     1.14
  SINCE DEC 1     10.42                      6.52   3.90     4.47
  SINCE JAN 1      7.31                      4.31   3.00     2.18

SNOWFALL (IN)
  TODAY            0.0
  MONTH TO DATE    0.0
  SINCE DEC 1      0.0
  SINCE JUL 1      0.0
  SNOW DEPTH       0

DEGREE DAYS
 HEATING
  TODAY           11                        11      0       16
  MONTH TO DATE  116                       350   -234      250
  SINCE DEC 1    780                      1307   -527     1044
  SINCE JUL 1    874                      1592   -718     1222

 COOLING
  TODAY            0                         1     -1        0
  MONTH TO DATE   68                         6     62       18
  SINCE DEC 1    132                        21    111       37
  SINCE JAN 1     90                        11     79       18
..................................................................


WIND (MPH)
  HIGHEST WIND SPEED    18   HIGHEST WIND DIRECTION    SE (140)
  HIGHEST GUST SPEED    21   HIGHEST GUST DIRECTION    SE (140)
  AVERAGE WIND SPEED     1.9


SKY COVER
  AVERAGE SKY COVER 0.6


WEATHER CONDITIONS
 THE FOLLOWING WEATHER WAS RECORDED TODAY.
  LIGHT RAIN


RELATIVE HUMIDITY (PERCENT)
 HIGHEST    92           100 AM
 LOWEST     65           100 PM
 AVERAGE    79

..........................................................


THE AUSTIN BERGSTROM CLIMATE NORMALS FOR TOMORROW
                         NORMAL    RECORD    YEAR
 MAXIMUM TEMPERATURE (F)   67        89      2009
 MINIMUM TEMPERATURE (F)   42        13      2002


SUNRISE AND SUNSET
FEBRUARY 26 2017......SUNRISE   700 AM CST   SUNSET   628 PM CST
FEBRUARY 27 2017......SUNRISE   659 AM CST   SUNSET   628 PM CST


-  INDICATES NEGATIVE NUMBERS.
R  INDICATES RECORD WAS SET OR TIED.
MM INDICATES DATA IS MISSING.
T  INDICATES TRACE AMOUNT.




$$
