000
CDUS44 KEWX 230736
CLIAUS


CLIMATE REPORT
NATIONAL WEATHER SERVICE AUSTIN/SAN ANTONIO, TX
235 AM CDT WED APR 23 2014


...................................

...THE AUSTIN BERGSTROM CLIMATE SUMMARY FOR APRIL 22 2014...

CLIMATE NORMAL PERIOD 1981 TO 2010
CLIMATE RECORD PERIOD 1943 TO 2014


WEATHER ITEM   OBSERVED TIME   RECORD YEAR NORMAL DEPARTURE LAST
                VALUE   (LST)  VALUE       VALUE  FROM      YEAR
                                                  NORMAL
..................................................................
TEMPERATURE (F)
 YESTERDAY
  MAXIMUM         85    444 PM  94    2009  81      4       84
  MINIMUM         59    503 AM  39    1998  56      3       48
  AVERAGE         72                        69      3       66

PRECIPITATION (IN)
  YESTERDAY        0.00          1.79 1982   0.09  -0.09     0.00
  MONTH TO DATE    1.65                      1.52   0.13     3.53
  SINCE MAR 1      2.84                      4.03  -1.19     4.90
  SINCE JAN 1      3.93                      8.63  -4.70     8.25

SNOWFALL (IN)
  YESTERDAY        0.0
  MONTH TO DATE    T
  SINCE MAR 1      T
  SINCE JUL 1      T
  SNOW DEPTH       0

DEGREE DAYS
 HEATING
  YESTERDAY        0                         1     -1        0
  MONTH TO DATE   72                        56     16       85
  SINCE MAR 1    352                       278     74      304
  SINCE JUL 1   2169                      1893    276     1619

 COOLING
  YESTERDAY        7                         5      2        1
  MONTH TO DATE   79                        84     -5       79
  SINCE MAR 1    111                       126    -15      128
  SINCE JAN 1    128                       142    -14      156
..................................................................


WIND (MPH)
  HIGHEST WIND SPEED    17   HIGHEST WIND DIRECTION     N (20)
  HIGHEST GUST SPEED    23   HIGHEST GUST DIRECTION     N (20)
  AVERAGE WIND SPEED     6.4


SKY COVER
  AVERAGE SKY COVER 0.3


WEATHER CONDITIONS
 THE FOLLOWING WEATHER WAS RECORDED YESTERDAY.
  NO SIGNIFICANT WEATHER WAS OBSERVED.


RELATIVE HUMIDITY (PERCENT)
 HIGHEST    97           600 AM
 LOWEST     40           300 PM
 AVERAGE    69

..........................................................


THE AUSTIN BERGSTROM CLIMATE NORMALS FOR TODAY
                         NORMAL    RECORD    YEAR
 MAXIMUM TEMPERATURE (F)   82        97      2000
 MINIMUM TEMPERATURE (F)   57        42      1998


SUNRISE AND SUNSET
APRIL 23 2014.........SUNRISE   655 AM CDT   SUNSET   803 PM CDT
APRIL 24 2014.........SUNRISE   654 AM CDT   SUNSET   804 PM CDT


-  INDICATES NEGATIVE NUMBERS.
R  INDICATES RECORD WAS SET OR TIED.
MM INDICATES DATA IS MISSING.
T  INDICATES TRACE AMOUNT.




$$
