000
CDUS44 KEWX 252257
CLIAUS


CLIMATE REPORT
NATIONAL WEATHER SERVICE AUSTIN/SAN ANTONIO, TX
557 PM CDT SUN JUN 25 2017


...................................

...THE AUSTIN BERGSTROM CLIMATE SUMMARY FOR JUNE 25 2017...
VALID TODAY AS OF 550 PM LOCAL TIME.

CLIMATE NORMAL PERIOD 1981 TO 2010
CLIMATE RECORD PERIOD 1943 TO 2017


WEATHER ITEM   OBSERVED TIME   RECORD YEAR NORMAL DEPARTURE LAST
                VALUE   (LST)  VALUE       VALUE  FROM      YEAR
                                                  NORMAL
..................................................................
TEMPERATURE (F)
 TODAY
  MAXIMUM         90   1237 PM 107    2009  93     -3       88
  MINIMUM         75    621 AM  62    1974  71      4       75
  AVERAGE         83                        82      1       82

PRECIPITATION (IN)
  TODAY            0.00          2.58 1959   0.16  -0.16     0.02
  MONTH TO DATE    1.99                      3.82  -1.83     2.07
  SINCE JUN 1      1.99                      3.82  -1.83     2.07
  SINCE JAN 1     16.77                     17.43  -0.66    30.36

SNOWFALL (IN)
  TODAY            0.0
  MONTH TO DATE    0.0
  SINCE JUN 1      0.0
  SINCE JUL 1      T
  SNOW DEPTH       0

DEGREE DAYS
 HEATING
  TODAY            0                         0      0        0
  MONTH TO DATE    0                         0      0        0
  SINCE JUN 1      0                         0      0        0
  SINCE JUL 1    960                      1903   -943     1380

 COOLING
  TODAY           18                        17      1       17
  MONTH TO DATE  464                       395     69      423
  SINCE JUN 1    464                       395     69      423
  SINCE JAN 1   1249                       902    347      927
..................................................................


WIND (MPH)
  HIGHEST WIND SPEED    28   HIGHEST WIND DIRECTION    NE (30)
  HIGHEST GUST SPEED    33   HIGHEST GUST DIRECTION    NE (30)
  AVERAGE WIND SPEED     8.3


SKY COVER
  AVERAGE SKY COVER 0.7


WEATHER CONDITIONS
 THE FOLLOWING WEATHER WAS RECORDED TODAY.
  FOG


RELATIVE HUMIDITY (PERCENT)
 HIGHEST    87           200 AM
 LOWEST     52           400 PM
 AVERAGE    70

..........................................................


THE AUSTIN BERGSTROM CLIMATE NORMALS FOR TOMORROW
                         NORMAL    RECORD    YEAR
 MAXIMUM TEMPERATURE (F)   94       106      2012
 MINIMUM TEMPERATURE (F)   71        62      1974


SUNRISE AND SUNSET
JUNE 25 2017..........SUNRISE   631 AM CDT   SUNSET   836 PM CDT
JUNE 26 2017..........SUNRISE   631 AM CDT   SUNSET   836 PM CDT


-  INDICATES NEGATIVE NUMBERS.
R  INDICATES RECORD WAS SET OR TIED.
MM INDICATES DATA IS MISSING.
T  INDICATES TRACE AMOUNT.




$$
