000
CDUS44 KEWX 242249
CLIAUS


CLIMATE REPORT
NATIONAL WEATHER SERVICE AUSTIN/SAN ANTONIO, TX
548 PM CDT SAT SEP 24 2016


...................................

...THE AUSTIN BERGSTROM CLIMATE SUMMARY FOR SEPTEMBER 24 2016...
VALID TODAY AS OF 548 PM LOCAL TIME.

CLIMATE NORMAL PERIOD 1981 TO 2010
CLIMATE RECORD PERIOD 1943 TO 2016


WEATHER ITEM   OBSERVED TIME   RECORD YEAR NORMAL DEPARTURE LAST
                VALUE   (LST)  VALUE       VALUE  FROM      YEAR
                                                  NORMAL
..................................................................
TEMPERATURE (F)
 TODAY
  MAXIMUM         93    113 PM 101    2005  88      5       92
  MINIMUM         72    259 AM  50    1999  63      9       62
  AVERAGE         83                        76      7       77

PRECIPITATION (IN)
  TODAY            0.05          0.92 1971   0.08  -0.03     0.00
  MONTH TO DATE    1.06                      2.07  -1.01     2.50
  SINCE SEP 1      1.06                      2.07  -1.01     2.50
  SINCE JAN 1     45.94                     24.78  21.16    32.03

SNOWFALL (IN)
  TODAY            0.0
  MONTH TO DATE    0.0
  SINCE SEP 1      0.0
  SINCE JUL 1      0.0
  SNOW DEPTH       0

DEGREE DAYS
 HEATING
  TODAY            0                         0      0        0
  MONTH TO DATE    0                         0      0        0
  SINCE SEP 1      0                         0      0        0
  SINCE JUL 1      0                         0      0        0

 COOLING
  TODAY           18                        11      7       12
  MONTH TO DATE  424                       329     95      391
  SINCE SEP 1    424                       329     95      391
  SINCE JAN 1   2681                      2469    212     2486
..................................................................


WIND (MPH)
  HIGHEST WIND SPEED    21   HIGHEST WIND DIRECTION     S (170)
  HIGHEST GUST SPEED    30   HIGHEST GUST DIRECTION     S (180)
  AVERAGE WIND SPEED     6.7


SKY COVER
  AVERAGE SKY COVER 0.8


WEATHER CONDITIONS
 THE FOLLOWING WEATHER WAS RECORDED TODAY.
  THUNDERSTORM
  HEAVY RAIN
  RAIN
  LIGHT RAIN
  FOG
  FOG W/VISIBILITY <= 1/4 MILE
  HAZE


RELATIVE HUMIDITY (PERCENT)
 HIGHEST   100           300 AM
 LOWEST     56           100 PM
 AVERAGE    78

..........................................................


THE AUSTIN BERGSTROM CLIMATE NORMALS FOR TOMORROW
                         NORMAL    RECORD    YEAR
 MAXIMUM TEMPERATURE (F)   88       108      2005
 MINIMUM TEMPERATURE (F)   63        50      2000


SUNRISE AND SUNSET
SEPTEMBER 24 2016.....SUNRISE   720 AM CDT   SUNSET   724 PM CDT
SEPTEMBER 25 2016.....SUNRISE   721 AM CDT   SUNSET   723 PM CDT


-  INDICATES NEGATIVE NUMBERS.
R  INDICATES RECORD WAS SET OR TIED.
MM INDICATES DATA IS MISSING.
T  INDICATES TRACE AMOUNT.




$$
