000
CDUS44 KEWX 302254
CLIAUS


CLIMATE REPORT
NATIONAL WEATHER SERVICE AUSTIN/SAN ANTONIO, TX
553 PM CDT SAT JUL 30 2016


...................................

...THE AUSTIN BERGSTROM CLIMATE SUMMARY FOR JULY 30 2016...
VALID TODAY AS OF 553 PM LOCAL TIME.

CLIMATE NORMAL PERIOD 1981 TO 2010
CLIMATE RECORD PERIOD 1943 TO 2016


WEATHER ITEM   OBSERVED TIME   RECORD YEAR NORMAL DEPARTURE LAST
                VALUE   (LST)  VALUE       VALUE  FROM      YEAR
                                                  NORMAL
..................................................................
TEMPERATURE (F)
 TODAY
  MAXIMUM         95    358 PM 105    1957  96     -1      100
  MINIMUM         73    425 AM  67    1971  72      1       69
  AVERAGE         84                        84      0       85

PRECIPITATION (IN)
  TODAY            0.00          0.26 1971   0.06  -0.06     0.00
  MONTH TO DATE    5.65                      2.39   3.26     0.01
  SINCE JUN 1      8.28                      7.02   1.26     3.22
  SINCE JAN 1     36.57                     20.63  15.94    28.79

SNOWFALL (IN)
  TODAY            0.0
  MONTH TO DATE    0.0
  SINCE JUN 1      0.0
  SINCE JUL 1      0.0
  SNOW DEPTH       0

DEGREE DAYS
 HEATING
  TODAY            0                         0      0        0
  MONTH TO DATE    0                         0      0        0
  SINCE JUN 1      0                         0      0        0
  SINCE JUL 1      0                         0      0        0

 COOLING
  TODAY           19                        19      0       20
  MONTH TO DATE  650                       554     96      544
  SINCE JUN 1   1168                      1035    133      974
  SINCE JAN 1   1672                      1542    130     1467
..................................................................


WIND (MPH)
  HIGHEST WIND SPEED    14   HIGHEST WIND DIRECTION     S (160)
  HIGHEST GUST SPEED    20   HIGHEST GUST DIRECTION     S (180)
  AVERAGE WIND SPEED     7.2


SKY COVER
  AVERAGE SKY COVER 0.3


WEATHER CONDITIONS
 THE FOLLOWING WEATHER WAS RECORDED TODAY.
  FOG


RELATIVE HUMIDITY (PERCENT)
 HIGHEST   100           500 AM
 LOWEST     43           400 PM
 AVERAGE    72

..........................................................


THE AUSTIN BERGSTROM CLIMATE NORMALS FOR TOMORROW
                         NORMAL    RECORD    YEAR
 MAXIMUM TEMPERATURE (F)   97       103      2013
                                             1998
 MINIMUM TEMPERATURE (F)   72        64      1965


SUNRISE AND SUNSET
JULY 30 2016..........SUNRISE   648 AM CDT   SUNSET   825 PM CDT
JULY 31 2016..........SUNRISE   649 AM CDT   SUNSET   825 PM CDT


-  INDICATES NEGATIVE NUMBERS.
R  INDICATES RECORD WAS SET OR TIED.
MM INDICATES DATA IS MISSING.
T  INDICATES TRACE AMOUNT.




$$
