000
CDUS43 KGRB 250655
CLIAUW


CLIMATE REPORT
NATIONAL WEATHER SERVICE GREEN BAY
152 AM CDT SAT MAR 25 2017


...................................

...THE WAUSAU WI CLIMATE SUMMARY FOR MARCH 24 2017...

CLIMATE NORMAL PERIOD 1981 TO 2010
CLIMATE RECORD PERIOD 1896 TO 2017


WEATHER ITEM   OBSERVED TIME   RECORD YEAR NORMAL DEPARTURE LAST
                VALUE   (LST)  VALUE       VALUE  FROM      YEAR
                                                  NORMAL
..................................................................
TEMPERATURE (F)
 YESTERDAY
  MAXIMUM         39    334 PM  75    1910  43     -4       41
  MINIMUM         34   1159 PM -10    1974  24     10       24
  AVERAGE         37                        33      4

PRECIPITATION (IN)
  YESTERDAY        0.54          1.12 2009   0.06   0.48     0.30
  MONTH TO DATE    1.74                      1.31   0.43     3.99
  SINCE MAR 1      1.74                      1.31   0.43     3.99
  SINCE JAN 1      5.68                      3.25   2.43     5.42

SNOWFALL (IN)
  YESTERDAY        0.0           4.8  1996   0.2   -0.2      3.6
  MONTH TO DATE    5.0                       8.4   -3.4     13.2
  SINCE JUL 1     58.8                      53.7    5.1     37.6
  SNOW DEPTH       0

DEGREE DAYS
 HEATING
  YESTERDAY       28                        32     -4       32
  MONTH TO DATE  902                       876     26      645
  SINCE MAR 1    902                       876     26      645
  SINCE JUL 1   6128                      7012   -884     5768

 COOLING
  YESTERDAY        0                         0      0        0
  MONTH TO DATE    0                         0      0        0
  SINCE MAR 1      0                         0      0        0
  SINCE JAN 1      0                         0      0        0
..................................................................


WIND (MPH)
  HIGHEST WIND SPEED    12   HIGHEST WIND DIRECTION    NE (60)
  HIGHEST GUST SPEED    16   HIGHEST GUST DIRECTION    NE (50)
  AVERAGE WIND SPEED     4.6


SKY COVER
  POSSIBLE SUNSHINE  MM
  AVERAGE SKY COVER 1.0


WEATHER CONDITIONS
 THE FOLLOWING WEATHER WAS RECORDED YESTERDAY.
  RAIN
  LIGHT RAIN
  FOG


RELATIVE HUMIDITY (PERCENT)
 HIGHEST   100           100 AM
 LOWEST     85           800 PM
 AVERAGE    93

..........................................................


THE WAUSAU WI CLIMATE NORMALS FOR TODAY
                         NORMAL    RECORD    YEAR
 MAXIMUM TEMPERATURE (F)   44        74      2007
 MINIMUM TEMPERATURE (F)   24        -4      1971


SUNRISE AND SUNSET
MARCH 25 2017.........SUNRISE   652 AM CDT   SUNSET   718 PM CDT
MARCH 26 2017.........SUNRISE   650 AM CDT   SUNSET   719 PM CDT


-  INDICATES NEGATIVE NUMBERS.
R  INDICATES RECORD WAS SET OR TIED.
MM INDICATES DATA IS MISSING.
T  INDICATES TRACE AMOUNT.




$$
