000
CDUS43 KGRB 150733
CLIAUW


CLIMATE REPORT
NATIONAL WEATHER SERVICE GREEN BAY
133 AM CST FRI DEC 15 2017


...................................

...THE WAUSAU WI CLIMATE SUMMARY FOR DECEMBER 14 2017...

CLIMATE NORMAL PERIOD 1981 TO 2010
CLIMATE RECORD PERIOD 1896 TO 2017


WEATHER ITEM   OBSERVED TIME   RECORD YEAR NORMAL DEPARTURE LAST
                VALUE   (LST)  VALUE       VALUE  FROM      YEAR
                                                  NORMAL
..................................................................
TEMPERATURE (F)
 YESTERDAY
  MAXIMUM         20    424 PM  52    1998  27     -7        7
  MINIMUM          3    652 AM -25    1901  12     -9       -4
  AVERAGE         12                        19     -7

PRECIPITATION (IN)
  YESTERDAY        0.01          1.48 2015   0.04  -0.03     0.00
  MONTH TO DATE    0.97                      0.67   0.30     0.78
  SINCE DEC 1      0.97                      0.67   0.30     0.78
  SINCE JAN 1     37.08                     31.72   5.36    35.10

SNOWFALL (IN)
  YESTERDAY        0.5           5.1  2005   0.5    0.0      0.0
  MONTH TO DATE    5.6                       6.3   -0.7     11.9
  SINCE JUL 1     13.9                      14.6   -0.7     15.0
  SNOW DEPTH       3

DEGREE DAYS
 HEATING
  YESTERDAY       53                        46      7       63
  MONTH TO DATE  577                       608    -31      626
  SINCE DEC 1    577                       608    -31      626
  SINCE JUL 1   2262                      2467   -205     1904

 COOLING
  YESTERDAY        0                         0      0        0
  MONTH TO DATE    0                         0      0        0
  SINCE DEC 1      0                         0      0        0
  SINCE JAN 1    339                       407    -68      512
..................................................................


WIND (MPH)
  HIGHEST WIND SPEED    15   HIGHEST WIND DIRECTION     W (290)
  HIGHEST GUST SPEED    19   HIGHEST GUST DIRECTION     W (290)
  AVERAGE WIND SPEED     6.0


SKY COVER
  POSSIBLE SUNSHINE  MM
  AVERAGE SKY COVER 0.8


WEATHER CONDITIONS
 THE FOLLOWING WEATHER WAS RECORDED YESTERDAY.
  LIGHT SNOW
  FOG


RELATIVE HUMIDITY (PERCENT)
 HIGHEST    92          1200 AM
 LOWEST     73           100 PM
 AVERAGE    83

..........................................................


THE WAUSAU WI CLIMATE NORMALS FOR TODAY
                         NORMAL    RECORD    YEAR
 MAXIMUM TEMPERATURE (F)   26        48      1997
 MINIMUM TEMPERATURE (F)   11       -27      1901


SUNRISE AND SUNSET
DECEMBER 15 2017......SUNRISE   730 AM CST   SUNSET   418 PM CST
DECEMBER 16 2017......SUNRISE   730 AM CST   SUNSET   418 PM CST


-  INDICATES NEGATIVE NUMBERS.
R  INDICATES RECORD WAS SET OR TIED.
MM INDICATES DATA IS MISSING.
T  INDICATES TRACE AMOUNT.




$$
