000
CDUS43 KGRB 020702
CLIAUW

CLIMATE REPORT
NATIONAL WEATHER SERVICE GREEN BAY
200 AM CDT WED SEP 2 2015

...................................

...THE WAUSAU WI CLIMATE SUMMARY FOR SEPTEMBER 1 2015...

CLIMATE NORMAL PERIOD 1981 TO 2010
CLIMATE RECORD PERIOD 1896 TO 2015

WEATHER ITEM   OBSERVED TIME   RECORD YEAR NORMAL DEPARTURE LAST
                VALUE   (LST)  VALUE       VALUE  FROM      YEAR
                                                  NORMAL
..................................................................
TEMPERATURE (F)
 YESTERDAY
  MAXIMUM         86    419 PM  95    1953  75     11       75
  MINIMUM         65    615 AM  33    1909  54     11       57
  AVERAGE         76                        64     12

PRECIPITATION (IN)
  YESTERDAY        0.00          3.05 1914   0.13  -0.13     0.14
  MONTH TO DATE    0.00                      0.13  -0.13     0.14
  SINCE SEP 1      0.00                      0.13  -0.13     0.14
  SINCE JAN 1     21.99                     22.34  -0.35    26.79

SNOWFALL (IN)
  YESTERDAY        0.0           0.0    MM   0.0    0.0      0.0
  MONTH TO DATE    0.0                       0.0    0.0      0.0
  SINCE JUL 1      0.0                       0.0    0.0      0.0
  SNOW DEPTH       0

DEGREE DAYS
 HEATING
  YESTERDAY        0                         3     -3        0
  MONTH TO DATE    0                         3     -3        0
  SINCE SEP 1      0                         3     -3        0
  SINCE JUL 1     62                        69     -7       54

 COOLING
  YESTERDAY       11                         2      9        1
  MONTH TO DATE   11                         2      9        1
  SINCE SEP 1     11                         2      9        1
  SINCE JAN 1    349                       377    -28      327
..................................................................

WIND (MPH)
  HIGHEST WIND SPEED    15   HIGHEST WIND DIRECTION    SW (230)
  HIGHEST GUST SPEED    18   HIGHEST GUST DIRECTION    SW (230)
  AVERAGE WIND SPEED     4.6

SKY COVER
  POSSIBLE SUNSHINE  MM
  AVERAGE SKY COVER 0.3

WEATHER CONDITIONS
 THE FOLLOWING WEATHER WAS RECORDED YESTERDAY.
  FOG
  HAZE

RELATIVE HUMIDITY (PERCENT)
 HIGHEST   100           300 AM
 LOWEST     55           100 PM
 AVERAGE    78
..........................................................

THE WAUSAU WI CLIMATE NORMALS FOR TODAY
                         NORMAL    RECORD    YEAR
 MAXIMUM TEMPERATURE (F)   74        95      1953
 MINIMUM TEMPERATURE (F)   54        35      1946

SUNRISE AND SUNSET
SEPTEMBER  2 2015.....SUNRISE   621 AM CDT   SUNSET   734 PM CDT
SEPTEMBER  3 2015.....SUNRISE   623 AM CDT   SUNSET   732 PM CDT

-  INDICATES NEGATIVE NUMBERS.
R  INDICATES RECORD WAS SET OR TIED.
MM INDICATES DATA IS MISSING.
T  INDICATES TRACE AMOUNT.

$$
