000
CDUS43 KGRB 260627
CLIAUW


CLIMATE REPORT
NATIONAL WEATHER SERVICE GREEN BAY
127 AM CDT TUE SEP 26 2017


...................................

...THE WAUSAU WI CLIMATE SUMMARY FOR SEPTEMBER 25 2017...

CLIMATE NORMAL PERIOD 1981 TO 2010
CLIMATE RECORD PERIOD 1896 TO 2017


WEATHER ITEM   OBSERVED TIME   RECORD YEAR NORMAL DEPARTURE LAST
                VALUE   (LST)  VALUE       VALUE  FROM      YEAR
                                                  NORMAL
..................................................................
TEMPERATURE (F)
 YESTERDAY
  MAXIMUM         86    254 PM  87    1920  65     21       69
  MINIMUM         60    608 AM  23    1947  44     16       54
  AVERAGE         73                        54     19

PRECIPITATION (IN)
  YESTERDAY        0.07          2.78 1972   0.14  -0.07     0.52
  MONTH TO DATE    1.76                      3.27  -1.51     4.62
  SINCE SEP 1      1.76                      3.27  -1.51     4.62
  SINCE JAN 1     31.08                     25.48   5.60    29.97

SNOWFALL (IN)
  YESTERDAY        0.0           T    1965   0.0    0.0      0.0
                                      1928
  MONTH TO DATE    0.0                       0.0    0.0      0.0
  SINCE JUL 1      0.0                       0.0    0.0      0.0
  SNOW DEPTH       0

DEGREE DAYS
 HEATING
  YESTERDAY        0                        11    -11        3
  MONTH TO DATE  109                       166    -57       54
  SINCE SEP 1    109                       166    -57       54
  SINCE JUL 1    167                       232    -65       76

 COOLING
  YESTERDAY        8                         0      8        0
  MONTH TO DATE   66                        29     37       24
  SINCE SEP 1     66                        29     37       24
  SINCE JAN 1    338                       404    -66      511
..................................................................


WIND (MPH)
  HIGHEST WIND SPEED    16   HIGHEST WIND DIRECTION     S (180)
  HIGHEST GUST SPEED    19   HIGHEST GUST DIRECTION     S (190)
  AVERAGE WIND SPEED     4.7


SKY COVER
  POSSIBLE SUNSHINE  MM
  AVERAGE SKY COVER 0.1


WEATHER CONDITIONS
 THE FOLLOWING WEATHER WAS RECORDED YESTERDAY.
  THUNDERSTORM
  HEAVY RAIN
  LIGHT RAIN


RELATIVE HUMIDITY (PERCENT)
 HIGHEST    93           300 AM
 LOWEST     42           300 PM
 AVERAGE    68

..........................................................


THE WAUSAU WI CLIMATE NORMALS FOR TODAY
                         NORMAL    RECORD    YEAR
 MAXIMUM TEMPERATURE (F)   64        84      1908
 MINIMUM TEMPERATURE (F)   44        28      1939
                                             1926


SUNRISE AND SUNSET
SEPTEMBER 26 2017.....SUNRISE   651 AM CDT   SUNSET   648 PM CDT
SEPTEMBER 27 2017.....SUNRISE   652 AM CDT   SUNSET   646 PM CDT


-  INDICATES NEGATIVE NUMBERS.
R  INDICATES RECORD WAS SET OR TIED.
MM INDICATES DATA IS MISSING.
T  INDICATES TRACE AMOUNT.




$$
