000
CDUS43 KGRB 222123
CLIAUW


CLIMATE REPORT
NATIONAL WEATHER SERVICE GREEN BAY
422 PM CDT FRI AUG 22 2014


...................................

...THE WAUSAU WI CLIMATE SUMMARY FOR AUGUST 22 2014...
VALID TODAY AS OF 0400 PM LOCAL TIME.

CLIMATE NORMAL PERIOD 1981 TO 2010
CLIMATE RECORD PERIOD 1896 TO 2014


WEATHER ITEM   OBSERVED TIME   RECORD YEAR NORMAL DEPARTURE LAST
                VALUE   (LST)  VALUE       VALUE  FROM      YEAR
                                                  NORMAL
..................................................................
TEMPERATURE (F)
 TODAY
  MAXIMUM         81    208 PM  93    1947  77      4       83
  MINIMUM         65    731 AM  39    1967  56      9       61
                                      1950
                                      1920
  AVERAGE         73                        67      6       72

PRECIPITATION (IN)
  TODAY            T             1.50 1988   0.13  -0.13     0.00
  MONTH TO DATE    3.64                      3.00   0.64     1.59
  SINCE JUN 1     11.75                     11.14   0.61    11.22
  SINCE JAN 1     23.19                     21.05   2.14    25.69

SNOWFALL (IN)
  TODAY            0.0           0.0    MM   0.0             0.0
  MONTH TO DATE    0.0                       0.0             0.0
  SINCE JUN 1      0.0                       0.0             0.0
  SINCE JUL 1      0.0                       0.0             0.0
  SNOW DEPTH       0

DEGREE DAYS
 HEATING
  TODAY            0                         2     -2        0
  MONTH TO DATE   11                        23    -12       26
  SINCE JUN 1     72                       135    -63      142
  SINCE JUL 1     50                        46      4       56

 COOLING
  TODAY            8                         3      5        7
  MONTH TO DATE   66                        91    -25       52
  SINCE JAN 1    285                       351    -66      358
..................................................................


WIND (MPH)
  HIGHEST WIND SPEED    10   HIGHEST WIND DIRECTION    NW (310)
  HIGHEST GUST SPEED    13   HIGHEST GUST DIRECTION    NW (320)
  AVERAGE WIND SPEED     5.7


SKY COVER
  POSSIBLE SUNSHINE  MM
  AVERAGE SKY COVER 1.0


WEATHER CONDITIONS
 THE FOLLOWING WEATHER WAS RECORDED TODAY.
  LIGHT RAIN
  FOG
  FOG W/VISIBILITY <= 1/4 MILE
  HAZE


RELATIVE HUMIDITY (PERCENT)
 HIGHEST   100          1200 AM
 LOWEST     79           100 PM
 AVERAGE    90

..........................................................


THE WAUSAU WI CLIMATE NORMALS FOR TOMORROW
                         NORMAL    RECORD    YEAR
 MAXIMUM TEMPERATURE (F)   77        96      1948
 MINIMUM TEMPERATURE (F)   56        38      1897


SUNRISE AND SUNSET
AUGUST 22 2014........SUNRISE   609 AM CDT   SUNSET   753 PM CDT
AUGUST 23 2014........SUNRISE   610 AM CDT   SUNSET   751 PM CDT


-  INDICATES NEGATIVE NUMBERS.
R  INDICATES RECORD WAS SET OR TIED.
MM INDICATES DATA IS MISSING.
T  INDICATES TRACE AMOUNT.




$$
