000
CDUS43 KGRB 030642
CLIAUW


CLIMATE REPORT
NATIONAL WEATHER SERVICE GREEN BAY
142 AM CDT WED JUN 3 2015


...................................

...THE WAUSAU WI CLIMATE SUMMARY FOR JUNE 2 2015...

CLIMATE NORMAL PERIOD 1981 TO 2010
CLIMATE RECORD PERIOD 1896 TO 2015


WEATHER ITEM   OBSERVED TIME   RECORD YEAR NORMAL DEPARTURE LAST
                VALUE   (LST)  VALUE       VALUE  FROM      YEAR
                                                  NORMAL
..................................................................
TEMPERATURE (F)
 YESTERDAY
  MAXIMUM         73    323 PM  92    1934  72      1       78
  MINIMUM         40    419 AM  34    1956  50    -10       63
  AVERAGE         57                        61     -4

PRECIPITATION (IN)
  YESTERDAY        0.00          1.41 1951   0.14  -0.14     1.11
  MONTH TO DATE    0.00                      0.27  -0.27     1.87
  SINCE JUN 1      0.00                      0.27  -0.27     1.87
  SINCE JAN 1     10.73                     10.18   0.55    13.31

SNOWFALL (IN)
  YESTERDAY        0.0           0.0    MM   0.0    0.0      0.0
  MONTH TO DATE    0.0                       0.0    0.0      0.0
  SINCE JUL 1     53.7                      59.6   -5.9     84.3
  SNOW DEPTH       0

DEGREE DAYS
 HEATING
  YESTERDAY        8                         5      3        0
  MONTH TO DATE   20                        11      9        0
  SINCE JUN 1     20                        11      9        0
  SINCE JUL 1   8444                      8171    273     9318

 COOLING
  YESTERDAY        0                         1     -1        6
  MONTH TO DATE    0                         2     -2       14
  SINCE JUN 1      0                         2     -2       14
  SINCE JAN 1     18                        21     -3       39
..................................................................


WIND (MPH)
  HIGHEST WIND SPEED    16   HIGHEST WIND DIRECTION     S (180)
  HIGHEST GUST SPEED    20   HIGHEST GUST DIRECTION     S (200)
  AVERAGE WIND SPEED     7.4


SKY COVER
  POSSIBLE SUNSHINE  MM
  AVERAGE SKY COVER 0.0


WEATHER CONDITIONS
 THE FOLLOWING WEATHER WAS RECORDED YESTERDAY.
  NO SIGNIFICANT WEATHER WAS OBSERVED.


RELATIVE HUMIDITY (PERCENT)
 HIGHEST    89           200 AM
 LOWEST     29           200 PM
 AVERAGE    59

..........................................................


THE WAUSAU WI CLIMATE NORMALS FOR TODAY
                         NORMAL    RECORD    YEAR
 MAXIMUM TEMPERATURE (F)   72        90      2011
 MINIMUM TEMPERATURE (F)   50        34      1945


SUNRISE AND SUNSET
JUNE  3 2015..........SUNRISE   514 AM CDT   SUNSET   839 PM CDT
JUNE  4 2015..........SUNRISE   514 AM CDT   SUNSET   840 PM CDT


-  INDICATES NEGATIVE NUMBERS.
R  INDICATES RECORD WAS SET OR TIED.
MM INDICATES DATA IS MISSING.
T  INDICATES TRACE AMOUNT.




$$
