153
CDUS43 KGRB 202225
CLIAUW


CLIMATE REPORT
NATIONAL WEATHER SERVICE GREEN BAY
424 PM CST MON FEB 20 2017


...................................

...THE WAUSAU WI CLIMATE SUMMARY FOR FEBRUARY 20 2017...
VALID TODAY AS OF 0400 PM LOCAL TIME.

CLIMATE NORMAL PERIOD 1981 TO 2010
CLIMATE RECORD PERIOD 1896 TO 2017


WEATHER ITEM   OBSERVED TIME   RECORD YEAR NORMAL DEPARTURE LAST
                VALUE   (LST)  VALUE       VALUE  FROM      YEAR
                                                  NORMAL
..................................................................
TEMPERATURE (F)
 TODAY
  MAXIMUM         48    323 PM  53    1930  30     18       43
  MINIMUM         36    435 AM -27    1929  12     24       34
  AVERAGE         42                        21     21       39

PRECIPITATION (IN)
  TODAY           MM             0.83 1954   0.04  MM        0.00
  MONTH TO DATE    0.08                      0.61  -0.53     0.54
  SINCE DEC 1      5.08                      2.99   2.09     6.33
  SINCE JAN 1      2.42                      1.63   0.79     1.38

SNOWFALL (IN)
  TODAY           MM             8.7  2011   0.4             0.0
  MONTH TO DATE    0.4                       6.8             8.7
  SINCE DEC 1     43.4                      34.2            23.9
  SINCE JUL 1     46.5                      42.5            24.1
  SNOW DEPTH      MM

DEGREE DAYS
 HEATING
  TODAY           23                        44    -21       26
  MONTH TO DATE  825                       942   -117      906
  SINCE DEC 1   3695                      3933   -238     3414
  SINCE JUL 1   4973                      5792   -819     4820

 COOLING
  TODAY            0                         0      0        0
  MONTH TO DATE    0                         0      0        0
  SINCE JAN 1      0                         0      0        0
..................................................................


WIND (MPH)
  HIGHEST WIND SPEED    18   HIGHEST WIND DIRECTION    SE (140)
  HIGHEST GUST SPEED    24   HIGHEST GUST DIRECTION     E (110)
  AVERAGE WIND SPEED    10.6


SKY COVER
  POSSIBLE SUNSHINE  MM
  AVERAGE SKY COVER 0.2


WEATHER CONDITIONS
 THE FOLLOWING WEATHER WAS RECORDED TODAY.
  NO SIGNIFICANT WEATHER WAS OBSERVED.


RELATIVE HUMIDITY (PERCENT)
 HIGHEST    82           400 PM
 LOWEST     70           400 AM
 AVERAGE    76

..........................................................


THE WAUSAU WI CLIMATE NORMALS FOR TOMORROW
                         NORMAL    RECORD    YEAR
 MAXIMUM TEMPERATURE (F)   30        58      1930
 MINIMUM TEMPERATURE (F)   12       -21      1963
                                             1936


SUNRISE AND SUNSET
FEBRUARY 20 2017......SUNRISE   651 AM CST   SUNSET   534 PM CST
FEBRUARY 21 2017......SUNRISE   649 AM CST   SUNSET   535 PM CST


-  INDICATES NEGATIVE NUMBERS.
R  INDICATES RECORD WAS SET OR TIED.
MM INDICATES DATA IS MISSING.
T  INDICATES TRACE AMOUNT.




$$
