000
CDUS43 KGRB 300708
CLIAUW


CLIMATE REPORT
NATIONAL WEATHER SERVICE GREEN BAY
207 AM CDT THU JUL 30 2015


...................................

...THE WAUSAU WI CLIMATE SUMMARY FOR JULY 29 2015...

CLIMATE NORMAL PERIOD 1981 TO 2010
CLIMATE RECORD PERIOD 1896 TO 2015


WEATHER ITEM   OBSERVED TIME   RECORD YEAR NORMAL DEPARTURE LAST
                VALUE   (LST)  VALUE       VALUE  FROM      YEAR
                                                  NORMAL
..................................................................
TEMPERATURE (F)
 YESTERDAY
  MAXIMUM         83    237 PM  97    1916  80      3       78
  MINIMUM         68    642 AM  44    1952  59      9       54
  AVERAGE         76                        69      7

PRECIPITATION (IN)
  YESTERDAY        T             2.10 1924   0.13  -0.13     0.26
  MONTH TO DATE    3.08                      3.57  -0.49     2.55
  SINCE JUN 1      7.64                      7.88  -0.24     8.06
  SINCE JAN 1     18.37                     17.79   0.58    19.50

SNOWFALL (IN)
  YESTERDAY        0.0           0.0    MM   0.0    0.0      0.0
  MONTH TO DATE    0.0                       0.0    0.0      0.0
  SINCE JUL 1      0.0                       0.0    0.0      0.0
  SNOW DEPTH       0

DEGREE DAYS
 HEATING
  YESTERDAY        0                         1     -1        0
  MONTH TO DATE   18                        29    -11       37
  SINCE JUN 1     79                       118    -39       59
  SINCE JUL 1     18                        29    -11       37

 COOLING
  YESTERDAY       11                         5      6        1
  MONTH TO DATE  147                       145      2       81
  SINCE JUN 1    194                       230    -36      191
  SINCE JAN 1    212                       249    -37      216
..................................................................


WIND (MPH)
  HIGHEST WIND SPEED    35   HIGHEST WIND DIRECTION     W (280)
  HIGHEST GUST SPEED    46   HIGHEST GUST DIRECTION     W (290)
  AVERAGE WIND SPEED    16.7


SKY COVER
  POSSIBLE SUNSHINE  MM
  AVERAGE SKY COVER 0.2


WEATHER CONDITIONS
 THE FOLLOWING WEATHER WAS RECORDED YESTERDAY.
  LIGHT RAIN


RELATIVE HUMIDITY (PERCENT)
 HIGHEST    87           100 AM
 LOWEST     30          1200 PM
 AVERAGE    59

..........................................................


THE WAUSAU WI CLIMATE NORMALS FOR TODAY
                         NORMAL    RECORD    YEAR
 MAXIMUM TEMPERATURE (F)   80        99      1933
 MINIMUM TEMPERATURE (F)   59        41      1902


SUNRISE AND SUNSET
JULY 30 2015..........SUNRISE   542 AM CDT   SUNSET   828 PM CDT
JULY 31 2015..........SUNRISE   543 AM CDT   SUNSET   826 PM CDT


-  INDICATES NEGATIVE NUMBERS.
R  INDICATES RECORD WAS SET OR TIED.
MM INDICATES DATA IS MISSING.
T  INDICATES TRACE AMOUNT.




$$
