000
CDUS42 KGSP 210635 RRA
CLIAVL

CLIMATE REPORT
NATIONAL WEATHER SERVICE GREENVILLE-SPARTANBURG SC
133 AM EST TUE FEB 21 2017


...................................

...THE ASHEVILLE NC CLIMATE SUMMARY FOR FEBRUARY 20 2017...

CLIMATE NORMAL PERIOD 1981 TO 2010
CLIMATE RECORD PERIOD 1869 TO 2017


WEATHER ITEM   OBSERVED TIME   RECORD YEAR NORMAL DEPARTURE LAST
                VALUE   (LST)  VALUE       VALUE  FROM      YEAR
                                                  NORMAL
..................................................................
TEMPERATURE (F)
 YESTERDAY
  MAXIMUM         70    426 PM  75    1939  52     18       60
  MINIMUM         31    700 AM   4    2015  31      0       40
  AVERAGE         51                        41     10       50

PRECIPITATION (IN)
  YESTERDAY        0.00          1.81 1954   0.14  -0.14     0.00
  MONTH TO DATE    0.44                      2.69  -2.25     3.52
  SINCE DEC 1      6.47                      9.95  -3.48    15.57
  SINCE JAN 1      4.16                      6.36  -2.20     6.81

SNOWFALL (IN)
  YESTERDAY        0.0           4.0  1947   0.0             0.0
  MONTH TO DATE    0.0                       1.6             0.1
  SINCE DEC 1      7.3                       6.6            13.9
  SINCE JUL 1      7.3                       6.7            13.9
  SNOW DEPTH       0

DEGREE DAYS
 HEATING
  YESTERDAY       14                        24    -10       15
  MONTH TO DATE  368                       509   -141      554
  SINCE DEC 1   1710                      2169   -459     1902
  SINCE JUL 1   2281                      3036   -755     2577

 COOLING
  YESTERDAY        0                         0      0        0
  MONTH TO DATE    0                         0      0        0
  SINCE DEC 1      0                         0      0        0
  SINCE JAN 1      0                         0      0        0
..................................................................


WIND (MPH)
  HIGHEST WIND SPEED    10   HIGHEST WIND DIRECTION    SE (130)
  HIGHEST GUST SPEED    16   HIGHEST GUST DIRECTION     E (100)
  AVERAGE WIND SPEED     2.5


SKY COVER
  POSSIBLE SUNSHINE  MM
  AVERAGE SKY COVER 0.0


WEATHER CONDITIONS
 THE FOLLOWING WEATHER WAS RECORDED YESTERDAY.
  NO SIGNIFICANT WEATHER WAS OBSERVED.


RELATIVE HUMIDITY (PERCENT)
 HIGHEST    89           400 AM
 LOWEST     19           100 PM
 AVERAGE    54

..........................................................


THE ASHEVILLE NC CLIMATE NORMALS FOR TODAY
                         NORMAL    RECORD    YEAR
 MAXIMUM TEMPERATURE (F)   52        77      1986
 MINIMUM TEMPERATURE (F)   31         8      1896


SUNRISE AND SUNSET
FEBRUARY 21 2017......SUNRISE   710 AM EST   SUNSET   618 PM EST
FEBRUARY 22 2017......SUNRISE   708 AM EST   SUNSET   619 PM EST


-  INDICATES NEGATIVE NUMBERS.
R  INDICATES RECORD WAS SET OR TIED.
MM INDICATES DATA IS MISSING.
T  INDICATES TRACE AMOUNT.




$$

LEV
