000
CDUS42 KGSP 290641
CLIAVL

CLIMATE REPORT
NATIONAL WEATHER SERVICE GREENVILLE-SPARTANBURG SC
127 AM EST THU JAN 29 2015


...................................

...THE ASHEVILLE NC CLIMATE SUMMARY FOR JANUARY 28 2015...

CLIMATE NORMAL PERIOD 1981 TO 2010
CLIMATE RECORD PERIOD 1869 TO 2015


WEATHER ITEM   OBSERVED TIME   RECORD YEAR NORMAL DEPARTURE LAST
                VALUE   (LST)  VALUE       VALUE  FROM      YEAR
                                                  NORMAL
..................................................................
TEMPERATURE (F)
 YESTERDAY
  MAXIMUM         46    414 PM  75    1914  48     -2       22
  MINIMUM         22    756 AM  -2    1986  27     -5       16
                                      1897
  AVERAGE         34                        38     -4       19

PRECIPITATION (IN)
  YESTERDAY        0.00          1.60 1875   0.12  -0.12     0.14
  MONTH TO DATE    3.06                      3.30  -0.24     2.33
  SINCE DEC 1      5.46                      6.89  -1.43    10.00
  SINCE JAN 1      3.06                      3.30  -0.24     2.33

SNOWFALL (IN)
  YESTERDAY        0.0           5.1  1904   0.1             1.1
  MONTH TO DATE    T                         3.7             1.3
  SINCE DEC 1      T                         4.6             1.3
  SINCE JUL 1      3.2                       4.7             1.5
  SNOW DEPTH       0

DEGREE DAYS
 HEATING
  YESTERDAY       31                        27      4       46
  MONTH TO DATE  775                       783     -8      936
  SINCE DEC 1   1414                      1577   -163     1633
  SINCE JUL 1   2329                      2444   -115     2516

 COOLING
  YESTERDAY        0                         0      0        0
  MONTH TO DATE    0                         0      0        0
  SINCE DEC 1      0                         0      0        0
  SINCE JAN 1      0                         0      0        0
..................................................................


WIND (MPH)
  HIGHEST WIND SPEED    28   HIGHEST WIND DIRECTION    NW (330)
  HIGHEST GUST SPEED    36   HIGHEST GUST DIRECTION     N (360)
  AVERAGE WIND SPEED    11.2


SKY COVER
  POSSIBLE SUNSHINE  MM
  AVERAGE SKY COVER 0.0


WEATHER CONDITIONS
 THE FOLLOWING WEATHER WAS RECORDED YESTERDAY.
  NO SIGNIFICANT WEATHER WAS OBSERVED.


RELATIVE HUMIDITY (PERCENT)
 HIGHEST    74           500 AM
 LOWEST     27           400 PM
 AVERAGE    51

..........................................................


THE ASHEVILLE NC CLIMATE NORMALS FOR TODAY
                         NORMAL    RECORD    YEAR
 MAXIMUM TEMPERATURE (F)   48        76      2002
 MINIMUM TEMPERATURE (F)   27        -1      1897


SUNRISE AND SUNSET
JANUARY 29 2015.......SUNRISE   732 AM EST   SUNSET   555 PM EST
JANUARY 30 2015.......SUNRISE   731 AM EST   SUNSET   556 PM EST


-  INDICATES NEGATIVE NUMBERS.
R  INDICATES RECORD WAS SET OR TIED.
MM INDICATES DATA IS MISSING.
T  INDICATES TRACE AMOUNT.

$$
07
