000
CDUS42 KGSP 020635
CLIAVL

CLIMATE REPORT
NATIONAL WEATHER SERVICE GREENVILLE-SPARTANBURG SC
234 AM EDT THU JUL 2 2015


...................................

...THE ASHEVILLE NC CLIMATE SUMMARY FOR JULY 1 2015...

CLIMATE NORMAL PERIOD 1981 TO 2010
CLIMATE RECORD PERIOD 1869 TO 2015


WEATHER ITEM   OBSERVED TIME   RECORD YEAR NORMAL DEPARTURE LAST
                VALUE   (LST)  VALUE       VALUE  FROM      YEAR
                                                  NORMAL
..................................................................
TEMPERATURE (F)
 YESTERDAY
  MAXIMUM         80   1242 PM  98    2012  84     -4       86
  MINIMUM         61    556 AM  49    1937  63     -2       66
  AVERAGE         71                        73     -2       76

PRECIPITATION (IN)
  YESTERDAY        T             1.93 2003   0.15  -0.15     0.00
                                      1905
  MONTH TO DATE    T                         0.15  -0.15     0.00
  SINCE JUN 1      6.42                      4.80   1.62     5.39
  SINCE JAN 1     20.67                     23.05  -2.38    21.90

SNOWFALL (IN)
  YESTERDAY        0.0           0.0    MM   0.0             0.0
  MONTH TO DATE    0.0                       0.0             0.0
  SINCE JUN 1      0.0                       0.0             0.0
  SINCE JUL 1      0.0                       0.0             0.0
  SNOW DEPTH       0

DEGREE DAYS
 HEATING
  YESTERDAY        0                         0      0        0
  MONTH TO DATE    0                         0      0        0
  SINCE JUN 1      0                        14    -14        0
  SINCE JUL 1      0                         0      0        0

 COOLING
  YESTERDAY        6                         8     -2       11
  MONTH TO DATE    6                         8     -2       11
  SINCE JUN 1    269                       185     84      237
  SINCE JAN 1    391                       243    148      318
..................................................................


WIND (MPH)
  HIGHEST WIND SPEED    12   HIGHEST WIND DIRECTION     N (350)
  HIGHEST GUST SPEED    16   HIGHEST GUST DIRECTION     N (340)
  AVERAGE WIND SPEED     4.1


SKY COVER
  POSSIBLE SUNSHINE  MM
  AVERAGE SKY COVER 0.4


WEATHER CONDITIONS
 THE FOLLOWING WEATHER WAS RECORDED YESTERDAY.
  LIGHT RAIN
  FOG
  HAZE


RELATIVE HUMIDITY (PERCENT)
 HIGHEST    97           500 AM
 LOWEST     54           100 PM
 AVERAGE    76

..........................................................


THE ASHEVILLE NC CLIMATE NORMALS FOR TODAY
                         NORMAL    RECORD    YEAR
 MAXIMUM TEMPERATURE (F)   84        93      1970
                                             1954
                                             1931
 MINIMUM TEMPERATURE (F)   63        44      1988


SUNRISE AND SUNSET
JULY  2 2015..........SUNRISE   619 AM EDT   SUNSET   849 PM EDT
JULY  3 2015..........SUNRISE   620 AM EDT   SUNSET   849 PM EDT


-  INDICATES NEGATIVE NUMBERS.
R  INDICATES RECORD WAS SET OR TIED.
MM INDICATES DATA IS MISSING.
T  INDICATES TRACE AMOUNT.

$$
07
