000
CDUS42 KGSP 040644
CLIAVL

CLIMATE REPORT
NATIONAL WEATHER SERVICE GREENVILLE-SPARTANBURG SC
144 AM EST SUN DEC 4 2016


...................................

...THE ASHEVILLE NC CLIMATE SUMMARY FOR DECEMBER 3 2016...

CLIMATE NORMAL PERIOD 1981 TO 2010
CLIMATE RECORD PERIOD 1869 TO 2016


WEATHER ITEM   OBSERVED TIME   RECORD YEAR NORMAL DEPARTURE LAST
                VALUE   (LST)  VALUE       VALUE  FROM      YEAR
                                                  NORMAL
..................................................................
TEMPERATURE (F)
 YESTERDAY
  MAXIMUM         49    231 PM  72    1970  53     -4       45
  MINIMUM         36    803 AM  11    1979  32      4       31
  AVERAGE         43                        42      1       38

PRECIPITATION (IN)
  YESTERDAY        T             2.20 1983   0.14  -0.14     0.00
  MONTH TO DATE    T                         0.40  -0.40     1.78
  SINCE DEC 1      T                         0.40  -0.40     1.78
  SINCE JAN 1     31.09                     42.38 -11.29    47.37

SNOWFALL (IN)
  YESTERDAY        0.0          16.3  1971   0.0             0.0
  MONTH TO DATE    0.0                       0.0             0.0
  SINCE DEC 1      0.0                       0.0             0.0
  SINCE JUL 1      0.0                       0.1             0.0
  SNOW DEPTH       0

DEGREE DAYS
 HEATING
  YESTERDAY       22                        23     -1       27
  MONTH TO DATE   62                        68     -6       54
  SINCE DEC 1     62                        68     -6       54
  SINCE JUL 1    633                       935   -302      729

 COOLING
  YESTERDAY        0                         0      0        0
  MONTH TO DATE    0                         0      0        0
  SINCE DEC 1      0                         0      0        0
  SINCE JAN 1   1317                       863    454     1156
..................................................................


WIND (MPH)
  HIGHEST WIND SPEED    20   HIGHEST WIND DIRECTION     N (350)
  HIGHEST GUST SPEED    26   HIGHEST GUST DIRECTION     N (340)
  AVERAGE WIND SPEED     8.3


SKY COVER
  POSSIBLE SUNSHINE  MM
  AVERAGE SKY COVER 0.4


WEATHER CONDITIONS
 THE FOLLOWING WEATHER WAS RECORDED YESTERDAY.
  LIGHT RAIN


RELATIVE HUMIDITY (PERCENT)
 HIGHEST    67          1100 PM
 LOWEST     42           100 PM
 AVERAGE    55

..........................................................


THE ASHEVILLE NC CLIMATE NORMALS FOR TODAY
                         NORMAL    RECORD    YEAR
 MAXIMUM TEMPERATURE (F)   52        71      1956
 MINIMUM TEMPERATURE (F)   31        15      1966
                                             1944
                                             1929


SUNRISE AND SUNSET
DECEMBER  4 2016......SUNRISE   724 AM EST   SUNSET   517 PM EST
DECEMBER  5 2016......SUNRISE   725 AM EST   SUNSET   517 PM EST


-  INDICATES NEGATIVE NUMBERS.
R  INDICATES RECORD WAS SET OR TIED.
MM INDICATES DATA IS MISSING.
T  INDICATES TRACE AMOUNT.

$$

OUTLAW
