000
CDUS42 KGSP 190656
CLIAVL

CLIMATE REPORT
NATIONAL WEATHER SERVICE GREENVILLE-SPARTANBURG SC
156 AM EST THU JAN 19 2017


...................................

...THE ASHEVILLE NC CLIMATE SUMMARY FOR JANUARY 18 2017...

CLIMATE NORMAL PERIOD 1981 TO 2010
CLIMATE RECORD PERIOD 1869 TO 2017


WEATHER ITEM   OBSERVED TIME   RECORD YEAR NORMAL DEPARTURE LAST
                VALUE   (LST)  VALUE       VALUE  FROM      YEAR
                                                  NORMAL
..................................................................
TEMPERATURE (F)
 YESTERDAY
  MAXIMUM         65    441 AM  72    1933  47     18       28
  MINIMUM         43   1152 PM   0    1994  26     17       15
  AVERAGE         54                        37     17       22

PRECIPITATION (IN)
  YESTERDAY        T             2.26 1936   0.12  -0.12     0.00
  MONTH TO DATE    1.46                      2.08  -0.62     1.69
  SINCE DEC 1      3.77                      5.67  -1.90    10.45
  SINCE JAN 1      1.46                      2.08  -0.62     1.69

SNOWFALL (IN)
  YESTERDAY        0.0           1.2  1955   0.2             0.0
                                      2000
  MONTH TO DATE    7.0                       2.4             0.1
  SINCE DEC 1      7.0                       3.3             0.1
  SINCE JUL 1      7.0                       3.4             0.1
  SNOW DEPTH       0

DEGREE DAYS
 HEATING
  YESTERDAY       11                        28    -17       43
  MONTH TO DATE  383                       504   -121      527
  SINCE DEC 1   1090                      1298   -208      948
  SINCE JUL 1   1661                      2165   -504     1623

 COOLING
  YESTERDAY        0                         0      0        0
  MONTH TO DATE    0                         0      0        0
  SINCE DEC 1      0                         0      0        0
  SINCE JAN 1      0                         0      0        0
..................................................................


WIND (MPH)
  HIGHEST WIND SPEED    21   HIGHEST WIND DIRECTION    NW (330)
  HIGHEST GUST SPEED    29   HIGHEST GUST DIRECTION    NW (330)
  AVERAGE WIND SPEED     9.7


SKY COVER
  POSSIBLE SUNSHINE  MM
  AVERAGE SKY COVER 0.3


WEATHER CONDITIONS
 THE FOLLOWING WEATHER WAS RECORDED YESTERDAY.
  LIGHT RAIN


RELATIVE HUMIDITY (PERCENT)
 HIGHEST    83           700 AM
 LOWEST     32           300 PM
 AVERAGE    58

..........................................................


THE ASHEVILLE NC CLIMATE NORMALS FOR TODAY
                         NORMAL    RECORD    YEAR
 MAXIMUM TEMPERATURE (F)   47        70      1974
 MINIMUM TEMPERATURE (F)   27        -5      1994


SUNRISE AND SUNSET
JANUARY 19 2017.......SUNRISE   737 AM EST   SUNSET   545 PM EST
JANUARY 20 2017.......SUNRISE   737 AM EST   SUNSET   546 PM EST


-  INDICATES NEGATIVE NUMBERS.
R  INDICATES RECORD WAS SET OR TIED.
MM INDICATES DATA IS MISSING.
T  INDICATES TRACE AMOUNT.

$$

OUTLAW
