000
CDUS42 KGSP 260633
CLIAVL

CLIMATE REPORT
NATIONAL WEATHER SERVICE GREENVILLE-SPARTANBURG SC
229 AM EDT SUN OCT 26 2014


...................................

...THE ASHEVILLE NC CLIMATE SUMMARY FOR OCTOBER 25 2014...

CLIMATE NORMAL PERIOD 1981 TO 2010
CLIMATE RECORD PERIOD 1869 TO 2014


WEATHER ITEM   OBSERVED TIME   RECORD YEAR NORMAL DEPARTURE LAST
                VALUE   (LST)  VALUE       VALUE  FROM      YEAR
                                                  NORMAL
..................................................................
TEMPERATURE (F)
 YESTERDAY
  MAXIMUM         71    348 PM  79    1891  66      5       47
  MINIMUM         39    708 AM  25    1909  42     -3       29
  AVERAGE         55                        54      1       38

PRECIPITATION (IN)
  YESTERDAY        0.00          5.38 1918   0.08  -0.08      T
  MONTH TO DATE    4.02                      2.35   1.67     2.03
  SINCE SEP 1      9.89                      6.16   3.73     5.08
  SINCE JAN 1     40.67                     37.77   2.90    63.84

SNOWFALL (IN)
  YESTERDAY        0.0           T    2013   0.0              T
                                      1926
  MONTH TO DATE    0.0                       0.0              T
  SINCE SEP 1      0.0                       0.0              T
  SINCE JUL 1      0.0                       0.0              T
  SNOW DEPTH       0

DEGREE DAYS
 HEATING
  YESTERDAY       10                        11     -1       27
  MONTH TO DATE  169                       202    -33      160
  SINCE SEP 1    186                       257    -71      184
  SINCE JUL 1    188                       259    -71      189

 COOLING
  YESTERDAY        0                         0      0        0
  MONTH TO DATE   15                         7      8       17
  SINCE SEP 1    167                       102     65      122
  SINCE JAN 1    919                       859     60      860
..................................................................


WIND (MPH)
  HIGHEST WIND SPEED    16   HIGHEST WIND DIRECTION     N (360)
  HIGHEST GUST SPEED    21   HIGHEST GUST DIRECTION     N (350)
  AVERAGE WIND SPEED     5.6


SKY COVER
  POSSIBLE SUNSHINE  MM
  AVERAGE SKY COVER 0.1


WEATHER CONDITIONS
 THE FOLLOWING WEATHER WAS RECORDED YESTERDAY.
  NO SIGNIFICANT WEATHER WAS OBSERVED.


RELATIVE HUMIDITY (PERCENT)
 HIGHEST    85           700 AM
 LOWEST     26           400 PM
 AVERAGE    56

..........................................................


THE ASHEVILLE NC CLIMATE NORMALS FOR TODAY
                         NORMAL    RECORD    YEAR
 MAXIMUM TEMPERATURE (F)   66        83      1939
 MINIMUM TEMPERATURE (F)   41        25      2013


SUNRISE AND SUNSET
OCTOBER 26 2014.......SUNRISE   746 AM EDT   SUNSET   642 PM EDT
OCTOBER 27 2014.......SUNRISE   747 AM EDT   SUNSET   640 PM EDT


-  INDICATES NEGATIVE NUMBERS.
R  INDICATES RECORD WAS SET OR TIED.
MM INDICATES DATA IS MISSING.
T  INDICATES TRACE AMOUNT.




$$
