662
CDUS42 KGSP 160636 RRB
CLIAVL

CLIMATE REPORT
NATIONAL WEATHER SERVICE GREENVILLE-SPARTANBURG SC
235 AM EDT WED AUG 16 2017


...................................

...THE ASHEVILLE NC CLIMATE SUMMARY FOR AUGUST 15 2017...

CLIMATE NORMAL PERIOD 1981 TO 2010
CLIMATE RECORD PERIOD 1869 TO 2017


WEATHER ITEM   OBSERVED TIME   RECORD YEAR NORMAL DEPARTURE LAST
                VALUE   (LST)  VALUE       VALUE  FROM      YEAR
                                                  NORMAL
..................................................................
TEMPERATURE (F)
 YESTERDAY
  MAXIMUM         85    444 PM  93    2007  83      2       87
                                      1995
  MINIMUM         70   1159 PM  50    1963  63      7       67
                                      1893
  AVERAGE         78                        73      5       77

PRECIPITATION (IN)
  YESTERDAY        T             4.42 1928   0.14  -0.14      T
  MONTH TO DATE    3.68                      2.13   1.55     4.25
  SINCE JUN 1     10.92                     11.09  -0.17    11.17
  SINCE JAN 1     33.94                     29.34   4.60    26.05

SNOWFALL (IN)
  YESTERDAY        0.0           0.0    MM   0.0             0.0
  MONTH TO DATE    0.0                       0.0             0.0
  SINCE JUN 1      0.0                       0.0             0.0
  SINCE JUL 1      0.0                       0.0             0.0
  SNOW DEPTH       0

DEGREE DAYS
 HEATING
  YESTERDAY        0                         0      0        0
  MONTH TO DATE    0                         0      0        0
  SINCE JUN 1      1                        14    -13        0
  SINCE JUL 1      0                         0      0        0

 COOLING
  YESTERDAY       13                         8      5       12
  MONTH TO DATE  115                       131    -16      184
  SINCE JUN 1    631                       583     48      844
  SINCE JAN 1    730                       641     89      917
..................................................................


WIND (MPH)
  HIGHEST WIND SPEED    13   HIGHEST WIND DIRECTION    NW (330)
  HIGHEST GUST SPEED    20   HIGHEST GUST DIRECTION     N (350)
  AVERAGE WIND SPEED     4.4


SKY COVER
  POSSIBLE SUNSHINE  MM
  AVERAGE SKY COVER 0.5


WEATHER CONDITIONS
 THE FOLLOWING WEATHER WAS RECORDED YESTERDAY.
  LIGHT RAIN
  FOG


RELATIVE HUMIDITY (PERCENT)
 HIGHEST   100          1200 AM
 LOWEST     58           500 PM
 AVERAGE    79

..........................................................


THE ASHEVILLE NC CLIMATE NORMALS FOR TODAY
                         NORMAL    RECORD    YEAR
 MAXIMUM TEMPERATURE (F)   83        94      2007
                                             1954
                                             1943
 MINIMUM TEMPERATURE (F)   63        53      1877


SUNRISE AND SUNSET
AUGUST 16 2017........SUNRISE   651 AM EDT   SUNSET   818 PM EDT
AUGUST 17 2017........SUNRISE   651 AM EDT   SUNSET   816 PM EDT


-  INDICATES NEGATIVE NUMBERS.
R  INDICATES RECORD WAS SET OR TIED.
MM INDICATES DATA IS MISSING.
T  INDICATES TRACE AMOUNT.




$$
