000
CDUS42 KGSP 140637
CLIAVL

CLIMATE REPORT
NATIONAL WEATHER SERVICE GREENVILLE-SPARTANBURG SC
137 AM EST THU DEC 14 2017


...................................

...THE ASHEVILLE NC CLIMATE SUMMARY FOR DECEMBER 13 2017...

CLIMATE NORMAL PERIOD 1981 TO 2010
CLIMATE RECORD PERIOD 1869 TO 2017


WEATHER ITEM   OBSERVED TIME   RECORD YEAR NORMAL DEPARTURE LAST
                VALUE   (LST)  VALUE       VALUE  FROM      YEAR
                                                  NORMAL
..................................................................
TEMPERATURE (F)
 YESTERDAY
  MAXIMUM         43    327 PM  71    1927  50     -7       46
  MINIMUM         21    758 AM  -6    1962  30     -9       32
  AVERAGE         32                        40     -8       39

PRECIPITATION (IN)
  YESTERDAY        0.00          1.86 1920   0.12  -0.12     0.01
  MONTH TO DATE    1.52                      1.67  -0.15     1.94
  SINCE DEC 1      1.52                      1.67  -0.15     1.94
  SINCE JAN 1     53.15                     43.65   9.50    33.03

SNOWFALL (IN)
  YESTERDAY        0.0           3.0  1945   0.0             0.0
  MONTH TO DATE    8.7                       0.2             0.0
  SINCE DEC 1      8.7                       0.2             0.0
  SINCE JUL 1      8.7                       0.3             0.0
  SNOW DEPTH       1

DEGREE DAYS
 HEATING
  YESTERDAY       33                        25      8       26
  MONTH TO DATE  309                       310     -1      314
  SINCE DEC 1    309                       310     -1      314
  SINCE JUL 1   1027                      1177   -150      885

 COOLING
  YESTERDAY        0                         0      0        0
  MONTH TO DATE    0                         0      0        0
  SINCE DEC 1      0                         0      0        0
  SINCE JAN 1   1042                       863    179     1317
..................................................................


WIND (MPH)
  HIGHEST WIND SPEED    30   HIGHEST WIND DIRECTION     N (340)
  HIGHEST GUST SPEED    36   HIGHEST GUST DIRECTION    NW (330)
  AVERAGE WIND SPEED    10.0


SKY COVER
  POSSIBLE SUNSHINE  MM
  AVERAGE SKY COVER 0.0


WEATHER CONDITIONS
 THE FOLLOWING WEATHER WAS RECORDED YESTERDAY.
  NO SIGNIFICANT WEATHER WAS OBSERVED.


RELATIVE HUMIDITY (PERCENT)
 HIGHEST    53          1100 PM
 LOWEST     31          1100 AM
 AVERAGE    42

..........................................................


THE ASHEVILLE NC CLIMATE NORMALS FOR TODAY
                         NORMAL    RECORD    YEAR
 MAXIMUM TEMPERATURE (F)   50        73      1984
 MINIMUM TEMPERATURE (F)   30         9      1917


SUNRISE AND SUNSET
DECEMBER 14 2017......SUNRISE   731 AM EST   SUNSET   519 PM EST
DECEMBER 15 2017......SUNRISE   732 AM EST   SUNSET   519 PM EST


-  INDICATES NEGATIVE NUMBERS.
R  INDICATES RECORD WAS SET OR TIED.
MM INDICATES DATA IS MISSING.
T  INDICATES TRACE AMOUNT.

$$

OUTLAW
