000
CDUS42 KGSP 040626
CLIAVL

CLIMATE REPORT
NATIONAL WEATHER SERVICE GREENVILLE-SPARTANBURG SC
226 AM EDT FRI SEP 4 2015


...................................

...THE ASHEVILLE NC CLIMATE SUMMARY FOR SEPTEMBER 3 2015...

CLIMATE NORMAL PERIOD 1981 TO 2010
CLIMATE RECORD PERIOD 1869 TO 2015


WEATHER ITEM   OBSERVED TIME   RECORD YEAR NORMAL DEPARTURE LAST
                VALUE   (LST)  VALUE       VALUE  FROM      YEAR
                                                  NORMAL
..................................................................
TEMPERATURE (F)
 YESTERDAY
  MAXIMUM         89    249 PM  90    1975  81      8       85
                                      1961
                                      1954
  MINIMUM         68   1135 PM  44    1967  60      8       65
  AVERAGE         79                        70      9       75

PRECIPITATION (IN)
  YESTERDAY        0.00          2.80 1938   0.14  -0.14     0.23
  MONTH TO DATE    0.00                      0.41  -0.41     1.18
  SINCE SEP 1      0.00                      0.41  -0.41     1.18
  SINCE JAN 1     26.10                     32.02  -5.92    31.96

SNOWFALL (IN)
  YESTERDAY        0.0           0.0    MM   0.0             0.0
  MONTH TO DATE    0.0                       0.0             0.0
  SINCE SEP 1      0.0                       0.0             0.0
  SINCE JUL 1      0.0                       0.0             0.0
  SNOW DEPTH       0

DEGREE DAYS
 HEATING
  YESTERDAY        0                         0      0        0
  MONTH TO DATE    0                         0      0        0
  SINCE SEP 1      0                         0      0        0
  SINCE JUL 1      0                         2     -2        2

 COOLING
  YESTERDAY       14                         6      8       10
  MONTH TO DATE   35                        18     17       33
  SINCE SEP 1     35                        18     17       33
  SINCE JAN 1   1040                       775    265      785
..................................................................


WIND (MPH)
  HIGHEST WIND SPEED    17   HIGHEST WIND DIRECTION    NW (330)
  HIGHEST GUST SPEED    23   HIGHEST GUST DIRECTION    NW (320)
  AVERAGE WIND SPEED     5.8


SKY COVER
  POSSIBLE SUNSHINE  MM
  AVERAGE SKY COVER 0.2


WEATHER CONDITIONS
 THE FOLLOWING WEATHER WAS RECORDED YESTERDAY.
  NO SIGNIFICANT WEATHER WAS OBSERVED.


RELATIVE HUMIDITY (PERCENT)
 HIGHEST    90          1200 AM
 LOWEST     34           300 PM
 AVERAGE    62

..........................................................


THE ASHEVILLE NC CLIMATE NORMALS FOR TODAY
                         NORMAL    RECORD    YEAR
 MAXIMUM TEMPERATURE (F)   80        95      1954
 MINIMUM TEMPERATURE (F)   60        45      1952


SUNRISE AND SUNSET
SEPTEMBER  4 2015.....SUNRISE   705 AM EDT   SUNSET   753 PM EDT
SEPTEMBER  5 2015.....SUNRISE   705 AM EDT   SUNSET   752 PM EDT


-  INDICATES NEGATIVE NUMBERS.
R  INDICATES RECORD WAS SET OR TIED.
MM INDICATES DATA IS MISSING.
T  INDICATES TRACE AMOUNT.

$$
07
