000
CDUS42 KGSP 222145
CLIAVL

CLIMATE REPORT
NATIONAL WEATHER SERVICE GREENVILLE-SPARTANBURG SC
445 PM EST MON DEC 22 2014


...................................

...THE ASHEVILLE NC CLIMATE SUMMARY FOR DECEMBER 22 2014...
VALID TODAY AS OF 0445 PM LOCAL TIME.

CLIMATE NORMAL PERIOD 1981 TO 2010
CLIMATE RECORD PERIOD 1869 TO 2014


WEATHER ITEM   OBSERVED TIME   RECORD YEAR NORMAL DEPARTURE LAST
                VALUE   (LST)  VALUE       VALUE  FROM      YEAR
                                                  NORMAL
..................................................................
TEMPERATURE (F)
 TODAY
  MAXIMUM         44    237 PM  71    1970  48     -4       65
  MINIMUM         39    858 AM   4    1989  28     11       56
                                      1960
  AVERAGE         42                        38      4       61

PRECIPITATION (IN)
  TODAY            0.01          2.80 2013   0.10  -0.09     2.80
  MONTH TO DATE    0.10                      2.64  -2.54     6.43
  SINCE DEC 1      0.10                      2.64  -2.54     6.43
  SINCE JAN 1     44.61                     44.62  -0.01    73.98

SNOWFALL (IN)
  TODAY            0.0           2.0  1929   0.0    0.0      0.0
  MONTH TO DATE    T                         0.4   -0.4      0.0
  SINCE DEC 1      T                         0.4   -0.4      0.0
  SINCE JUL 1      3.2                       0.5    2.7      0.2
  SNOW DEPTH       0

DEGREE DAYS
 HEATING
  TODAY           23                        27     -4        4
  MONTH TO DATE  459                       547    -88      438
  SINCE DEC 1    459                       547    -88      438
  SINCE JUL 1   1374                      1414    -40     1321

 COOLING
  TODAY            0                         0      0        0
  MONTH TO DATE    0                         0      0        0
  SINCE DEC 1      0                         0      0        0
  SINCE JAN 1    919                       863     56      860
..................................................................


WIND (MPH)
  HIGHEST WIND SPEED    12   HIGHEST WIND DIRECTION     S (180)
  HIGHEST GUST SPEED    14   HIGHEST GUST DIRECTION     S (180)
  AVERAGE WIND SPEED     5.4


SKY COVER
  POSSIBLE SUNSHINE  MM
  AVERAGE SKY COVER 1.0


WEATHER CONDITIONS
 THE FOLLOWING WEATHER WAS RECORDED TODAY.
  LIGHT RAIN
  FOG


RELATIVE HUMIDITY (PERCENT)
 HIGHEST    96           200 PM
 LOWEST     89           100 PM
 AVERAGE    93

..........................................................


THE ASHEVILLE NC CLIMATE NORMALS FOR TOMORROW
                         NORMAL    RECORD    YEAR
 MAXIMUM TEMPERATURE (F)   48        69      1933
 MINIMUM TEMPERATURE (F)   28         1      1989


SUNRISE AND SUNSET
DECEMBER 22 2014......SUNRISE   736 AM EST   SUNSET   522 PM EST
DECEMBER 23 2014......SUNRISE   736 AM EST   SUNSET   522 PM EST


-  INDICATES NEGATIVE NUMBERS.
R  INDICATES RECORD WAS SET OR TIED.
MM INDICATES DATA IS MISSING.
T  INDICATES TRACE AMOUNT.

$$

OUTLAW
