000
CDUS41 KBGM 060603
CLIAVP


CLIMATE REPORT
NATIONAL WEATHER SERVICE BINGHAMTON NY
201 AM EDT FRI MAY 6 2016


...................................

...THE AVOCA PA CLIMATE SUMMARY FOR MAY 5 2016...

CLIMATE NORMAL PERIOD 1981 TO 2010
CLIMATE RECORD PERIOD 1901 TO 2016


WEATHER ITEM   OBSERVED TIME   RECORD YEAR NORMAL DEPARTURE LAST
                VALUE   (LST)  VALUE       VALUE  FROM      YEAR
                                                  NORMAL
..................................................................
TEMPERATURE (F)
 YESTERDAY
  MAXIMUM         56        MM  90    1949  67    -11       79
  MINIMUM         46        MM  27    1974  44      2       65
  AVERAGE         51                        56     -5       72

PRECIPITATION (IN)
  YESTERDAY        0.00          0.98 1989   0.12  -0.12      T
  MONTH TO DATE    1.18                      0.54   0.64      T
  SINCE MAR 1      5.65                      6.42  -0.77     4.84
  SINCE JAN 1     11.45                     10.82   0.63     7.84

SNOWFALL (IN)
  YESTERDAY        0.0           0.0    MM   0.1   -0.1      0.0
  MONTH TO DATE    0.0                       0.3   -0.3      0.0
  SINCE MAR 1      3.5                      12.6   -9.1      9.0
  SINCE JUL 1     15.5                      46.5  -31.0     51.4

DEGREE DAYS
 HEATING
  YESTERDAY       14                        10      4        0
  MONTH TO DATE   70                        52     18       19
  SINCE MAR 1   1211                      1419   -208     1466
  SINCE JUL 1   4781                      6025  -1244     6163

 COOLING
  YESTERDAY        0                         0      0        7
  MONTH TO DATE    0                         0      0       10
  SINCE MAR 1      1                         6     -5       10
  SINCE JAN 1      1                         6     -5       10
..................................................................


WIND (MPH)
  HIGHEST WIND SPEED    13   HIGHEST WIND DIRECTION     N (20)
  HIGHEST GUST SPEED    MM   HIGHEST GUST DIRECTION    MM
  AVERAGE WIND SPEED     7.5


SKY COVER
  AVERAGE SKY COVER 1.0



RELATIVE HUMIDITY (PERCENT)
 HIGHEST    93           100 AM
 LOWEST     61           700 PM
 AVERAGE    77

..........................................................


THE AVOCA PA CLIMATE NORMALS FOR TODAY
                         NORMAL    RECORD    YEAR
 MAXIMUM TEMPERATURE (F)   67        90      1949
 MINIMUM TEMPERATURE (F)   45        34      1910


SUNRISE AND SUNSET
MAY  6 2016...........SUNRISE   553 AM EDT   SUNSET   806 PM EDT
MAY  7 2016...........SUNRISE   552 AM EDT   SUNSET   807 PM EDT


-  INDICATES NEGATIVE NUMBERS.
R  INDICATES RECORD WAS SET OR TIED.
MM INDICATES DATA IS MISSING.
T  INDICATES TRACE AMOUNT.




$$
