000
CDUS41 KBGM 220548
CLIAVP


CLIMATE REPORT
NATIONAL WEATHER SERVICE BINGHAMTON NY
148 AM EDT SAT JUL 22 2017


...................................

...THE AVOCA PA CLIMATE SUMMARY FOR JULY 21 2017...

CLIMATE NORMAL PERIOD 1981 TO 2010
CLIMATE RECORD PERIOD 1901 TO 2017


WEATHER ITEM   OBSERVED TIME   RECORD YEAR NORMAL DEPARTURE LAST
                VALUE   (LST)  VALUE       VALUE  FROM      YEAR
                                                  NORMAL
..................................................................
TEMPERATURE (F)
 YESTERDAY
  MAXIMUM         88    304 PM  99    1930  82      6       91
  MINIMUM         68    529 AM  47    1965  61      7       58
  AVERAGE         78                        72      6       75

PRECIPITATION (IN)
  YESTERDAY        0.00          1.59 1927   0.12  -0.12     0.00
  MONTH TO DATE    3.50                      2.49   1.01     0.91
  SINCE JUN 1      7.38                      6.52   0.86     2.50
  SINCE JAN 1     25.71                     20.32   5.39    15.32

SNOWFALL (IN)
  YESTERDAY        0.0           0.0  1995   0.0    0.0      0.0
  MONTH TO DATE    0.0                       0.0    0.0      0.0
  SINCE JUN 1      0.0                       0.0    0.0      0.0
  SINCE JUL 1      0.0                       0.0    0.0      0.0

DEGREE DAYS
 HEATING
  YESTERDAY        0                         0      0        0
  MONTH TO DATE    0                         0      0        0
  SINCE JUN 1     43                        54    -11       24
  SINCE JUL 1      0                         0      0        0

 COOLING
  YESTERDAY       13                         7      6       10
  MONTH TO DATE  198                       142     56      206
  SINCE JUN 1    355                       259     96      349
  SINCE JAN 1    407                       296    111      421
..................................................................


WIND (MPH)
  HIGHEST WIND SPEED    14   HIGHEST WIND DIRECTION    SW (240)
  HIGHEST GUST SPEED    19   HIGHEST GUST DIRECTION    SW (230)
  AVERAGE WIND SPEED     4.3


SKY COVER
  AVERAGE SKY COVER 0.4



RELATIVE HUMIDITY (PERCENT)
 HIGHEST   100           200 AM
 LOWEST     55          1200 PM
 AVERAGE    78

..........................................................


THE AVOCA PA CLIMATE NORMALS FOR TODAY
                         NORMAL    RECORD    YEAR
 MAXIMUM TEMPERATURE (F)   82        98      2011
                                             1955
                                             1926
 MINIMUM TEMPERATURE (F)   61        50      1950


SUNRISE AND SUNSET
JULY 22 2017..........SUNRISE   549 AM EDT   SUNSET   829 PM EDT
JULY 23 2017..........SUNRISE   550 AM EDT   SUNSET   829 PM EDT


-  INDICATES NEGATIVE NUMBERS.
R  INDICATES RECORD WAS SET OR TIED.
MM INDICATES DATA IS MISSING.
T  INDICATES TRACE AMOUNT.




$$
