000
CDUS43 KGRR 292142
CLIAZO


CLIMATE REPORT
NATIONAL WEATHER SERVICE GRAND RAPIDS, MI
541 PM EDT MON JUN 29 2015


...................................

...THE KALAMAZOO MI CLIMATE SUMMARY FOR JUNE 29 2015...
VALID TODAY AS OF 0500 PM LOCAL TIME.

CLIMATE NORMAL PERIOD 1981 TO 2010
CLIMATE RECORD PERIOD 1998 TO 2015


WEATHER ITEM   OBSERVED TIME   NORMAL DEPARTURE LAST
                VALUE   (LST)  VALUE  FROM      YEAR
                                      NORMAL
......................................................
TEMPERATURE (F)
 TODAY
  MAXIMUM         75    243 PM  83     -8       86
  MINIMUM         63    608 AM  61      2       73
  AVERAGE         69            72     -3       80

PRECIPITATION (IN)
  TODAY            0.00          0.09  -0.09     0.00
  MONTH TO DATE    3.75          3.49   0.26     3.77
  SINCE JUN 1      3.75          3.49   0.26     3.77
  SINCE JAN 1     13.46         15.93  -2.47    12.19

DEGREE DAYS
 HEATING
  TODAY            0             0      0        0
  MONTH TO DATE   21            47    -26       19
  SINCE JUN 1     21            47    -26       19
  SINCE JUL 1   6868          6415    453     7067

 COOLING
  TODAY            4             7     -3       15
  MONTH TO DATE   78           138    -60      169
  SINCE JUN 1     78           138    -60      169
  SINCE JAN 1    145           179    -34      223
......................................................


WIND (MPH)
  RESULTANT WIND SPEED   4   RESULTANT WIND DIRECTION  SE (150)
  HIGHEST WIND SPEED    13   HIGHEST WIND DIRECTION     S (160)
  HIGHEST GUST SPEED    20   HIGHEST GUST DIRECTION     S (180)
  AVERAGE WIND SPEED     4.9


SKY COVER
  AVERAGE SKY COVER 0.5


WEATHER CONDITIONS
 THE FOLLOWING WEATHER WAS RECORDED TODAY.
  NO SIGNIFICANT WEATHER WAS OBSERVED.


RELATIVE HUMIDITY (PERCENT)
 HIGHEST    78           500 AM
 LOWEST     57           300 PM
 AVERAGE    68

..........................................................


THE KALAMAZOO MI CLIMATE NORMALS FOR TOMORROW
                         NORMAL
 MAXIMUM TEMPERATURE (F)   83
 MINIMUM TEMPERATURE (F)   61


SUNRISE AND SUNSET
JUNE 29 2015..........SUNRISE   609 AM EDT   SUNSET   923 PM EDT
JUNE 30 2015..........SUNRISE   609 AM EDT   SUNSET   923 PM EDT


-  INDICATES NEGATIVE NUMBERS.
R  INDICATES RECORD WAS SET OR TIED.
MM INDICATES DATA IS MISSING.
T  INDICATES TRACE AMOUNT.




$$

JAM
