000
CDUS43 KGRR 051449
CLIAZO


CLIMATE REPORT
NATIONAL WEATHER SERVICE GRAND RAPIDS, MI
948 AM EST MON DEC 5 2016


...................................

...THE KALAMAZOO MI CLIMATE SUMMARY FOR DECEMBER 5 2016...
VALID AS OF 0900 AM LOCAL TIME.

CLIMATE NORMAL PERIOD 1981 TO 2010
CLIMATE RECORD PERIOD 1998 TO 2016


WEATHER ITEM   OBSERVED TIME   NORMAL DEPARTURE LAST
                VALUE   (LST)  VALUE  FROM      YEAR
                                      NORMAL
......................................................
TEMPERATURE (F)
 TODAY
  MAXIMUM         35    859 AM  38     -3       39
  MINIMUM         33   1255 AM  26      7       30
  AVERAGE         34            32      2       35

PRECIPITATION (IN)
  TODAY            0.00          0.08  -0.08     0.00
  MONTH TO DATE    0.56          0.41   0.15     0.10
  SINCE DEC 1      0.56          0.41   0.15     0.10
  SINCE JAN 1     37.04         34.17   2.87    29.00

DEGREE DAYS
 HEATING
  TODAY           31            33     -2       30
  MONTH TO DATE  144           160    -16      138
  SINCE DEC 1    144           160    -16      138
  SINCE JUL 1   1044          1487   -443     1203

 COOLING
  TODAY            0             0      0        0
  MONTH TO DATE    0             0      0        0
  SINCE DEC 1      0             0      0        0
  SINCE JAN 1    912           675    237      657
......................................................


WIND (MPH)
  RESULTANT WIND SPEED   8   RESULTANT WIND DIRECTION   W (250)
  HIGHEST WIND SPEED    13   HIGHEST WIND DIRECTION     W (260)
  HIGHEST GUST SPEED    17   HIGHEST GUST DIRECTION     W (260)
  AVERAGE WIND SPEED     8.6


SKY COVER
  AVERAGE SKY COVER 0.9


WEATHER CONDITIONS
 THE FOLLOWING WEATHER WAS RECORDED TODAY.
  FOG


RELATIVE HUMIDITY (PERCENT)
 HIGHEST    89           100 AM
 LOWEST     82           200 AM
 AVERAGE    86

..........................................................


THE KALAMAZOO MI CLIMATE NORMALS FOR TOMORROW
                         NORMAL
 MAXIMUM TEMPERATURE (F)   38
 MINIMUM TEMPERATURE (F)   26


SUNRISE AND SUNSET
DECEMBER  5 2016......SUNRISE   756 AM EST   SUNSET   510 PM EST
DECEMBER  6 2016......SUNRISE   757 AM EST   SUNSET   510 PM EST


-  INDICATES NEGATIVE NUMBERS.
R  INDICATES RECORD WAS SET OR TIED.
MM INDICATES DATA IS MISSING.
T  INDICATES TRACE AMOUNT.




$$

JAM
