000
CDUS43 KGRR 270513
CLIAZO


CLIMATE REPORT
NATIONAL WEATHER SERVICE GRAND RAPIDS, MI
1213 AM EST TUE JAN 27 2015


...................................

...THE KALAMAZOO MI CLIMATE SUMMARY FOR JANUARY 26 2015...

CLIMATE NORMAL PERIOD 1981 TO 2010
CLIMATE RECORD PERIOD 1998 TO 2015


WEATHER ITEM   OBSERVED TIME   NORMAL DEPARTURE LAST
                VALUE   (LST)  VALUE  FROM      YEAR
                                      NORMAL
......................................................
TEMPERATURE (F)
 YESTERDAY
  MAXIMUM         25    428 PM  31     -6       28
  MINIMUM          7    607 AM  18    -11        6
  AVERAGE         16            24     -8       17

PRECIPITATION (IN)
  YESTERDAY        0.00          0.07  -0.07     0.04
  MONTH TO DATE    0.93          1.51  -0.58     1.08
  SINCE DEC 1      1.99          3.49  -1.50     2.54
  SINCE JAN 1      0.93          1.51  -0.58     1.08

DEGREE DAYS
 HEATING
  YESTERDAY       49            41      8       48
  MONTH TO DATE 1126          1058     68     1064
  SINCE DEC 1   2111          2182    -71     2214
  SINCE JUL 1   3641          3509    132     3571

 COOLING
  YESTERDAY        0             0      0        0
  MONTH TO DATE    0             0      0        0
  SINCE DEC 1      0             0      0        0
  SINCE JAN 1      0             0      0        0
......................................................


WIND (MPH)
  RESULTANT WIND SPEED   2   RESULTANT WIND DIRECTION  NE (60)
  HIGHEST WIND SPEED    10   HIGHEST WIND DIRECTION    NE (50)
  HIGHEST GUST SPEED    14   HIGHEST GUST DIRECTION    NE (60)
  AVERAGE WIND SPEED     2.4


SKY COVER
  AVERAGE SKY COVER 0.4


WEATHER CONDITIONS
 THE FOLLOWING WEATHER WAS RECORDED YESTERDAY.
  FOG


RELATIVE HUMIDITY (PERCENT)
 HIGHEST    92           900 AM
 LOWEST     40           300 PM
 AVERAGE    66

..........................................................


THE KALAMAZOO MI CLIMATE NORMALS FOR TODAY
                         NORMAL
 MAXIMUM TEMPERATURE (F)   31
 MINIMUM TEMPERATURE (F)   18


SUNRISE AND SUNSET
JANUARY 27 2015.......SUNRISE   800 AM EST   SUNSET   550 PM EST
JANUARY 28 2015.......SUNRISE   800 AM EST   SUNSET   551 PM EST


-  INDICATES NEGATIVE NUMBERS.
R  INDICATES RECORD WAS SET OR TIED.
MM INDICATES DATA IS MISSING.
T  INDICATES TRACE AMOUNT.




$$
