000
CDUS43 KGRR 290516
CLIAZO


CLIMATE REPORT
NATIONAL WEATHER SERVICE GRAND RAPIDS, MI
116 AM EDT WED MAR 29 2017


...................................

...THE KALAMAZOO MI CLIMATE SUMMARY FOR MARCH 28 2017...

CLIMATE NORMAL PERIOD 1981 TO 2010
CLIMATE RECORD PERIOD 1998 TO 2017


WEATHER ITEM   OBSERVED TIME   NORMAL DEPARTURE LAST
                VALUE   (LST)  VALUE  FROM      YEAR
                                      NORMAL
......................................................
TEMPERATURE (F)
 YESTERDAY
  MAXIMUM         48    510 PM  51     -3       47
  MINIMUM         33   1127 PM  32      1       32
  AVERAGE         41            42     -1       40

PRECIPITATION (IN)
  YESTERDAY        T             0.07  -0.07     0.04
  MONTH TO DATE    2.91          2.02   0.89     2.03
  SINCE MAR 1      2.91          2.02   0.89     2.03
  SINCE JAN 1      7.63          5.26   2.37     3.59

DEGREE DAYS
 HEATING
  YESTERDAY       24            24      0       25
  MONTH TO DATE  814           816     -2      651
  SINCE MAR 1    814           816     -2      651
  SINCE JUL 1   4710          5589   -879     4699

 COOLING
  YESTERDAY        0             0      0        0
  MONTH TO DATE    0             0      0        0
  SINCE MAR 1      0             0      0        0
  SINCE JAN 1      0             0      0        0
......................................................


WIND (MPH)
  RESULTANT WIND SPEED   5   RESULTANT WIND DIRECTION   N (10)
  HIGHEST WIND SPEED    12   HIGHEST WIND DIRECTION     N (10)
  HIGHEST GUST SPEED    16   HIGHEST GUST DIRECTION     N (20)
  AVERAGE WIND SPEED     5.6


SKY COVER
  AVERAGE SKY COVER 0.8


WEATHER CONDITIONS
 THE FOLLOWING WEATHER WAS RECORDED YESTERDAY.
  LIGHT RAIN
  FOG
  HAZE


RELATIVE HUMIDITY (PERCENT)
 HIGHEST    89          1100 PM
 LOWEST     66           200 PM
 AVERAGE    78

..........................................................


THE KALAMAZOO MI CLIMATE NORMALS FOR TODAY
                         NORMAL
 MAXIMUM TEMPERATURE (F)   52
 MINIMUM TEMPERATURE (F)   32


SUNRISE AND SUNSET
MARCH 29 2017.........SUNRISE   729 AM EDT   SUNSET   805 PM EDT
MARCH 30 2017.........SUNRISE   728 AM EDT   SUNSET   806 PM EDT


-  INDICATES NEGATIVE NUMBERS.
R  INDICATES RECORD WAS SET OR TIED.
MM INDICATES DATA IS MISSING.
T  INDICATES TRACE AMOUNT.




$$
