390
CDUS41 KBOX 280541
CLIBDL


CLIMATE REPORT
NATIONAL WEATHER SERVICE TAUNTON MA
136 AM EDT FRI JUL 28 2017


...................................

...THE HARTFORD CT CLIMATE SUMMARY FOR JULY 27 2017...

CLIMATE NORMAL PERIOD 1981 TO 2010
CLIMATE RECORD PERIOD 1904 TO 2017


WEATHER ITEM   OBSERVED TIME   RECORD YEAR NORMAL DEPARTURE LAST
                VALUE   (LST)  VALUE       VALUE  FROM      YEAR
                                                  NORMAL
..................................................................
TEMPERATURE (F)
 YESTERDAY
  MAXIMUM         73    612 PM  96    1964  85    -12       95
  MINIMUM         61    455 AM  49    2001  63     -2       65
                                      1977
  AVERAGE         67                        74     -7       80

PRECIPITATION (IN)
  YESTERDAY        0.02          2.48 2000   0.14  -0.12     0.00
  MONTH TO DATE    6.57                      3.56   3.01     1.26
  SINCE JUN 1     10.18                      7.91   2.27     3.27
  SINCE JAN 1     28.45                     25.72   2.73    17.21

SNOWFALL (IN)
  YESTERDAY        0.0           0.0  2002   0.0    0.0      0.0
                                      2001
                                      2000
  MONTH TO DATE    0.0                       0.0    0.0      0.0
  SINCE JUN 1      0.0                       0.0    0.0      0.0
  SINCE JUL 1      0.0                       0.0    0.0      0.0
  SNOW DEPTH       0

DEGREE DAYS
 HEATING
  YESTERDAY        0                         0      0        0
  MONTH TO DATE    8                         0      8        0
  SINCE JUN 1     52                        40     12       16
  SINCE JUL 1      8                         0      8        0

 COOLING
  YESTERDAY        2                         9     -7       15
  MONTH TO DATE  237                       235      2      309
  SINCE JUN 1    403                       379     24      458
  SINCE JAN 1    463                       418     45      532
..................................................................


WIND (MPH)
  RESULTANT WIND SPEED   6   RESULTANT WIND DIRECTION   S (180)
  HIGHEST WIND SPEED    12   HIGHEST WIND DIRECTION     S (180)
  HIGHEST GUST SPEED    16   HIGHEST GUST DIRECTION     S (200)
  AVERAGE WIND SPEED     6.1


SKY COVER
  POSSIBLE SUNSHINE  MM
  AVERAGE SKY COVER 0.9


WEATHER CONDITIONS
 THE FOLLOWING WEATHER WAS RECORDED YESTERDAY.
  LIGHT RAIN


RELATIVE HUMIDITY (PERCENT)
 HIGHEST    93          1100 PM
 LOWEST     73           900 AM
 AVERAGE    83

..........................................................


THE HARTFORD CT CLIMATE NORMALS FOR TODAY
                         NORMAL    RECORD    YEAR
 MAXIMUM TEMPERATURE (F)   85        96      2016
                                             1970
                                             1949
 MINIMUM TEMPERATURE (F)   63        48      2001


SUNRISE AND SUNSET
JULY 28 2017..........SUNRISE   541 AM EDT   SUNSET   813 PM EDT
JULY 29 2017..........SUNRISE   542 AM EDT   SUNSET   812 PM EDT


-  INDICATES NEGATIVE NUMBERS.
R  INDICATES RECORD WAS SET OR TIED.
MM INDICATES DATA IS MISSING.
T  INDICATES TRACE AMOUNT.




$$
