000
CDUS41 KBOX 200531
CLIBDL


CLIMATE REPORT
NATIONAL WEATHER SERVICE TAUNTON MA
131 AM EDT WED AUG 20 2014


...................................

...THE HARTFORD CT CLIMATE SUMMARY FOR AUGUST 19 2014...

CLIMATE NORMAL PERIOD 1981 TO 2010
CLIMATE RECORD PERIOD 1904 TO 2014


WEATHER ITEM   OBSERVED TIME   RECORD YEAR NORMAL DEPARTURE LAST
                VALUE   (LST)  VALUE       VALUE  FROM      YEAR
                                                  NORMAL
..................................................................
TEMPERATURE (F)
 YESTERDAY
  MAXIMUM         81    424 PM  95    1966  83     -2       80
  MINIMUM         51    518 AM  46    1977  61    -10       60
                                      1963
  AVERAGE         66                        72     -6       70

PRECIPITATION (IN)
  YESTERDAY        0.00          7.70 1955   0.13  -0.13     0.00
  MONTH TO DATE    3.32                      2.62   0.70     5.31
  SINCE JUN 1      9.52                     11.15  -1.63    20.29
  SINCE JAN 1     31.53                     28.96   2.57    36.43

SNOWFALL (IN)
  YESTERDAY        0.0           0.0  2002   0.0    0.0      0.0
                                      2001
                                      2000
  MONTH TO DATE    0.0                       0.0    0.0      0.0
  SINCE JUN 1      0.0                       0.0    0.0      0.0
  SINCE JUL 1      0.0                       0.0    0.0      0.0
  SNOW DEPTH       0

DEGREE DAYS
 HEATING
  YESTERDAY        0                         0      0        0
  MONTH TO DATE    2                         0      2        0
  SINCE JUN 1      8                        43    -35       35
  SINCE JUL 1      2                         3     -1        2

 COOLING
  YESTERDAY        1                         7     -6        5
  MONTH TO DATE  101                       151    -50       89
  SINCE JUN 1    553                       564    -11      677
  SINCE JAN 1    585                       603    -18      731
..................................................................


WIND (MPH)
  RESULTANT WIND SPEED   2   RESULTANT WIND DIRECTION  SE (140)
  HIGHEST WIND SPEED    13   HIGHEST WIND DIRECTION    SE (140)
  HIGHEST GUST SPEED    15   HIGHEST GUST DIRECTION     W (260)
  AVERAGE WIND SPEED     3.9


SKY COVER
  POSSIBLE SUNSHINE  MM
  AVERAGE SKY COVER 0.3


WEATHER CONDITIONS
 THE FOLLOWING WEATHER WAS RECORDED YESTERDAY.
  NO SIGNIFICANT WEATHER WAS OBSERVED.


RELATIVE HUMIDITY (PERCENT)
 HIGHEST    89           300 AM
 LOWEST     36           300 PM
 AVERAGE    63

..........................................................


THE HARTFORD CT CLIMATE NORMALS FOR TODAY
                         NORMAL    RECORD    YEAR
 MAXIMUM TEMPERATURE (F)   82        96      1937
 MINIMUM TEMPERATURE (F)   61        46      1995
                                             1949
                                             1944


SUNRISE AND SUNSET
AUGUST 20 2014........SUNRISE   604 AM EDT   SUNSET   744 PM EDT
AUGUST 21 2014........SUNRISE   605 AM EDT   SUNSET   742 PM EDT


-  INDICATES NEGATIVE NUMBERS.
R  INDICATES RECORD WAS SET OR TIED.
MM INDICATES DATA IS MISSING.
T  INDICATES TRACE AMOUNT.




$$
