000
CDUS41 KOKX 010616
CLIBDR


CLIMATE REPORT
NATIONAL WEATHER SERVICE NEW YORK NY
216 AM EDT WED OCT 1 2014


...................................

...THE BRIDGEPORT CT CLIMATE SUMMARY FOR SEPTEMBER 30 2014...

CLIMATE NORMAL PERIOD 1981 TO 2010
CLIMATE RECORD PERIOD 1948 TO 2014


WEATHER ITEM   OBSERVED TIME   RECORD YEAR NORMAL DEPARTURE LAST
                VALUE   (LST)  VALUE       VALUE  FROM      YEAR
                                                  NORMAL
..................................................................
TEMPERATURE (F)
 YESTERDAY
  MAXIMUM         69    120 AM  82    1986  69      0       69
  MINIMUM         61   1159 PM  37    1951  53      8       50
  AVERAGE         65                        61      4       60

PRECIPITATION (IN)
  YESTERDAY        T             0.73 2010   0.13  -0.13     0.00
  MONTH TO DATE    2.10                      3.48  -1.38     2.72
  SINCE SEP 1      2.10                      3.48  -1.38     2.72
  SINCE JAN 1     33.34                     32.38   0.96    29.50

SNOWFALL (IN)
  YESTERDAY        0.0           0.0  2002   0.0    0.0      0.0
                                      2001
  MONTH TO DATE    0.0                       0.0    0.0      0.0
  SINCE OCT 1     57.4                      27.6   29.8     64.3
  SINCE JUL 1      0.0                       0.0    0.0      0.0
  SNOW DEPTH       0

DEGREE DAYS
 HEATING
  YESTERDAY        0                         5     -5        5
  MONTH TO DATE   40                        64    -24       81
  SINCE SEP 1     40                        64    -24       81
  SINCE JUL 1     40                        68    -28       81

 COOLING
  YESTERDAY        0                         1     -1        0
  MONTH TO DATE  131                        98     33       96
  SINCE SEP 1    131                        98     33       96
  SINCE JAN 1    865                       816     49      981
..................................................................


WIND (MPH)
  HIGHEST WIND SPEED    15   HIGHEST WIND DIRECTION     E (70)
  HIGHEST GUST SPEED    19   HIGHEST GUST DIRECTION     E (90)
  AVERAGE WIND SPEED     8.6


SKY COVER
  AVERAGE SKY COVER 1.0


WEATHER CONDITIONS
 THE FOLLOWING WEATHER WAS RECORDED YESTERDAY.
  THUNDERSTORM
  LIGHT RAIN
  FOG


RELATIVE HUMIDITY (PERCENT)
 HIGHEST    93           100 AM
 LOWEST     84          1100 AM
 AVERAGE    89

..........................................................


THE BRIDGEPORT CT CLIMATE NORMALS FOR TODAY
                         NORMAL    RECORD    YEAR
 MAXIMUM TEMPERATURE (F)   69        83      1986
 MINIMUM TEMPERATURE (F)   52        35      1992


SUNRISE AND SUNSET
OCTOBER  1 2014.......SUNRISE   649 AM EDT   SUNSET   635 PM EDT
OCTOBER  2 2014.......SUNRISE   650 AM EDT   SUNSET   633 PM EDT


-  INDICATES NEGATIVE NUMBERS.
R  INDICATES RECORD WAS SET OR TIED.
MM INDICATES DATA IS MISSING.
T  INDICATES TRACE AMOUNT.




$$
