574
CDUS41 KOKX 210617
CLIBDR


CLIMATE REPORT
NATIONAL WEATHER SERVICE NEW YORK NY
117 AM EST SUN JAN 21 2018


...................................

...THE BRIDGEPORT CT CLIMATE SUMMARY FOR JANUARY 20 2018...

CLIMATE NORMAL PERIOD 1981 TO 2010
CLIMATE RECORD PERIOD 1948 TO 2018


WEATHER ITEM   OBSERVED TIME   RECORD YEAR NORMAL DEPARTURE LAST
                VALUE   (LST)  VALUE       VALUE  FROM      YEAR
                                                  NORMAL
..................................................................
TEMPERATURE (F)
 YESTERDAY
  MAXIMUM         51    136 PM  54    1991  37     14       43
  MINIMUM         29    123 AM   1    1994  23      6       40
  AVERAGE         40                        30     10       42

PRECIPITATION (IN)
  YESTERDAY        0.00          1.62 1978   0.09  -0.09     0.02
  MONTH TO DATE    1.64                      2.06  -0.42     2.02
  SINCE DEC 1      3.33                      5.39  -2.06     5.45
  SINCE JAN 1      1.64                      2.06  -0.42     2.02

SNOWFALL (IN)
  YESTERDAY        0.0          15.7  1978   0.2   -0.2      0.0
  MONTH TO DATE    9.3                       5.1    4.2      8.5
  SINCE OCT 1     18.0                      10.9    7.1     14.5
  SINCE JUL 1     18.0                      10.9    7.1     14.5
  SNOW DEPTH       0

DEGREE DAYS
 HEATING
  YESTERDAY       25                        35    -10       23
  MONTH TO DATE  796                       696    100      590
  SINCE DEC 1   1767                      1615    152     1427
  SINCE JUL 1   2522                      2589    -67     2155

 COOLING
  YESTERDAY        0                         0      0        0
  MONTH TO DATE    0                         0      0        0
  SINCE DEC 1      0                         0      0        0
  SINCE JAN 1      0                         0      0        0
..................................................................


WIND (MPH)
  HIGHEST WIND SPEED    22   HIGHEST WIND DIRECTION    SW (230)
  HIGHEST GUST SPEED    26   HIGHEST GUST DIRECTION    SW (230)
  AVERAGE WIND SPEED     7.8


SKY COVER
  AVERAGE SKY COVER 0.0


WEATHER CONDITIONS
 THE FOLLOWING WEATHER WAS RECORDED YESTERDAY.
  NO SIGNIFICANT WEATHER WAS OBSERVED.


RELATIVE HUMIDITY (PERCENT)
 HIGHEST    85          1200 AM
 LOWEST     39           200 PM
 AVERAGE    62

..........................................................


THE BRIDGEPORT CT CLIMATE NORMALS FOR TODAY
                         NORMAL    RECORD    YEAR
 MAXIMUM TEMPERATURE (F)   37        57      2006
 MINIMUM TEMPERATURE (F)   23        -2      1985


SUNRISE AND SUNSET
JANUARY 21 2018.......SUNRISE   712 AM EST   SUNSET   456 PM EST
JANUARY 22 2018.......SUNRISE   712 AM EST   SUNSET   457 PM EST


-  INDICATES NEGATIVE NUMBERS.
R  INDICATES RECORD WAS SET OR TIED.
MM INDICATES DATA IS MISSING.
T  INDICATES TRACE AMOUNT.




$$
