000
CDUS41 KOKX 242031
CLIBDR


CLIMATE REPORT
NATIONAL WEATHER SERVICE NEW YORK NY
430 PM EDT THU APR 24 2014


...................................

...THE BRIDGEPORT CT CLIMATE SUMMARY FOR APRIL 24 2014...
VALID TODAY AS OF 0400 PM LOCAL TIME.

CLIMATE NORMAL PERIOD 1981 TO 2010
CLIMATE RECORD PERIOD 1948 TO 2014


WEATHER ITEM   OBSERVED TIME   RECORD YEAR NORMAL DEPARTURE LAST
                VALUE   (LST)  VALUE       VALUE  FROM      YEAR
                                                  NORMAL
..................................................................
TEMPERATURE (F)
 TODAY
  MAXIMUM         62    242 PM  78    2001  61      1       65
  MINIMUM         43    548 AM  34    1989  44     -1       42
                                      1967
  AVERAGE         53                        52      1       54

PRECIPITATION (IN)
  TODAY            0.00          1.88 1983   0.13  -0.13     0.00
  MONTH TO DATE    2.26                      3.35  -1.09     1.08
  SINCE MAR 1      7.48                      7.40   0.08     3.62
  SINCE JAN 1     14.46                     13.29   1.17    10.64

SNOWFALL (IN)
  TODAY            0.0           T    2012   0.0    0.0      0.0
  MONTH TO DATE    0.1                       0.9   -0.8      0.0
  SINCE OCT 1     57.4                      27.6   29.8     64.3
  SINCE JUL 1     57.4                      27.6   29.8     64.3
  SNOW DEPTH       0

DEGREE DAYS
 HEATING
  TODAY           12                        13     -1       11
  MONTH TO DATE  404                       401      3      385
  SINCE MAR 1   1338                      1198    140     1180
  SINCE JUL 1   5386                      5085    301     4803

 COOLING
  TODAY            0                         0      0        0
  MONTH TO DATE    0                         0      0        0
  SINCE MAR 1      0                         0      0        0
  SINCE JAN 1      0                         0      0        0
..................................................................


WIND (MPH)
  HIGHEST WIND SPEED    32   HIGHEST WIND DIRECTION    NW (330)
  HIGHEST GUST SPEED    43   HIGHEST GUST DIRECTION    NW (320)
  AVERAGE WIND SPEED    18.6


SKY COVER
  AVERAGE SKY COVER 0.0


WEATHER CONDITIONS
 THE FOLLOWING WEATHER WAS RECORDED TODAY.
  NO SIGNIFICANT WEATHER WAS OBSERVED.


RELATIVE HUMIDITY (PERCENT)
 HIGHEST    45           100 AM
 LOWEST     12           200 PM
 AVERAGE    29

..........................................................


THE BRIDGEPORT CT CLIMATE NORMALS FOR TOMORROW
                         NORMAL    RECORD    YEAR
 MAXIMUM TEMPERATURE (F)   61        85      1960
 MINIMUM TEMPERATURE (F)   44        32      1956


SUNRISE AND SUNSET
APRIL 24 2014.........SUNRISE   600 AM EDT   SUNSET   742 PM EDT
APRIL 25 2014.........SUNRISE   558 AM EDT   SUNSET   743 PM EDT


-  INDICATES NEGATIVE NUMBERS.
R  INDICATES RECORD WAS SET OR TIED.
MM INDICATES DATA IS MISSING.
T  INDICATES TRACE AMOUNT.




$$
