000
CDUS41 KOKX 290619
CLIBDR


CLIMATE REPORT
NATIONAL WEATHER SERVICE NEW YORK NY
219 AM EDT FRI MAY 29 2015


...................................

...THE BRIDGEPORT CT CLIMATE SUMMARY FOR MAY 28 2015...

CLIMATE NORMAL PERIOD 1981 TO 2010
CLIMATE RECORD PERIOD 1948 TO 2015


WEATHER ITEM   OBSERVED TIME   RECORD YEAR NORMAL DEPARTURE LAST
                VALUE   (LST)  VALUE       VALUE  FROM      YEAR
                                                  NORMAL
..................................................................
TEMPERATURE (F)
 YESTERDAY
  MAXIMUM         78    158 PM  90    1991  71      7       59
  MINIMUM         63    543 AM  40    1961  55      8       52
  AVERAGE         71                        63      8       56

PRECIPITATION (IN)
  YESTERDAY        0.04          1.48 1985   0.13  -0.09     0.03
  MONTH TO DATE    0.55                      3.39  -2.84     3.99
  SINCE MAR 1      7.36                     11.57  -4.21    14.67
  SINCE JAN 1     13.70                     17.46  -3.76    21.65

SNOWFALL (IN)
  YESTERDAY        0.0           0.0  2002   0.0    0.0      0.0
                                      2001
  MONTH TO DATE    0.0                       0.0    0.0      0.0
  SINCE OCT 1     59.7                      27.6   32.1     57.4
  SINCE JUL 1     59.7                      27.6   32.1     57.4
  SNOW DEPTH       0

DEGREE DAYS
 HEATING
  YESTERDAY        0                         4     -4        9
  MONTH TO DATE  104                       196    -92      121
  SINCE MAR 1   1515                      1464     51     1553
  SINCE JUL 1   5621                      5351    270     5601

 COOLING
  YESTERDAY        6                         2      4        0
  MONTH TO DATE   40                        15     25       23
  SINCE MAR 1     40                        17     23       23
  SINCE JAN 1     40                        17     23       23
..................................................................


WIND (MPH)
  HIGHEST WIND SPEED    16   HIGHEST WIND DIRECTION     W (270)
  HIGHEST GUST SPEED    22   HIGHEST GUST DIRECTION     W (280)
  AVERAGE WIND SPEED     6.9


SKY COVER
  AVERAGE SKY COVER 0.4


WEATHER CONDITIONS
 THE FOLLOWING WEATHER WAS RECORDED YESTERDAY.
  LIGHT RAIN
  FOG
  HAZE


RELATIVE HUMIDITY (PERCENT)
 HIGHEST    93           300 AM
 LOWEST     61          1100 PM
 AVERAGE    77

..........................................................


THE BRIDGEPORT CT CLIMATE NORMALS FOR TODAY
                         NORMAL    RECORD    YEAR
 MAXIMUM TEMPERATURE (F)   72        92      1987
                                             1969
 MINIMUM TEMPERATURE (F)   55        43      1956


SUNRISE AND SUNSET
MAY 29 2015...........SUNRISE   524 AM EDT   SUNSET   816 PM EDT
MAY 30 2015...........SUNRISE   523 AM EDT   SUNSET   817 PM EDT


-  INDICATES NEGATIVE NUMBERS.
R  INDICATES RECORD WAS SET OR TIED.
MM INDICATES DATA IS MISSING.
T  INDICATES TRACE AMOUNT.




$$
