238
CDAK48 PABE 261231
CLIBET

CLIMATE REPORT
NATIONAL WEATHER SERVICE BETHEL, AK
431 AM AKDT TUE JUL 26 2016

...................................
...THE BETHEL AP CLIMATE SUMMARY FOR JULY 25 2016...

CLIMATE NORMAL PERIOD  1981 TO  2010
CLIMATE RECORD PERIOD  1923 TO  2016

WEATHER ITEM   OBSERVED TIME    RECORD YEAR NORMAL DEPARTURE LAST
               VALUE    (LST)   VALUE       VALUE  FROM      YEAR
                                                   NORMAL
...................................................................
TEMPERATURE
YESTERDAY
 MAXIMUM            74  0604 PM    83  1968     63      11     59
 MINIMUM            53  0219 AM    40  1969     49       4     49
 AVERAGE            64                          56       8     54

PRECIPITATION
(INCHES)
 YESTERDAY           T           1.22  1966   0.09   -0.09   0.27
 MONTH TO DATE    1.81                        1.78    0.03   1.93
 SINCE JUN 1      3.28                        3.50   -0.22   2.21
 SINCE JAN 1      6.54                        7.59   -1.05   6.61

SNOWFALL
(INCHES)
 YESTERDAY         0.0            0.0  2016    0.0     0.0    0.0
 MONTH TO DATE     0.0                         0.0     0.0    0.0
 SINCE JUN 1       0.0                         0.0     0.0    0.0
 SINCE JUL 1       0.0                         0.0     0.0    0.0
 SNOW DEPTH (IN)     0                                          0

DEGREE DAYS
 HEATING
  YESTERDAY          1                           9      -8     11
  MONTH TO DATE    143                         225     -82    193
  SINCE JUN 1      415                         602    -187    431
  SINCE JUL 1      143                         225     -82    193

 COOLING
  YESTERDAY          0                           0       0      0
  MONTH TO DATE     12                           0      12      1
  SINCE JUN 1       13                           0      13     11
  SINCE JAN 1       13                           0      13     11
...................................................................

WIND (MPH)
 HIGHEST WIND SPEED    18     HIGHEST WIND DIRECTION     20
 HIGHEST GUST SPEED    23     HIGHEST GUST DIRECTION     30
 AVERAGE WIND SPEED   8.9

WEATHER CONDITIONS
 THE FOLLOWING WEATHER WAS RECORDED YESTERDAY.
 RAIN

...................................................................

THE BETHEL CLIMATE NORMALS FOR TODAY
                           NORMAL    RECORD   YEAR
 MAXIMUM TEMPERATURE (F)     62        80     2013
 MINIMUM TEMPERATURE (F)     49        37     1925

SUNRISE AND SUNSET
 JUL 26 2016..........SUNRISE  6:10 AM      SUNSET 11:37 PM
 JUL 27 2016..........SUNRISE  6:13 AM      SUNSET 11:34 PM

-  INDICATES NEGATIVE NUMBERS.
R  INDICATES RECORD HAS BEEN SET OR TIED.
MM INDICATES DATA IS MISSING.
T  INDICATES TRACE OF PRECIPITATION.

&&
-------------------------------------------------------------------

AMOUNT OF DAYLIGHT TODAY  (HOUR:MIN)........17 HOURS 27 MINUTES
LOSS SINCE YESTERDAY (HOUR:MIN:SEC)....-0:04:48

$$
CR JUL 16
