000
CDAK48 PABE 101109
CLIBET

CLIMATE REPORT
NATIONAL WEATHER SERVICE BETHEL, AK
309 AM AKDT THU JUL 10 2014

...................................
...THE BETHEL AP CLIMATE SUMMARY FOR JULY 9 2014...

CLIMATE NORMAL PERIOD  1981 TO  2010
CLIMATE RECORD PERIOD  1923 TO  2014

WEATHER ITEM   OBSERVED TIME    RECORD YEAR NORMAL DEPARTURE LAST
               VALUE    (LST)   VALUE       VALUE  FROM      YEAR
                                                   NORMAL
...................................................................
TEMPERATURE
YESTERDAY
 MAXIMUM            61  0350 PM    80  1972     64      -3     64
 MINIMUM            46  0506 AM    37  1948     49      -3     44
 AVERAGE            54                          57      -3     54

PRECIPITATION
(INCHES)
 YESTERDAY        0.19           0.68  1998   0.06    0.13      T
 MONTH TO DATE    0.62                        0.54    0.08   1.16
 SINCE JUN 1      2.14                        2.26   -0.12   2.77
 SINCE JAN 1      5.18                        6.35   -1.17   6.07

SNOWFALL
(INCHES)
 YESTERDAY         0.0            0.0  2014    0.0     0.0    0.0
 MONTH TO DATE     0.0                         0.0     0.0    0.0
 SINCE JUN 1       0.0                         0.0     0.0    0.0
 SINCE JUL 1       0.0                         0.0     0.0    0.0
 SNOW DEPTH (IN)     0                                          0

DEGREE DAYS
 HEATING
  YESTERDAY         11                           9       2     11
  MONTH TO DATE     56                          81     -25    141
  SINCE JUN 1      476                         458      18    429
  SINCE JUL 1       56                          81     -25    141

 COOLING
  YESTERDAY          0                           0       0      0
  MONTH TO DATE      0                           0       0      0
  SINCE JUN 1        0                           0       0      7
  SINCE JAN 1        0                           0       0      7
...................................................................

WIND (MPH)
 HIGHEST WIND SPEED    23     HIGHEST WIND DIRECTION    190
 HIGHEST GUST SPEED    30     HIGHEST GUST DIRECTION    180
 AVERAGE WIND SPEED   9.5

SKY COVER
  POSSIBLE SUNSHINE    MM          AVERAGE SKY COVER     MM

WEATHER CONDITIONS
 THE FOLLOWING WEATHER WAS RECORDED YESTERDAY.
  FOG
RAIN


RELATIVE HUMIDITY
 HIGHEST RH     MM PERCENT       MM
 LOWEST  RH     MM PERCENT       MM
 AVERAGE RH     MM PERCENT       MM
...................................................................

THE BETHEL CLIMATE NORMALS FOR TODAY
                           NORMAL    RECORD   YEAR
 MAXIMUM TEMPERATURE (F)     64        81     1963
 MINIMUM TEMPERATURE (F)     49        30     1934

SUNRISE AND SUNSET
 JUL 10 2014..........SUNRISE  5:35 AM      SUNSET 12:10 AM
 JUL 11 2014..........SUNRISE  5:37 AM      SUNSET 12:09 AM

-  INDICATES NEGATIVE NUMBERS.
R  INDICATES RECORD HAS BEEN SET OR TIED.
MM INDICATES DATA IS MISSING.
T  INDICATES TRACE OF PRECIPITATION.

&&
-------------------------------------------------------------------

AMOUNT OF DAYLIGHT TODAY  (HOUR:MIN)........18 HOURS 35 MINUTES
GAIN/LOSS SINCE YESTERDAY (HOUR:MIN:SEC)....-0:03:14

$$
BDW JUL 14
