000
CDAK48 PABE 220941
CLIBET


CLIMATE REPORT
NATIONAL WEATHER SERVICE ANCHORAGE, AK
141 AM AKDT SAT JUL 22 2017


...................................

...THE BETHEL CLIMATE SUMMARY FOR JULY 21 2017...

CLIMATE NORMAL PERIOD 1981 TO 2010
CLIMATE RECORD PERIOD 1948 TO 2017


WEATHER ITEM   OBSERVED TIME   RECORD YEAR NORMAL DEPARTURE LAST
                VALUE   (LST)  VALUE       VALUE  FROM      YEAR
                                                  NORMAL
..................................................................
TEMPERATURE (F)
 YESTERDAY
  MAXIMUM         77        MM  82    1993  63     14       59
                                      1952
  MINIMUM         54        MM  39    1965  49      5       52
  AVERAGE         66                        56     10       56

PRECIPITATION (IN)
  YESTERDAY        0.00          0.87 1928   0.09  -0.09     0.02
  MONTH TO DATE    2.17                      1.44   0.73     1.03
  SINCE JUN 1      3.56                      3.16   0.40     2.46
  SINCE JAN 1      8.53                      7.25   1.28     5.70

SNOWFALL (IN)
  YESTERDAY        0.0          MM      MM   0.0    0.0      0.0
  MONTH TO DATE    0.0                       0.0    0.0      0.0
  SINCE JUN 1      0.0                       T      0.0      0.0
  SINCE JUL 1      0.0                       0.0    0.0      0.0
  SNOW DEPTH       0

DEGREE DAYS
 HEATING
  YESTERDAY        0                         9     -9        9
  MONTH TO DATE  145                       189    -44      104
  SINCE JUN 1    420                       567   -147      377
  SINCE JUL 1    145                       189    -44      104

 COOLING
  YESTERDAY        1                         0      1        0
  MONTH TO DATE    1                         0      1       12
  SINCE JUN 1      1                         1      0       13
  SINCE JAN 1      1                         1      0       13
..................................................................


WIND (MPH)
  RESULTANT WIND SPEED   8   RESULTANT WIND DIRECTION  NW (320)
  HIGHEST WIND SPEED    13   HIGHEST WIND DIRECTION    NW (320)
  HIGHEST GUST SPEED    18   HIGHEST GUST DIRECTION    NW (330)
  AVERAGE WIND SPEED     9.1



WEATHER CONDITIONS
 THE FOLLOWING WEATHER WAS RECORDED YESTERDAY.
  NO SIGNIFICANT WEATHER WAS OBSERVED.


RELATIVE HUMIDITY (PERCENT)
 HIGHEST   100
 LOWEST     46
 AVERAGE    73

..........................................................


THE BETHEL CLIMATE NORMALS FOR TODAY
                         NORMAL    RECORD    YEAR
 MAXIMUM TEMPERATURE (F)   63        79      1980
 MINIMUM TEMPERATURE (F)   49        38      1942


SUNRISE AND SUNSET
JULY 22 2017..........SUNRISE   600 AM AKDT  SUNSET  1146 PM AKDT
JULY 23 2017..........SUNRISE   602 AM AKDT  SUNSET  1144 PM AKDT


-  INDICATES NEGATIVE NUMBERS.
R  INDICATES RECORD WAS SET OR TIED.
MM INDICATES DATA IS MISSING.
T  INDICATES TRACE AMOUNT.




$$
