000
CDAK48 PABE 291130
CLIBET

CLIMATE REPORT
NATIONAL WEATHER SERVICE BETHEL, AK
330 AM AKDT SAT AUG 29 2015

...................................
...THE BETHEL AP CLIMATE SUMMARY FOR AUGUST 28 2015...

CLIMATE NORMAL PERIOD  1981 TO  2010
CLIMATE RECORD PERIOD  1948 TO  2015

WEATHER ITEM   OBSERVED TIME    RECORD YEAR NORMAL DEPARTURE LAST
               VALUE    (LST)   VALUE       VALUE  FROM      YEAR
                                                   NORMAL
...................................................................
TEMPERATURE
YESTERDAY
 MAXIMUM            51  0126 PM    74  1923     58      -7     59
 MINIMUM            34  0710 AM    33  1960     45     -11     43
 AVERAGE            43                          52      -9     51

PRECIPITATION
(INCHES)
 YESTERDAY        0.13           0.92  1963   0.10    0.03   0.19
 MONTH TO DATE    2.93                        2.95   -0.02   2.02
 SINCE JUN 1      5.29                        7.03   -1.74   6.27
 SINCE JAN 1      9.69                       11.12   -1.43   9.31

SNOWFALL
(INCHES)
 YESTERDAY         0.0            0.0  2015    0.0     0.0    0.0
 MONTH TO DATE     0.0                         0.0     0.0    0.0
 SINCE JUN 1       0.0                         0.0     0.0    0.0
 SINCE JUL 1       0.0                         0.0     0.0    0.0
 SNOW DEPTH (IN)     0                                          0

DEGREE DAYS
 HEATING
  YESTERDAY         22                          13       9     14
  MONTH TO DATE    320                         317       3    195
  SINCE JUN 1      799                         978    -179    888
  SINCE JUL 1      561                         601     -40    468

 COOLING
  YESTERDAY          0                           0       0      0
  MONTH TO DATE      0                           0       0      0
  SINCE JUN 1       11                           0      11      0
  SINCE JAN 1       11                           0      11      0
...................................................................

WIND (MPH)
 HIGHEST WIND SPEED    13     HIGHEST WIND DIRECTION    210
 HIGHEST GUST SPEED    17     HIGHEST GUST DIRECTION    220
 AVERAGE WIND SPEED   7.6

SKY COVER
  POSSIBLE SUNSHINE    MM          AVERAGE SKY COVER     MM

WEATHER CONDITIONS
 THE FOLLOWING WEATHER WAS RECORDED YESTERDAY.
 RAIN


RELATIVE HUMIDITY
 HIGHEST RH     MM PERCENT       MM
 LOWEST  RH     MM PERCENT       MM
 AVERAGE RH     MM PERCENT       MM
...................................................................

THE BETHEL CLIMATE NORMALS FOR TODAY
                           NORMAL    RECORD   YEAR
 MAXIMUM TEMPERATURE (F)     58        78     1923
 MINIMUM TEMPERATURE (F)     45        30     1955

SUNRISE AND SUNSET
 AUG 29 2015..........SUNRISE  7:33 AM      SUNSET 10:02 PM
 AUG 30 2015..........SUNRISE  7:36 AM      SUNSET  9:59 PM

-  INDICATES NEGATIVE NUMBERS.
R  INDICATES RECORD HAS BEEN SET OR TIED.
MM INDICATES DATA IS MISSING.
T  INDICATES TRACE OF PRECIPITATION.

&&
-------------------------------------------------------------------

AMOUNT OF DAYLIGHT TODAY  (HOUR:MIN)........14 HOURS 29 MINUTES
GAIN/LOSS SINCE YESTERDAY (HOUR:MIN:SEC)....-0:05:32

$$
DAC
