000
CDAK48 PABE 291255
CLIBET


CLIMATE REPORT
NATIONAL WEATHER SERVICE ANCHORAGE, AK
454 AM AKDT MON MAY 29 2017


...................................

...THE BETHEL CLIMATE SUMMARY FOR MAY 28 2017...

CLIMATE NORMAL PERIOD 1981 TO 2010
CLIMATE RECORD PERIOD 1948 TO 2017


WEATHER ITEM   OBSERVED TIME   RECORD YEAR NORMAL DEPARTURE LAST
                VALUE   (LST)  VALUE       VALUE  FROM      YEAR
                                                  NORMAL
..................................................................
TEMPERATURE (F)
 YESTERDAY
  MAXIMUM         57    438 PM  75    2013  55      2       72
  MINIMUM         34    530 AM  25    1934  38     -4       42
                                      1925
  AVERAGE         46                        46      0       57

PRECIPITATION (IN)
  YESTERDAY        0.05          0.46 1970   0.04   0.01     0.00
  MONTH TO DATE    2.29                      1.01   1.28     1.44
  SINCE MAR 1      3.06                      2.46   0.60     2.84
  SINCE JAN 1      4.95                      3.96   0.99     3.23

SNOWFALL (IN)
  YESTERDAY        0.0           T    2009   0.0    0.0      0.0
  MONTH TO DATE    T                         2.0   -2.0      0.0
  SINCE MAR 1      3.8                      15.9  -12.1      2.9
  SINCE JUL 1     31.2                      61.7  -30.5     29.9
  SNOW DEPTH       0

DEGREE DAYS
 HEATING
  YESTERDAY       19                        19      0        8
  MONTH TO DATE  580                       663    -83      423
  SINCE MAR 1   3271                      3350    -79     2433
  SINCE JUL 1  11531                     12088   -557     9690

 COOLING
  YESTERDAY        0                         0      0        0
  MONTH TO DATE    0                         0      0        0
  SINCE MAR 1      0                         0      0        0
  SINCE JAN 1      0                         0      0        0
..................................................................


WIND (MPH)
  RESULTANT WIND SPEED   7   RESULTANT WIND DIRECTION   N (20)
  HIGHEST WIND SPEED    20   HIGHEST WIND DIRECTION    NE (40)
  HIGHEST GUST SPEED    23   HIGHEST GUST DIRECTION    NE (40)
  AVERAGE WIND SPEED     7.0



WEATHER CONDITIONS
 THE FOLLOWING WEATHER WAS RECORDED YESTERDAY.
  LIGHT RAIN
  FOG
  FOG W/VISIBILITY <= 1/4 MILE


RELATIVE HUMIDITY (PERCENT)
 HIGHEST   100
 LOWEST     46
 AVERAGE    73

..........................................................


THE BETHEL CLIMATE NORMALS FOR TODAY
                         NORMAL    RECORD    YEAR
 MAXIMUM TEMPERATURE (F)   56        76      2016
 MINIMUM TEMPERATURE (F)   38        25      1962


SUNRISE AND SUNSET
MAY 29 2017...........SUNRISE   533 AM AKDT  SUNSET  1158 PM AKDT
MAY 30 2017...........SUNRISE   531 AM AKDT  SUNSET  ----    AKDT


-  INDICATES NEGATIVE NUMBERS.
R  INDICATES RECORD WAS SET OR TIED.
MM INDICATES DATA IS MISSING.
T  INDICATES TRACE AMOUNT.




$$
