000
CDAK48 PABE 091240
CLIBET

CLIMATE REPORT
NATIONAL WEATHER SERVICE BETHEL, AK
340 AM AKST TUE FEB 9 2016

...................................
...THE BETHEL AP CLIMATE SUMMARY FOR FEBRUARY 8 2016...

CLIMATE NORMAL PERIOD  1981 TO  2010
CLIMATE RECORD PERIOD  1923 TO  2016

WEATHER ITEM   OBSERVED TIME    RECORD YEAR NORMAL DEPARTURE LAST
               VALUE    (LST)   VALUE       VALUE  FROM      YEAR
                                                   NORMAL
...................................................................
TEMPERATURE
YESTERDAY
 MAXIMUM            27  1159 PM    47  1947     16      11     -2
 MINIMUM            13  0238 AM   -39  1946      4       9     -7
 AVERAGE            20                          10      10     -5

PRECIPITATION
(INCHES)
 YESTERDAY        0.00           0.42  1932   0.02   -0.02   0.00
 MONTH TO DATE    0.03                        0.20   -0.17   0.02
 SINCE DEC 1      1.50                        2.10   -0.60   2.12
 SINCE JAN 1      0.26                        0.98   -0.72   0.53

SNOWFALL
(INCHES)
 YESTERDAY         0.0            3.0  1939    0.2    -0.2    0.0
 MONTH TO DATE     0.3                         1.9    -1.6    0.6
 SINCE DEC 1      16.1                        22.9    -6.8    8.3
 SINCE JUL 1      25.5                        40.8   -15.3   20.5
 SNOW DEPTH (IN)     2                                          1

DEGREE DAYS
 HEATING
  YESTERDAY         45                          55     -10     70
  MONTH TO DATE    344                         448    -104    501
  SINCE DEC 1     3260                        3954    -694   3665
  SINCE JUL 1     6548                        7684   -1136   6947

 COOLING
  YESTERDAY          0                           0       0      0
  MONTH TO DATE      0                           0       0      0
  SINCE DEC 1        0                           0       0      0
  SINCE JAN 1        0                           0       0      0
...................................................................

WIND (MPH)
 HIGHEST WIND SPEED    25     HIGHEST WIND DIRECTION     50
 HIGHEST GUST SPEED    33     HIGHEST GUST DIRECTION     60
 AVERAGE WIND SPEED  18.3

WEATHER CONDITIONS
 THE FOLLOWING WEATHER WAS RECORDED YESTERDAY.
 NO SIGNIFICANT WEATHER WAS OBSERVED.

...................................................................

THE BETHEL CLIMATE NORMALS FOR TODAY
                           NORMAL    RECORD   YEAR
 MAXIMUM TEMPERATURE (F)     17        43     1947
 MINIMUM TEMPERATURE (F)      4       -40     1925

SUNRISE AND SUNSET
 FEB 9 2016..........SUNRISE  9:46 AM      SUNSET  6:19 PM
 FEB 10 2016.........SUNRISE  9:43 AM      SUNSET  6:22 PM

-  INDICATES NEGATIVE NUMBERS.
R  INDICATES RECORD HAS BEEN SET OR TIED.
MM INDICATES DATA IS MISSING.
T  INDICATES TRACE OF PRECIPITATION.

&&
-------------------------------------------------------------------

AMOUNT OF DAYLIGHT TODAY  (HOUR:MIN)........8 HOURS 33 MINUTES
GAIN SINCE YESTERDAY (HOUR:MIN:SEC)....+0:05:25

$$
CR FEB 16
