000
CDAK48 PABE 271112
CLIBET

CLIMATE REPORT
NATIONAL WEATHER SERVICE BETHEL, AK
312 AM AKDT WED AUG 27 2014

...................................
...THE BETHEL AP CLIMATE SUMMARY FOR AUGUST 26 2014...

CLIMATE NORMAL PERIOD  1981 TO  2010
CLIMATE RECORD PERIOD  1923 TO  2014

WEATHER ITEM   OBSERVED TIME    RECORD YEAR NORMAL DEPARTURE LAST
               VALUE    (LST)   VALUE       VALUE  FROM      YEAR
                                                   NORMAL
...................................................................
TEMPERATURE
YESTERDAY
 MAXIMUM            59  0233 PM    78  1981     59       0     55
 MINIMUM            46  0552 AM    28  1984     46       0     47
 AVERAGE            53                          52       1     51

PRECIPITATION
(INCHES)
 YESTERDAY           T           1.15  1938   0.11   -0.11   0.03
 MONTH TO DATE    1.80                        2.75   -0.95   2.77
 SINCE JUN 1      6.05                        6.83   -0.78   6.67
 SINCE JAN 1      9.09                       10.92   -1.83   9.97

SNOWFALL
(INCHES)
 YESTERDAY         0.0            0.0  2014    0.0     0.0    0.0
 MONTH TO DATE     0.0                         0.0     0.0    0.0
 SINCE JUN 1       0.0                         0.0     0.0    0.0
 SINCE JUL 1       0.0                         0.0     0.0    0.0
 SNOW DEPTH (IN)     0                                          0

DEGREE DAYS
 HEATING
  YESTERDAY         12                          13      -1     14
  MONTH TO DATE    171                         291    -120    245
  SINCE JUN 1      864                         952     -88    798
  SINCE JUL 1      444                         575    -131    510

 COOLING
  YESTERDAY          0                           0       0      0
  MONTH TO DATE      0                           0       0      0
  SINCE JUN 1        0                           0       0     18
  SINCE JAN 1        0                           0       0     18
...................................................................

WIND (MPH)
 HIGHEST WIND SPEED    15     HIGHEST WIND DIRECTION    260
 HIGHEST GUST SPEED    18     HIGHEST GUST DIRECTION    250
 AVERAGE WIND SPEED   7.5

SKY COVER
  POSSIBLE SUNSHINE    MM          AVERAGE SKY COVER     MM

WEATHER CONDITIONS
 THE FOLLOWING WEATHER WAS RECORDED YESTERDAY.
  FOG
RAIN


RELATIVE HUMIDITY
 HIGHEST RH     MM PERCENT       MM
 LOWEST  RH     MM PERCENT       MM
 AVERAGE RH     MM PERCENT       MM
...................................................................

THE BETHEL CLIMATE NORMALS FOR TODAY
                           NORMAL    RECORD   YEAR
 MAXIMUM TEMPERATURE (F)     59        77     1923
 MINIMUM TEMPERATURE (F)     46        31     1984

SUNRISE AND SUNSET
 AUG 27 2014..........SUNRISE  7:29 AM      SUNSET 10:08 PM
 AUG 28 2014..........SUNRISE  7:31 AM      SUNSET 10:05 PM

-  INDICATES NEGATIVE NUMBERS.
R  INDICATES RECORD HAS BEEN SET OR TIED.
MM INDICATES DATA IS MISSING.
T  INDICATES TRACE OF PRECIPITATION.

&&
-------------------------------------------------------------------

AMOUNT OF DAYLIGHT TODAY  (HOUR:MIN)........14 HOURS 39 MINUTES
GAIN/LOSS SINCE YESTERDAY (HOUR:MIN:SEC)....-0:05:31

$$
BDW AUG 14
