000
CDAK48 PABE 030922
CLIBET

CLIMATE REPORT
NATIONAL WEATHER SERVICE BETHEL, AK
122 AM AKDT TUE MAY 3 2016

...................................
...THE BETHEL AP CLIMATE SUMMARY FOR MAY 2 2016...

CLIMATE NORMAL PERIOD  1981 TO  2010
CLIMATE RECORD PERIOD  1923 TO  2016

WEATHER ITEM   OBSERVED TIME    RECORD YEAR NORMAL DEPARTURE LAST
               VALUE    (LST)   VALUE       VALUE  FROM      YEAR
                                                   NORMAL
...................................................................
TEMPERATURE
YESTERDAY
 MAXIMUM            52  0459 PM    63  2004     44       8     48
 MINIMUM            30  0606 AM     4  1949     28       2     31
 AVERAGE            41                          36       5     40

PRECIPITATION
(INCHES)
 YESTERDAY        0.00            2.2  1947   0.04   -0.04      T
 MONTH TO DATE       T                        0.07   -0.07      T
 SINCE MAR 1      1.42                        1.52   -0.10   1.56
 SINCE JAN 1      1.81                        3.02   -1.21   2.60

SNOWFALL
(INCHES)
 YESTERDAY         0.0            1.0  1968    0.1    -0.1    0.0
 MONTH TO DATE     0.0                         0.2    -0.2      T
 SINCE MAR 1       2.9                        14.1   -11.2   16.6
 SINCE JUL 1      29.4                        59.9   -30.5   42.1
 SNOW DEPTH (IN)     0                                          0

DEGREE DAYS
 HEATING
  YESTERDAY         24                          29      -5     25
  MONTH TO DATE     42                          58     -16     52
  SINCE MAR 1     2093                        2744    -651   2456
  SINCE JUL 1     9542                       11490   -1948  10242

 COOLING
  YESTERDAY          0                           0       0      0
  MONTH TO DATE      0                           0       0      0
  SINCE MAR 1        0                           0       0      0
  SINCE JAN 1        0                           0       0      0
...................................................................

WIND (MPH)
 HIGHEST WIND SPEED    15     HIGHEST WIND DIRECTION    260
 HIGHEST GUST SPEED    16     HIGHEST GUST DIRECTION    190
 AVERAGE WIND SPEED   3.9

SKY COVER
  POSSIBLE SUNSHINE    MM          AVERAGE SKY COVER     MM

WEATHER CONDITIONS
 THE FOLLOWING WEATHER WAS RECORDED YESTERDAY.
 FOG


RELATIVE HUMIDITY
 HIGHEST RH     MM PERCENT       MM
 LOWEST  RH     MM PERCENT       MM
 AVERAGE RH     MM PERCENT       MM
...................................................................

THE BETHEL CLIMATE NORMALS FOR TODAY
                           NORMAL    RECORD   YEAR
 MAXIMUM TEMPERATURE (F)     45        63     2004
 MINIMUM TEMPERATURE (F)     28         4     1965

SUNRISE AND SUNSET
 MAY 3 2016..........SUNRISE  6:34 AM      SUNSET 10:57 PM
 MAY 4 2016..........SUNRISE  6:31 AM      SUNSET 11:00 PM

-  INDICATES NEGATIVE NUMBERS.
R  INDICATES RECORD HAS BEEN SET OR TIED.
MM INDICATES DATA IS MISSING.
T  INDICATES TRACE OF PRECIPITATION.

&&
-------------------------------------------------------------------

AMOUNT OF DAYLIGHT TODAY  (HOUR:MIN)........16 HOURS 23 MINUTES
GAIN/LOSS SINCE YESTERDAY (HOUR:MIN:SEC)....+0:05:22

$$
JML MAY 16
