756
CDAK48 PAFC 232235
CLIBET


CLIMATE REPORT
NATIONAL WEATHER SERVICE ANCHORAGE, AK
235 PM AKDT SUN APR 23 2017


...................................

...THE BETHEL CLIMATE SUMMARY FOR APRIL 23 2017...
VALID TODAY AS OF 0200 PM LOCAL TIME.

CLIMATE NORMAL PERIOD 1981 TO 2010
CLIMATE RECORD PERIOD 1948 TO 2017


WEATHER ITEM   OBSERVED TIME   RECORD YEAR NORMAL DEPARTURE LAST
                VALUE   (LST)  VALUE       VALUE  FROM      YEAR
                                                  NORMAL
..................................................................
TEMPERATURE (F)
 TODAY
  MAXIMUM         53    100 PM  60    1996  39     14       62
  MINIMUM         36        MM  -7    1955  23     13       37
  AVERAGE         45                        31     14       50

PRECIPITATION (IN)
  TODAY            0.00          0.39 1983   0.02  -0.02     0.00
  MONTH TO DATE    0.11                      0.54  -0.43     0.56
  SINCE MAR 1      0.41                      1.25  -0.84     1.29
  SINCE JAN 1      2.30                      2.75  -0.45     1.68

SNOWFALL (IN)
  TODAY            0.0           2.0  1960   0.1   -0.1      0.0
  MONTH TO DATE    0.9                       4.8   -3.9      0.4
  SINCE MAR 1      3.8                      13.0   -9.2      2.9
  SINCE JUL 1     31.2                      58.8  -27.6     29.9
  SNOW DEPTH       0

DEGREE DAYS
 HEATING
  TODAY           20                        34    -14       15
  MONTH TO DATE  699                       920   -221      569
  SINCE MAR 1   2524                      2464     60     1881
  SINCE JUL 1  10784                     11202   -418     9138

 COOLING
  TODAY            0                         0      0        0
  MONTH TO DATE    0                         0      0        0
  SINCE MAR 1      0                         0      0        0
  SINCE JAN 1      0                         0      0        0
..................................................................


WIND (MPH)
  RESULTANT WIND SPEED   9   RESULTANT WIND DIRECTION  NE (60)
  HIGHEST WIND SPEED    14   HIGHEST WIND DIRECTION     E (70)
  HIGHEST GUST SPEED    MM   HIGHEST GUST DIRECTION    MM
  AVERAGE WIND SPEED    10.2



WEATHER CONDITIONS
 THE FOLLOWING WEATHER WAS RECORDED TODAY.
  NO SIGNIFICANT WEATHER WAS OBSERVED.


RELATIVE HUMIDITY (PERCENT)
 HIGHEST    82
 LOWEST     50
 AVERAGE    66

..........................................................


THE BETHEL CLIMATE NORMALS FOR TOMORROW
                         NORMAL    RECORD    YEAR
 MAXIMUM TEMPERATURE (F)   40        59      1938
 MINIMUM TEMPERATURE (F)   24       -12      1924


SUNRISE AND SUNSET
APRIL 23 2017.........SUNRISE   703 AM AKDT  SUNSET  1030 PM AKDT
APRIL 24 2017.........SUNRISE   700 AM AKDT  SUNSET  1033 PM AKDT


-  INDICATES NEGATIVE NUMBERS.
R  INDICATES RECORD WAS SET OR TIED.
MM INDICATES DATA IS MISSING.
T  INDICATES TRACE AMOUNT.




$$
