000
CDAK48 PABE 272332
CLIBET

CLIMATE REPORT
NATIONAL WEATHER SERVICE BETHEL, AK
332 PM AKDT FRI MAR 27 2015

...................................
...THE BETHEL AP CLIMATE SUMMARY FOR MARCH 27 2015...
VALID TODAY AS OF 2:00 PM LOCAL TIME

CLIMATE NORMAL PERIOD  1981 TO  2010
CLIMATE RECORD PERIOD  1923 TO  2015

WEATHER ITEM   OBSERVED TIME    RECORD YEAR NORMAL DEPARTURE LAST
               VALUE    (LST)   VALUE       VALUE  FROM      YEAR
                                                   NORMAL
...................................................................
TEMPERATURE
TODAY
 MAXIMUM            48R 0238 PM    47  1954     25      23     28
 MINIMUM            28  0917 AM   -29  1953     10      18     20
 AVERAGE            38                          17      21     24

PRECIPITATION
(INCHES)
 TODAY            0.01           0.45  1948   0.02   -0.01      T
 MONTH TO DATE    0.47                        0.62   -0.15   0.48
 SINCE MAR 1      0.47                        0.62   -0.15   0.48
 SINCE JAN 1      1.51                        2.12   -0.61   2.06

SNOWFALL
(INCHES)
 TODAY               T            2.5  1991    0.3    -0.3      T
 MONTH TO DATE     5.7                         7.2    -1.5    4.7
 SINCE MAR 1       5.7                         7.2    -1.5    4.7
 SINCE JUL 1      31.2                        53.0   -21.8   26.8
 SNOW DEPTH (IN)     T                                          2

DEGREE DAYS
 HEATING
  TODAY             27                          48     -21     41
  MONTH TO DATE   1221                        1357    -136   1425
  SINCE MAR 1     1217                        1357    -140   1425
  SINCE JUL 1     8992                       10103   -1111   8900

 COOLING
  TODAY              0                           0       0      0
  MONTH TO DATE      0                           0       0      0
  SINCE MAR 1        0                           0       0      0
  SINCE JAN 1        0                           0       0      0
...................................................................

WIND (MPH)
 HIGHEST WIND SPEED    15     HIGHEST WIND DIRECTION     10
 HIGHEST GUST SPEED    18     HIGHEST GUST DIRECTION     90
 AVERAGE WIND SPEED    MM

SKY COVER
  POSSIBLE SUNSHINE  MM            AVERAGE SKY COVER MM

WEATHER CONDITIONS
 THE FOLLOWING WEATHER WAS RECORDED TODAY.
 GLAZE
 RAIN
 SNOW


RELATIVE HUMIDITY
 HIGHEST RH     MM PERCENT       MM
 LOWEST  RH     MM PERCENT       MM
 AVERAGE RH     MM PERCENT       MM
...................................................................

THE BETHEL CLIMATE NORMALS FOR TOMORROW
                        NORMAL    RECORD   YEAR
 MAXIMUM TEMPERATURE      25        48     1934
 MINIMUM TEMPERATURE      10       -26     1951

SUNRISE AND SUNSET
 MAR 27 2015..........SUNRISE  8:27 AM      SUNSET  9:20 PM
 MAR 28 2015..........SUNRISE  8:24 AM      SUNSET  9:23 PM

-  INDICATES NEGATIVE NUMBERS.
R  INDICATES RECORD HAS BEEN SET OR TIED.
MM INDICATES DATA IS MISSING.
T  INDICATES TRACE OF PRECIPITATION.

&&
-------------------------------------------------------------------

AMOUNT OF DAYLIGHT TODAY  (HOUR:MIN)........12 HOURS 53 MINUTES
GAIN/LOSS SINCE YESTERDAY (HOUR:MIN:SEC)....+0:05:38

$$
DAC
