000
CDAK48 PABE 281204
CLIBET

CLIMATE REPORT
NATIONAL WEATHER SERVICE BETHEL, AK
404 AM AKDT THU MAY 28 2015

...................................
...THE BETHEL AP CLIMATE SUMMARY FOR MAY 27 2015...

CLIMATE NORMAL PERIOD  1981 TO  2015
CLIMATE RECORD PERIOD  1923 TO  2015

WEATHER ITEM   OBSERVED TIME    RECORD YEAR NORMAL DEPARTURE LAST
               VALUE    (LST)   VALUE       VALUE  FROM      YEAR
                                                   NORMAL
...................................................................
TEMPERATURE
YESTERDAY
 MAXIMUM            52  0524 PM    75  1981     55      -3     51
 MINIMUM            44  1159 PM    25  2001     37       7     42
 AVERAGE            48                          46       2     47

PRECIPITATION
(INCHES)
 YESTERDAY        0.06           0.42  2003   0.04    0.02   0.21
 MONTH TO DATE    1.80                        0.97    0.83   0.36
 SINCE MAR 1      3.36                        2.42    0.94   1.18
 SINCE JAN 1      4.40                        3.92    0.48   2.76

SNOWFALL
(INCHES)
 YESTERDAY         0.0            0.8  1999    0.0     0.0    0.0
 MONTH TO DATE       T                         2.0    -2.0    0.0
 SINCE MAR 1      16.6                        15.9     0.7    5.7
 SINCE JUL 1      42.1                        61.7   -19.6   27.8
 SNOW DEPTH (IN)     0                                          0

DEGREE DAYS
 HEATING
  YESTERDAY         17                          19      -2     18
  MONTH TO DATE    521                         644    -123    565
  SINCE MAR 1     2925                        3330    -405   3110
  SINCE JUL 1    10700                       12076   -1376  10585

 COOLING
  YESTERDAY          0                           0       0      0
  MONTH TO DATE      0                           0       0      0
  SINCE MAR 1        0                           0       0      0
  SINCE JAN 1        0                           0       0      0
...................................................................

WIND (MPH)
 HIGHEST WIND SPEED    18     HIGHEST WIND DIRECTION    160
 HIGHEST GUST SPEED    23     HIGHEST GUST DIRECTION    150
 AVERAGE WIND SPEED  10.9

SKY COVER
  POSSIBLE SUNSHINE    MM          AVERAGE SKY COVER     MM

WEATHER CONDITIONS
 THE FOLLOWING WEATHER WAS RECORDED YESTERDAY.
  FOG
RAIN


RELATIVE HUMIDITY
 HIGHEST RH     MM PERCENT       MM
 LOWEST  RH     MM PERCENT       MM
 AVERAGE RH     MM PERCENT       MM
...................................................................

THE BETHEL CLIMATE NORMALS FOR TODAY
                           NORMAL    RECORD   YEAR
 MAXIMUM TEMPERATURE (F)     55        75     2013
 MINIMUM TEMPERATURE (F)     38        25     1934

SUNRISE AND SUNSET
 MAY 28 2015..........SUNRISE  5:36 AM      SUNSET 11:56 PM
 MAY 29 2015..........SUNRISE  5:34 AM      SUNSET 11:58 PM

-  INDICATES NEGATIVE NUMBERS.
R  INDICATES RECORD HAS BEEN SET OR TIED.
MM INDICATES DATA IS MISSING.
T  INDICATES TRACE OF PRECIPITATION.

&&
-------------------------------------------------------------------

AMOUNT OF DAYLIGHT TODAY  (HOUR:MIN)........18 HOURS 20 MINUTES
GAIN/LOSS SINCE YESTERDAY (HOUR:MIN:SEC)....+0:03:57

$$
RD MAY 15
