000
CDAK48 PAFC 081312 RRA
CLIBET

CLIMATE REPORT
NATIONAL WEATHER SERVICE ANCHORAGE, AK
408 AM AKST THU DEC 8 2016


...................................

...THE BETHEL CLIMATE SUMMARY FOR DECEMBER 7 2016...

CLIMATE NORMAL PERIOD 1981 TO 2010
CLIMATE RECORD PERIOD 1948 TO 2016


WEATHER ITEM   OBSERVED TIME   RECORD YEAR NORMAL DEPARTURE LAST
                VALUE   (LST)  VALUE       VALUE  FROM      YEAR
                                                  NORMAL
..................................................................
TEMPERATURE (F)
 YESTERDAY
  MAXIMUM          1    703 PM  46    2009  19    -18        9
  MINIMUM         -5    316 AM -31    1975   6    -11        0
  AVERAGE         -2                        12    -14        5

PRECIPITATION (IN)
  YESTERDAY        0.00          0.53 1996   0.04  -0.04      T
  MONTH TO DATE    T                         0.29  -0.29      T
  SINCE DEC 1      T                         0.29  -0.29      T
  SINCE JAN 1     15.30                     17.71  -2.41    17.77

SNOWFALL (IN)
  YESTERDAY        0.0           7.4  1996   0.4   -0.4      0.0
  MONTH TO DATE    T                         2.8   -2.8       T
  SINCE DEC 1      T                         2.8   -2.8       T
  SINCE JUL 1      3.6                      20.7  -17.1      9.4
  SNOW DEPTH       2

DEGREE DAYS
 HEATING
  YESTERDAY       67                        53     14       60
  MONTH TO DATE  502                       366    136      431
  SINCE DEC 1    502                       366    136      431
  SINCE JUL 1   3730                      4089   -359     3643

 COOLING
  YESTERDAY        0                         0      0        0
  MONTH TO DATE    0                         0      0        0
  SINCE DEC 1      0                         0      0        0
  SINCE JAN 1     13                         4      9       11
..................................................................


WIND (MPH)
  RESULTANT WIND SPEED  21   RESULTANT WIND DIRECTION   N (20)
  HIGHEST WIND SPEED    29   HIGHEST WIND DIRECTION     N (20)
  HIGHEST GUST SPEED    36   HIGHEST GUST DIRECTION     N (10)
  AVERAGE WIND SPEED    21.4



WEATHER CONDITIONS
 THE FOLLOWING WEATHER WAS RECORDED YESTERDAY.
  NO SIGNIFICANT WEATHER WAS OBSERVED.


RELATIVE HUMIDITY (PERCENT)
 HIGHEST    78
 LOWEST     65
 AVERAGE    72

..........................................................


THE BETHEL CLIMATE NORMALS FOR TODAY
                         NORMAL    RECORD    YEAR
 MAXIMUM TEMPERATURE (F)   19        45      1932
 MINIMUM TEMPERATURE (F)    5       -28      1923


SUNRISE AND SUNSET
DECEMBER  8 2016......SUNRISE  1044 AM AKST  SUNSET   435 PM AKST
DECEMBER  9 2016......SUNRISE  1045 AM AKST  SUNSET   434 PM AKST

CIVIL TWILIGHT
DECEMBER 8 2016         START    945 AM GMT     END    535 PM GMT
DECEMBER 9 2016         START    947 AM GMT     END    534 PM GMT



-  INDICATES NEGATIVE NUMBERS.
R  INDICATES RECORD WAS SET OR TIED.
MM INDICATES DATA IS MISSING.
T  INDICATES TRACE AMOUNT.




$$
&&
------------------------------------------------------
AMOUNT OF DAYLIGHT TODAY  (HOUR:MIN)........ 5:51
GAIN/LOSS SINCE YESTERDAY (HOUR:MIN:SEC)....-0:02:24

$$
