000
CDUS41 KCTP 300630
CLIBFD


CLIMATE REPORT
NATIONAL WEATHER SERVICE STATE COLLEGE PA
229 AM EDT TUE JUN 30 2015


...................................

...THE BRADFORD CLIMATE SUMMARY FOR JUNE 29 2015...

CLIMATE NORMAL PERIOD 1981 TO 2010
CLIMATE RECORD PERIOD 1957 TO 2015


WEATHER ITEM   OBSERVED TIME   RECORD YEAR NORMAL DEPARTURE LAST
                VALUE   (LST)  VALUE       VALUE  FROM      YEAR
                                                  NORMAL
..................................................................
TEMPERATURE (F)
 YESTERDAY
  MAXIMUM         72    125 PM  88    2012  77     -5       80
  MINIMUM         53    559 AM  33    1961  52      1       57
  AVERAGE         63                        64     -1       69

PRECIPITATION (IN)
  YESTERDAY        0.03          1.24 1990   0.16  -0.13     0.27
  MONTH TO DATE    7.03                      4.76   2.27     6.04
  SINCE JUN 1      7.03                      4.76   2.27     6.04
  SINCE JAN 1     19.46                     21.50  -2.04    21.99

DEGREE DAYS
 HEATING
  YESTERDAY        2                         1      1        0
  MONTH TO DATE  106                        58     48       85
  SINCE JUN 1    106                        58     48       85
  SINCE JUL 1   8004                      7686    318     7843

 COOLING
  YESTERDAY        0                         2     -2        4
  MONTH TO DATE   38                        39     -1       47
  SINCE JUN 1     38                        39     -1       47
  SINCE JAN 1     82                        49     33       65
..................................................................


WIND (MPH)
  HIGHEST WIND SPEED    15   HIGHEST WIND DIRECTION    NW (300)
  HIGHEST GUST SPEED    20   HIGHEST GUST DIRECTION    NW (300)
  AVERAGE WIND SPEED     6.7


SKY COVER
  POSSIBLE SUNSHINE  MM
  AVERAGE SKY COVER 0.8


WEATHER CONDITIONS
 THE FOLLOWING WEATHER WAS RECORDED YESTERDAY.
  LIGHT RAIN
  FOG


RELATIVE HUMIDITY (PERCENT)
 HIGHEST    93          1200 AM
 LOWEST     57           100 PM
 AVERAGE    75

..........................................................


THE BRADFORD CLIMATE NORMALS FOR TODAY
                         NORMAL    RECORD    YEAR
 MAXIMUM TEMPERATURE (F)   77        87      1964
 MINIMUM TEMPERATURE (F)   52        30      1961


SUNRISE AND SUNSET
JUNE 30 2015..........SUNRISE   543 AM EDT   SUNSET   853 PM EDT
JULY  1 2015..........SUNRISE   543 AM EDT   SUNSET   853 PM EDT


-  INDICATES NEGATIVE NUMBERS.
R  INDICATES RECORD WAS SET OR TIED.
MM INDICATES DATA IS MISSING.
T  INDICATES TRACE AMOUNT.




$$
