000
CDUS41 KCTP 200704
CLIBFD


CLIMATE REPORT
NATIONAL WEATHER SERVICE STATE COLLEGE PA
304 AM EDT WED AUG 20 2014


...................................

...THE BRADFORD CLIMATE SUMMARY FOR AUGUST 19 2014...

CLIMATE NORMAL PERIOD 1981 TO 2010
CLIMATE RECORD PERIOD 1957 TO 2014


WEATHER ITEM   OBSERVED TIME   RECORD YEAR NORMAL DEPARTURE LAST
                VALUE   (LST)  VALUE       VALUE  FROM      YEAR
                                                  NORMAL
..................................................................
TEMPERATURE (F)
 YESTERDAY
  MAXIMUM         80    413 PM  86    1978  76      4       75
  MINIMUM         50    541 AM  37    1977  52     -2       54
  AVERAGE         65                        64      1       65

PRECIPITATION (IN)
  YESTERDAY        0.00          1.58 1967   0.14  -0.14     0.00
  MONTH TO DATE    3.57                      2.54   1.03     2.09
  SINCE JUN 1     13.19                     11.64   1.55     9.32
  SINCE JAN 1     29.14                     28.38   0.76    20.35

DEGREE DAYS
 HEATING
  YESTERDAY        0                         1     -1        0
  MONTH TO DATE   70                        11     59       73
  SINCE JUN 1    249                       220     29      229
  SINCE JUL 1    164                        75     89      125

 COOLING
  YESTERDAY        0                         2     -2        0
  MONTH TO DATE    4                        38    -34       10
  SINCE JUN 1    123                       152    -29      208
  SINCE JAN 1    141                       162    -21      251
..................................................................


WIND (MPH)
  HIGHEST WIND SPEED    14   HIGHEST WIND DIRECTION    NW (300)
  HIGHEST GUST SPEED    17   HIGHEST GUST DIRECTION    NW (300)
  AVERAGE WIND SPEED     4.1


SKY COVER
  POSSIBLE SUNSHINE  MM
  AVERAGE SKY COVER 0.2


WEATHER CONDITIONS
 THE FOLLOWING WEATHER WAS RECORDED YESTERDAY.
  FOG


RELATIVE HUMIDITY (PERCENT)
 HIGHEST   100          1000 PM
 LOWEST     42           300 PM
 AVERAGE    71

..........................................................


THE BRADFORD CLIMATE NORMALS FOR TODAY
                         NORMAL    RECORD    YEAR
 MAXIMUM TEMPERATURE (F)   75        84      1959
 MINIMUM TEMPERATURE (F)   52        35      1998


SUNRISE AND SUNSET
AUGUST 20 2014........SUNRISE   628 AM EDT   SUNSET   807 PM EDT
AUGUST 21 2014........SUNRISE   629 AM EDT   SUNSET   806 PM EDT


-  INDICATES NEGATIVE NUMBERS.
R  INDICATES RECORD WAS SET OR TIED.
MM INDICATES DATA IS MISSING.
T  INDICATES TRACE AMOUNT.




$$
