000
CDUS41 KCTP 310644
CLIBFD


CLIMATE REPORT
NATIONAL WEATHER SERVICE STATE COLLEGE PA
244 AM EDT THU JUL 31 2014


...................................

...THE BRADFORD CLIMATE SUMMARY FOR JULY 30 2014...

CLIMATE NORMAL PERIOD 1981 TO 2010
CLIMATE RECORD PERIOD 1957 TO 2014


WEATHER ITEM   OBSERVED TIME   RECORD YEAR NORMAL DEPARTURE LAST
                VALUE   (LST)  VALUE       VALUE  FROM      YEAR
                                                  NORMAL
..................................................................
TEMPERATURE (F)
 YESTERDAY
  MAXIMUM         66    119 PM  88    1999  77    -11       73
  MINIMUM         44    102 AM  40    1971  53     -9       48
  AVERAGE         55                        65    -10       61

PRECIPITATION (IN)
  YESTERDAY        0.18          0.81 1993   0.13   0.05     0.00
  MONTH TO DATE    3.58                      4.05  -0.47     2.62
  SINCE JUN 1      9.62                      8.96   0.66     7.23
  SINCE JAN 1     25.57                     25.70  -0.13    18.26

DEGREE DAYS
 HEATING
  YESTERDAY       10                         0     10        4
  MONTH TO DATE   91                         1     90       48
  SINCE JUN 1    176                       146     30      152
  SINCE JUL 1     91                         1     90       48

 COOLING
  YESTERDAY        0                         2     -2        0
  MONTH TO DATE   63                        68     -5      148
  SINCE JUN 1    119                       108     11      198
  SINCE JAN 1    137                       118     19      241
..................................................................


WIND (MPH)
  HIGHEST WIND SPEED    12   HIGHEST WIND DIRECTION     W (260)
  HIGHEST GUST SPEED    17   HIGHEST GUST DIRECTION     W (270)
  AVERAGE WIND SPEED     4.1


SKY COVER
  POSSIBLE SUNSHINE  MM
  AVERAGE SKY COVER 0.6


WEATHER CONDITIONS
 THE FOLLOWING WEATHER WAS RECORDED YESTERDAY.
  THUNDERSTORM
  HEAVY RAIN
  LIGHT RAIN
  FOG


RELATIVE HUMIDITY (PERCENT)
 HIGHEST    93           200 AM
 LOWEST     67           100 PM
 AVERAGE    80

..........................................................


THE BRADFORD CLIMATE NORMALS FOR TODAY
                         NORMAL    RECORD    YEAR
 MAXIMUM TEMPERATURE (F)   77        92      1975
 MINIMUM TEMPERATURE (F)   53        41      1964


SUNRISE AND SUNSET
JULY 31 2014..........SUNRISE   607 AM EDT   SUNSET   834 PM EDT
AUGUST  1 2014........SUNRISE   608 AM EDT   SUNSET   833 PM EDT


-  INDICATES NEGATIVE NUMBERS.
R  INDICATES RECORD WAS SET OR TIED.
MM INDICATES DATA IS MISSING.
T  INDICATES TRACE AMOUNT.




$$
