000
CDUS41 KCTP 200643
CLIBFD


CLIMATE REPORT
NATIONAL WEATHER SERVICE STATE COLLEGE PA
243 AM EDT SUN APR 20 2014


...................................

...THE BRADFORD CLIMATE SUMMARY FOR APRIL 19 2014...

CLIMATE NORMAL PERIOD 1981 TO 2010
CLIMATE RECORD PERIOD 1957 TO 2014


WEATHER ITEM   OBSERVED TIME   RECORD YEAR NORMAL DEPARTURE LAST
                VALUE   (LST)  VALUE       VALUE  FROM      YEAR
                                                  NORMAL
..................................................................
TEMPERATURE (F)
 YESTERDAY
  MAXIMUM         57    416 PM  81    1976  57      0       67
  MINIMUM         32    607 AM  17    2001  34     -2       39
  AVERAGE         45                        45      0       53

PRECIPITATION (IN)
  YESTERDAY        0.00          1.28 1998   0.11  -0.11     0.47
  MONTH TO DATE    2.92                      2.28   0.64     2.16
  SINCE MAR 1      4.92                      5.65  -0.73     3.67
  SINCE JAN 1      8.45                     11.29  -2.84     6.46

DEGREE DAYS
 HEATING
  YESTERDAY       20                        15      5       12
  MONTH TO DATE  402                       345     57      387
  SINCE MAR 1   1579                      1382    197     1489
  SINCE JUL 1   7245                      6952    293     6397

 COOLING
  YESTERDAY        0                         0      0        0
  MONTH TO DATE    2                         0      2        0
  SINCE MAR 1      2                         0      2        0
  SINCE JAN 1      2                         0      2        0
..................................................................


WIND (MPH)
  HIGHEST WIND SPEED    15   HIGHEST WIND DIRECTION    NE (30)
  HIGHEST GUST SPEED    19   HIGHEST GUST DIRECTION     N (340)
  AVERAGE WIND SPEED     5.9


SKY COVER
  POSSIBLE SUNSHINE  MM
  AVERAGE SKY COVER 0.0


WEATHER CONDITIONS
 THE FOLLOWING WEATHER WAS RECORDED YESTERDAY.
  FOG
  HAZE


RELATIVE HUMIDITY (PERCENT)
 HIGHEST    89           200 AM
 LOWEST     22           200 PM
 AVERAGE    56

..........................................................


THE BRADFORD CLIMATE NORMALS FOR TODAY
                         NORMAL    RECORD    YEAR
 MAXIMUM TEMPERATURE (F)   57        80      1987
 MINIMUM TEMPERATURE (F)   34        19      1974


SUNRISE AND SUNSET
APRIL 20 2014.........SUNRISE   627 AM EDT   SUNSET   801 PM EDT
APRIL 21 2014.........SUNRISE   625 AM EDT   SUNSET   802 PM EDT


-  INDICATES NEGATIVE NUMBERS.
R  INDICATES RECORD WAS SET OR TIED.
MM INDICATES DATA IS MISSING.
T  INDICATES TRACE AMOUNT.




$$
