000
CDUS41 KCTP 180644
CLIBFD


CLIMATE REPORT
NATIONAL WEATHER SERVICE STATE COLLEGE PA
244 AM EDT WED OCT 18 2017


...................................

...THE BRADFORD CLIMATE SUMMARY FOR OCTOBER 17 2017...

CLIMATE NORMAL PERIOD 1981 TO 2010
CLIMATE RECORD PERIOD 1957 TO 2017


WEATHER ITEM   OBSERVED TIME   RECORD YEAR NORMAL DEPARTURE LAST
                VALUE   (LST)  VALUE       VALUE  FROM      YEAR
                                                  NORMAL
..................................................................
TEMPERATURE (F)
 YESTERDAY
  MAXIMUM         58    405 PM  74    1968  57      1       70
  MINIMUM         25    635 AM  21    1981  35    -10       58
  AVERAGE         42                        46     -4       64

PRECIPITATION (IN)
  YESTERDAY        0.00          1.19 2006   0.10  -0.10      T
  MONTH TO DATE    2.85                      1.96   0.89     1.94
  SINCE SEP 1      5.24                      5.88  -0.64     4.49
  SINCE JAN 1     40.39                     35.83   4.56    33.49

DEGREE DAYS
 HEATING
  YESTERDAY       23                        14      9        1
  MONTH TO DATE  141                       206    -65      205
  SINCE SEP 1    317                       470   -153      345
  SINCE JUL 1    426                       623   -197      388

 COOLING
  YESTERDAY        0                         0      0        0
  MONTH TO DATE    7                         0      7        0
  SINCE SEP 1     40                        15     25       42
  SINCE JAN 1    264                       192     72      367
..................................................................


WIND (MPH)
  HIGHEST WIND SPEED    15   HIGHEST WIND DIRECTION    SW (210)
  HIGHEST GUST SPEED    23   HIGHEST GUST DIRECTION    SW (210)
  AVERAGE WIND SPEED     4.9


SKY COVER
  POSSIBLE SUNSHINE  MM
  AVERAGE SKY COVER 0.0


WEATHER CONDITIONS
 THE FOLLOWING WEATHER WAS RECORDED YESTERDAY.
  NO SIGNIFICANT WEATHER WAS OBSERVED.


RELATIVE HUMIDITY (PERCENT)
 HIGHEST   100           300 AM
 LOWEST     40           400 PM
 AVERAGE    70

..........................................................


THE BRADFORD CLIMATE NORMALS FOR TODAY
                         NORMAL    RECORD    YEAR
 MAXIMUM TEMPERATURE (F)   56        75      2016
                                             1963
 MINIMUM TEMPERATURE (F)   35        15      1974


SUNRISE AND SUNSET
OCTOBER 18 2017.......SUNRISE   730 AM EDT   SUNSET   628 PM EDT
OCTOBER 19 2017.......SUNRISE   732 AM EDT   SUNSET   627 PM EDT


-  INDICATES NEGATIVE NUMBERS.
R  INDICATES RECORD WAS SET OR TIED.
MM INDICATES DATA IS MISSING.
T  INDICATES TRACE AMOUNT.




$$
