000
CDUS41 KCTP 270631
CLIBFD


CLIMATE REPORT
NATIONAL WEATHER SERVICE STATE COLLEGE PA
130 AM EST MON FEB 27 2017


...................................

...THE BRADFORD CLIMATE SUMMARY FOR FEBRUARY 26 2017...

CLIMATE NORMAL PERIOD 1981 TO 2010
CLIMATE RECORD PERIOD 1957 TO 2017


WEATHER ITEM   OBSERVED TIME   RECORD YEAR NORMAL DEPARTURE LAST
                VALUE   (LST)  VALUE       VALUE  FROM      YEAR
                                                  NORMAL
..................................................................
TEMPERATURE (F)
 YESTERDAY
  MAXIMUM         29   1159 PM  55    1976  35     -6       23
  MINIMUM         21    938 AM -16    1963  16      5       14
  AVERAGE         25                        26     -1       19

PRECIPITATION (IN)
  YESTERDAY        T             0.33 2008   0.09  -0.09      T
  MONTH TO DATE    2.51                      2.16   0.35     3.29
  SINCE DEC 1     10.32                      8.85   1.47     9.24
  SINCE JAN 1      7.08                      5.45   1.63     4.44

DEGREE DAYS
 HEATING
  YESTERDAY       40                        34      6       46
  MONTH TO DATE  843                       936    -93     1027
  SINCE DEC 1   3145                      3512   -367     3134
  SINCE JUL 1   4533                      5347   -814     4614

 COOLING
  YESTERDAY        0                         0      0        0
  MONTH TO DATE    0                         0      0        0
  SINCE DEC 1      0                         0      0        0
  SINCE JAN 1      0                         0      0        0
..................................................................


WIND (MPH)
  HIGHEST WIND SPEED    20   HIGHEST WIND DIRECTION     W (280)
  HIGHEST GUST SPEED    27   HIGHEST GUST DIRECTION     W (260)
  AVERAGE WIND SPEED    10.7


SKY COVER
  POSSIBLE SUNSHINE  MM
  AVERAGE SKY COVER 0.7


WEATHER CONDITIONS
 THE FOLLOWING WEATHER WAS RECORDED YESTERDAY.
  LIGHT SNOW
  FOG


RELATIVE HUMIDITY (PERCENT)
 HIGHEST    92           400 AM
 LOWEST     53           600 PM
 AVERAGE    73

..........................................................


THE BRADFORD CLIMATE NORMALS FOR TODAY
                         NORMAL    RECORD    YEAR
 MAXIMUM TEMPERATURE (F)   35        61      1997
 MINIMUM TEMPERATURE (F)   16       -20      1963


SUNRISE AND SUNSET
FEBRUARY 27 2017......SUNRISE   652 AM EST   SUNSET   603 PM EST
FEBRUARY 28 2017......SUNRISE   651 AM EST   SUNSET   604 PM EST


-  INDICATES NEGATIVE NUMBERS.
R  INDICATES RECORD WAS SET OR TIED.
MM INDICATES DATA IS MISSING.
T  INDICATES TRACE AMOUNT.




$$
