000
CDUS41 KCTP 020628
CLIBFD


CLIMATE REPORT
NATIONAL WEATHER SERVICE STATE COLLEGE PA
228 AM EDT TUE JUN 2 2015


...................................

...THE BRADFORD CLIMATE SUMMARY FOR JUNE 1 2015...

CLIMATE NORMAL PERIOD 1981 TO 2010
CLIMATE RECORD PERIOD 1957 TO 2015


WEATHER ITEM   OBSERVED TIME   RECORD YEAR NORMAL DEPARTURE LAST
                VALUE   (LST)  VALUE       VALUE  FROM      YEAR
                                                  NORMAL
..................................................................
TEMPERATURE (F)
 YESTERDAY
  MAXIMUM         52    328 PM  83    1969  70    -18       77
  MINIMUM         45    536 AM  28    1981  45      0       40
  AVERAGE         49                        58     -9       59

PRECIPITATION (IN)
  YESTERDAY        0.02          1.27 1987   0.15  -0.13     0.00
  MONTH TO DATE    0.02                      0.15  -0.13     0.00
  SINCE JUN 1      0.02                      0.15  -0.13     0.00
  SINCE JAN 1     12.45                     16.89  -4.44    15.95

DEGREE DAYS
 HEATING
  YESTERDAY       16                         4     12        6
  MONTH TO DATE   16                         4     12        6
  SINCE JUN 1     16                         4     12        6
  SINCE JUL 1   7914                      7632    282     7764

 COOLING
  YESTERDAY        0                         1     -1        0
  MONTH TO DATE    0                         1     -1        0
  SINCE JUN 1      0                         1     -1        0
  SINCE JAN 1     44                        11     33       18
..................................................................


WIND (MPH)
  HIGHEST WIND SPEED    12   HIGHEST WIND DIRECTION     N (350)
  HIGHEST GUST SPEED    15   HIGHEST GUST DIRECTION    NE (50)
  AVERAGE WIND SPEED     5.7


SKY COVER
  POSSIBLE SUNSHINE  MM
  AVERAGE SKY COVER 0.9


WEATHER CONDITIONS
 THE FOLLOWING WEATHER WAS RECORDED YESTERDAY.
  LIGHT RAIN
  FOG
  FOG W/VISIBILITY <= 1/4 MILE


RELATIVE HUMIDITY (PERCENT)
 HIGHEST   100           200 AM
 LOWEST     83           100 PM
 AVERAGE    92

..........................................................


THE BRADFORD CLIMATE NORMALS FOR TODAY
                         NORMAL    RECORD    YEAR
 MAXIMUM TEMPERATURE (F)   70        83      2007
 MINIMUM TEMPERATURE (F)   46        30      1966


SUNRISE AND SUNSET
JUNE  2 2015..........SUNRISE   542 AM EDT   SUNSET   844 PM EDT
JUNE  3 2015..........SUNRISE   541 AM EDT   SUNSET   844 PM EDT


-  INDICATES NEGATIVE NUMBERS.
R  INDICATES RECORD WAS SET OR TIED.
MM INDICATES DATA IS MISSING.
T  INDICATES TRACE AMOUNT.




$$
