000
CDUS41 KCTP 290623
CLIBFD


CLIMATE REPORT
NATIONAL WEATHER SERVICE STATE COLLEGE PA
123 AM EST MON DEC 29 2014


...................................

...THE BRADFORD CLIMATE SUMMARY FOR DECEMBER 28 2014...

CLIMATE NORMAL PERIOD 1981 TO 2010
CLIMATE RECORD PERIOD 1957 TO 2014


WEATHER ITEM   OBSERVED TIME   RECORD YEAR NORMAL DEPARTURE LAST
                VALUE   (LST)  VALUE       VALUE  FROM      YEAR
                                                  NORMAL
..................................................................
TEMPERATURE (F)
 YESTERDAY
  MAXIMUM         47   1215 AM  61    1982  30     17       44
  MINIMUM         29   1020 PM -15    1960  15     14       30
  AVERAGE         38                        22     16       37

PRECIPITATION (IN)
  YESTERDAY        0.42          0.86 1959   0.10   0.32     0.00
  MONTH TO DATE    2.20                      3.10  -0.90     2.54
  SINCE DEC 1      2.20                      3.10  -0.90     2.54
  SINCE JAN 1     42.34                     44.16  -1.82    34.57

DEGREE DAYS
 HEATING
  YESTERDAY       27                        37    -10       28
  MONTH TO DATE  940                       952    -12     1058
  SINCE DEC 1    940                       952    -12     1058
  SINCE JUL 1   2758                      2787    -29     2846

 COOLING
  YESTERDAY        0                         0      0        0
  MONTH TO DATE    0                         0      0        0
  SINCE DEC 1      0                         0      0        0
  SINCE JAN 1    196                       193      3      334
..................................................................


WIND (MPH)
  HIGHEST WIND SPEED    20   HIGHEST WIND DIRECTION    NW (310)
  HIGHEST GUST SPEED    26   HIGHEST GUST DIRECTION    NW (300)
  AVERAGE WIND SPEED     8.6


SKY COVER
  POSSIBLE SUNSHINE  MM
  AVERAGE SKY COVER 1.0


WEATHER CONDITIONS
 THE FOLLOWING WEATHER WAS RECORDED YESTERDAY.
  HEAVY RAIN
  RAIN
  LIGHT RAIN
  LIGHT SNOW
  FOG


RELATIVE HUMIDITY (PERCENT)
 HIGHEST    93           300 AM
 LOWEST     58          1200 AM
 AVERAGE    76

..........................................................


THE BRADFORD CLIMATE NORMALS FOR TODAY
                         NORMAL    RECORD    YEAR
 MAXIMUM TEMPERATURE (F)   30        57      1984
 MINIMUM TEMPERATURE (F)   15       -10      1993


SUNRISE AND SUNSET
DECEMBER 29 2014......SUNRISE   741 AM EST   SUNSET   452 PM EST
DECEMBER 30 2014......SUNRISE   742 AM EST   SUNSET   453 PM EST


-  INDICATES NEGATIVE NUMBERS.
R  INDICATES RECORD WAS SET OR TIED.
MM INDICATES DATA IS MISSING.
T  INDICATES TRACE AMOUNT.




$$
