000
CDUS41 KCTP 102221
CLIBFD


CLIMATE REPORT
NATIONAL WEATHER SERVICE STATE COLLEGE PA
521 PM EST SAT DEC 10 2016


...................................

...THE BRADFORD CLIMATE SUMMARY FOR DECEMBER 10 2016...
VALID TODAY AS OF 0500 PM LOCAL TIME.

CLIMATE NORMAL PERIOD 1981 TO 2010
CLIMATE RECORD PERIOD 1957 TO 2016


WEATHER ITEM   OBSERVED TIME   RECORD YEAR NORMAL DEPARTURE LAST
                VALUE   (LST)  VALUE       VALUE  FROM      YEAR
                                                  NORMAL
..................................................................
TEMPERATURE (F)
 TODAY
  MAXIMUM         22    257 PM  57    1966  34    -12       50
  MINIMUM         20    459 PM -16    1968  20      0       36
  AVERAGE         21                        27     -6       43

PRECIPITATION (IN)
  TODAY            0.02          1.41 1992   0.12  -0.10     0.01
  MONTH TO DATE    0.88                      1.18  -0.30     0.64
  SINCE DEC 1      0.88                      1.18  -0.30     0.64
  SINCE JAN 1     42.14                     42.24  -0.10    35.07

DEGREE DAYS
 HEATING
  TODAY           44                        33     11       22
  MONTH TO DATE  348                       313     35      286
  SINCE DEC 1    348                       313     35      286
  SINCE JUL 1   1736                      2148   -412     1766

 COOLING
  TODAY            0                         0      0        0
  MONTH TO DATE    0                         0      0        0
  SINCE DEC 1      0                         0      0        0
  SINCE JAN 1    370                       193    177      260
..................................................................


WIND (MPH)
  HIGHEST WIND SPEED    14   HIGHEST WIND DIRECTION     W (270)
  HIGHEST GUST SPEED    21   HIGHEST GUST DIRECTION     W (260)
  AVERAGE WIND SPEED     7.9


SKY COVER
  POSSIBLE SUNSHINE  MM
  AVERAGE SKY COVER 1.0


WEATHER CONDITIONS
 THE FOLLOWING WEATHER WAS RECORDED TODAY.
  LIGHT SNOW
  FOG


RELATIVE HUMIDITY (PERCENT)
 HIGHEST    92          1200 AM
 LOWEST     77          1100 AM
 AVERAGE    85

..........................................................


THE BRADFORD CLIMATE NORMALS FOR TOMORROW
                         NORMAL    RECORD    YEAR
 MAXIMUM TEMPERATURE (F)   34        55      1979
 MINIMUM TEMPERATURE (F)   20       -16      1968


SUNRISE AND SUNSET
DECEMBER 10 2016......SUNRISE   731 AM EST   SUNSET   444 PM EST
DECEMBER 11 2016......SUNRISE   732 AM EST   SUNSET   444 PM EST


-  INDICATES NEGATIVE NUMBERS.
R  INDICATES RECORD WAS SET OR TIED.
MM INDICATES DATA IS MISSING.
T  INDICATES TRACE AMOUNT.




$$
