000
CDUS45 KCYS 220731
CLIBFF


CLIMATE REPORT
NATIONAL WEATHER SERVICE CHEYENNE WY
1229 AM MST MON DEC 22 2014


...................................

...THE SCOTTSBLUFF NEBRASKA AIRPORT CLIMATE SUMMARY FOR DECEMBER 21 2014...

CLIMATE NORMAL PERIOD 1981 TO 2010
CLIMATE RECORD PERIOD 1871 TO 2014


WEATHER ITEM   OBSERVED TIME   RECORD YEAR NORMAL DEPARTURE LAST
                VALUE   (LST)  VALUE       VALUE  FROM      YEAR
                                                  NORMAL
..................................................................
TEMPERATURE (F)
 YESTERDAY
  MAXIMUM         46   1238 PM  64    1933  39      7       34
  MINIMUM         19    649 AM -31    1989  12      7       10
  AVERAGE         33                        25      8       22

PRECIPITATION (IN)
  YESTERDAY        T             0.29 1920   0.02  -0.02      T
  MONTH TO DATE    0.80                      0.35   0.45     0.55
  SINCE JAN 1     18.60                     15.63   2.97    13.29

SNOWFALL (IN)
  YESTERDAY        0.0             3.5  1920 0.3   -0.3       T
  MONTH TO DATE   10.5                       4.9    5.6      9.6
  SINCE JUL 1     16.1                      13.8    2.3     22.5
  SNOW DEPTH       0

DEGREE DAYS
 HEATING
  YESTERDAY       32                        40     -8       43
  MONTH TO DATE  710                       813   -103      869
  SINCE DEC 1    710                       813   -103      869
  SINCE JUL 1   2155                      2378   -223     2374

 COOLING
  YESTERDAY        0                         0      0        0
  MONTH TO DATE    0                         0      0        0
  SINCE DEC 1      0                         0      0        0
  SINCE JAN 1    719                       724     -5     1047
..................................................................


WIND (MPH)
  HIGHEST WIND SPEED    25   HIGHEST WIND DIRECTION    NW (300)
  HIGHEST GUST SPEED    32   HIGHEST GUST DIRECTION    NW (300)
  AVERAGE WIND SPEED     9.0


SKY COVER
  AVERAGE SKY COVER 0.4


WEATHER CONDITIONS
 THE FOLLOWING WEATHER WAS RECORDED YESTERDAY.
  LIGHT RAIN


RELATIVE HUMIDITY (PERCENT)
 HIGHEST    84           300 AM
 LOWEST     53          1200 PM
 AVERAGE    69

..........................................................


THE SCOTTSBLUFF NEBRASKA AIRPORT CLIMATE NORMALS FOR TODAY
                         NORMAL    RECORD    YEAR
 MAXIMUM TEMPERATURE (F)   39        70      1933
 MINIMUM TEMPERATURE (F)   12       -42      1989


SUNRISE AND SUNSET
DECEMBER 22 2014......SUNRISE   719 AM MST   SUNSET   427 PM MST
DECEMBER 23 2014......SUNRISE   720 AM MST   SUNSET   428 PM MST


-  INDICATES NEGATIVE NUMBERS.
R  INDICATES RECORD WAS SET OR TIED.
MM INDICATES DATA IS MISSING.
T  INDICATES TRACE AMOUNT.




$$
