000
CDUS45 KCYS 230735
CLIBFF


CLIMATE REPORT
NATIONAL WEATHER SERVICE CHEYENNE WY
135 AM MDT SAT JUL 23 2016


...................................

...THE SCOTTSBLUFF NE AIRPORT CLIMATE SUMMARY FOR JULY 22 2016...

CLIMATE NORMAL PERIOD 1981 TO 2010
CLIMATE RECORD PERIOD 1871 TO 2016


WEATHER ITEM   OBSERVED TIME   RECORD YEAR NORMAL DEPARTURE LAST
                VALUE   (LST)  VALUE       VALUE  FROM      YEAR
                                                  NORMAL
..................................................................
TEMPERATURE (F)
 YESTERDAY
  MAXIMUM         97   1229 PM 103    2007  90      7       89
                                      1964
                                      1940
  MINIMUM         65   1159 PM  43    1897  59      6       57
  AVERAGE         81                        75      6       73

PRECIPITATION (IN)
  YESTERDAY        T             1.66 1993   0.07  -0.07      T
  MONTH TO DATE    0.60                      1.33  -0.73     3.52
  SINCE JAN 1     10.80                     10.50   0.30    17.92

SNOWFALL (IN)
  YESTERDAY        0.0          MM      MM   0.0    0.0      0.0
  MONTH TO DATE    0.0                       0.0    0.0      0.0
  SINCE JUL 1      0.0                       0.0    0.0      0.0
  SNOW DEPTH       0

DEGREE DAYS
 HEATING
  YESTERDAY        0                         0      0        0
  MONTH TO DATE    0                         1     -1        6
  SINCE JUN 1      6                        61    -55        9
  SINCE JUL 1      0                         1     -1        6

 COOLING
  YESTERDAY       16                        10      6        8
  MONTH TO DATE  240                       200     40      160
  SINCE JUN 1    510                       326    184      345
  SINCE JAN 1    514                       349    165      345
..................................................................


WIND (MPH)
  HIGHEST WIND SPEED    30   HIGHEST WIND DIRECTION     E (90)
  HIGHEST GUST SPEED    42   HIGHEST GUST DIRECTION     E (80)
  AVERAGE WIND SPEED     8.7


SKY COVER
  AVERAGE SKY COVER 0.1


WEATHER CONDITIONS
 THE FOLLOWING WEATHER WAS RECORDED YESTERDAY.
  THUNDERSTORM
  LIGHT RAIN


RELATIVE HUMIDITY (PERCENT)
 HIGHEST    84           100 AM
 LOWEST     39          1200 PM
 AVERAGE    62

..........................................................


THE SCOTTSBLUFF NE AIRPORT CLIMATE NORMALS FOR TODAY
                         NORMAL    RECORD    YEAR
 MAXIMUM TEMPERATURE (F)   90       104      1941
 MINIMUM TEMPERATURE (F)   59        47      1933


SUNRISE AND SUNSET
JULY 23 2016..........SUNRISE   540 AM MDT   SUNSET   821 PM MDT
JULY 24 2016..........SUNRISE   541 AM MDT   SUNSET   820 PM MDT


-  INDICATES NEGATIVE NUMBERS.
R  INDICATES RECORD WAS SET OR TIED.
MM INDICATES DATA IS MISSING.
T  INDICATES TRACE AMOUNT.




$$
