000
CDUS45 KCYS 020816
CLIBFF


CLIMATE REPORT
NATIONAL WEATHER SERVICE CHEYENNE WY
216 AM MDT THU JUL 2 2015


...................................

...THE SCOTTSBLUFF NE AIRPORT CLIMATE SUMMARY FOR JULY 1 2015...

CLIMATE NORMAL PERIOD 1981 TO 2010
CLIMATE RECORD PERIOD 1871 TO 2015


WEATHER ITEM   OBSERVED TIME   RECORD YEAR NORMAL DEPARTURE LAST
                VALUE   (LST)  VALUE       VALUE  FROM      YEAR
                                                  NORMAL
..................................................................
TEMPERATURE (F)
 YESTERDAY
  MAXIMUM         96    107 PM 107    1990  88      8       79
  MINIMUM         61    357 AM  40    1959  56      5       48
  AVERAGE         79                        72      7       64

PRECIPITATION (IN)
  YESTERDAY        0.10          0.53 1912   0.06   0.04     0.00
  MONTH TO DATE    0.10                      0.06   0.04     0.00
  SINCE JAN 1     14.50                      9.23   5.27     8.88

SNOWFALL (IN)
  YESTERDAY        0.0          MM      MM   0.0    0.0      0.0
  MONTH TO DATE    0.0                       0.0    0.0      0.0
  SINCE JUL 1      0.0                       0.0    0.0      0.0
  SNOW DEPTH       0

DEGREE DAYS
 HEATING
  YESTERDAY        0                         1     -1        1
  MONTH TO DATE    0                         1     -1        1
  SINCE JUN 1      3                        61    -58       54
  SINCE JUL 1      0                         1     -1        1

 COOLING
  YESTERDAY       14                         8      6        0
  MONTH TO DATE   14                         8      6        0
  SINCE JUN 1    200                       134     66       95
  SINCE JAN 1    200                       157     43      122
..................................................................


WIND (MPH)
  HIGHEST WIND SPEED    28   HIGHEST WIND DIRECTION     N (360)
  HIGHEST GUST SPEED    37   HIGHEST GUST DIRECTION     N (10)
  AVERAGE WIND SPEED     6.6


SKY COVER
  AVERAGE SKY COVER 0.1


WEATHER CONDITIONS
 THE FOLLOWING WEATHER WAS RECORDED YESTERDAY.
  THUNDERSTORM
  RAIN
  LIGHT RAIN


RELATIVE HUMIDITY (PERCENT)
 HIGHEST    90           400 AM
 LOWEST     21          1100 AM
 AVERAGE    56

..........................................................


THE SCOTTSBLUFF NE AIRPORT CLIMATE NORMALS FOR TODAY
                         NORMAL    RECORD    YEAR
 MAXIMUM TEMPERATURE (F)   88       108      1990
 MINIMUM TEMPERATURE (F)   57        40      1908


SUNRISE AND SUNSET
JULY  2 2015..........SUNRISE   523 AM MDT   SUNSET   833 PM MDT
JULY  3 2015..........SUNRISE   524 AM MDT   SUNSET   833 PM MDT


-  INDICATES NEGATIVE NUMBERS.
R  INDICATES RECORD WAS SET OR TIED.
MM INDICATES DATA IS MISSING.
T  INDICATES TRACE AMOUNT.




$$
