000
CDUS45 KCYS 010329
CLIBFF


CLIMATE REPORT
NATIONAL WEATHER SERVICE CHEYENNE WY
929 PM MDT TUE MAY 31 2016


...................................

...THE SCOTTSBLUFF NE AIRPORT CLIMATE SUMMARY FOR MAY 31 2016...
VALID TODAY AS OF 0900 PM LOCAL TIME.

CLIMATE NORMAL PERIOD 1981 TO 2010
CLIMATE RECORD PERIOD 1871 TO 2016


WEATHER ITEM   OBSERVED TIME   RECORD YEAR NORMAL DEPARTURE LAST
                VALUE   (LST)  VALUE       VALUE  FROM      YEAR
                                                  NORMAL
..................................................................
TEMPERATURE (F)
 TODAY
  MAXIMUM         73    409 PM  93    1940  76     -3       82
                                      1933
  MINIMUM         49    544 AM  32    1917  48      1       48
  AVERAGE         61                        62     -1       65

PRECIPITATION (IN)
  TODAY            T             2.42 1918   0.10  -0.10     0.00
  MONTH TO DATE    1.62                      2.48  -0.86     7.95
  SINCE MAR 1      8.35                      5.31   3.04    11.32
  SINCE JAN 1      9.12                      6.32   2.80    12.16

SNOWFALL (IN)
  TODAY            0.0           2.0  1917   0.0    0.0      0.0
  MONTH TO DATE    0.0                       0.5   -0.5      8.0
  SINCE JUL 1     34.6                      42.1   -7.5     51.7
  SNOW DEPTH       0

DEGREE DAYS
 HEATING
  TODAY            4                         4      0        0
  MONTH TO DATE  294                       263     31      352
  SINCE MAR 1   1486                      1643   -157     1441
  SINCE JUL 1   5916                      6555   -639     6156

 COOLING
  TODAY            0                         2     -2        0
  MONTH TO DATE    4                        21    -17        0
  SINCE MAR 1      4                        23    -19        0
  SINCE JAN 1      4                        23    -19        0
..................................................................


WIND (MPH)
  HIGHEST WIND SPEED    24   HIGHEST WIND DIRECTION     N (10)
  HIGHEST GUST SPEED    29   HIGHEST GUST DIRECTION     W (290)
  AVERAGE WIND SPEED    10.7


SKY COVER
  AVERAGE SKY COVER 0.6


WEATHER CONDITIONS
 THE FOLLOWING WEATHER WAS RECORDED TODAY.
  LIGHT RAIN


RELATIVE HUMIDITY (PERCENT)
 HIGHEST    74           300 AM
 LOWEST     20           500 PM
 AVERAGE    47

..........................................................


THE SCOTTSBLUFF NE AIRPORT CLIMATE NORMALS FOR TOMORROW
                         NORMAL    RECORD    YEAR
 MAXIMUM TEMPERATURE (F)   77        98      1940
 MINIMUM TEMPERATURE (F)   48        33      1951
                                             1907


SUNRISE AND SUNSET
MAY 31 2016...........SUNRISE   522 AM MDT   SUNSET   823 PM MDT
JUNE  1 2016..........SUNRISE   522 AM MDT   SUNSET   823 PM MDT


-  INDICATES NEGATIVE NUMBERS.
R  INDICATES RECORD WAS SET OR TIED.
MM INDICATES DATA IS MISSING.
T  INDICATES TRACE AMOUNT.




$$
