000
CDUS45 KCYS 030738
CLIBFF


CLIMATE REPORT
NATIONAL WEATHER SERVICE CHEYENNE WY
132 AM MDT THU SEP 3 2015


...................................

...THE SCOTTSBLUFF NE AIRPORT CLIMATE SUMMARY FOR SEPTEMBER 2 2015...

CLIMATE NORMAL PERIOD 1981 TO 2010
CLIMATE RECORD PERIOD 1871 TO 2015


WEATHER ITEM   OBSERVED TIME   RECORD YEAR NORMAL DEPARTURE LAST
                VALUE   (LST)  VALUE       VALUE  FROM      YEAR
                                                  NORMAL
..................................................................
TEMPERATURE (F)
 YESTERDAY
  MAXIMUM         96    244 PM  98    1983  84     12       88
  MINIMUM         54    530 AM  35    2006  51      3       42
                                      1952
                                      1914
  AVERAGE         75                        68      7       65

PRECIPITATION (IN)
  YESTERDAY        0.00          2.56 1951   0.03  -0.03     0.00
  MONTH TO DATE    0.00                      0.07  -0.07      T
  SINCE JAN 1     19.49                     12.37   7.12    12.04

SNOWFALL (IN)
  YESTERDAY        0.0          MM      MM   0.0    0.0      0.0
  MONTH TO DATE    0.0                       0.0    0.0      0.0
  SINCE JUL 1      0.0                       0.0    0.0      0.0
  SNOW DEPTH       0

DEGREE DAYS
 HEATING
  YESTERDAY        0                         2     -2        0
  MONTH TO DATE    0                         4     -4        0
  SINCE SEP 1      0                         4     -4        0
  SINCE JUL 1     33                        24      9       13

 COOLING
  YESTERDAY       10                         4      6        0
  MONTH TO DATE   20                         9     11        0
  SINCE SEP 1     20                         9     11        0
  SINCE JAN 1    700                       674     26      643
..................................................................


WIND (MPH)
  HIGHEST WIND SPEED    10   HIGHEST WIND DIRECTION     W (280)
  HIGHEST GUST SPEED    13   HIGHEST GUST DIRECTION    SW (230)
  AVERAGE WIND SPEED     4.7


SKY COVER
  AVERAGE SKY COVER 0.0


WEATHER CONDITIONS
 THE FOLLOWING WEATHER WAS RECORDED YESTERDAY.
  NO SIGNIFICANT WEATHER WAS OBSERVED.


RELATIVE HUMIDITY (PERCENT)
 HIGHEST    86           500 AM
 LOWEST     14           400 PM
 AVERAGE    50

..........................................................


THE SCOTTSBLUFF NE AIRPORT CLIMATE NORMALS FOR TODAY
                         NORMAL    RECORD    YEAR
 MAXIMUM TEMPERATURE (F)   84       100      1899
 MINIMUM TEMPERATURE (F)   51        32      1974


SUNRISE AND SUNSET
SEPTEMBER  3 2015.....SUNRISE   622 AM MDT   SUNSET   725 PM MDT
SEPTEMBER  4 2015.....SUNRISE   623 AM MDT   SUNSET   723 PM MDT


-  INDICATES NEGATIVE NUMBERS.
R  INDICATES RECORD WAS SET OR TIED.
MM INDICATES DATA IS MISSING.
T  INDICATES TRACE AMOUNT.




$$
