000
CDUS45 KCYS 100728
CLIBFF


CLIMATE REPORT
NATIONAL WEATHER SERVICE CHEYENNE WY
1228 AM MST SAT DEC 10 2016


...................................

...THE SCOTTSBLUFF NE AIRPORT CLIMATE SUMMARY FOR DECEMBER 9 2016...

CLIMATE NORMAL PERIOD 1981 TO 2010
CLIMATE RECORD PERIOD 1871 TO 2016


WEATHER ITEM   OBSERVED TIME   RECORD YEAR NORMAL DEPARTURE LAST
                VALUE   (LST)  VALUE       VALUE  FROM      YEAR
                                                  NORMAL
..................................................................
TEMPERATURE (F)
 YESTERDAY
  MAXIMUM         28    226 PM  70    1939  40    -12       69
  MINIMUM          8    127 AM -32    1919  13     -5       43
  AVERAGE         18                        26     -8       56

PRECIPITATION (IN)
  YESTERDAY        T             0.97 1918   0.02  -0.02     0.00
  MONTH TO DATE    0.06                      0.15  -0.09      T
  SINCE JAN 1     15.25                     15.43  -0.18    22.85

SNOWFALL (IN)
  YESTERDAY        T             7.9  1985   0.2   -0.2      0.0
  MONTH TO DATE    0.1                       2.0   -1.9       T
  SINCE JUL 1      0.5                      10.9  -10.4      4.8
  SNOW DEPTH       T

DEGREE DAYS
 HEATING
  YESTERDAY       47                        39      8        9
  MONTH TO DATE  393                       338     55      216
  SINCE DEC 1    393                       338     55      216
  SINCE JUL 1   1470                      1903   -433     1491

 COOLING
  YESTERDAY        0                         0      0        0
  MONTH TO DATE    0                         0      0        0
  SINCE DEC 1      0                         0      0        0
  SINCE JAN 1    898                       724    174      792
..................................................................


WIND (MPH)
  HIGHEST WIND SPEED    21   HIGHEST WIND DIRECTION     E (110)
  HIGHEST GUST SPEED    24   HIGHEST GUST DIRECTION     E (110)
  AVERAGE WIND SPEED    10.5


SKY COVER
  AVERAGE SKY COVER 0.5


WEATHER CONDITIONS
 THE FOLLOWING WEATHER WAS RECORDED YESTERDAY.
  NO SIGNIFICANT WEATHER WAS OBSERVED.


RELATIVE HUMIDITY (PERCENT)
 HIGHEST    80           200 AM
 LOWEST     50          1200 PM
 AVERAGE    65

..........................................................


THE SCOTTSBLUFF NE AIRPORT CLIMATE NORMALS FOR TODAY
                         NORMAL    RECORD    YEAR
 MAXIMUM TEMPERATURE (F)   40        69      1990
                                             1896
 MINIMUM TEMPERATURE (F)   13       -22      1919


SUNRISE AND SUNSET
DECEMBER 10 2016......SUNRISE   711 AM MST   SUNSET   423 PM MST
DECEMBER 11 2016......SUNRISE   712 AM MST   SUNSET   423 PM MST


-  INDICATES NEGATIVE NUMBERS.
R  INDICATES RECORD WAS SET OR TIED.
MM INDICATES DATA IS MISSING.
T  INDICATES TRACE AMOUNT.




$$
