000
CDUS46 KHNX 060825
CLIBFL


CLIMATE REPORT
NATIONAL WEATHER SERVICE SAN JOAQUIN VALLEY, CA
1223 AM PST FRI MAR 6 2015


...................................

...THE BAKERSFIELD CLIMATE SUMMARY FOR MARCH 5 2015...

CLIMATE NORMAL PERIOD 1981 TO 2010
CLIMATE RECORD PERIOD 1889 TO 2015


WEATHER ITEM   OBSERVED TIME   RECORD YEAR NORMAL DEPARTURE
                VALUE   (LST)  VALUE       VALUE  FROM
                                                  NORMAL
...............................................................
TEMPERATURE (F)
 YESTERDAY
  MAXIMUM         73    430 PM  86    1929  67      6
  MINIMUM         44    659 AM  30    1923  46     -2
  AVERAGE         59                        56      3

PRECIPITATION (IN)
  YESTERDAY        0.00          0.69 1994   0.04  -0.04
  MONTH TO DATE    0.27                      0.21   0.06
  SINCE OCT 1      4.53                      4.57  -0.04
  SINCE JAN 1      1.86                      2.61  -0.75

SNOWFALL (IN)
  YESTERDAY        0.0
  MONTH TO DATE    0.0
  SINCE MAR 1      0.0
  SINCE JUL 1      0.0
  SNOW DEPTH       0

DEGREE DAYS
 HEATING
  YESTERDAY        6                               -3
  MONTH TO DATE   50                                5
  SINCE MAR 1     50                                5
  SINCE JUL 1   1185                             -634

 COOLING
  YESTERDAY        0                                0
  MONTH TO DATE    0                                0
  SINCE MAR 1      0                                0
  SINCE JAN 1      4                                4
...............................................................


WIND (MPH)
  HIGHEST WIND SPEED    13   HIGHEST WIND DIRECTION    NW (310)
  HIGHEST GUST SPEED    15   HIGHEST GUST DIRECTION    NW (320)
  AVERAGE WIND SPEED     5.0




RELATIVE HUMIDITY (PERCENT)
 HIGHEST    77
 LOWEST     25
 AVERAGE    51

..........................................................


THE BAKERSFIELD CLIMATE NORMALS FOR TODAY
                         NORMAL    RECORD    YEAR
 MAXIMUM TEMPERATURE (F)   67        82      1972
 MINIMUM TEMPERATURE (F)   46        30      1903


SUNRISE AND SUNSET
MARCH  6 2015.........SUNRISE   620 AM PST   SUNSET   556 PM PST
MARCH  7 2015.........SUNRISE   618 AM PST   SUNSET   557 PM PST


-  INDICATES NEGATIVE NUMBERS.
R  INDICATES RECORD WAS SET OR TIED.
MM INDICATES DATA IS MISSING.
T  INDICATES TRACE AMOUNT.




$$
