000
CDUS46 KHNX 240023
CLIBFL


CLIMATE REPORT
NATIONAL WEATHER SERVICE SAN JOAQUIN VALLEY, CA
522 PM PDT TUE AUG 23 2016


...................................

...THE BAKERSFIELD CLIMATE SUMMARY FOR AUGUST 23 2016...
VALID AS OF 0400 PM LOCAL TIME.

CLIMATE NORMAL PERIOD 1981 TO 2010
CLIMATE RECORD PERIOD 1889 TO 2016


WEATHER ITEM   OBSERVED TIME   RECORD YEAR NORMAL DEPARTURE LAST
                VALUE   (LST)  VALUE       VALUE  FROM      YEAR
                                                  NORMAL
..................................................................
TEMPERATURE (F)
 TODAY
  MAXIMUM         98    239 PM 110    1913  95      3       98
  MINIMUM         69    433 AM  49    1915  68      1       69
                                      1903
  AVERAGE         84                        81      3       84

PRECIPITATION (IN)
  TODAY            0.00          T    1971   0.01  -0.01     0.00
                                      1959
  MONTH TO DATE    0.00                      0.03  -0.03     0.00
  SINCE OCT 1      5.43                      6.38  -0.95     5.33
  SINCE JAN 1      4.10                      4.42  -0.32     2.66

SNOWFALL (IN)
  TODAY            0.0
  MONTH TO DATE    0.0
  SINCE JUN 1      0.0
  SINCE JUL 1      0.0
  SNOW DEPTH       0

DEGREE DAYS
 HEATING
  TODAY            0                         0      0        0
  MONTH TO DATE    0                         0      0        0
  SINCE JUN 1      0                         2     -2        0
  SINCE JUL 1      0                         0      0        0

 COOLING
  TODAY           19                        16      3       19
  MONTH TO DATE  499                       413     86      442
  SINCE JUN 1   1698                      1375    323     1605
  SINCE JAN 1   2055                      1642    413     1950
..................................................................


WIND (MPH)
  HIGHEST WIND SPEED    15   HIGHEST WIND DIRECTION    NW (310)
  HIGHEST GUST SPEED    21   HIGHEST GUST DIRECTION    NW (320)
  AVERAGE WIND SPEED     5.0




RELATIVE HUMIDITY (PERCENT)
 HIGHEST    38
 LOWEST     17
 AVERAGE    28

..........................................................


THE BAKERSFIELD CLIMATE NORMALS FOR TOMORROW
                         NORMAL    RECORD    YEAR
 MAXIMUM TEMPERATURE (F)   95       112      1913
 MINIMUM TEMPERATURE (F)   68        45      1903


SUNRISE AND SUNSET
AUGUST 23 2016........SUNRISE   622 AM PDT   SUNSET   735 PM PDT
AUGUST 24 2016........SUNRISE   623 AM PDT   SUNSET   733 PM PDT


-  INDICATES NEGATIVE NUMBERS.
R  INDICATES RECORD WAS SET OR TIED.
MM INDICATES DATA IS MISSING.
T  INDICATES TRACE AMOUNT.




$$
