000
CDUS46 KHNX 220824
CLIBFL


CLIMATE REPORT
NATIONAL WEATHER SERVICE SAN JOAQUIN VALLEY, CA
1224 AM PST MON JAN 22 2018


...................................

...THE BAKERSFIELD CLIMATE SUMMARY FOR JANUARY 21 2018...

CLIMATE NORMAL PERIOD 1981 TO 2010
CLIMATE RECORD PERIOD 1889 TO 2018


WEATHER ITEM   OBSERVED TIME   RECORD YEAR NORMAL DEPARTURE
                VALUE   (LST)  VALUE       VALUE  FROM
                                                  NORMAL
...............................................................
TEMPERATURE (F)
 YESTERDAY
  MAXIMUM         57    449 PM  79    1981  57      0
  MINIMUM         34    703 AM  19    1937  39     -5
  AVERAGE         46                        48     -2

PRECIPITATION (IN)
  YESTERDAY        0.00          0.53 1943   0.04  -0.04
  MONTH TO DATE    0.96                      0.78   0.18
  SINCE OCT 1      1.03                      2.74  -1.71
  SINCE JAN 1      0.96                      0.78   0.18

SNOWFALL (IN)
  YESTERDAY        0.0
  MONTH TO DATE    0.0
  SINCE DEC 1      0.0
  SINCE JUL 1      0.0
  SNOW DEPTH       0

DEGREE DAYS
 HEATING
  YESTERDAY       19                                2
  MONTH TO DATE  207                             -165
  SINCE DEC 1    666                             -239
  SINCE JUL 1    843                             -420

 COOLING
  YESTERDAY        0                                0
  MONTH TO DATE    0                                0
  SINCE DEC 1      0                                0
  SINCE JAN 1      0                                0
...............................................................


WIND (MPH)
  HIGHEST WIND SPEED     8   HIGHEST WIND DIRECTION     E (90)
  HIGHEST GUST SPEED    10   HIGHEST GUST DIRECTION     E (110)
  AVERAGE WIND SPEED     3.4




RELATIVE HUMIDITY (PERCENT)
 HIGHEST    89
 LOWEST     43
 AVERAGE    66

..........................................................


THE BAKERSFIELD CLIMATE NORMALS FOR TODAY
                         NORMAL    RECORD    YEAR
 MAXIMUM TEMPERATURE (F)   57        76      1981
                                             1970
 MINIMUM TEMPERATURE (F)   40        19      1937


SUNRISE AND SUNSET
JANUARY 22 2018.......SUNRISE   702 AM PST   SUNSET   514 PM PST
JANUARY 23 2018.......SUNRISE   701 AM PST   SUNSET   515 PM PST


-  INDICATES NEGATIVE NUMBERS.
R  INDICATES RECORD WAS SET OR TIED.
MM INDICATES DATA IS MISSING.
T  INDICATES TRACE AMOUNT.




$$
