000
CDUS46 KHNX 050823
CLIBFL


CLIMATE REPORT
NATIONAL WEATHER SERVICE SAN JOAQUIN VALLEY, CA
123 AM PDT THU MAY 5 2016


...................................

...THE BAKERSFIELD CLIMATE SUMMARY FOR MAY 4 2016...

CLIMATE NORMAL PERIOD 1981 TO 2010
CLIMATE RECORD PERIOD 1889 TO 2016


WEATHER ITEM   OBSERVED TIME   RECORD YEAR NORMAL DEPARTURE
                VALUE   (LST)  VALUE       VALUE  FROM
                                                  NORMAL
...............................................................
TEMPERATURE (F)
 YESTERDAY
  MAXIMUM         84    344 PM 101    2004  80      4
  MINIMUM         61   1159 PM  39    1893  55      6
  AVERAGE         73                        68      5

PRECIPITATION (IN)
  YESTERDAY        0.00          0.55 1932   0.01  -0.01
  MONTH TO DATE    0.00                      0.04  -0.04
  SINCE OCT 1      4.88                      6.13  -1.25
  SINCE JAN 1      3.55                      4.17  -0.62

SNOWFALL (IN)
  YESTERDAY        0.0
  MONTH TO DATE    0.0
  SINCE MAR 1      0.0
  SINCE JUL 1      0.0
  SNOW DEPTH       0

DEGREE DAYS
 HEATING
  YESTERDAY        0                               -2
  MONTH TO DATE    0                               -8
  SINCE MAR 1    168                             -208
  SINCE JUL 1   1686                             -464

 COOLING
  YESTERDAY        8                                4
  MONTH TO DATE   38                               22
  SINCE MAR 1    140                               58
  SINCE JAN 1    140                               58
...............................................................


WIND (MPH)
  HIGHEST WIND SPEED    22   HIGHEST WIND DIRECTION    NW (320)
  HIGHEST GUST SPEED    25   HIGHEST GUST DIRECTION    NW (320)
  AVERAGE WIND SPEED    11.0




RELATIVE HUMIDITY (PERCENT)
 HIGHEST    56
 LOWEST     26
 AVERAGE    41

..........................................................


THE BAKERSFIELD CLIMATE NORMALS FOR TODAY
                         NORMAL    RECORD    YEAR
 MAXIMUM TEMPERATURE (F)   81       100      1990
 MINIMUM TEMPERATURE (F)   55        42      1930


SUNRISE AND SUNSET
MAY  5 2016...........SUNRISE   600 AM PDT   SUNSET   746 PM PDT
MAY  6 2016...........SUNRISE   559 AM PDT   SUNSET   747 PM PDT


-  INDICATES NEGATIVE NUMBERS.
R  INDICATES RECORD WAS SET OR TIED.
MM INDICATES DATA IS MISSING.
T  INDICATES TRACE AMOUNT.




$$
