000
CDUS46 KHNX 260822
CLIBFL


CLIMATE REPORT
NATIONAL WEATHER SERVICE SAN JOAQUIN VALLEY, CA
122 AM PDT MON SEP 26 2016


...................................

...THE BAKERSFIELD CLIMATE SUMMARY FOR SEPTEMBER 25 2016...

CLIMATE NORMAL PERIOD 1981 TO 2010
CLIMATE RECORD PERIOD 1889 TO 2016


WEATHER ITEM   OBSERVED TIME   RECORD YEAR NORMAL DEPARTURE
                VALUE   (LST)  VALUE       VALUE  FROM
                                                  NORMAL
...............................................................
TEMPERATURE (F)
 YESTERDAY
  MAXIMUM         97    428 PM 103    1975  88      9
                                      1899
  MINIMUM         60    548 AM  34    1908  62     -2
                                      1903
  AVERAGE         79                        75      4

PRECIPITATION (IN)
  YESTERDAY        0.00          0.15 1982   0.00   0.00
  MONTH TO DATE    0.00                      0.06  -0.06
  SINCE OCT 1      5.43                      6.45  -1.02
  SINCE JAN 1      4.10                      4.49  -0.39

SNOWFALL (IN)
  YESTERDAY        0.0
  MONTH TO DATE    0.0
  SINCE SEP 1      0.0
  SINCE JUL 1      0.0
  SNOW DEPTH       0

DEGREE DAYS
 HEATING
  YESTERDAY        0                                0
  MONTH TO DATE    0                                0
  SINCE SEP 1      0                                0
  SINCE JUL 1      0                                0

 COOLING
  YESTERDAY       14                                4
  MONTH TO DATE  324                                7
  SINCE SEP 1    324                                7
  SINCE JAN 1   2517                              432
...............................................................


WIND (MPH)
  HIGHEST WIND SPEED    15   HIGHEST WIND DIRECTION     N (350)
  HIGHEST GUST SPEED    20   HIGHEST GUST DIRECTION    NW (320)
  AVERAGE WIND SPEED     4.8




RELATIVE HUMIDITY (PERCENT)
 HIGHEST    46
 LOWEST     12
 AVERAGE    29

..........................................................


THE BAKERSFIELD CLIMATE NORMALS FOR TODAY
                         NORMAL    RECORD    YEAR
 MAXIMUM TEMPERATURE (F)   87       107      1963
 MINIMUM TEMPERATURE (F)   62        35      1908


SUNRISE AND SUNSET
SEPTEMBER 26 2016.....SUNRISE   648 AM PDT   SUNSET   646 PM PDT
SEPTEMBER 27 2016.....SUNRISE   648 AM PDT   SUNSET   645 PM PDT


-  INDICATES NEGATIVE NUMBERS.
R  INDICATES RECORD WAS SET OR TIED.
MM INDICATES DATA IS MISSING.
T  INDICATES TRACE AMOUNT.




$$
