000
CDUS46 KHNX 010830
CLIBFL


CLIMATE REPORT
NATIONAL WEATHER SERVICE SAN JOAQUIN VALLEY, CA
129 AM PDT SAT AUG 1 2015


...................................

...THE BAKERSFIELD CLIMATE SUMMARY FOR JULY 31 2015...

CLIMATE NORMAL PERIOD 1981 TO 2010
CLIMATE RECORD PERIOD 1889 TO 2015


WEATHER ITEM   OBSERVED TIME   RECORD YEAR NORMAL DEPARTURE
                VALUE   (LST)  VALUE       VALUE  FROM
                                                  NORMAL
...............................................................
TEMPERATURE (F)
 YESTERDAY
  MAXIMUM        105    449 PM 110    1943  98      7
                                      1908
  MINIMUM         80    323 AM  55    1905  71      9
                                      1899
  AVERAGE         93                        84      9

PRECIPITATION (IN)
  YESTERDAY        0.00          T    2011   0.00   0.00
                                      2003
  MONTH TO DATE    0.04                      T      0.04
  SINCE OCT 1      5.33                      6.35  -1.02
  SINCE JAN 1      2.66                      4.39  -1.73

SNOWFALL (IN)
  YESTERDAY        0.0
  MONTH TO DATE    0.0
  SINCE JUN 1      0.0
  SINCE JUL 1      0.0
  SNOW DEPTH       0

DEGREE DAYS
 HEATING
  YESTERDAY        0                                0
  MONTH TO DATE    0                                0
  SINCE JUN 1      0                               -2
  SINCE JUL 1      0                                0

 COOLING
  YESTERDAY       28                                9
  MONTH TO DATE  610                               27
  SINCE JUN 1   1163                              201
  SINCE JAN 1   1508                              279
...............................................................


WIND (MPH)
  HIGHEST WIND SPEED    23   HIGHEST WIND DIRECTION    NW (310)
  HIGHEST GUST SPEED    26   HIGHEST GUST DIRECTION    NW (310)
  AVERAGE WIND SPEED     7.8




RELATIVE HUMIDITY (PERCENT)
 HIGHEST    36
 LOWEST     15
 AVERAGE    26

..........................................................


THE BAKERSFIELD CLIMATE NORMALS FOR TODAY
                         NORMAL    RECORD    YEAR
 MAXIMUM TEMPERATURE (F)   98       112      1979
                                             1925
 MINIMUM TEMPERATURE (F)   71        53      1912
                                             1899


SUNRISE AND SUNSET
AUGUST  1 2015........SUNRISE   605 AM PDT   SUNSET   800 PM PDT
AUGUST  2 2015........SUNRISE   605 AM PDT   SUNSET   759 PM PDT


-  INDICATES NEGATIVE NUMBERS.
R  INDICATES RECORD WAS SET OR TIED.
MM INDICATES DATA IS MISSING.
T  INDICATES TRACE AMOUNT.




$$
