876
CDUS46 KHNX 240824
CLIBFL


CLIMATE REPORT
NATIONAL WEATHER SERVICE SAN JOAQUIN VALLEY, CA
124 AM PDT TUE MAY 24 2016


...................................

...THE BAKERSFIELD CLIMATE SUMMARY FOR MAY 23 2016...

CLIMATE NORMAL PERIOD 1981 TO 2010
CLIMATE RECORD PERIOD 1889 TO 2016


WEATHER ITEM   OBSERVED TIME   RECORD YEAR NORMAL DEPARTURE
                VALUE   (LST)  VALUE       VALUE  FROM
                                                  NORMAL
...............................................................
TEMPERATURE (F)
 YESTERDAY
  MAXIMUM         78    442 PM 107    1904  85     -7
  MINIMUM         53    512 AM  44    1903  59     -6
  AVERAGE         66                        72     -6

PRECIPITATION (IN)
  YESTERDAY        0.00          0.12 2015   0.00   0.00
  MONTH TO DATE    0.54                      0.15   0.39
  SINCE OCT 1      5.42                      6.24  -0.82
  SINCE JAN 1      4.09                      4.28  -0.19

SNOWFALL (IN)
  YESTERDAY        0.0
  MONTH TO DATE    0.0
  SINCE MAR 1      0.0
  SINCE JUL 1      0.0
  SNOW DEPTH       0

DEGREE DAYS
 HEATING
  YESTERDAY        0                               -1
  MONTH TO DATE    6                              -23
  SINCE MAR 1    174                             -223
  SINCE JUL 1   1692                             -479

 COOLING
  YESTERDAY        1                               -7
  MONTH TO DATE  165                               31
  SINCE MAR 1    267                               67
  SINCE JAN 1    267                               67
...............................................................


WIND (MPH)
  HIGHEST WIND SPEED    17   HIGHEST WIND DIRECTION     W (290)
  HIGHEST GUST SPEED    23   HIGHEST GUST DIRECTION     W (290)
  AVERAGE WIND SPEED     7.4




RELATIVE HUMIDITY (PERCENT)
 HIGHEST    71
 LOWEST     25
 AVERAGE    48

..........................................................


THE BAKERSFIELD CLIMATE NORMALS FOR TODAY
                         NORMAL    RECORD    YEAR
 MAXIMUM TEMPERATURE (F)   86       107      1982
 MINIMUM TEMPERATURE (F)   59        41      1916


SUNRISE AND SUNSET
MAY 24 2016...........SUNRISE   546 AM PDT   SUNSET   801 PM PDT
MAY 25 2016...........SUNRISE   545 AM PDT   SUNSET   802 PM PDT


-  INDICATES NEGATIVE NUMBERS.
R  INDICATES RECORD WAS SET OR TIED.
MM INDICATES DATA IS MISSING.
T  INDICATES TRACE AMOUNT.




$$
