208
CDUS46 KHNX 260823
CLIBFL


CLIMATE REPORT
NATIONAL WEATHER SERVICE SAN JOAQUIN VALLEY, CA
122 AM PDT TUE SEP 26 2017


...................................

...THE BAKERSFIELD CLIMATE SUMMARY FOR SEPTEMBER 25 2017...

CLIMATE NORMAL PERIOD 1981 TO 2010
CLIMATE RECORD PERIOD 1889 TO 2017


WEATHER ITEM   OBSERVED TIME   RECORD YEAR NORMAL DEPARTURE
                VALUE   (LST)  VALUE       VALUE  FROM
                                                  NORMAL
...............................................................
TEMPERATURE (F)
 YESTERDAY
  MAXIMUM         87        MM 103    1975  88     -1
                                      1899
  MINIMUM         58        MM  34    1908  62     -4
                                      1903
  AVERAGE         73                        75     -2

PRECIPITATION (IN)
  YESTERDAY        0.00          0.15 1982   0.00   0.00
  MONTH TO DATE    0.52                      0.06   0.46
  SINCE OCT 1      8.34                      6.45   1.89
  SINCE JAN 1      5.31                      4.49   0.82

SNOWFALL (IN)
  YESTERDAY        0.0
  MONTH TO DATE    0.0
  SINCE SEP 1      0.0
  SINCE JUL 1      0.0
  SNOW DEPTH       0

DEGREE DAYS
 HEATING
  YESTERDAY        0                                0
  MONTH TO DATE    1                                1
  SINCE SEP 1      1                                1
  SINCE JUL 1      1                                1

 COOLING
  YESTERDAY        8                               -2
  MONTH TO DATE  375                               58
  SINCE SEP 1    375                               58
  SINCE JAN 1   2743                              658
...............................................................


WIND (MPH)
  HIGHEST WIND SPEED    13   HIGHEST WIND DIRECTION     N (340)
  HIGHEST GUST SPEED    MM   HIGHEST GUST DIRECTION    MM
  AVERAGE WIND SPEED     5.2




RELATIVE HUMIDITY (PERCENT)
 HIGHEST    42
 LOWEST     16
 AVERAGE    29

..........................................................


THE BAKERSFIELD CLIMATE NORMALS FOR TODAY
                         NORMAL    RECORD    YEAR
 MAXIMUM TEMPERATURE (F)   87       107      1963
 MINIMUM TEMPERATURE (F)   62        35      1908


SUNRISE AND SUNSET
SEPTEMBER 26 2017.....SUNRISE   647 AM PDT   SUNSET   647 PM PDT
SEPTEMBER 27 2017.....SUNRISE   648 AM PDT   SUNSET   645 PM PDT


-  INDICATES NEGATIVE NUMBERS.
R  INDICATES RECORD WAS SET OR TIED.
MM INDICATES DATA IS MISSING.
T  INDICATES TRACE AMOUNT.




$$
