000
CDUS44 KAMA 242135
CLIBGD


CLIMATE REPORT
NATIONAL WEATHER SERVICE AMARILLO TX
434 PM CDT THU APR 24 2014


...................................

...THE BORGER CLIMATE SUMMARY FOR APRIL 24 2014...
VALID TODAY AS OF 0400 PM LOCAL TIME.

CLIMATE NORMAL PERIOD 1981 TO 2013
CLIMATE RECORD PERIOD 1949 TO 2014


WEATHER ITEM   OBSERVED TIME   RECORD YEAR NORMAL DEPARTURE LAST
                VALUE   (LST)  VALUE       VALUE  FROM      YEAR
                                                  NORMAL
..................................................................
TEMPERATURE (F)
 TODAY
  MAXIMUM         73    245 PM  97    2012  75     -2       64
  MINIMUM         50    727 AM  24    2013  48      2       24
  AVERAGE         62                        61      1       44

PRECIPITATION (IN)
  TODAY            0.00          1.12 1997   0.03  -0.03     0.00
  MONTH TO DATE    0.11                      1.31  -1.20     0.05
  SINCE MAR 1      0.18                      2.72  -2.54     0.34
  SINCE JAN 1      0.56                      3.93  -3.37     3.39

SNOWFALL (IN)
  TODAY            0.0           T    1989                   0.0
  MONTH TO DATE    1.1                                        T
  SINCE MAR 1      2.1                                       0.3
  SINCE JUL 1     14.7                                      27.5
  SNOW DEPTH       0

DEGREE DAYS
 HEATING
  TODAY            3                         6     -3       21
  MONTH TO DATE  169                       198    -29      323
  SINCE MAR 1    671                       682    -11      781
  SINCE JUL 1   3749                      3675     74     3503

 COOLING
  TODAY            0                         2     -2        0
  MONTH TO DATE   41                        25     16        7
  SINCE MAR 1     43                        32     11        7
  SINCE JAN 1     43                        32     11        7
..................................................................


WIND (MPH)
  RESULTANT WIND SPEED  18   RESULTANT WIND DIRECTION   N (340)
  HIGHEST WIND SPEED    33   HIGHEST WIND DIRECTION     N (350)
  HIGHEST GUST SPEED    47   HIGHEST GUST DIRECTION     N (340)
  AVERAGE WIND SPEED    19.0


SKY COVER
  AVERAGE SKY COVER 0.4


WEATHER CONDITIONS
 THE FOLLOWING WEATHER WAS RECORDED TODAY.
  NO SIGNIFICANT WEATHER WAS OBSERVED.


RELATIVE HUMIDITY (PERCENT)
 HIGHEST    63           800 AM
 LOWEST     13           300 PM
 AVERAGE    38

..........................................................


THE BORGER CLIMATE NORMALS FOR TOMORROW
                         NORMAL    RECORD    YEAR
 MAXIMUM TEMPERATURE (F)   75        99      2012
 MINIMUM TEMPERATURE (F)   48        35      1997


SUNRISE AND SUNSET
APRIL 24 2014.........SUNRISE   702 AM CDT   SUNSET   826 PM CDT
APRIL 25 2014.........SUNRISE   700 AM CDT   SUNSET   827 PM CDT


-  INDICATES NEGATIVE NUMBERS.
R  INDICATES RECORD WAS SET OR TIED.
MM INDICATES DATA IS MISSING.
T  INDICATES TRACE AMOUNT.




$$
