000
CDUS44 KAMA 202132
CLIBGD


CLIMATE REPORT
NATIONAL WEATHER SERVICE AMARILLO TX
432 PM CDT THU JUL 20 2017


...................................

...THE BORGER CLIMATE SUMMARY FOR JULY 20 2017...
VALID TODAY AS OF 0400 PM LOCAL TIME.

CLIMATE NORMAL PERIOD 1981 TO 2010
CLIMATE RECORD PERIOD 1949 TO 2017


WEATHER ITEM   OBSERVED TIME   RECORD YEAR NORMAL DEPARTURE LAST
                VALUE   (LST)  VALUE       VALUE  FROM      YEAR
                                                  NORMAL
..................................................................
TEMPERATURE (F)
 TODAY
  MAXIMUM        100    329 PM 104    2011  95      5       99
                                      2006
  MINIMUM         75    548 AM  58    1988  70      5       74
  AVERAGE         88                        82      6       87

PRECIPITATION (IN)
  TODAY            0.00          1.58 1959   0.05  -0.05     0.00
  MONTH TO DATE    0.17                      1.55  -1.38     0.74
  SINCE JUN 1      0.61                      4.72  -4.11     2.09
  SINCE JAN 1     11.76                     11.77  -0.01    10.96

SNOWFALL (IN)
  TODAY            0.0           T    1950                   0.0
  MONTH TO DATE    0.0                                       0.0
  SINCE JUN 1      0.0                                       0.0
  SINCE JUL 1      0.0                                       0.0
  SNOW DEPTH       0

DEGREE DAYS
 HEATING
  TODAY            0                         0      0        0
  MONTH TO DATE    0                         0      0        0
  SINCE JUN 1      0                         3     -3        0
  SINCE JUL 1      0                         0      0        0

 COOLING
  TODAY           23                        17      6       22
  MONTH TO DATE  396                       332     64      416
  SINCE JUN 1    860                       690    170      869
  SINCE JAN 1   1100                       887    213     1056
..................................................................


WIND (MPH)
  RESULTANT WIND SPEED  11   RESULTANT WIND DIRECTION   S (200)
  HIGHEST WIND SPEED    22   HIGHEST WIND DIRECTION     S (190)
  HIGHEST GUST SPEED    29   HIGHEST GUST DIRECTION     S (190)
  AVERAGE WIND SPEED    12.0


SKY COVER
  AVERAGE SKY COVER 0.0


WEATHER CONDITIONS
 THE FOLLOWING WEATHER WAS RECORDED TODAY.
  NO SIGNIFICANT WEATHER WAS OBSERVED.


RELATIVE HUMIDITY (PERCENT)
 HIGHEST    60           500 AM
 LOWEST     22           200 PM
 AVERAGE    41

..........................................................


THE BORGER CLIMATE NORMALS FOR TOMORROW
                         NORMAL    RECORD    YEAR
 MAXIMUM TEMPERATURE (F)   95       104      2012
                                             2001
 MINIMUM TEMPERATURE (F)   70        57      1988


SUNRISE AND SUNSET
JULY 20 2017..........SUNRISE   645 AM CDT   SUNSET   859 PM CDT
JULY 21 2017..........SUNRISE   646 AM CDT   SUNSET   858 PM CDT


-  INDICATES NEGATIVE NUMBERS.
R  INDICATES RECORD WAS SET OR TIED.
MM INDICATES DATA IS MISSING.
T  INDICATES TRACE AMOUNT.




$$
