000
CDUS44 KAMA 250629
CLIBGD


CLIMATE REPORT
NATIONAL WEATHER SERVICE AMARILLO TX
129 AM CDT THU MAY 25 2017


...................................

...THE BORGER CLIMATE SUMMARY FOR MAY 24 2017...

CLIMATE NORMAL PERIOD 1981 TO 2010
CLIMATE RECORD PERIOD 1949 TO 2017


WEATHER ITEM   OBSERVED TIME   RECORD YEAR NORMAL DEPARTURE LAST
                VALUE   (LST)  VALUE       VALUE  FROM      YEAR
                                                  NORMAL
..................................................................
TEMPERATURE (F)
 YESTERDAY
  MAXIMUM         84    559 PM  99    2000  83      1       91
  MINIMUM         45R   600 AM  46    2002  58    -13       69
  AVERAGE         65                        70     -5       80

PRECIPITATION (IN)
  YESTERDAY        0.00          1.23 1957   0.12  -0.12      T
  MONTH TO DATE    1.15                      1.98  -0.83     1.99
  SINCE MAR 1      7.66                      4.93   2.73     6.23
  SINCE JAN 1     11.14                      6.14   5.00     7.15

SNOWFALL (IN)
  YESTERDAY        0.0           T    2000                   0.0
  MONTH TO DATE    0.0                                       0.0
  SINCE MAR 1      1.1                                       2.7
  SINCE JUL 1      1.2                                       8.9
  SNOW DEPTH       0

DEGREE DAYS
 HEATING
  YESTERDAY        0                         1     -1        0
  MONTH TO DATE   67                        57     10      105
  SINCE MAR 1    574                       767   -193      591
  SINCE JUL 1   2909                      3760   -851     3086

 COOLING
  YESTERDAY        0                         6     -6       15
  MONTH TO DATE   79                       102    -23       96
  SINCE MAR 1    180                       146     34      141
  SINCE JAN 1    194                       146     48      147
..................................................................


WIND (MPH)
  RESULTANT WIND SPEED   5   RESULTANT WIND DIRECTION  SW (230)
  HIGHEST WIND SPEED    18   HIGHEST WIND DIRECTION    SE (140)
  HIGHEST GUST SPEED    25   HIGHEST GUST DIRECTION    SE (140)
  AVERAGE WIND SPEED     8.6


SKY COVER
  AVERAGE SKY COVER 0.0


WEATHER CONDITIONS
 THE FOLLOWING WEATHER WAS RECORDED YESTERDAY.
  NO SIGNIFICANT WEATHER WAS OBSERVED.


RELATIVE HUMIDITY (PERCENT)
 HIGHEST    83           600 AM
 LOWEST     16           400 PM
 AVERAGE    50

..........................................................


THE BORGER CLIMATE NORMALS FOR TODAY
                         NORMAL    RECORD    YEAR
 MAXIMUM TEMPERATURE (F)   84       102      2012
 MINIMUM TEMPERATURE (F)   58        44      2002
                                             1995


SUNRISE AND SUNSET
MAY 25 2017...........SUNRISE   634 AM CDT   SUNSET   852 PM CDT
MAY 26 2017...........SUNRISE   633 AM CDT   SUNSET   852 PM CDT


-  INDICATES NEGATIVE NUMBERS.
R  INDICATES RECORD WAS SET OR TIED.
MM INDICATES DATA IS MISSING.
T  INDICATES TRACE AMOUNT.




$$
