000
CDUS44 KAMA 290730
CLIBGD


CLIMATE REPORT
NATIONAL WEATHER SERVICE AMARILLO TX
130 AM CST SAT NOV 29 2014


...................................

...THE BORGER CLIMATE SUMMARY FOR NOVEMBER 28 2014...

CLIMATE NORMAL PERIOD 1981 TO 2013
CLIMATE RECORD PERIOD 1949 TO 2014


WEATHER ITEM   OBSERVED TIME   RECORD YEAR NORMAL DEPARTURE LAST
                VALUE   (LST)  VALUE       VALUE  FROM      YEAR
                                                  NORMAL
..................................................................
TEMPERATURE (F)
 YESTERDAY
  MAXIMUM         83R   430 PM  82    1949  56     27       56
  MINIMUM         44    734 AM   2    1976  31     13       35
  AVERAGE         64                        43     21       46

PRECIPITATION (IN)
  YESTERDAY        0.00          0.27 1967   0.02  -0.02     0.00
  MONTH TO DATE    0.23                      0.82  -0.59     0.85
  SINCE SEP 1      2.90                      4.92  -2.02     3.37
  SINCE JAN 1     10.64                     20.93 -10.29    14.93

SNOWFALL (IN)
  YESTERDAY        0.0           4.5  1967                   0.0
  MONTH TO DATE    1.9                                       3.8
  SINCE SEP 1      1.9                                       3.8
  SINCE JUL 1      1.9                                       3.8
  SNOW DEPTH       0

DEGREE DAYS
 HEATING
  YESTERDAY        1                        22    -21       19
  MONTH TO DATE  548                       451     97      492
  SINCE SEP 1    664                       671     -7      683
  SINCE JUL 1    665                       672     -7      683

 COOLING
  YESTERDAY        0                         0      0        0
  MONTH TO DATE    0                         0      0        0
  SINCE SEP 1    318                       285     33      409
  SINCE JAN 1   2052                      1835    217     2220
..................................................................


WIND (MPH)
  RESULTANT WIND SPEED  14   RESULTANT WIND DIRECTION  SW (230)
  HIGHEST WIND SPEED    23   HIGHEST WIND DIRECTION     W (250)
  HIGHEST GUST SPEED    33   HIGHEST GUST DIRECTION    SW (230)
  AVERAGE WIND SPEED    14.1


SKY COVER
  AVERAGE SKY COVER 0.0


WEATHER CONDITIONS
 THE FOLLOWING WEATHER WAS RECORDED YESTERDAY.
  NO SIGNIFICANT WEATHER WAS OBSERVED.


RELATIVE HUMIDITY (PERCENT)
 HIGHEST    53           500 AM
 LOWEST      6           400 PM
 AVERAGE    30

..........................................................


THE BORGER CLIMATE NORMALS FOR TODAY
                         NORMAL    RECORD    YEAR
 MAXIMUM TEMPERATURE (F)   55        79      1970
 MINIMUM TEMPERATURE (F)   31        12      1952


SUNRISE AND SUNSET
NOVEMBER 29 2014......SUNRISE   735 AM CST   SUNSET   533 PM CST
NOVEMBER 30 2014......SUNRISE   736 AM CST   SUNSET   532 PM CST


-  INDICATES NEGATIVE NUMBERS.
R  INDICATES RECORD WAS SET OR TIED.
MM INDICATES DATA IS MISSING.
T  INDICATES TRACE AMOUNT.




$$
