041
CDUS44 KAMA 261516
CLIBGD


CLIMATE REPORT
NATIONAL WEATHER SERVICE AMARILLO TX
1015 AM CDT TUE SEP 26 2017


...................................

...THE BORGER CLIMATE SUMMARY FOR SEPTEMBER 26 2017...
VALID AS OF 1000 AM LOCAL TIME.

CLIMATE NORMAL PERIOD 1981 TO 2010
CLIMATE RECORD PERIOD 1949 TO 2017


WEATHER ITEM   OBSERVED TIME   RECORD YEAR NORMAL DEPARTURE LAST
                VALUE   (LST)  VALUE       VALUE  FROM      YEAR
                                                  NORMAL
..................................................................
TEMPERATURE (F)
 TODAY
  MINIMUM         55    759 AM  37    1970  56     -1       47

PRECIPITATION (IN)
  TODAY            0.00          0.57 1950   0.07  -0.07     0.00
  MONTH TO DATE    2.50                      2.08   0.42     1.02
  SINCE SEP 1      2.50                      2.08   0.42     1.02
  SINCE JAN 1     23.50                     18.09   5.41    15.36

SNOWFALL (IN)
  TODAY            0.0           T    1950                   0.0
  MONTH TO DATE    0.0                                       0.0
  SINCE SEP 1      0.0                                       0.0
  SINCE JUL 1      0.0                                       0.0
  SNOW DEPTH       0

..................................................................


WIND (MPH)
  RESULTANT WIND SPEED  12   RESULTANT WIND DIRECTION   N (20)
  HIGHEST WIND SPEED    20   HIGHEST WIND DIRECTION     N (20)
  HIGHEST GUST SPEED    23   HIGHEST GUST DIRECTION     N (20)
  AVERAGE WIND SPEED    11.8


SKY COVER
  AVERAGE SKY COVER 1.0


WEATHER CONDITIONS
 THE FOLLOWING WEATHER WAS RECORDED TODAY.
  FOG


RELATIVE HUMIDITY (PERCENT)
 HIGHEST   100           100 AM
 LOWEST     86           700 AM
 AVERAGE    93

..........................................................


THE BORGER CLIMATE NORMALS FOR TOMORROW
                         NORMAL    RECORD    YEAR
 MAXIMUM TEMPERATURE (F)   80        97      2009
                                             1953
 MINIMUM TEMPERATURE (F)   56        39      1996


SUNRISE AND SUNSET
SEPTEMBER 26 2017.....SUNRISE   737 AM CDT   SUNSET   736 PM CDT
SEPTEMBER 27 2017.....SUNRISE   738 AM CDT   SUNSET   735 PM CDT


-  INDICATES NEGATIVE NUMBERS.
R  INDICATES RECORD WAS SET OR TIED.
MM INDICATES DATA IS MISSING.
T  INDICATES TRACE AMOUNT.




$$
