000
CDUS44 KAMA 270637
CLIBGD


CLIMATE REPORT
NATIONAL WEATHER SERVICE AMARILLO TX
135 AM CDT FRI MAR 27 2015


...THE BORGER CLIMATE SUMMARY FOR MARCH 26 2015...

CLIMATE NORMAL PERIOD 1981 TO 2013
CLIMATE RECORD PERIOD 1949 TO 2015


WEATHER ITEM   OBSERVED TIME   RECORD YEAR NORMAL DEPARTURE LAST
                VALUE   (LST)  VALUE       VALUE  FROM      YEAR
                                                  NORMAL
..................................................................
TEMPERATURE (F)
 YESTERDAY
  MAXIMUM         67    620 PM  88    1956  67      0       70
  MINIMUM         33    648 AM  12    1955  39     -6       40
  AVERAGE         50                        53     -3       55

PRECIPITATION (IN)
  YESTERDAY        0.00          0.27 2007   0.06  -0.06     0.02
  MONTH TO DATE    0.27                      1.12  -0.85     0.07
  SINCE MAR 1      0.27                      1.12  -0.85     0.07
  SINCE JAN 1      2.12                      2.33  -0.21     0.45

SNOWFALL (IN)
  YESTERDAY        0.0           0.0  2011                   0.0
                                      2010
                                      2009
  MONTH TO DATE    T                                         1.0
  SINCE MAR 1      T                                         1.0
  SINCE JUL 1     17.5                                      13.6
  SNOW DEPTH       0

DEGREE DAYS
 HEATING
  YESTERDAY       15                        13      2       10
  MONTH TO DATE  351                       426    -75      477
  SINCE MAR 1    351                       426    -75      477
  SINCE JUL 1   3223                      3419   -196     3555

 COOLING
  YESTERDAY        0                         0      0        0
  MONTH TO DATE    3                         0      3        0
  SINCE MAR 1      3                         0      3        0
  SINCE JAN 1      3                         0      3        0
..................................................................


WIND (MPH)
  RESULTANT WIND SPEED   4   RESULTANT WIND DIRECTION  NW (310)
  HIGHEST WIND SPEED    20   HIGHEST WIND DIRECTION     W (250)
  HIGHEST GUST SPEED    26   HIGHEST GUST DIRECTION     W (270)
  AVERAGE WIND SPEED   6.6


SKY COVER
  AVERAGE SKY COVER 0.1


WEATHER CONDITIONS
 THE FOLLOWING WEATHER WAS RECORDED YESTERDAY.
  NO SIGNIFICANT WEATHER WAS OBSERVED.


RELATIVE HUMIDITY (PERCENT)
 HIGHEST    89           500 AM
 LOWEST     15           600 PM
 AVERAGE    52

..................................................................


THE BORGER CLIMATE NORMALS FOR TODAY
                         NORMAL    RECORD    YEAR
 MAXIMUM TEMPERATURE (F)   67        95      1971
 MINIMUM TEMPERATURE (F)   39        13      1955


SUNRISE AND SUNSET
MARCH 27 2015.........SUNRISE   740 AM CDT   SUNSET   803 PM CDT
MARCH 28 2015.........SUNRISE   738 AM CDT   SUNSET   804 PM CDT


-  INDICATES NEGATIVE NUMBERS.
R  INDICATES RECORD WAS SET OR TIED.
MM INDICATES DATA IS MISSING.
T  INDICATES TRACE AMOUNT.


$$
