000
CDUS44 KAMA 051413
CLIBGD


CLIMATE REPORT
NATIONAL WEATHER SERVICE AMARILLO TX
911 AM CDT SUN JUL 5 2015


...................................

...THE BORGER CLIMATE SUMMARY FOR JULY 5 2015...
VALID AS OF 0900 AM LOCAL TIME.

CLIMATE NORMAL PERIOD 1981 TO 2013
CLIMATE RECORD PERIOD 1949 TO 2015


WEATHER ITEM   OBSERVED TIME   RECORD YEAR NORMAL DEPARTURE LAST
                VALUE   (LST)  VALUE       VALUE  FROM      YEAR
                                                  NORMAL
..................................................................
TEMPERATURE (F)
 TODAY
  MINIMUM         73    618 AM  54    1995  69      4       68

PRECIPITATION (IN)
  TODAY            0.00          2.14 1969   0.08  -0.08     0.00
  MONTH TO DATE    2.83                      0.54   2.29     0.90
  SINCE JUN 1      7.98                      3.71   4.27     2.64
  SINCE JAN 1     23.50                     10.76  12.74     4.76

SNOWFALL (IN)
  TODAY            0.0           0.0  2013                   0.0
                                      2012
                                      2011
  MONTH TO DATE    0.0                                       0.0
  SINCE JUN 1      0.0                                       0.0
  SINCE JUL 1      0.0                                       0.0
  SNOW DEPTH       0

..................................................................


WIND (MPH)
  RESULTANT WIND SPEED  13   RESULTANT WIND DIRECTION   S (190)
  HIGHEST WIND SPEED    16   HIGHEST WIND DIRECTION     S (190)
  HIGHEST GUST SPEED    24   HIGHEST GUST DIRECTION     S (200)
  AVERAGE WIND SPEED    12.7


SKY COVER
  AVERAGE SKY COVER 0.0


WEATHER CONDITIONS
 THE FOLLOWING WEATHER WAS RECORDED TODAY.
  NO SIGNIFICANT WEATHER WAS OBSERVED.


RELATIVE HUMIDITY (PERCENT)
 HIGHEST    68           400 AM
 LOWEST     58          1200 AM
 AVERAGE    63

..........................................................


THE BORGER CLIMATE NORMALS FOR TOMORROW
                         NORMAL    RECORD    YEAR
 MAXIMUM TEMPERATURE (F)   94       104      1971
 MINIMUM TEMPERATURE (F)   69        55      1997


SUNRISE AND SUNSET
JULY  5 2015..........SUNRISE   635 AM CDT   SUNSET   905 PM CDT
JULY  6 2015..........SUNRISE   636 AM CDT   SUNSET   905 PM CDT


-  INDICATES NEGATIVE NUMBERS.
R  INDICATES RECORD WAS SET OR TIED.
MM INDICATES DATA IS MISSING.
T  INDICATES TRACE AMOUNT.




$$
