000
CDUS44 KAMA 242131
CLIBGD


CLIMATE REPORT
NATIONAL WEATHER SERVICE AMARILLO TX
430 PM CDT WED AUG 24 2016


...................................

...THE BORGER CLIMATE SUMMARY FOR AUGUST 24 2016...
VALID TODAY AS OF 0430 PM LOCAL TIME.

CLIMATE NORMAL PERIOD 1981 TO 2010
CLIMATE RECORD PERIOD 1949 TO 2016


WEATHER ITEM   OBSERVED TIME   RECORD YEAR NORMAL DEPARTURE LAST
                VALUE   (LST)  VALUE       VALUE  FROM      YEAR
                                                  NORMAL
..................................................................
TEMPERATURE (F)
 TODAY
  MAXIMUM         91    249 PM 106    2011  91      0       89
  MINIMUM         71    713 AM  54    1966  67      4       61
  AVERAGE         81                        79      2       75

PRECIPITATION (IN)
  TODAY            0.04          0.78 2012   0.12  -0.08     0.00
  MONTH TO DATE    1.22                      2.43  -1.21     5.77
  SINCE JUN 1      3.90                      8.22  -4.32    19.44
  SINCE JAN 1     12.77                     15.27  -2.50    34.96

SNOWFALL (IN)
  TODAY            0.0           0.0  2013                   0.0
                                      2012
                                      2011
  MONTH TO DATE    0.0                                       0.0
  SINCE JUN 1      0.0                                       0.0
  SINCE JUL 1      0.0                                       0.0
  SNOW DEPTH       0

DEGREE DAYS
 HEATING
  TODAY            0                         0      0        0
  MONTH TO DATE    0                         0      0        0
  SINCE JUN 1      0                         3     -3        0
  SINCE JUL 1      0                         0      0        0

 COOLING
  TODAY           16                        14      2       10
  MONTH TO DATE  385                       379      6      349
  SINCE JUN 1   1472                      1263    209     1265
  SINCE JAN 1   1659                      1460    199     1389
..................................................................


WIND (MPH)
  RESULTANT WIND SPEED  10   RESULTANT WIND DIRECTION   S (200)
  HIGHEST WIND SPEED    21   HIGHEST WIND DIRECTION     S (160)
  HIGHEST GUST SPEED    31   HIGHEST GUST DIRECTION     S (170)
  AVERAGE WIND SPEED    11.5


SKY COVER
  AVERAGE SKY COVER 0.4


WEATHER CONDITIONS
 THE FOLLOWING WEATHER WAS RECORDED TODAY.
  THUNDERSTORM
  LIGHT RAIN


RELATIVE HUMIDITY (PERCENT)
 HIGHEST    79           700 AM
 LOWEST     32           200 PM
 AVERAGE    56

..........................................................


THE BORGER CLIMATE NORMALS FOR TOMORROW
                         NORMAL    RECORD    YEAR
 MAXIMUM TEMPERATURE (F)   91       102      2000
 MINIMUM TEMPERATURE (F)   67        53      1966


SUNRISE AND SUNSET
AUGUST 24 2016........SUNRISE   712 AM CDT   SUNSET   823 PM CDT
AUGUST 25 2016........SUNRISE   713 AM CDT   SUNSET   822 PM CDT


-  INDICATES NEGATIVE NUMBERS.
R  INDICATES RECORD WAS SET OR TIED.
MM INDICATES DATA IS MISSING.
T  INDICATES TRACE AMOUNT.




$$
