000
CDUS44 KAMA 240630
CLIBGD


CLIMATE REPORT
NATIONAL WEATHER SERVICE AMARILLO TX
127 AM CDT MON APR 24 2017


...................................

...THE BORGER CLIMATE SUMMARY FOR APRIL 23 2017...

CLIMATE NORMAL PERIOD 1981 TO 2010
CLIMATE RECORD PERIOD 1949 TO 2017


WEATHER ITEM   OBSERVED TIME   RECORD YEAR NORMAL DEPARTURE LAST
                VALUE   (LST)  VALUE       VALUE  FROM      YEAR
                                                  NORMAL
..................................................................
TEMPERATURE (F)
 YESTERDAY
  MAXIMUM         73    520 PM  96    2006  75     -2       84
  MINIMUM         39    617 AM  27    2013  47     -8       55
  AVERAGE         56                        61     -5       70

PRECIPITATION (IN)
  YESTERDAY        0.00          0.41 1990   0.04  -0.04     0.00
  MONTH TO DATE    0.85                      1.28  -0.43     1.60
  SINCE MAR 1      3.55                      2.69   0.86     2.31
  SINCE JAN 1      7.03                      3.90   3.13     3.23

SNOWFALL (IN)
  YESTERDAY        0.0           T    2013                   0.0
  MONTH TO DATE    0.0                                       0.0
  SINCE MAR 1      0.0                                       2.7
  SINCE JUL 1      0.1                                       8.9
  SNOW DEPTH       0

DEGREE DAYS
 HEATING
  YESTERDAY        9                         6      3        0
  MONTH TO DATE  137                       192    -55      133
  SINCE MAR 1    435                       676   -241      443
  SINCE JUL 1   2770                      3669   -899     2938

 COOLING
  YESTERDAY        0                         2     -2        5
  MONTH TO DATE   62                        23     39       22
  SINCE MAR 1     95                        30     65       33
  SINCE JAN 1    109                        30     79       39
..................................................................


WIND (MPH)
  RESULTANT WIND SPEED   9   RESULTANT WIND DIRECTION   S (180)
  HIGHEST WIND SPEED    22   HIGHEST WIND DIRECTION     S (160)
  HIGHEST GUST SPEED    29   HIGHEST GUST DIRECTION     S (160)
  AVERAGE WIND SPEED    10.2


SKY COVER
  AVERAGE SKY COVER 0.0


WEATHER CONDITIONS
 THE FOLLOWING WEATHER WAS RECORDED YESTERDAY.
  NO SIGNIFICANT WEATHER WAS OBSERVED.


RELATIVE HUMIDITY (PERCENT)
 HIGHEST    79           400 AM
 LOWEST     25           500 PM
 AVERAGE    52

..........................................................


THE BORGER CLIMATE NORMALS FOR TODAY
                         NORMAL    RECORD    YEAR
 MAXIMUM TEMPERATURE (F)   75        97      2012
 MINIMUM TEMPERATURE (F)   48        24      2013


SUNRISE AND SUNSET
APRIL 24 2017.........SUNRISE   701 AM CDT   SUNSET   827 PM CDT
APRIL 25 2017.........SUNRISE   700 AM CDT   SUNSET   828 PM CDT


-  INDICATES NEGATIVE NUMBERS.
R  INDICATES RECORD WAS SET OR TIED.
MM INDICATES DATA IS MISSING.
T  INDICATES TRACE AMOUNT.




$$
