000
CDUS44 KAMA 191512
CLIBGD


CLIMATE REPORT
NATIONAL WEATHER SERVICE AMARILLO TX
911 AM CST SUN NOV 19 2017


...................................

...THE BORGER CLIMATE SUMMARY FOR NOVEMBER 19 2017...
VALID AS OF 0900 AM LOCAL TIME.

CLIMATE NORMAL PERIOD 1981 TO 2010
CLIMATE RECORD PERIOD 1949 TO 2017


WEATHER ITEM   OBSERVED TIME   RECORD YEAR NORMAL DEPARTURE LAST
                VALUE   (LST)  VALUE       VALUE  FROM      YEAR
                                                  NORMAL
..................................................................
TEMPERATURE (F)
 TODAY
  MINIMUM         29    702 AM  19    1969  35     -6       22

PRECIPITATION (IN)
  TODAY            0.00          0.95 1975   0.03  -0.03     0.00
  MONTH TO DATE    0.06                      0.60  -0.54     0.12
  SINCE SEP 1      5.10                      4.70   0.40     1.19
  SINCE JAN 1     26.10                     20.71   5.39    15.53

SNOWFALL (IN)
  TODAY            0.0           3.0  1988                   0.0
  MONTH TO DATE    0.8                                       0.0
  SINCE SEP 1      0.8                                       0.0
  SINCE JUL 1      0.8                                       0.0
  SNOW DEPTH       0

..................................................................


WIND (MPH)
  RESULTANT WIND SPEED   2   RESULTANT WIND DIRECTION   W (250)
  HIGHEST WIND SPEED     7   HIGHEST WIND DIRECTION     W (260)
  HIGHEST GUST SPEED     8   HIGHEST GUST DIRECTION     W (260)
  AVERAGE WIND SPEED     2.7


SKY COVER
  AVERAGE SKY COVER 0.0


WEATHER CONDITIONS
 THE FOLLOWING WEATHER WAS RECORDED TODAY.
  NO SIGNIFICANT WEATHER WAS OBSERVED.


RELATIVE HUMIDITY (PERCENT)
 HIGHEST    58           400 AM
 LOWEST     43           100 AM
 AVERAGE    51

..........................................................


THE BORGER CLIMATE NORMALS FOR TOMORROW
                         NORMAL    RECORD    YEAR
 MAXIMUM TEMPERATURE (F)   59        85      1996
 MINIMUM TEMPERATURE (F)   34        17      1985


SUNRISE AND SUNSET
NOVEMBER 19 2017......SUNRISE   726 AM CST   SUNSET   536 PM CST
NOVEMBER 20 2017......SUNRISE   727 AM CST   SUNSET   536 PM CST


-  INDICATES NEGATIVE NUMBERS.
R  INDICATES RECORD WAS SET OR TIED.
MM INDICATES DATA IS MISSING.
T  INDICATES TRACE AMOUNT.




$$
