000
CDUS44 KAMA 282130
CLIBGD


CLIMATE REPORT
NATIONAL WEATHER SERVICE AMARILLO TX
430 PM CDT FRI AUG 28 2015


...................................

...THE BORGER CLIMATE SUMMARY FOR AUGUST 28 2015...
VALID TODAY AS OF 0400 PM LOCAL TIME.

CLIMATE NORMAL PERIOD 1981 TO 2013
CLIMATE RECORD PERIOD 1949 TO 2015


WEATHER ITEM   OBSERVED TIME   RECORD YEAR NORMAL DEPARTURE LAST
                VALUE   (LST)  VALUE       VALUE  FROM      YEAR
                                                  NORMAL
..................................................................
TEMPERATURE (F)
 TODAY
  MAXIMUM         94    312 PM 105    2011  90      4       94
  MINIMUM         71    649 AM  52    1987  66      5       68
  AVERAGE         83                        78      5       81

PRECIPITATION (IN)
  TODAY            T             0.86 2002   0.10  -0.10      T
  MONTH TO DATE    5.77                      2.88   2.89     0.71
  SINCE JUN 1     19.44                      8.67  10.77     5.62
  SINCE JAN 1     34.96                     15.72  19.24     7.74

SNOWFALL (IN)
  TODAY            0.0           0.0  2013                   0.0
                                      2012
                                      2011
  MONTH TO DATE    0.0                                       0.0
  SINCE JUN 1      0.0                                       0.0
  SINCE JUL 1      0.0                                       0.0
  SNOW DEPTH       0

DEGREE DAYS
 HEATING
  TODAY            0                         0      0        0
  MONTH TO DATE    0                         0      0        0
  SINCE JUN 1      0                         3     -3        4
  SINCE JUL 1      0                         0      0        1

 COOLING
  TODAY           18                        13      5       16
  MONTH TO DATE  418                       432    -14      490
  SINCE JUN 1   1334                      1316     18     1367
  SINCE JAN 1   1458                      1513    -55     1681
..................................................................


WIND (MPH)
  RESULTANT WIND SPEED   3   RESULTANT WIND DIRECTION  NE (50)
  HIGHEST WIND SPEED    16   HIGHEST WIND DIRECTION    SW (210)
  HIGHEST GUST SPEED    24   HIGHEST GUST DIRECTION     S (200)
  AVERAGE WIND SPEED     5.6


SKY COVER
  AVERAGE SKY COVER 0.3


WEATHER CONDITIONS
 THE FOLLOWING WEATHER WAS RECORDED TODAY.
  THUNDERSTORM
  LIGHT RAIN


RELATIVE HUMIDITY (PERCENT)
 HIGHEST    68           200 AM
 LOWEST     36           300 PM
 AVERAGE    52

..........................................................


THE BORGER CLIMATE NORMALS FOR TOMORROW
                         NORMAL    RECORD    YEAR
 MAXIMUM TEMPERATURE (F)   90       102      1959
 MINIMUM TEMPERATURE (F)   66        51      1988


SUNRISE AND SUNSET
AUGUST 28 2015........SUNRISE   714 AM CDT   SUNSET   819 PM CDT
AUGUST 29 2015........SUNRISE   715 AM CDT   SUNSET   817 PM CDT


-  INDICATES NEGATIVE NUMBERS.
R  INDICATES RECORD WAS SET OR TIED.
MM INDICATES DATA IS MISSING.
T  INDICATES TRACE AMOUNT.




$$
