000
CDUS44 KAMA 060728
CLIBGD


CLIMATE REPORT
NATIONAL WEATHER SERVICE AMARILLO TX
126 AM CST TUE DEC 6 2016


...................................

...THE BORGER CLIMATE SUMMARY FOR DECEMBER 5 2016...

CLIMATE NORMAL PERIOD 1981 TO 2010
CLIMATE RECORD PERIOD 1949 TO 2016


WEATHER ITEM   OBSERVED TIME   RECORD YEAR NORMAL DEPARTURE LAST
                VALUE   (LST)  VALUE       VALUE  FROM      YEAR
                                                  NORMAL
..................................................................
TEMPERATURE (F)
 YESTERDAY
  MAXIMUM         68    330 PM  74    1987  53     15       68
  MINIMUM         37    802 AM  10    1950  29      8       40
  AVERAGE         53                        41     12       54

PRECIPITATION (IN)
  YESTERDAY        0.00          0.64 1992   0.02  -0.02     0.00
  MONTH TO DATE    0.11                      0.10   0.01     0.00
  SINCE DEC 1      0.11                      0.10   0.01     0.00
  SINCE JAN 1     15.67                     21.05  -5.38    42.00

SNOWFALL (IN)
  YESTERDAY        0.0          MM      MM                   0.0
  MONTH TO DATE    0.0                                       0.0
  SINCE DEC 1      0.0                                       0.0
  SINCE JUL 1      0.0                                       0.8
  SNOW DEPTH       0

DEGREE DAYS
 HEATING
  YESTERDAY       12                        24    -12       11
  MONTH TO DATE  115                       118     -3       97
  SINCE DEC 1    115                       118     -3       97
  SINCE JUL 1    488                       835   -347      669

 COOLING
  YESTERDAY        0                         0      0        0
  MONTH TO DATE    0                         0      0        0
  SINCE DEC 1      0                         0      0        0
  SINCE JAN 1   2180                      1839    341     1960
..................................................................


WIND (MPH)
  RESULTANT WIND SPEED   8   RESULTANT WIND DIRECTION   S (200)
  HIGHEST WIND SPEED    37   HIGHEST WIND DIRECTION     N (10)
  HIGHEST GUST SPEED    47   HIGHEST GUST DIRECTION     N (10)
  AVERAGE WIND SPEED    12.2


SKY COVER
  AVERAGE SKY COVER 0.0


WEATHER CONDITIONS
 THE FOLLOWING WEATHER WAS RECORDED YESTERDAY.
  NO SIGNIFICANT WEATHER WAS OBSERVED.


RELATIVE HUMIDITY (PERCENT)
 HIGHEST    70           400 AM
 LOWEST     22           400 PM
 AVERAGE    46

..........................................................


THE BORGER CLIMATE NORMALS FOR TODAY
                         NORMAL    RECORD    YEAR
 MAXIMUM TEMPERATURE (F)   52        71      1981
 MINIMUM TEMPERATURE (F)   29         1      1972


SUNRISE AND SUNSET
DECEMBER  6 2016......SUNRISE   742 AM CST   SUNSET   532 PM CST
DECEMBER  7 2016......SUNRISE   743 AM CST   SUNSET   532 PM CST


-  INDICATES NEGATIVE NUMBERS.
R  INDICATES RECORD WAS SET OR TIED.
MM INDICATES DATA IS MISSING.
T  INDICATES TRACE AMOUNT.




$$
