000
CDUS41 KBGM 290549
CLIBGM


CLIMATE REPORT
NATIONAL WEATHER SERVICE BINGHAMTON NY
149 AM EDT THU JUN 29 2017


...................................

...THE BINGHAMTON NY CLIMATE SUMMARY FOR JUNE 28 2017...

CLIMATE NORMAL PERIOD 1981 TO 2010
CLIMATE RECORD PERIOD 1951 TO 2017


WEATHER ITEM   OBSERVED TIME   RECORD YEAR NORMAL DEPARTURE LAST
                VALUE   (LST)  VALUE       VALUE  FROM      YEAR
                                                  NORMAL
..................................................................
TEMPERATURE (F)
 YESTERDAY
  MAXIMUM         71    523 PM  92    1991  76     -5       82
  MINIMUM         48    441 AM  47    1970  58    -10       59
  AVERAGE         60                        67     -7       71

PRECIPITATION (IN)
  YESTERDAY        0.00          2.28 1999   0.13  -0.13     1.20
  MONTH TO DATE    5.59                      4.03   1.56     3.04
  SINCE JUN 1      5.59                      4.03   1.56     3.04
  SINCE JAN 1     30.04                     18.78  11.26    15.43

SNOWFALL (IN)
  YESTERDAY        0.0           0.0  2002   0.0    0.0      0.0
                                      2001
  MONTH TO DATE    0.0                       0.0    0.0      0.0
  SINCE JUN 1      0.0                       0.0    0.0      0.0
  SINCE JUL 1    135.2                      83.4   51.8     32.0
  SNOW DEPTH       0

DEGREE DAYS
 HEATING
  YESTERDAY        5                         1      4        0
  MONTH TO DATE   95                        88      7       69
  SINCE JUN 1     95                        88      7       69
  SINCE JUL 1   6611                      7192   -581     6198

 COOLING
  YESTERDAY        0                         4     -4        6
  MONTH TO DATE   60                        66     -6       63
  SINCE JUN 1     60                        66     -6       63
  SINCE JAN 1     81                        89     -8      109
..................................................................


WIND (MPH)
  HIGHEST WIND SPEED    16   HIGHEST WIND DIRECTION     W (270)
  HIGHEST GUST SPEED    21   HIGHEST GUST DIRECTION    NW (320)
  AVERAGE WIND SPEED     7.8


SKY COVER
  AVERAGE SKY COVER 0.2


WEATHER CONDITIONS
 THE FOLLOWING WEATHER WAS RECORDED YESTERDAY.
  NO SIGNIFICANT WEATHER WAS OBSERVED.


RELATIVE HUMIDITY (PERCENT)
 HIGHEST    93           100 AM
 LOWEST     41           500 PM
 AVERAGE    67

..........................................................


THE BINGHAMTON NY CLIMATE NORMALS FOR TODAY
                         NORMAL    RECORD    YEAR
 MAXIMUM TEMPERATURE (F)   77        90      2012
 MINIMUM TEMPERATURE (F)   58        46      1988


SUNRISE AND SUNSET
JUNE 29 2017..........SUNRISE   531 AM EDT   SUNSET   844 PM EDT
JUNE 30 2017..........SUNRISE   531 AM EDT   SUNSET   844 PM EDT


-  INDICATES NEGATIVE NUMBERS.
R  INDICATES RECORD WAS SET OR TIED.
MM INDICATES DATA IS MISSING.
T  INDICATES TRACE AMOUNT.




$$
