000
CDUS41 KBGM 030539
CLIBGM


CLIMATE REPORT
NATIONAL WEATHER SERVICE BINGHAMTON NY
138 AM EDT WED JUN 3 2015


...................................

...THE BINGHAMTON NY CLIMATE SUMMARY FOR JUNE 2 2015...

CLIMATE NORMAL PERIOD 1981 TO 2010
CLIMATE RECORD PERIOD 1951 TO 2015


WEATHER ITEM   OBSERVED TIME   RECORD YEAR NORMAL DEPARTURE LAST
                VALUE   (LST)  VALUE       VALUE  FROM      YEAR
                                                  NORMAL
..................................................................
TEMPERATURE (F)
 YESTERDAY
  MAXIMUM         58    608 PM  88    1978  70    -12       82
  MINIMUM         49   1108 PM  37    1986  51     -2       55
  AVERAGE         54                        61     -7       69

PRECIPITATION (IN)
  YESTERDAY        0.01          1.00 1965   0.14  -0.13     0.00
  MONTH TO DATE    0.40                      0.27   0.13     0.00
  SINCE JUN 1      0.40                      0.27   0.13     0.00
  SINCE JAN 1     13.95                     15.02  -1.07    15.36

SNOWFALL (IN)
  YESTERDAY       MM             0.0  2002   0.0   MM        0.0
                                      2001
  MONTH TO DATE    0.0                       0.0    0.0      0.0
  SINCE JUN 1      0.0                       0.0    0.0      0.0
  SINCE JUL 1     93.4                      83.4   10.0     85.4
  SNOW DEPTH       0

DEGREE DAYS
 HEATING
  YESTERDAY       11                         5      6        0
  MONTH TO DATE   22                        11     11        4
  SINCE JUN 1     22                        11     11        4
  SINCE JUL 1   7480                      7115    365     7498

 COOLING
  YESTERDAY        0                         1     -1        4
  MONTH TO DATE    0                         2     -2        4
  SINCE JUN 1      0                         2     -2        4
  SINCE JAN 1     73                        25     48       29
..................................................................


WIND (MPH)
  HIGHEST WIND SPEED    13   HIGHEST WIND DIRECTION     N (360)
  HIGHEST GUST SPEED    16   HIGHEST GUST DIRECTION     N (360)
  AVERAGE WIND SPEED     7.1


SKY COVER
  AVERAGE SKY COVER 0.9


WEATHER CONDITIONS
 THE FOLLOWING WEATHER WAS RECORDED YESTERDAY.
  LIGHT RAIN
  FOG
  FOG W/VISIBILITY <= 1/4 MILE


RELATIVE HUMIDITY (PERCENT)
 HIGHEST   100          1200 AM
 LOWEST     72           500 PM
 AVERAGE    86

..........................................................


THE BINGHAMTON NY CLIMATE NORMALS FOR TODAY
                         NORMAL    RECORD    YEAR
 MAXIMUM TEMPERATURE (F)   71        84      1951
 MINIMUM TEMPERATURE (F)   52        36      1986


SUNRISE AND SUNSET
JUNE  3 2015..........SUNRISE   529 AM EDT   SUNSET   835 PM EDT
JUNE  4 2015..........SUNRISE   529 AM EDT   SUNSET   836 PM EDT


-  INDICATES NEGATIVE NUMBERS.
R  INDICATES RECORD WAS SET OR TIED.
MM INDICATES DATA IS MISSING.
T  INDICATES TRACE AMOUNT.




$$
