000
CDUS41 KCAR 220526
CLIBGR


CLIMATE REPORT
NATIONAL WEATHER SERVICE CARIBOU, ME
126 AM EDT SAT JUL 22 2017


...................................

...THE BANGOR ME CLIMATE SUMMARY FOR JULY 21 2017...

CLIMATE NORMAL PERIOD 1981 TO 2010
CLIMATE RECORD PERIOD 1925 TO 2017


WEATHER ITEM   OBSERVED TIME   RECORD YEAR NORMAL DEPARTURE LAST
                VALUE   (LST)  VALUE       VALUE  FROM      YEAR
                                                  NORMAL
..................................................................
TEMPERATURE (F)
 YESTERDAY
  MAXIMUM         87    400 PM  95    1994  80      7       83
  MINIMUM         61    313 AM  44    1929  58      3       57
  AVERAGE         74                        69      5       70

PRECIPITATION (IN)
  YESTERDAY        0.00          2.81 1953   0.12  -0.12     0.00
  MONTH TO DATE    1.65                      2.29  -0.64     2.65
  SINCE JUN 1      5.97                      6.05  -0.08     5.50
  SINCE JAN 1     24.27                     22.10   2.17    19.71

SNOWFALL (IN)
  YESTERDAY        0.0           0.0  2002   0.0             0.0
                                      2001
  MONTH TO DATE    0.0                       0.0             0.0
  SINCE JUN 1      T                         0.0             0.0
  SINCE JUL 1      0.0                       0.0             0.0
  SNOW DEPTH       0

DEGREE DAYS
 HEATING
  YESTERDAY        0                         1     -1        0
  MONTH TO DATE   10                        21    -11       23
  SINCE JUN 1    101                       128    -27      126
  SINCE JUL 1     10                        21    -11       23

 COOLING
  YESTERDAY        9                         5      4        5
  MONTH TO DATE   85                        86     -1       97
  SINCE JUN 1    138                       138      0      119
  SINCE JAN 1    145                       144      1      129
..................................................................


WIND (MPH)
  RESULTANT WIND SPEED   3   RESULTANT WIND DIRECTION   W (270)
  HIGHEST WIND SPEED    14   HIGHEST WIND DIRECTION    SW (240)
  HIGHEST GUST SPEED    20   HIGHEST GUST DIRECTION    SW (220)


SKY COVER
  POSSIBLE SUNSHINE  MM
  AVERAGE SKY COVER 0.4


WEATHER CONDITIONS
 THE FOLLOWING WEATHER WAS RECORDED YESTERDAY.
  NO SIGNIFICANT WEATHER WAS OBSERVED.


RELATIVE HUMIDITY (PERCENT)
 HIGHEST    93
 LOWEST     37
 AVERAGE    65

..........................................................


THE BANGOR ME CLIMATE NORMALS FOR TODAY
                         NORMAL    RECORD    YEAR
 MAXIMUM TEMPERATURE (F)   80        97      2011
 MINIMUM TEMPERATURE (F)   58        46      1944


SUNRISE AND SUNSET
JULY 22 2017..........SUNRISE   511 AM EDT   SUNSET   812 PM EDT
JULY 23 2017..........SUNRISE   512 AM EDT   SUNSET   811 PM EDT


-  INDICATES NEGATIVE NUMBERS.
R  INDICATES RECORD WAS SET OR TIED.
MM INDICATES DATA IS MISSING.
T  INDICATES TRACE AMOUNT.




$$
