000
CDUS41 KCAR 290526
CLIBGR


CLIMATE REPORT
NATIONAL WEATHER SERVICE CARIBOU, ME
126 AM EDT TUE JUL 29 2014


...................................

...THE BANGOR ME CLIMATE SUMMARY FOR JULY 28 2014...

CLIMATE NORMAL PERIOD 1981 TO 2010
CLIMATE RECORD PERIOD 1925 TO 2014


WEATHER ITEM   OBSERVED TIME   RECORD YEAR NORMAL DEPARTURE LAST
                VALUE   (LST)  VALUE       VALUE  FROM      YEAR
                                                  NORMAL
..................................................................
TEMPERATURE (F)
 YESTERDAY
  MAXIMUM         72   1127 AM  96    1949  80     -8       77
  MINIMUM         65    358 AM  43    1946  58      7       58
  AVERAGE         69                        69      0       68

PRECIPITATION (IN)
  YESTERDAY        0.51          3.04 1969   0.12   0.39      T
  MONTH TO DATE    6.78                      3.11   3.67     3.66
  SINCE JUN 1     10.37                      6.87   3.50     9.12
  SINCE JAN 1     24.78                     22.92   1.86    20.41

SNOWFALL (IN)
  YESTERDAY        0.0           0.0  2002   0.0             0.0
                                      2001
  MONTH TO DATE    0.0                       0.0             0.0
  SINCE JUN 1      0.0                       0.0             0.0
  SINCE JUL 1      0.0                       0.0             0.0
  SNOW DEPTH       0

DEGREE DAYS
 HEATING
  YESTERDAY        0                         1     -1        0
  MONTH TO DATE    5                        28    -23        8
  SINCE JUN 1     76                       135    -59      108
  SINCE JUL 1      5                        28    -23        8

 COOLING
  YESTERDAY        4                         5     -1        3
  MONTH TO DATE  165                       121     44      173
  SINCE JUN 1    211                       173     38      230
  SINCE JAN 1    211                       179     32      238
..................................................................


WIND (MPH)
  RESULTANT WIND SPEED   6   RESULTANT WIND DIRECTION  SE (150)
  HIGHEST WIND SPEED    16   HIGHEST WIND DIRECTION    SE (120)
  HIGHEST GUST SPEED    21   HIGHEST GUST DIRECTION    SE (140)


SKY COVER
  POSSIBLE SUNSHINE  MM
  AVERAGE SKY COVER 1.0


WEATHER CONDITIONS
 THE FOLLOWING WEATHER WAS RECORDED YESTERDAY.
  THUNDERSTORM
  HEAVY RAIN
  RAIN
  LIGHT RAIN
  FOG


RELATIVE HUMIDITY (PERCENT)
 HIGHEST   100
 LOWEST     84
 AVERAGE    92

..........................................................


THE BANGOR ME CLIMATE NORMALS FOR TODAY
                         NORMAL    RECORD    YEAR
 MAXIMUM TEMPERATURE (F)   80        98      1949
 MINIMUM TEMPERATURE (F)   58        46      1987


SUNRISE AND SUNSET
JULY 29 2014..........SUNRISE   518 AM EDT   SUNSET   805 PM EDT
JULY 30 2014..........SUNRISE   519 AM EDT   SUNSET   804 PM EDT


-  INDICATES NEGATIVE NUMBERS.
R  INDICATES RECORD WAS SET OR TIED.
MM INDICATES DATA IS MISSING.
T  INDICATES TRACE AMOUNT.




$$
