000
CDUS41 KCAR 192127
CLIBGR


CLIMATE REPORT
NATIONAL WEATHER SERVICE CARIBOU, ME
427 PM EST SUN FEB 19 2017


...................................

...THE BANGOR ME CLIMATE SUMMARY FOR FEBRUARY 19 2017...
VALID TODAY AS OF 0400 PM LOCAL TIME.

CLIMATE NORMAL PERIOD 1981 TO 2010
CLIMATE RECORD PERIOD 1925 TO 2017


WEATHER ITEM   OBSERVED TIME   RECORD YEAR NORMAL DEPARTURE LAST
                VALUE   (LST)  VALUE       VALUE  FROM      YEAR
                                                  NORMAL
..................................................................
TEMPERATURE (F)
 TODAY
  MAXIMUM         52   1212 PM  56    1981  32     20       38
                                      1954
  MINIMUM         18    426 AM -13    1967  11      7       11
  AVERAGE         35                        22     13       25

PRECIPITATION (IN)
  TODAY            0.01          1.44 1960   0.09  -0.08     0.00
  MONTH TO DATE    1.78                      1.68   0.10     2.57
  SINCE DEC 1      9.18                      8.05   1.13     9.01
  SINCE JAN 1      5.41                      4.57   0.84     4.95

SNOWFALL (IN)
  TODAY            0.0          14.4  1960   0.5   -0.5      0.0
  MONTH TO DATE   37.4                      10.3   27.1     16.6
  SINCE DEC 1     61.8                      43.9   17.9     33.1
  SINCE JUL 1     63.3                      46.3   17.0     35.6
  SNOW DEPTH      28

DEGREE DAYS
 HEATING
  TODAY           30                        43    -13       40
  MONTH TO DATE  892                       863     29      815
  SINCE DEC 1   3441                      3601   -160     3081
  SINCE JUL 1   4860                      5270   -410     4582

 COOLING
  TODAY            0                         0      0        0
  MONTH TO DATE    0                         0      0        0
  SINCE DEC 1      0                         0      0        0
  SINCE JAN 1      0                         0      0        0
..................................................................


WIND (MPH)
  HIGHEST WIND SPEED    13   HIGHEST WIND DIRECTION    NW (320)
  HIGHEST GUST SPEED    17   HIGHEST GUST DIRECTION    NW (310)
  AVERAGE WIND SPEED     4.7


SKY COVER
  POSSIBLE SUNSHINE  MM
  AVERAGE SKY COVER 0.5


WEATHER CONDITIONS
 THE FOLLOWING WEATHER WAS RECORDED TODAY.
  LIGHT RAIN


RELATIVE HUMIDITY (PERCENT)
 HIGHEST   100           600 AM
 LOWEST     44          1200 PM
 AVERAGE    72

..........................................................


THE BANGOR ME CLIMATE NORMALS FOR TOMORROW
                         NORMAL    RECORD    YEAR
 MAXIMUM TEMPERATURE (F)   33        58      1994
 MINIMUM TEMPERATURE (F)   12       -16      1966


SUNRISE AND SUNSET
FEBRUARY 19 2017......SUNRISE   629 AM EST   SUNSET   510 PM EST
FEBRUARY 20 2017......SUNRISE   628 AM EST   SUNSET   511 PM EST


-  INDICATES NEGATIVE NUMBERS.
R  INDICATES RECORD WAS SET OR TIED.
MM INDICATES DATA IS MISSING.
T  INDICATES TRACE AMOUNT.




$$
