000
CDUS41 KCAR 290540
CLIBGR


CLIMATE REPORT
NATIONAL WEATHER SERVICE CARIBOU, ME
1240 AM EST THU JAN 29 2015


...................................

...THE BANGOR ME CLIMATE SUMMARY FOR JANUARY 28 2015...

CLIMATE NORMAL PERIOD 1981 TO 2010
CLIMATE RECORD PERIOD 1925 TO 2015


WEATHER ITEM   OBSERVED TIME   RECORD YEAR NORMAL DEPARTURE LAST
                VALUE   (LST)  VALUE       VALUE  FROM      YEAR
                                                  NORMAL
..................................................................
TEMPERATURE (F)
 YESTERDAY
  MAXIMUM         20   1150 AM  49    2006  28     -8       16
  MINIMUM          0   1156 PM -22    1935   7     -7        5
  AVERAGE         10                        17     -7       11

PRECIPITATION (IN)
  YESTERDAY        0.27          1.12 1976   0.09   0.18     0.00
  MONTH TO DATE    2.12                      2.62  -0.50     3.18
  SINCE DEC 1      7.35                      6.10   1.25     6.11
  SINCE JAN 1      2.12                      2.62  -0.50     3.18

SNOWFALL (IN)
  YESTERDAY        2.4           8.6  1954   0.6             0.0
  MONTH TO DATE   31.2                      17.4             8.7
  SINCE DEC 1     38.2                      31.8            37.3
  SINCE JUL 1     64.1                      34.2            38.0
  SNOW DEPTH      21

DEGREE DAYS
 HEATING
  YESTERDAY       55                        48      7       54
  MONTH TO DATE 1406                      1342     64     1289
  SINCE DEC 1   2517                      2594    -77     2716
  SINCE JUL 1   4101                      4263   -162     4301

 COOLING
  YESTERDAY        0                         0      0        0
  MONTH TO DATE    0                         0      0        0
  SINCE DEC 1      0                         0      0        0
  SINCE JAN 1      0                         0      0        0
..................................................................


WIND (MPH)
  RESULTANT WIND SPEED  14   RESULTANT WIND DIRECTION   N (350)
  HIGHEST WIND SPEED    28   HIGHEST WIND DIRECTION     N (10)
  HIGHEST GUST SPEED    36   HIGHEST GUST DIRECTION     N (20)


SKY COVER
  POSSIBLE SUNSHINE  MM
  AVERAGE SKY COVER 0.7


WEATHER CONDITIONS
 THE FOLLOWING WEATHER WAS RECORDED YESTERDAY.
  LIGHT SNOW
  FOG
  HAZE
  BLOWING SNOW


RELATIVE HUMIDITY (PERCENT)
 HIGHEST    84
 LOWEST     58
 AVERAGE    71

..........................................................


THE BANGOR ME CLIMATE NORMALS FOR TODAY
                         NORMAL    RECORD    YEAR
 MAXIMUM TEMPERATURE (F)   28        46      1950
                                             1927
 MINIMUM TEMPERATURE (F)    7       -20      1971


SUNRISE AND SUNSET
JANUARY 29 2015.......SUNRISE   658 AM EST   SUNSET   439 PM EST
JANUARY 30 2015.......SUNRISE   657 AM EST   SUNSET   440 PM EST


-  INDICATES NEGATIVE NUMBERS.
R  INDICATES RECORD WAS SET OR TIED.
MM INDICATES DATA IS MISSING.
T  INDICATES TRACE AMOUNT.




$$
