000
CDUS41 KCAR 240551
CLIBGR


CLIMATE REPORT
NATIONAL WEATHER SERVICE CARIBOU, ME
1250 AM EST SAT FEB 24 2018


...................................

...THE BANGOR ME CLIMATE SUMMARY FOR FEBRUARY 23 2018...

CLIMATE NORMAL PERIOD 1981 TO 2010
CLIMATE RECORD PERIOD 1925 TO 2018


WEATHER ITEM   OBSERVED TIME   RECORD YEAR NORMAL DEPARTURE LAST
                VALUE   (LST)  VALUE       VALUE  FROM      YEAR
                                                  NORMAL
..................................................................
TEMPERATURE (F)
 YESTERDAY
  MAXIMUM         43   1146 AM  57    1984  34      9       46
  MINIMUM         17    637 AM -18    1929  13      4       22
  AVERAGE         30                        23      7       34

PRECIPITATION (IN)
  YESTERDAY        0.06          1.55 1967   0.10  -0.04     0.00
  MONTH TO DATE    2.83                      2.04   0.79     1.78
  SINCE DEC 1     12.19                      8.41   3.78     9.18
  SINCE JAN 1      8.36                      4.93   3.43     5.41

SNOWFALL (IN)
  YESTERDAY        0.4          15.0  1967   0.5             0.0
  MONTH TO DATE   17.1                      12.3            37.4
  SINCE DEC 1     74.9                      45.9            61.8
  SINCE JUL 1     74.9                      48.3            63.3
  SNOW DEPTH       T

DEGREE DAYS
 HEATING
  YESTERDAY       35                        42     -7       31
  MONTH TO DATE  942                      1033    -91     1028
  SINCE DEC 1   3808                      3771     37     3577
  SINCE JUL 1   5067                      5440   -373     4996

 COOLING
  YESTERDAY        0                         0      0        0
  MONTH TO DATE    0                         0      0        0
  SINCE DEC 1      0                         0      0        0
  SINCE JAN 1      0                         0      0        0
..................................................................


WIND (MPH)
  RESULTANT WIND SPEED   4   RESULTANT WIND DIRECTION   S (170)
  HIGHEST WIND SPEED    16   HIGHEST WIND DIRECTION     S (190)
  HIGHEST GUST SPEED    22   HIGHEST GUST DIRECTION     S (190)


SKY COVER
  POSSIBLE SUNSHINE  MM
  AVERAGE SKY COVER 0.5


WEATHER CONDITIONS
 THE FOLLOWING WEATHER WAS RECORDED YESTERDAY.
  LT FREEZING RAIN
  SNOW
  LIGHT SNOW
  SLEET
  FOG


RELATIVE HUMIDITY (PERCENT)
 HIGHEST    96
 LOWEST     39
 AVERAGE    68

..........................................................


THE BANGOR ME CLIMATE NORMALS FOR TODAY
                         NORMAL    RECORD    YEAR
 MAXIMUM TEMPERATURE (F)   34        55      2017
 MINIMUM TEMPERATURE (F)   13       -26      1929


SUNRISE AND SUNSET
FEBRUARY 24 2018......SUNRISE   621 AM EST   SUNSET   516 PM EST
FEBRUARY 25 2018......SUNRISE   620 AM EST   SUNSET   517 PM EST


-  INDICATES NEGATIVE NUMBERS.
R  INDICATES RECORD WAS SET OR TIED.
MM INDICATES DATA IS MISSING.
T  INDICATES TRACE AMOUNT.




$$
