000
CDUS41 KCAR 240527
CLIBGR


CLIMATE REPORT
NATIONAL WEATHER SERVICE CARIBOU, ME
126 AM EDT FRI OCT 24 2014


...................................

...THE BANGOR ME CLIMATE SUMMARY FOR OCTOBER 23 2014...

CLIMATE NORMAL PERIOD 1981 TO 2010
CLIMATE RECORD PERIOD 1925 TO 2014


WEATHER ITEM   OBSERVED TIME   RECORD YEAR NORMAL DEPARTURE LAST
                VALUE   (LST)  VALUE       VALUE  FROM      YEAR
                                                  NORMAL
..................................................................
TEMPERATURE (F)
 YESTERDAY
  MAXIMUM         51    257 PM  78    1947  55     -4       53
  MINIMUM         46   1236 AM  20    1940  35     11       32
  AVERAGE         49                        45      4       43

PRECIPITATION (IN)
  YESTERDAY        1.94R         1.73 1929   0.14   1.80     0.00
  MONTH TO DATE    6.31                      3.12   3.19     0.71
  SINCE SEP 1      7.20                      6.95   0.25     7.88
  SINCE JAN 1     34.94                     33.20   1.74    33.06

SNOWFALL (IN)
  YESTERDAY        0.0           T    2003   0.0             0.0
  MONTH TO DATE    0.0                       0.1             0.0
  SINCE SEP 1      0.0                       0.1             0.0
  SINCE JUL 1      0.0                       0.1             0.0
  SNOW DEPTH       0

DEGREE DAYS
 HEATING
  YESTERDAY       16                        20     -4       22
  MONTH TO DATE  269                       379   -110      255
  SINCE SEP 1    483                       588   -105      457
  SINCE JUL 1    504                       651   -147      489

 COOLING
  YESTERDAY        0                         0      0        0
  MONTH TO DATE    2                         0      2        0
  SINCE SEP 1     49                        23     26       33
  SINCE JAN 1    363                       317     46      355
..................................................................


WIND (MPH)
  RESULTANT WIND SPEED  16   RESULTANT WIND DIRECTION  NE (30)
  HIGHEST WIND SPEED    25   HIGHEST WIND DIRECTION    NE (40)
  HIGHEST GUST SPEED    32   HIGHEST GUST DIRECTION    NE (40)


SKY COVER
  POSSIBLE SUNSHINE  MM
  AVERAGE SKY COVER 1.0


WEATHER CONDITIONS
 THE FOLLOWING WEATHER WAS RECORDED YESTERDAY.
  HEAVY RAIN
  RAIN
  LIGHT RAIN
  FOG


RELATIVE HUMIDITY (PERCENT)
 HIGHEST    93
 LOWEST     86
 AVERAGE    90

..........................................................


THE BANGOR ME CLIMATE NORMALS FOR TODAY
                         NORMAL    RECORD    YEAR
 MAXIMUM TEMPERATURE (F)   54        76      1963
 MINIMUM TEMPERATURE (F)   34        19      1969


SUNRISE AND SUNSET
OCTOBER 24 2014.......SUNRISE   702 AM EDT   SUNSET   536 PM EDT
OCTOBER 25 2014.......SUNRISE   704 AM EDT   SUNSET   534 PM EDT


-  INDICATES NEGATIVE NUMBERS.
R  INDICATES RECORD WAS SET OR TIED.
MM INDICATES DATA IS MISSING.
T  INDICATES TRACE AMOUNT.




$$
