000
CDUS41 KCAR 280532
CLIBGR


CLIMATE REPORT
NATIONAL WEATHER SERVICE CARIBOU, ME
1231 AM EST SAT FEB 28 2015


...................................

...THE BANGOR ME CLIMATE SUMMARY FOR FEBRUARY 27 2015...

CLIMATE NORMAL PERIOD 1981 TO 2010
CLIMATE RECORD PERIOD 1925 TO 2015


WEATHER ITEM   OBSERVED TIME   RECORD YEAR NORMAL DEPARTURE LAST
                VALUE   (LST)  VALUE       VALUE  FROM      YEAR
                                                  NORMAL
..................................................................
TEMPERATURE (F)
 YESTERDAY
  MAXIMUM         22    348 PM  54    1976  35    -13       20
  MINIMUM        -11    640 AM -17    1963  14    -25       -4
  AVERAGE          6                        24    -18        8

PRECIPITATION (IN)
  YESTERDAY        0.00          0.84 2002   0.10  -0.10      T
  MONTH TO DATE    2.20                      2.42  -0.22     1.99
  SINCE DEC 1     10.12                      8.79   1.33     8.10
  SINCE JAN 1      4.89                      5.31  -0.42     5.17

SNOWFALL (IN)
  YESTERDAY        0.0           7.0  1934   0.5              T
  MONTH TO DATE   42.4                      14.2            25.2
  SINCE DEC 1     91.2                      47.8            62.5
  SINCE JUL 1    117.1                      50.2            63.2
  SNOW DEPTH      51

DEGREE DAYS
 HEATING
  YESTERDAY       59                        41     18       57
  MONTH TO DATE 1581                      1198    383     1257
  SINCE DEC 1   4247                      3936    311     4114
  SINCE JUL 1   5831                      5605    226     5699

 COOLING
  YESTERDAY        0                         0      0        0
  MONTH TO DATE    0                         0      0        0
  SINCE DEC 1      0                         0      0        0
  SINCE JAN 1      0                         0      0        0
..................................................................


WIND (MPH)
  RESULTANT WIND SPEED   5   RESULTANT WIND DIRECTION   W (290)
  HIGHEST WIND SPEED    17   HIGHEST WIND DIRECTION    NW (320)
  HIGHEST GUST SPEED    22   HIGHEST GUST DIRECTION    NW (310)


SKY COVER
  POSSIBLE SUNSHINE  MM
  AVERAGE SKY COVER 0.3


WEATHER CONDITIONS
 THE FOLLOWING WEATHER WAS RECORDED YESTERDAY.
  NO SIGNIFICANT WEATHER WAS OBSERVED.


RELATIVE HUMIDITY (PERCENT)
 HIGHEST    79
 LOWEST     28
 AVERAGE    54

..........................................................


THE BANGOR ME CLIMATE NORMALS FOR TODAY
                         NORMAL    RECORD    YEAR
 MAXIMUM TEMPERATURE (F)   35        50      1954
 MINIMUM TEMPERATURE (F)   14       -11      1934


SUNRISE AND SUNSET
FEBRUARY 28 2015......SUNRISE   615 AM EST   SUNSET   521 PM EST
MARCH  1 2015.........SUNRISE   613 AM EST   SUNSET   523 PM EST


-  INDICATES NEGATIVE NUMBERS.
R  INDICATES RECORD WAS SET OR TIED.
MM INDICATES DATA IS MISSING.
T  INDICATES TRACE AMOUNT.




$$
