013
CDUS41 KCAR 100659
CLIBGR


CLIMATE REPORT
NATIONAL WEATHER SERVICE CARIBOU, ME
159 AM EST SAT DEC 10 2016


...................................

...THE BANGOR ME CLIMATE SUMMARY FOR DECEMBER 9 2016...

CLIMATE NORMAL PERIOD 1981 TO 2010
CLIMATE RECORD PERIOD 1925 TO 2016


WEATHER ITEM   OBSERVED TIME   RECORD YEAR NORMAL DEPARTURE LAST
                VALUE   (LST)  VALUE       VALUE  FROM      YEAR
                                                  NORMAL
..................................................................
TEMPERATURE (F)
 YESTERDAY
  MAXIMUM         29    949 AM  58    1974  36     -7       37
  MINIMUM         19   1159 PM -10    1970  19      0       19
  AVERAGE         24                        27     -3       28

PRECIPITATION (IN)
  YESTERDAY        T             1.67 1950   0.13  -0.13     0.00
  MONTH TO DATE    0.96                      1.18  -0.22     0.80
  SINCE DEC 1      0.96                      1.18  -0.22     0.80
  SINCE JAN 1     31.54                     39.63  -8.09    32.27

SNOWFALL (IN)
  YESTERDAY        T             5.9  1970   0.4             0.0
  MONTH TO DATE    1.8                       3.4              T
  SINCE DEC 1      1.8                       3.4              T
  SINCE JUL 1      3.3                       5.8             2.5
  SNOW DEPTH       T

DEGREE DAYS
 HEATING
  YESTERDAY       41                        38      3       37
  MONTH TO DATE  332                       322     10      283
  SINCE DEC 1    332                       322     10      283
  SINCE JUL 1   1751                      1991   -240     1784

 COOLING
  YESTERDAY        0                         0      0        0
  MONTH TO DATE    0                         0      0        0
  SINCE DEC 1      0                         0      0        0
  SINCE JAN 1    448                       318    130      406
..................................................................


WIND (MPH)
  RESULTANT WIND SPEED  11   RESULTANT WIND DIRECTION  NW (300)
  HIGHEST WIND SPEED    25   HIGHEST WIND DIRECTION    NW (320)
  HIGHEST GUST SPEED    32   HIGHEST GUST DIRECTION    NW (330)


SKY COVER
  POSSIBLE SUNSHINE  MM
  AVERAGE SKY COVER 0.4


WEATHER CONDITIONS
 THE FOLLOWING WEATHER WAS RECORDED YESTERDAY.
  LIGHT SNOW
  FOG


RELATIVE HUMIDITY (PERCENT)
 HIGHEST    81
 LOWEST     46
 AVERAGE    64

..........................................................


THE BANGOR ME CLIMATE NORMALS FOR TODAY
                         NORMAL    RECORD    YEAR
 MAXIMUM TEMPERATURE (F)   36        56      2008
 MINIMUM TEMPERATURE (F)   18       -12      1964


SUNRISE AND SUNSET
DECEMBER 10 2016......SUNRISE   702 AM EST   SUNSET   354 PM EST
DECEMBER 11 2016......SUNRISE   703 AM EST   SUNSET   354 PM EST


-  INDICATES NEGATIVE NUMBERS.
R  INDICATES RECORD WAS SET OR TIED.
MM INDICATES DATA IS MISSING.
T  INDICATES TRACE AMOUNT.




$$
