000
CDUS41 KCAR 260526
CLIBGR


CLIMATE REPORT
NATIONAL WEATHER SERVICE CARIBOU, ME
1226 AM EST WED NOV 26 2014


...................................

...THE BANGOR ME CLIMATE SUMMARY FOR NOVEMBER 25 2014...

CLIMATE NORMAL PERIOD 1981 TO 2010
CLIMATE RECORD PERIOD 1925 TO 2014


WEATHER ITEM   OBSERVED TIME   RECORD YEAR NORMAL DEPARTURE LAST
                VALUE   (LST)  VALUE       VALUE  FROM      YEAR
                                                  NORMAL
..................................................................
TEMPERATURE (F)
 YESTERDAY
  MAXIMUM         62    550 AM  63    1953  42     20       28
  MINIMUM         42   1116 PM   4    1939  25     17       14
  AVERAGE         52                        34     18       21

PRECIPITATION (IN)
  YESTERDAY        0.00          5.10 1983   0.14  -0.14     0.00
  MONTH TO DATE    2.42                      3.49  -1.07     1.31
  SINCE SEP 1     10.16                     11.49  -1.33     9.50
  SINCE JAN 1     37.90                     37.74   0.16    34.68

SNOWFALL (IN)
  YESTERDAY        0.0           4.7  1971   0.1             0.0
  MONTH TO DATE   14.7                       1.4              T
  SINCE SEP 1     14.7                       1.5              T
  SINCE JUL 1     14.7                       1.5              T
  SNOW DEPTH       0

DEGREE DAYS
 HEATING
  YESTERDAY       13                        32    -19       44
  MONTH TO DATE  730                       678     52      706
  SINCE SEP 1   1355                      1441    -86     1368
  SINCE JUL 1   1376                      1504   -128     1400

 COOLING
  YESTERDAY        0                         0      0        0
  MONTH TO DATE    0                         0      0        0
  SINCE SEP 1     49                        24     25       33
  SINCE JAN 1    363                       318     45      355
..................................................................


WIND (MPH)
  RESULTANT WIND SPEED   6   RESULTANT WIND DIRECTION  SW (220)
  HIGHEST WIND SPEED    16   HIGHEST WIND DIRECTION    SW (240)
  HIGHEST GUST SPEED    23   HIGHEST GUST DIRECTION     W (260)


SKY COVER
  POSSIBLE SUNSHINE  MM
  AVERAGE SKY COVER 0.6


WEATHER CONDITIONS
 THE FOLLOWING WEATHER WAS RECORDED YESTERDAY.
  NO SIGNIFICANT WEATHER WAS OBSERVED.


RELATIVE HUMIDITY (PERCENT)
 HIGHEST    93
 LOWEST     40
 AVERAGE    67

..........................................................


THE BANGOR ME CLIMATE NORMALS FOR TODAY
                         NORMAL    RECORD    YEAR
 MAXIMUM TEMPERATURE (F)   41        60      1953
 MINIMUM TEMPERATURE (F)   25        -1      1939


SUNRISE AND SUNSET
NOVEMBER 26 2014......SUNRISE   647 AM EST   SUNSET   358 PM EST
NOVEMBER 27 2014......SUNRISE   648 AM EST   SUNSET   358 PM EST


-  INDICATES NEGATIVE NUMBERS.
R  INDICATES RECORD WAS SET OR TIED.
MM INDICATES DATA IS MISSING.
T  INDICATES TRACE AMOUNT.




$$
