259
CDUS44 KBMX 260755
CLIBHM


CLIMATE REPORT
NATIONAL WEATHER SERVICE BIRMINGHAM, AL
254 AM CDT FRI AUG 26 2016


...................................

...THE BIRMINGHAM CLIMATE SUMMARY FOR AUGUST 25 2016...

CLIMATE NORMAL PERIOD 1981 TO 2010
CLIMATE RECORD PERIOD 1895 TO 2016


WEATHER ITEM   OBSERVED TIME   RECORD YEAR NORMAL DEPARTURE LAST
                VALUE   (LST)  VALUE       VALUE  FROM      YEAR
                                                  NORMAL
..................................................................
TEMPERATURE (F)
 YESTERDAY
  MAXIMUM         94    423 PM 102    1938  90      4       83
  MINIMUM         76    452 AM  57    1916  70      6       62
  AVERAGE         85                        80      5       73

PRECIPITATION (IN)
  YESTERDAY        T             2.81 2008   0.12  -0.12     0.00
  MONTH TO DATE    2.36                      3.24  -0.88     5.88
  SINCE JUN 1     13.40                     12.42   0.98    14.99
  SINCE JAN 1     35.01                     36.39  -1.38    40.72

DEGREE DAYS
 COOLING
  YESTERDAY       20                        15      5        8
  MONTH TO DATE  452                       396     56      396
  SINCE JUN 1   1521                      1277    244     1420
  SINCE JAN 1   1844                      1559    285     1755
..................................................................


WIND (MPH)
  HIGHEST WIND SPEED    17   HIGHEST WIND DIRECTION    NE (40)
  HIGHEST GUST SPEED    23   HIGHEST GUST DIRECTION    NE (50)
  AVERAGE WIND SPEED     2.6


SKY COVER
  AVERAGE SKY COVER 0.4


WEATHER CONDITIONS
 THE FOLLOWING WEATHER WAS RECORDED YESTERDAY.
  THUNDERSTORM


RELATIVE HUMIDITY (PERCENT)
 HIGHEST    88           500 AM
 LOWEST     49           300 PM
 AVERAGE    69

..........................................................


THE BIRMINGHAM CLIMATE NORMALS FOR TODAY
                         NORMAL    RECORD    YEAR
 MAXIMUM TEMPERATURE (F)   90       103      1943
 MINIMUM TEMPERATURE (F)   70        55      1966


SUNRISE AND SUNSET
AUGUST 26 2016........SUNRISE   617 AM CDT   SUNSET   719 PM CDT
AUGUST 27 2016........SUNRISE   618 AM CDT   SUNSET   718 PM CDT


-  INDICATES NEGATIVE NUMBERS.
R  INDICATES RECORD WAS SET OR TIED.
MM INDICATES DATA IS MISSING.
T  INDICATES TRACE AMOUNT.




$$
