000
CDUS44 KBMX 230745
CLIBHM


CLIMATE REPORT
NATIONAL WEATHER SERVICE BIRMINGHAM, AL
244 AM CDT SUN APR 23 2017


...................................

...THE BIRMINGHAM CLIMATE SUMMARY FOR APRIL 22 2017...

CLIMATE NORMAL PERIOD 1981 TO 2010
CLIMATE RECORD PERIOD 1895 TO 2017


WEATHER ITEM   OBSERVED TIME   RECORD YEAR NORMAL DEPARTURE LAST
                VALUE   (LST)  VALUE       VALUE  FROM      YEAR
                                                  NORMAL
..................................................................
TEMPERATURE (F)
 YESTERDAY
  MAXIMUM         84    336 PM  90    1987  76      8       77
  MINIMUM         66   1159 PM  31    1993  52     14       57
  AVERAGE         75                        64     11       67

PRECIPITATION (IN)
  YESTERDAY        0.07          1.97 1909   0.13  -0.06     0.13
  MONTH TO DATE    4.49                      3.23   1.26     2.87
  SINCE MAR 1      9.73                      8.46   1.27     8.57
  SINCE JAN 1     19.39                     17.83   1.56    19.31

SNOWFALL (IN)
  YESTERDAY        0.0                       0.0    0.0      0.0
  MONTH TO DATE    0.0                       0.2   -0.2      0.0
  SINCE MAR 1      0.0                       0.8   -0.8      0.0
  SINCE JUL 1      0.3                       1.6   -1.3       T
  SNOW DEPTH       0

DEGREE DAYS
 HEATING
  YESTERDAY        0                         3     -3        0
  MONTH TO DATE   29                       119    -90       78
  SINCE MAR 1    280                       441   -161      269
  SINCE JUL 1   1652                      2631   -979     1939

 COOLING
  YESTERDAY       10                         3      7        2
  MONTH TO DATE  120                        38     82       12
  SINCE MAR 1    174                        56    118       53
  SINCE JAN 1    189                        60    129       60
..................................................................


WIND (MPH)
  HIGHEST WIND SPEED    20   HIGHEST WIND DIRECTION     S (190)
  HIGHEST GUST SPEED    24   HIGHEST GUST DIRECTION     S (200)
  AVERAGE WIND SPEED     9.7


SKY COVER
  AVERAGE SKY COVER 0.6


WEATHER CONDITIONS
 THE FOLLOWING WEATHER WAS RECORDED YESTERDAY.
  THUNDERSTORM
  RAIN
  LIGHT RAIN
  FOG


RELATIVE HUMIDITY (PERCENT)
 HIGHEST    90           800 PM
 LOWEST     47           300 PM
 AVERAGE    69

..........................................................


THE BIRMINGHAM CLIMATE NORMALS FOR TODAY
                         NORMAL    RECORD    YEAR
 MAXIMUM TEMPERATURE (F)   76        90      1896
 MINIMUM TEMPERATURE (F)   53        30      1986


SUNRISE AND SUNSET
APRIL 23 2017.........SUNRISE   607 AM CDT   SUNSET   724 PM CDT
APRIL 24 2017.........SUNRISE   606 AM CDT   SUNSET   725 PM CDT


-  INDICATES NEGATIVE NUMBERS.
R  INDICATES RECORD WAS SET OR TIED.
MM INDICATES DATA IS MISSING.
T  INDICATES TRACE AMOUNT.




$$
