000
CDUS44 KBMX 230735
CLIBHM


CLIMATE REPORT
NATIONAL WEATHER SERVICE BIRMINGHAM, AL
234 AM CDT TUE MAY 23 2017


...................................

...THE BIRMINGHAM CLIMATE SUMMARY FOR MAY 22 2017...

CLIMATE NORMAL PERIOD 1981 TO 2010
CLIMATE RECORD PERIOD 1895 TO 2017


WEATHER ITEM   OBSERVED TIME   RECORD YEAR NORMAL DEPARTURE LAST
                VALUE   (LST)  VALUE       VALUE  FROM      YEAR
                                                  NORMAL
..................................................................
TEMPERATURE (F)
 YESTERDAY
  MAXIMUM         77    235 PM  96    1962  83     -6       81
  MINIMUM         68    609 AM  42    1993  62      6       57
  AVERAGE         73                        72      1       69

PRECIPITATION (IN)
  YESTERDAY        1.40          2.54 1939   0.15   1.25     0.00
  MONTH TO DATE    5.29                      3.59   1.70     1.38
  SINCE MAR 1     16.62                     13.20   3.42    10.83
  SINCE JAN 1     26.28                     22.57   3.71    21.57

DEGREE DAYS
 COOLING
  YESTERDAY        8                         8      0        4
  MONTH TO DATE  153                       121     32       99
  SINCE MAR 1    377                       201    176      207
  SINCE JAN 1    392                       205    187      214
..................................................................


WIND (MPH)
  HIGHEST WIND SPEED     8   HIGHEST WIND DIRECTION    NE (40)
  HIGHEST GUST SPEED    12   HIGHEST GUST DIRECTION     E (70)
  AVERAGE WIND SPEED     3.0


SKY COVER
  AVERAGE SKY COVER 0.9


WEATHER CONDITIONS
 THE FOLLOWING WEATHER WAS RECORDED YESTERDAY.
  THUNDERSTORM
  HEAVY RAIN
  RAIN
  LIGHT RAIN
  FOG


RELATIVE HUMIDITY (PERCENT)
 HIGHEST    97           100 AM
 LOWEST     69           900 AM
 AVERAGE    83

..........................................................


THE BIRMINGHAM CLIMATE NORMALS FOR TODAY
                         NORMAL    RECORD    YEAR
 MAXIMUM TEMPERATURE (F)   83        95      1996
                                             1970
 MINIMUM TEMPERATURE (F)   62        47      1954


SUNRISE AND SUNSET
MAY 23 2017...........SUNRISE   541 AM CDT   SUNSET   746 PM CDT
MAY 24 2017...........SUNRISE   541 AM CDT   SUNSET   747 PM CDT


-  INDICATES NEGATIVE NUMBERS.
R  INDICATES RECORD WAS SET OR TIED.
MM INDICATES DATA IS MISSING.
T  INDICATES TRACE AMOUNT.




$$
