000
CDUS44 KBMX 170658
CLIBHM


CLIMATE REPORT
NATIONAL WEATHER SERVICE BIRMINGHAM, AL
1256 AM CST WED DEC 17 2014


...................................

...THE BIRMINGHAM CLIMATE SUMMARY FOR DECEMBER 16 2014...

CLIMATE NORMAL PERIOD 1981 TO 2010
CLIMATE RECORD PERIOD 1895 TO 2014


WEATHER ITEM   OBSERVED TIME   RECORD YEAR NORMAL DEPARTURE LAST
                VALUE   (LST)  VALUE       VALUE  FROM      YEAR
                                                  NORMAL
..................................................................
TEMPERATURE (F)
 YESTERDAY
  MAXIMUM         63   1202 AM  76    1924  56      7       57
  MINIMUM         36   1151 PM   8    1901  36      0       26
  AVERAGE         50                        46      4       42

PRECIPITATION (IN)
  YESTERDAY        0.17          2.27 1932   0.13   0.04     0.00
  MONTH TO DATE    2.06                      2.48  -0.42     4.46
  SINCE DEC 1      2.06                      2.48  -0.42     4.46
  SINCE JAN 1     44.68                     51.75  -7.07    65.27

SNOWFALL (IN)
  YESTERDAY        0.0                       0.0    0.0      0.0
  MONTH TO DATE    0.0                       0.0    0.0      0.0
  SINCE DEC 1      0.0                       0.0    0.0      0.0
  SINCE JUL 1      0.0                       0.0    0.0      0.0
  SNOW DEPTH       0

DEGREE DAYS
 HEATING
  YESTERDAY       15                        19     -4       23
  MONTH TO DATE  214                       283    -69      274
  SINCE DEC 1    214                       283    -69      274
  SINCE JUL 1    776                       741     35      802
..................................................................


WIND (MPH)
  HIGHEST WIND SPEED    20   HIGHEST WIND DIRECTION     W (270)
  HIGHEST GUST SPEED    26   HIGHEST GUST DIRECTION     W (260)
  AVERAGE WIND SPEED     9.2


SKY COVER
  AVERAGE SKY COVER 0.3


WEATHER CONDITIONS
 THE FOLLOWING WEATHER WAS RECORDED YESTERDAY.
  LIGHT RAIN
  FOG


RELATIVE HUMIDITY (PERCENT)
 HIGHEST    92          1100 PM
 LOWEST     43           200 PM
 AVERAGE    68

..........................................................


THE BIRMINGHAM CLIMATE NORMALS FOR TODAY
                         NORMAL    RECORD    YEAR
 MAXIMUM TEMPERATURE (F)   55        73      1984
                                             1933
 MINIMUM TEMPERATURE (F)   36        13      1901


SUNRISE AND SUNSET
DECEMBER 17 2014......SUNRISE   645 AM CST   SUNSET   441 PM CST
DECEMBER 18 2014......SUNRISE   646 AM CST   SUNSET   442 PM CST


-  INDICATES NEGATIVE NUMBERS.
R  INDICATES RECORD WAS SET OR TIED.
MM INDICATES DATA IS MISSING.
T  INDICATES TRACE AMOUNT.




$$
