000
CDUS44 KBMX 290714
CLIBHM


CLIMATE REPORT
NATIONAL WEATHER SERVICE BIRMINGHAM, AL
213 AM CDT SUN MAY 29 2016


...................................

...THE BIRMINGHAM CLIMATE SUMMARY FOR MAY 28 2016...

CLIMATE NORMAL PERIOD 1981 TO 2010
CLIMATE RECORD PERIOD 1895 TO 2016


WEATHER ITEM   OBSERVED TIME   RECORD YEAR NORMAL DEPARTURE LAST
                VALUE   (LST)  VALUE       VALUE  FROM      YEAR
                                                  NORMAL
..................................................................
TEMPERATURE (F)
 YESTERDAY
  MAXIMUM         84    322 PM  99    1962  84      0       80
  MINIMUM         69   1159 PM  44    1907  63      6       67
  AVERAGE         77                        74      3       74

PRECIPITATION (IN)
  YESTERDAY        0.01          2.28 1991   0.16  -0.15     0.56
  MONTH TO DATE    1.39                      4.53  -3.14     2.13
  SINCE MAR 1     10.84                     14.14  -3.30    16.60
  SINCE JAN 1     21.58                     23.51  -1.93    25.30

DEGREE DAYS
 COOLING
  YESTERDAY       12                         9      3        9
  MONTH TO DATE  165                       171     -6      221
  SINCE MAR 1    273                       251     22      303
  SINCE JAN 1    280                       255     25      303
..................................................................


WIND (MPH)
  HIGHEST WIND SPEED    12   HIGHEST WIND DIRECTION    SE (120)
  HIGHEST GUST SPEED    16   HIGHEST GUST DIRECTION    SE (130)
  AVERAGE WIND SPEED     3.5


SKY COVER
  AVERAGE SKY COVER 0.6


WEATHER CONDITIONS
 THE FOLLOWING WEATHER WAS RECORDED YESTERDAY.
  NO SIGNIFICANT WEATHER WAS OBSERVED.


RELATIVE HUMIDITY (PERCENT)
 HIGHEST    79           600 AM
 LOWEST     43           400 PM
 AVERAGE    61

..........................................................


THE BIRMINGHAM CLIMATE NORMALS FOR TODAY
                         NORMAL    RECORD    YEAR
 MAXIMUM TEMPERATURE (F)   84        99      1898
 MINIMUM TEMPERATURE (F)   64        44      1984


SUNRISE AND SUNSET
MAY 29 2016...........SUNRISE   539 AM CDT   SUNSET   751 PM CDT
MAY 30 2016...........SUNRISE   538 AM CDT   SUNSET   751 PM CDT


-  INDICATES NEGATIVE NUMBERS.
R  INDICATES RECORD WAS SET OR TIED.
MM INDICATES DATA IS MISSING.
T  INDICATES TRACE AMOUNT.




$$
