000
CDUS44 KBMX 022118
CLIBHM


CLIMATE REPORT
NATIONAL WEATHER SERVICE BIRMINGHAM, AL
418 PM CDT TUE SEP 2 2014


...................................

...THE BIRMINGHAM CLIMATE SUMMARY FOR SEPTEMBER 2 2014...
VALID AS OF 0400 PM LOCAL TIME.

CLIMATE NORMAL PERIOD 1981 TO 2010
CLIMATE RECORD PERIOD 1895 TO 2014


WEATHER ITEM   OBSERVED TIME   RECORD YEAR NORMAL DEPARTURE LAST
                VALUE   (LST)  VALUE       VALUE  FROM      YEAR
                                                  NORMAL
..................................................................
TEMPERATURE (F)
 TODAY
  MAXIMUM         93    234 PM  98    2011  89      4       85
                                      1925
                                      1907
  MINIMUM         75    559 AM  55    1987  69      6       68
  AVERAGE         84                        79      5       77

PRECIPITATION (IN)
  TODAY            0.00          2.73 1920   0.13  -0.13     1.42
  MONTH TO DATE    0.00                      0.25  -0.25     1.42
  SINCE SEP 1      0.00                      0.25  -0.25     1.42
  SINCE JAN 1     32.86                     37.33  -4.47    53.68

DEGREE DAYS

 COOLING
  TODAY           19                        14      5       12
  MONTH TO DATE   38                        28     10       30
  SINCE SEP 1     38                        28     10       30
  SINCE JAN 1   1678                      1678      0     1555
..................................................................


WIND (MPH)
  HIGHEST WIND SPEED    15   HIGHEST WIND DIRECTION    SW (210)
  HIGHEST GUST SPEED    23   HIGHEST GUST DIRECTION    SW (230)
  AVERAGE WIND SPEED     5.6


SKY COVER
  AVERAGE SKY COVER 0.4


WEATHER CONDITIONS
 THE FOLLOWING WEATHER WAS RECORDED TODAY.
  NO SIGNIFICANT WEATHER WAS OBSERVED.


RELATIVE HUMIDITY (PERCENT)
 HIGHEST    87           600 AM
 LOWEST     44           200 PM
 AVERAGE    66

..........................................................


THE BIRMINGHAM CLIMATE NORMALS FOR TOMORROW
                         NORMAL    RECORD    YEAR
 MAXIMUM TEMPERATURE (F)   89       102      1925
 MINIMUM TEMPERATURE (F)   69        52      1952


SUNRISE AND SUNSET
SEPTEMBER  2 2014.....SUNRISE   622 AM CDT   SUNSET   711 PM CDT
SEPTEMBER  3 2014.....SUNRISE   622 AM CDT   SUNSET   710 PM CDT


-  INDICATES NEGATIVE NUMBERS.
R  INDICATES RECORD WAS SET OR TIED.
MM INDICATES DATA IS MISSING.
T  INDICATES TRACE AMOUNT.




$$
