000
CDUS44 KBMX 190943
CLIBHM


CLIMATE REPORT
NATIONAL WEATHER SERVICE BIRMINGHAM, AL
443 AM CDT SAT APR 19 2014


...................................

...THE BIRMINGHAM CLIMATE SUMMARY FOR APRIL 18 2014...

CLIMATE NORMAL PERIOD 1981 TO 2010
CLIMATE RECORD PERIOD 1895 TO 2014


WEATHER ITEM   OBSERVED TIME   RECORD YEAR NORMAL DEPARTURE LAST
                VALUE   (LST)  VALUE       VALUE  FROM      YEAR
                                                  NORMAL
..................................................................
TEMPERATURE (F)
 YESTERDAY
  MAXIMUM         61   1230 AM  91    2006  75    -14       82
  MINIMUM         52    944 AM  31    1983  51      1       66
  AVERAGE         57                        63     -6       74

PRECIPITATION (IN)
  YESTERDAY        0.19          2.78 1943   0.13   0.06     0.00
  MONTH TO DATE    6.56                      2.69   3.87     2.52
  SINCE MAR 1     11.28                      7.92   3.36     7.71
  SINCE JAN 1     18.21                     17.29   0.92    22.30

SNOWFALL (IN)
  YESTERDAY        0.0                       0.0    0.0      0.0
  MONTH TO DATE    0.0                       0.2   -0.2      0.0
  SINCE MAR 1      0.0                       0.8   -0.8       T
  SINCE JUL 1      5.0                       1.6    3.4      2.1
  SNOW DEPTH       0

DEGREE DAYS
 HEATING
  YESTERDAY        8                         4      4        0
  MONTH TO DATE   97                       104     -7       81
  SINCE MAR 1    470                       426     44      548
  SINCE JUL 1   2968                      2616    352     2546

 COOLING
  YESTERDAY        0                         2     -2        9
  MONTH TO DATE   21                        29     -8       59
  SINCE MAR 1     21                        47    -26       60
  SINCE JAN 1     24                        51    -27       66
..................................................................


WIND (MPH)
  HIGHEST WIND SPEED    15   HIGHEST WIND DIRECTION     E (90)
  HIGHEST GUST SPEED    23   HIGHEST GUST DIRECTION     E (70)
  AVERAGE WIND SPEED     6.7


SKY COVER
  AVERAGE SKY COVER 1.0


WEATHER CONDITIONS
 THE FOLLOWING WEATHER WAS RECORDED YESTERDAY.
  LIGHT RAIN
  FOG


RELATIVE HUMIDITY (PERCENT)
 HIGHEST    83           600 AM
 LOWEST     51           300 AM
 AVERAGE    67

..........................................................


THE BIRMINGHAM CLIMATE NORMALS FOR TODAY
                         NORMAL    RECORD    YEAR
 MAXIMUM TEMPERATURE (F)   75        91      2006
 MINIMUM TEMPERATURE (F)   51        27      1983


SUNRISE AND SUNSET
APRIL 19 2014.........SUNRISE   612 AM CDT   SUNSET   721 PM CDT
APRIL 20 2014.........SUNRISE   611 AM CDT   SUNSET   722 PM CDT


-  INDICATES NEGATIVE NUMBERS.
R  INDICATES RECORD WAS SET OR TIED.
MM INDICATES DATA IS MISSING.
T  INDICATES TRACE AMOUNT.




$$
