000
CDUS44 KBMX 260854
CLIBHM


CLIMATE REPORT
NATIONAL WEATHER SERVICE BIRMINGHAM, AL
354 AM CDT SUN MAR 26 2017


...................................

...THE BIRMINGHAM CLIMATE SUMMARY FOR MARCH 25 2017...

CLIMATE NORMAL PERIOD 1981 TO 2010
CLIMATE RECORD PERIOD 1895 TO 2017


WEATHER ITEM   OBSERVED TIME   RECORD YEAR NORMAL DEPARTURE LAST
                VALUE   (LST)  VALUE       VALUE  FROM      YEAR
                                                  NORMAL
..................................................................
TEMPERATURE (F)
 YESTERDAY
  MAXIMUM         79   1231 PM  88    1907  69     10       68
  MINIMUM         59   1159 PM  25    1983  46     13       46
                                      1966
  AVERAGE         69                        57     12       57

PRECIPITATION (IN)
  YESTERDAY        1.19          1.83 1916   0.17   1.02     0.00
  MONTH TO DATE    3.97                      4.26  -0.29     4.73
  SINCE MAR 1      3.97                      4.26  -0.29     4.73
  SINCE JAN 1     13.63                     13.63   0.00    15.47

SNOWFALL (IN)
  YESTERDAY        0.0                       0.0    0.0      0.0
  MONTH TO DATE    0.0                       0.5   -0.5      0.0
  SINCE MAR 1      0.0                       0.5   -0.5      0.0
  SINCE JUL 1      0.3                       1.3   -1.0       T
  SNOW DEPTH       0

DEGREE DAYS
 HEATING
  YESTERDAY        0                         8     -8        8
  MONTH TO DATE  250                       276    -26      173
  SINCE MAR 1    250                       276    -26      173
  SINCE JUL 1   1622                      2466   -844     1843

 COOLING
  YESTERDAY        4                         1      3        0
  MONTH TO DATE   21                        15      6       37
  SINCE MAR 1     21                        15      6       37
  SINCE JAN 1     36                        19     17       44
..................................................................


WIND (MPH)
  HIGHEST WIND SPEED    25   HIGHEST WIND DIRECTION     S (200)
  HIGHEST GUST SPEED    32   HIGHEST GUST DIRECTION     S (200)
  AVERAGE WIND SPEED     9.0


SKY COVER
  AVERAGE SKY COVER 0.8


WEATHER CONDITIONS
 THE FOLLOWING WEATHER WAS RECORDED YESTERDAY.
  THUNDERSTORM
  HEAVY RAIN
  RAIN
  LIGHT RAIN
  FOG


RELATIVE HUMIDITY (PERCENT)
 HIGHEST    97           400 PM
 LOWEST     45           100 PM
 AVERAGE    71

..........................................................


THE BIRMINGHAM CLIMATE NORMALS FOR TODAY
                         NORMAL    RECORD    YEAR
 MAXIMUM TEMPERATURE (F)   69        86      1929
 MINIMUM TEMPERATURE (F)   46        22      1955


SUNRISE AND SUNSET
MARCH 26 2017.........SUNRISE   642 AM CDT   SUNSET   703 PM CDT
MARCH 27 2017.........SUNRISE   641 AM CDT   SUNSET   704 PM CDT


-  INDICATES NEGATIVE NUMBERS.
R  INDICATES RECORD WAS SET OR TIED.
MM INDICATES DATA IS MISSING.
T  INDICATES TRACE AMOUNT.




$$
