000
CDUS44 KBMX 300045
CLIBHM


CLIMATE REPORT
NATIONAL WEATHER SERVICE BIRMINGHAM, AL
744 PM CDT FRI JUL 29 2016


...................................

...THE BIRMINGHAM CLIMATE SUMMARY FOR JULY 29 2016...
VALID TODAY AS OF 0700 PM LOCAL TIME.

CLIMATE NORMAL PERIOD 1981 TO 2010
CLIMATE RECORD PERIOD 1895 TO 2016


WEATHER ITEM   OBSERVED TIME   RECORD YEAR NORMAL DEPARTURE LAST
                VALUE   (LST)  VALUE       VALUE  FROM      YEAR
                                                  NORMAL
..................................................................
TEMPERATURE (F)
 TODAY
  MAXIMUM         90    341 PM 107    1930  91     -1       95
  MINIMUM         75   1248 AM  60    1994  72      3       77
  AVERAGE         83                        81      2       86

PRECIPITATION (IN)
  TODAY            0.00          2.16 2005   0.14  -0.14     0.17
  MONTH TO DATE    5.75                      4.51   1.24     7.41
  SINCE JUN 1      9.71                      8.89   0.82     9.11
  SINCE JAN 1     31.32                     32.86  -1.54    34.84

DEGREE DAYS
 COOLING
  TODAY           18                        16      2       21
  MONTH TO DATE  556                       461     95      522
  SINCE JUN 1   1035                       843    192      988
  SINCE JAN 1   1358                      1125    233     1323
..................................................................


WIND (MPH)
  HIGHEST WIND SPEED    15   HIGHEST WIND DIRECTION     W (290)
  HIGHEST GUST SPEED    23   HIGHEST GUST DIRECTION     W (290)
  AVERAGE WIND SPEED     6.4


SKY COVER
  AVERAGE SKY COVER 0.6


WEATHER CONDITIONS
 THE FOLLOWING WEATHER WAS RECORDED TODAY.
  LIGHT RAIN


RELATIVE HUMIDITY (PERCENT)
 HIGHEST    94          1200 AM
 LOWEST     55           500 PM
 AVERAGE    75

..........................................................


THE BIRMINGHAM CLIMATE NORMALS FOR TOMORROW
                         NORMAL    RECORD    YEAR
 MAXIMUM TEMPERATURE (F)   91       101      1986
 MINIMUM TEMPERATURE (F)   72        57      2014


SUNRISE AND SUNSET
JULY 29 2016..........SUNRISE   558 AM CDT   SUNSET   749 PM CDT
JULY 30 2016..........SUNRISE   558 AM CDT   SUNSET   748 PM CDT


-  INDICATES NEGATIVE NUMBERS.
R  INDICATES RECORD WAS SET OR TIED.
MM INDICATES DATA IS MISSING.
T  INDICATES TRACE AMOUNT.




$$
