000
CDUS45 KVEF 300826
CLIBIH


CLIMATE REPORT
NATIONAL WEATHER SERVICE LAS VEGAS, NV
126 AM PDT SAT MAY 30 2015


...................................

...THE BISHOP CA CLIMATE SUMMARY FOR MAY 29 2015...

CLIMATE NORMAL PERIOD 1981 TO 2010
CLIMATE RECORD PERIOD 1943 TO 2015


WEATHER ITEM   OBSERVED TIME   RECORD YEAR NORMAL DEPARTURE LAST
                VALUE   (LST)  VALUE       VALUE  FROM      YEAR
                                                  NORMAL
..................................................................
TEMPERATURE (F)
 YESTERDAY
  MAXIMUM         95    210 PM  99    2003  87      8       88
  MINIMUM         52    448 AM  34    2008  47      5       53
                                      1990
  AVERAGE         74                        67      7       71

PRECIPITATION (IN)
  YESTERDAY        0.00          0.04 2011   0.01  -0.01     0.00
  MONTH TO DATE    1.39                      0.18   1.21     0.24
  SINCE OCT 1      2.13                      4.49  -2.36     2.48
  SINCE JAN 1      1.67                      2.87  -1.20     2.26

SNOWFALL (IN)
  YESTERDAY        0.0          MM      MM   0.0    0.0      0.0
  MONTH TO DATE    T                         0.0    0.0      0.0
  SINCE MAR 1      T                         0.9   -0.9      0.1
  SINCE JUL 1      T                         6.8   -6.8      0.6
  SNOW DEPTH       0

DEGREE DAYS
 HEATING
  YESTERDAY        0                         2     -2        0
  MONTH TO DATE  127                       113     14       88
  SINCE MAR 1    677                       948   -271      732
  SINCE JUL 1   3118                      4155  -1037     3682

 COOLING
  YESTERDAY        9                         4      5        6
  MONTH TO DATE   29                        55    -26       73
  SINCE MAR 1     33                        59    -26       77
  SINCE JAN 1     33                        59    -26       77
..................................................................


WIND (MPH)
  RESULTANT WIND SPEED   6   RESULTANT WIND DIRECTION   S (160)
  HIGHEST WIND SPEED    23   HIGHEST WIND DIRECTION     S (160)
  HIGHEST GUST SPEED    29   HIGHEST GUST DIRECTION     S (160)
  AVERAGE WIND SPEED     9.7


SKY COVER
  POSSIBLE SUNSHINE  MM
  AVERAGE SKY COVER 0.0


WEATHER CONDITIONS
 THE FOLLOWING WEATHER WAS RECORDED YESTERDAY.
  NO SIGNIFICANT WEATHER WAS OBSERVED.


RELATIVE HUMIDITY (PERCENT)
 HIGHEST    54           500 AM
 LOWEST      8           600 PM
 AVERAGE    31

..........................................................


THE BISHOP CA CLIMATE NORMALS FOR TODAY
                         NORMAL    RECORD    YEAR
 MAXIMUM TEMPERATURE (F)   87       100      1986
 MINIMUM TEMPERATURE (F)   47        30      2011


SUNRISE AND SUNSET
MAY 30 2015...........SUNRISE   535 AM PDT   SUNSET   807 PM PDT
MAY 31 2015...........SUNRISE   535 AM PDT   SUNSET   808 PM PDT


-  INDICATES NEGATIVE NUMBERS.
R  INDICATES RECORD WAS SET OR TIED.
MM INDICATES DATA IS MISSING.
T  INDICATES TRACE AMOUNT.




$$
