000
CDUS45 KVEF 200033
CLIBIH


CLIMATE REPORT
NATIONAL WEATHER SERVICE LAS VEGAS, NV
431 PM PST MON FEB 19 2018


...................................

...THE BISHOP CA CLIMATE SUMMARY FOR FEBRUARY 19 2018...
VALID TODAY AS OF 0400 PM LOCAL TIME.

CLIMATE NORMAL PERIOD 1981 TO 2010
CLIMATE RECORD PERIOD 1943 TO 2018


WEATHER ITEM   OBSERVED RECORD YEAR NORMAL DEPARTURE LAST
                VALUE   VALUE       VALUE  FROM      YEAR
                                           NORMAL
...........................................................
TEMPERATURE (F)
 TODAY
  MAXIMUM         42     77    2015  59    -17       57
                               1995
  MINIMUM         25     12    1956  27     -2       29
  AVERAGE         34

PRECIPITATION (IN)
  TODAY            0.00   0.51 1993   0.04  -0.04     0.00
  MONTH TO DATE    0.00               0.57  -0.57     2.02
  SINCE OCT 1      0.20               3.24  -3.04     7.61
  SINCE JAN 1      0.04               1.62  -1.58     7.25

SNOWFALL (IN)
  TODAY            0.0    0.6  1962   0.1   -0.1      0.0
  MONTH TO DATE    0.0                0.6   -0.6      0.0
  SINCE DEC 1      0.0                7.0   -7.0      8.6
  SINCE JUL 1      0.0                7.3   -7.3      8.6
  SNOW DEPTH       0

DEGREE DAYS
 HEATING
  TODAY           31                 22      9       22
  MONTH TO DATE  358                450    -92      368
  SINCE DEC 1   1731               2118   -387     2032
  SINCE JUL 1   2531               3019   -488     2775

 COOLING
  TODAY            0                  0      0        0
  MONTH TO DATE    0                  0      0        0
  SINCE DEC 1      0                  0      0        0
  SINCE JAN 1      0                  0      0        0
...........................................................


WIND (MPH)
  RESULTANT WIND SPEED  15   RESULTANT WIND DIRECTION   N (0)
  HIGHEST WIND SPEED    29   HIGHEST WIND DIRECTION     N (360)
  HIGHEST GUST SPEED    36   HIGHEST GUST DIRECTION     N (350)
  AVERAGE WIND SPEED    15.2


SKY COVER
  POSSIBLE SUNSHINE  MM
  AVERAGE SKY COVER 0.4


WEATHER CONDITIONS
 THE FOLLOWING WEATHER WAS RECORDED TODAY.
  NO SIGNIFICANT WEATHER WAS OBSERVED.


RELATIVE HUMIDITY (PERCENT)
 HIGHEST    39           100 AM
 LOWEST     15           200 PM
 AVERAGE    27

..........................................................


THE BISHOP CA CLIMATE NORMALS FOR TOMORROW
                         NORMAL    RECORD    YEAR
 MAXIMUM TEMPERATURE (F)   59        77      2015
                                             1982
 MINIMUM TEMPERATURE (F)   27        15      1951


SUNRISE AND SUNSET
FEBRUARY 19 2018......SUNRISE   638 AM PST   SUNSET   537 PM PST
FEBRUARY 20 2018......SUNRISE   636 AM PST   SUNSET   538 PM PST


-  INDICATES NEGATIVE NUMBERS.
R  INDICATES RECORD WAS SET OR TIED.
MM INDICATES DATA IS MISSING.
T  INDICATES TRACE AMOUNT.




$$
