000
CDUS45 KVEF 230828
CLIBIH


CLIMATE REPORT
NATIONAL WEATHER SERVICE LAS VEGAS, NV
128 AM PDT TUE SEP 23 2014


...................................

...THE BISHOP CA CLIMATE SUMMARY FOR SEPTEMBER 22 2014...

CLIMATE NORMAL PERIOD 1981 TO 2010
CLIMATE RECORD PERIOD 1943 TO 2014


WEATHER ITEM   OBSERVED TIME   RECORD YEAR NORMAL DEPARTURE LAST
                VALUE   (LST)  VALUE       VALUE  FROM      YEAR
                                                  NORMAL
..................................................................
TEMPERATURE (F)
 YESTERDAY
  MAXIMUM         90    330 PM  98    1949  86      4       79
  MINIMUM         50    449 AM  29    1945  45      5       45
  AVERAGE         70                        66      4       62

PRECIPITATION (IN)
  YESTERDAY        0.00          0.15 1990   0.01  -0.01     0.00
  MONTH TO DATE    0.09                      0.12  -0.03      T
  SINCE OCT 1      2.92                      5.11  -2.19     2.34
  SINCE JAN 1      2.70                      3.49  -0.79     1.11

SNOWFALL (IN)
  YESTERDAY        0.0          MM      MM   0.0    0.0      0.0
  MONTH TO DATE    0.0                       0.0    0.0      0.0
  SINCE SEP 1      0.0                       0.0    0.0      0.0
  SINCE JUL 1      0.0                       0.0    0.0      0.0
  SNOW DEPTH       0

DEGREE DAYS
 HEATING
  YESTERDAY        0                         2     -2        3
  MONTH TO DATE    0                        19    -19        6
  SINCE SEP 1      0                        19    -19        6
  SINCE JUL 1      0                        21    -21        6

 COOLING
  YESTERDAY        5                         2      3        0
  MONTH TO DATE  194                       105     89      172
  SINCE SEP 1    194                       105     89      172
  SINCE JAN 1   1341                      1082    259     1337
..................................................................


WIND (MPH)
  RESULTANT WIND SPEED   5   RESULTANT WIND DIRECTION   S (160)
  HIGHEST WIND SPEED    18   HIGHEST WIND DIRECTION     S (160)
  HIGHEST GUST SPEED    24   HIGHEST GUST DIRECTION    SE (140)
  AVERAGE WIND SPEED     8.1


SKY COVER
  POSSIBLE SUNSHINE  MM
  AVERAGE SKY COVER 0.0


WEATHER CONDITIONS
 THE FOLLOWING WEATHER WAS RECORDED YESTERDAY.
  NO SIGNIFICANT WEATHER WAS OBSERVED.


RELATIVE HUMIDITY (PERCENT)
 HIGHEST    71           300 AM
 LOWEST     16           300 PM
 AVERAGE    44

..........................................................


THE BISHOP CA CLIMATE NORMALS FOR TODAY
                         NORMAL    RECORD    YEAR
 MAXIMUM TEMPERATURE (F)   86        99      1949
 MINIMUM TEMPERATURE (F)   45        32      1986


SUNRISE AND SUNSET
SEPTEMBER 23 2014.....SUNRISE   642 AM PDT   SUNSET   649 PM PDT
SEPTEMBER 24 2014.....SUNRISE   643 AM PDT   SUNSET   647 PM PDT


-  INDICATES NEGATIVE NUMBERS.
R  INDICATES RECORD WAS SET OR TIED.
MM INDICATES DATA IS MISSING.
T  INDICATES TRACE AMOUNT.




$$
