177
CDUS45 KVEF 180845
CLIBIH


CLIMATE REPORT
NATIONAL WEATHER SERVICE LAS VEGAS, NV
1245 AM PST WED JAN 18 2017


...................................

...THE BISHOP CA CLIMATE SUMMARY FOR JANUARY 17 2017...

CLIMATE NORMAL PERIOD 1981 TO 2010
CLIMATE RECORD PERIOD 1943 TO 2017


WEATHER ITEM   OBSERVED TIME   RECORD YEAR NORMAL DEPARTURE LAST
                VALUE   (LST)  VALUE       VALUE  FROM      YEAR
                                                  NORMAL
..................................................................
TEMPERATURE (F)
 YESTERDAY
  MAXIMUM         54    148 PM  76    2011  54      0       54
  MINIMUM         21    724 AM   2    1949  23     -2       20
  AVERAGE         38                        38      0       37

PRECIPITATION (IN)
  YESTERDAY        0.00          0.60 1988   0.04  -0.04     0.00
  MONTH TO DATE    3.70                      0.69   3.01     0.16
  SINCE OCT 1      4.06                      2.31   1.75     0.97
  SINCE JAN 1      3.70                      0.69   3.01     0.16

SNOWFALL (IN)
  YESTERDAY        0.0           6.0  1988   0.2   -0.2      0.0
  MONTH TO DATE    0.0                       3.5   -3.5      0.0
  SINCE DEC 1      T                         4.7   -4.7       T
  SINCE JUL 1      T                         5.0   -5.0       T
  SNOW DEPTH       0

DEGREE DAYS
 HEATING
  YESTERDAY       27                        26      1       28
  MONTH TO DATE  435                       460    -25      497
  SINCE DEC 1   1224                      1306    -82     1408
  SINCE JUL 1   1967                      2207   -240     2222

 COOLING
  YESTERDAY        0                         0      0        0
  MONTH TO DATE    0                         0      0        0
  SINCE DEC 1      0                         0      0        0
  SINCE JAN 1      0                         0      0        0
..................................................................


WIND (MPH)
  RESULTANT WIND SPEED   2   RESULTANT WIND DIRECTION  NW (320)
  HIGHEST WIND SPEED    14   HIGHEST WIND DIRECTION     S (160)
  HIGHEST GUST SPEED    18   HIGHEST GUST DIRECTION    SE (150)
  AVERAGE WIND SPEED     5.0


SKY COVER
  POSSIBLE SUNSHINE  MM
  AVERAGE SKY COVER 0.0


WEATHER CONDITIONS
 THE FOLLOWING WEATHER WAS RECORDED YESTERDAY.
  NO SIGNIFICANT WEATHER WAS OBSERVED.


RELATIVE HUMIDITY (PERCENT)
 HIGHEST    81          1100 PM
 LOWEST     18           100 PM
 AVERAGE    50

..........................................................


THE BISHOP CA CLIMATE NORMALS FOR TODAY
                         NORMAL    RECORD    YEAR
 MAXIMUM TEMPERATURE (F)   54        76      1971
 MINIMUM TEMPERATURE (F)   23         6      1949


SUNRISE AND SUNSET
JANUARY 18 2017.......SUNRISE   705 AM PST   SUNSET   503 PM PST
JANUARY 19 2017.......SUNRISE   705 AM PST   SUNSET   504 PM PST


-  INDICATES NEGATIVE NUMBERS.
R  INDICATES RECORD WAS SET OR TIED.
MM INDICATES DATA IS MISSING.
T  INDICATES TRACE AMOUNT.




$$
