000
CDUS45 KVEF 120826
CLIBIH


CLIMATE REPORT
NATIONAL WEATHER SERVICE LAS VEGAS, NV
1225 AM PST FRI FEB 12 2016


...................................

...THE BISHOP CA CLIMATE SUMMARY FOR FEBRUARY 11 2016...

CLIMATE NORMAL PERIOD 1981 TO 2010
CLIMATE RECORD PERIOD 1943 TO 2016


WEATHER ITEM   OBSERVED TIME   RECORD YEAR NORMAL DEPARTURE LAST
                VALUE   (LST)  VALUE       VALUE  FROM      YEAR
                                                  NORMAL
..................................................................
TEMPERATURE (F)
 YESTERDAY
  MAXIMUM         70    335 PM  75    1971  57     13       71
  MINIMUM         28    509 AM  12    1948  26      2       28
  AVERAGE         49                        41      8       50

PRECIPITATION (IN)
  YESTERDAY        0.00          0.74 1992   0.03  -0.03     0.00
  MONTH TO DATE    0.00                      0.31  -0.31     0.13
  SINCE OCT 1      1.87                      2.98  -1.11     0.68
  SINCE JAN 1      1.06                      1.36  -0.30     0.22

SNOWFALL (IN)
  YESTERDAY        0.0           6.9  2001   0.0    0.0      0.0
  MONTH TO DATE    0.0                       0.4   -0.4      0.0
  SINCE DEC 1      2.0                       6.8   -4.8      0.0
  SINCE JUL 1      2.0                       7.1   -5.1      0.0
  SNOW DEPTH       0

DEGREE DAYS
 HEATING
  YESTERDAY       16                        24     -8       15
  MONTH TO DATE  258                       269    -11      154
  SINCE DEC 1   1984                      1937     47     1541
  SINCE JUL 1   2798                      2838    -40     2192

 COOLING
  YESTERDAY        0                         0      0        0
  MONTH TO DATE    0                         0      0        0
  SINCE DEC 1      0                         0      0        0
  SINCE JAN 1      0                         0      0        0
..................................................................


WIND (MPH)
  RESULTANT WIND SPEED   3   RESULTANT WIND DIRECTION  NW (330)
  HIGHEST WIND SPEED    10   HIGHEST WIND DIRECTION    NW (320)
  HIGHEST GUST SPEED    12   HIGHEST GUST DIRECTION    NW (320)
  AVERAGE WIND SPEED     4.9


SKY COVER
  POSSIBLE SUNSHINE  MM
  AVERAGE SKY COVER 0.0


WEATHER CONDITIONS
 THE FOLLOWING WEATHER WAS RECORDED YESTERDAY.
  NO SIGNIFICANT WEATHER WAS OBSERVED.


RELATIVE HUMIDITY (PERCENT)
 HIGHEST    72           500 AM
 LOWEST     12           300 PM
 AVERAGE    42

..........................................................


THE BISHOP CA CLIMATE NORMALS FOR TODAY
                         NORMAL    RECORD    YEAR
 MAXIMUM TEMPERATURE (F)   57        74      1971
 MINIMUM TEMPERATURE (F)   26         8      1948


SUNRISE AND SUNSET
FEBRUARY 12 2016......SUNRISE   646 AM PST   SUNSET   529 PM PST
FEBRUARY 13 2016......SUNRISE   645 AM PST   SUNSET   531 PM PST


-  INDICATES NEGATIVE NUMBERS.
R  INDICATES RECORD WAS SET OR TIED.
MM INDICATES DATA IS MISSING.
T  INDICATES TRACE AMOUNT.




$$
