000
CDUS45 KVEF 040840
CLIBIH


CLIMATE REPORT
NATIONAL WEATHER SERVICE LAS VEGAS, NV
1239 AM PST WED MAR 4 2015


...................................

...THE BISHOP CA CLIMATE SUMMARY FOR MARCH 3 2015...

CLIMATE NORMAL PERIOD 1981 TO 2010
CLIMATE RECORD PERIOD 1943 TO 2015


WEATHER ITEM   OBSERVED TIME   RECORD YEAR NORMAL DEPARTURE LAST
                VALUE   (LST)  VALUE       VALUE  FROM      YEAR
                                                  NORMAL
..................................................................
TEMPERATURE (F)
 YESTERDAY
  MAXIMUM         57    206 PM  80    1972  62     -5       59
  MINIMUM         23    624 AM  14    2002  29     -6       29
                                      1966
                                      1951
  AVERAGE         40                        46     -6       44

PRECIPITATION (IN)
  YESTERDAY        0.00          0.22 1991   0.02  -0.02     0.00
  MONTH TO DATE    0.01                      0.07  -0.06     0.00
  SINCE OCT 1      0.73                      3.59  -2.86     2.13
  SINCE JAN 1      0.27                      1.97  -1.70     1.91

SNOWFALL (IN)
  YESTERDAY        0.0           1.1  1974   0.1   -0.1      0.0
  MONTH TO DATE    T                         0.1   -0.1      0.0
  SINCE MAR 1      T                         0.1   -0.1      0.0
  SINCE JUL 1      T                         6.0   -6.0      0.5
  SNOW DEPTH       0

DEGREE DAYS
 HEATING
  YESTERDAY       25                        19      6       21
  MONTH TO DATE   75                        58     17       63
  SINCE MAR 1     75                        58     17       63
  SINCE JUL 1   2516                      3265   -749     3013

 COOLING
  YESTERDAY        0                         0      0        0
  MONTH TO DATE    0                         0      0        0
  SINCE MAR 1      0                         0      0        0
  SINCE JAN 1      0                         0      0        0
..................................................................


WIND (MPH)
  RESULTANT WIND SPEED  10   RESULTANT WIND DIRECTION   N (350)
  HIGHEST WIND SPEED    28   HIGHEST WIND DIRECTION     N (360)
  HIGHEST GUST SPEED    36   HIGHEST GUST DIRECTION     N (360)
  AVERAGE WIND SPEED    11.8


SKY COVER
  POSSIBLE SUNSHINE  MM
  AVERAGE SKY COVER 0.2


WEATHER CONDITIONS
 THE FOLLOWING WEATHER WAS RECORDED YESTERDAY.
  NO SIGNIFICANT WEATHER WAS OBSERVED.


RELATIVE HUMIDITY (PERCENT)
 HIGHEST    81           600 AM
 LOWEST     19           300 PM
 AVERAGE    50

..........................................................


THE BISHOP CA CLIMATE NORMALS FOR TODAY
                         NORMAL    RECORD    YEAR
 MAXIMUM TEMPERATURE (F)   63        78      1972
 MINIMUM TEMPERATURE (F)   30        12      1966


SUNRISE AND SUNSET
MARCH  4 2015.........SUNRISE   621 AM PST   SUNSET   550 PM PST
MARCH  5 2015.........SUNRISE   619 AM PST   SUNSET   551 PM PST


-  INDICATES NEGATIVE NUMBERS.
R  INDICATES RECORD WAS SET OR TIED.
MM INDICATES DATA IS MISSING.
T  INDICATES TRACE AMOUNT.




$$
