000
CDUS45 KVEF 240830
CLIBIH


CLIMATE REPORT
NATIONAL WEATHER SERVICE LAS VEGAS, NV
127 AM PDT TUE MAY 24 2016


...................................

...THE BISHOP CA CLIMATE SUMMARY FOR MAY 23 2016...

CLIMATE NORMAL PERIOD 1981 TO 2010
CLIMATE RECORD PERIOD 1943 TO 2016


WEATHER ITEM   OBSERVED TIME   RECORD YEAR NORMAL DEPARTURE LAST
                VALUE   (LST)  VALUE       VALUE  FROM      YEAR
                                                  NORMAL
..................................................................
TEMPERATURE (F)
 YESTERDAY
  MAXIMUM         77    218 PM  98    2001  85     -8       77
                                      2000
                                      1984
  MINIMUM         41    300 AM  33    1959  46     -5       52
  AVERAGE         59                        65     -6       65

PRECIPITATION (IN)
  YESTERDAY        0.05          0.53 2015   0.01   0.04     0.53
  MONTH TO DATE    0.31                      0.14   0.17     1.39
  SINCE OCT 1      3.35                      4.45  -1.10     2.13
  SINCE JAN 1      2.54                      2.83  -0.29     1.67

SNOWFALL (IN)
  YESTERDAY        0.0          MM      MM   0.0    0.0      0.0
  MONTH TO DATE    0.0                       0.0    0.0       T
  SINCE MAR 1      T                         0.6   -0.6       T
  SINCE JUL 1      2.0                       8.0   -6.0       T
  SNOW DEPTH       0

DEGREE DAYS
 HEATING
  YESTERDAY        6                         3      3        0
  MONTH TO DATE   79                       101    -22      127
  SINCE MAR 1    681                       936   -255      677
  SINCE JUL 1   3737                      4143   -406     3118

 COOLING
  YESTERDAY        0                         3     -3        0
  MONTH TO DATE   28                        35     -7        1
  SINCE MAR 1     28                        39    -11        5
  SINCE JAN 1     28                        39    -11        5
..................................................................


WIND (MPH)
  RESULTANT WIND SPEED   3   RESULTANT WIND DIRECTION   W (260)
  HIGHEST WIND SPEED    32   HIGHEST WIND DIRECTION     N (360)
  HIGHEST GUST SPEED    44   HIGHEST GUST DIRECTION     N (360)
  AVERAGE WIND SPEED    10.5


SKY COVER
  POSSIBLE SUNSHINE  MM
  AVERAGE SKY COVER 0.4


WEATHER CONDITIONS
 THE FOLLOWING WEATHER WAS RECORDED YESTERDAY.
  LIGHT RAIN


RELATIVE HUMIDITY (PERCENT)
 HIGHEST    80          1000 PM
 LOWEST     13           100 PM
 AVERAGE    47

..........................................................


THE BISHOP CA CLIMATE NORMALS FOR TODAY
                         NORMAL    RECORD    YEAR
 MAXIMUM TEMPERATURE (F)   85        97      2001
 MINIMUM TEMPERATURE (F)   46        28      2010
                                             1978


SUNRISE AND SUNSET
MAY 24 2016...........SUNRISE   538 AM PDT   SUNSET   803 PM PDT
MAY 25 2016...........SUNRISE   537 AM PDT   SUNSET   804 PM PDT


-  INDICATES NEGATIVE NUMBERS.
R  INDICATES RECORD WAS SET OR TIED.
MM INDICATES DATA IS MISSING.
T  INDICATES TRACE AMOUNT.




$$
