000
CDUS45 KBYZ 060941
CLIBIL


CLIMATE REPORT
NATIONAL WEATHER SERVICE BILLINGS MT
340 AM MDT MON JUL 6 2015


...................................

...THE BILLINGS MT CLIMATE SUMMARY FOR JULY 5 2015...

CLIMATE NORMAL PERIOD 1981 TO 2010
CLIMATE RECORD PERIOD 1934 TO 2015


WEATHER ITEM   OBSERVED TIME   RECORD YEAR NORMAL DEPARTURE LAST
                VALUE   (LST)  VALUE       VALUE  FROM      YEAR
                                                  NORMAL
..................................................................
TEMPERATURE (F)
 YESTERDAY
  MAXIMUM         76   1251 AM 104    1981  85     -9       97
  MINIMUM         55   1159 PM  46    1959  57     -2       60
  AVERAGE         66                        71     -5       79

PRECIPITATION (IN)
  YESTERDAY        0.04          1.07 1994   0.04   0.00     0.00
  MONTH TO DATE    0.04                      0.25  -0.21     0.08
  SINCE OCT 1      8.88                     10.54  -1.66    14.55
  SINCE JAN 1      7.31                      8.23  -0.92     9.66

SNOWFALL (IN)
  YESTERDAY        0.0           T    1996   0.0    0.0      0.0
  MONTH TO DATE    0.0                       0.0    0.0      0.0
  SINCE JUN 1      0.0                       0.0    0.0       T
  SINCE JUL 1      0.0                       0.0    0.0      0.0
  SNOW DEPTH       0

DEGREE DAYS
 HEATING
  YESTERDAY        0                         1     -1        0
  MONTH TO DATE    0                         5     -5        0
  SINCE JUN 1     18                       101    -83       89
  SINCE JUL 1      0                         5     -5        0

 COOLING
  YESTERDAY        1                         7     -6       14
  MONTH TO DATE   53                        31     22       38
  SINCE JUN 1    226                       116    110       57
  SINCE JAN 1    229                       133     96       73
..................................................................


WIND (MPH)
  HIGHEST WIND SPEED    29   HIGHEST WIND DIRECTION     N (20)
  HIGHEST GUST SPEED    37   HIGHEST GUST DIRECTION     N (20)
  AVERAGE WIND SPEED    11.8


SKY COVER
  POSSIBLE SUNSHINE  MM
  AVERAGE SKY COVER 0.9


WEATHER CONDITIONS
 THE FOLLOWING WEATHER WAS RECORDED YESTERDAY.
  THUNDERSTORM
  HEAVY RAIN
  LIGHT RAIN
  HAZE


RELATIVE HUMIDITY (PERCENT)
 HIGHEST    80          1000 AM
 LOWEST     52           200 PM
 AVERAGE    66

..........................................................


THE BILLINGS MT CLIMATE NORMALS FOR TODAY
                         NORMAL    RECORD    YEAR
 MAXIMUM TEMPERATURE (F)   85       104      2007
 MINIMUM TEMPERATURE (F)   57        47      1958


SUNRISE AND SUNSET
JULY  6 2015..........SUNRISE   531 AM MDT   SUNSET   906 PM MDT
JULY  7 2015..........SUNRISE   532 AM MDT   SUNSET   906 PM MDT


-  INDICATES NEGATIVE NUMBERS.
R  INDICATES RECORD WAS SET OR TIED.
MM INDICATES DATA IS MISSING.
T  INDICATES TRACE AMOUNT.





&&

...THE CLIMATE SUMMARY FOR SOUTHWEST BILLINGS FOR 05 JULY 2015...

HIGH TEMPERATURE........................80
LOW TEMPERATURE.........................58

PRECIPITATION...........................0.01
MONTHLY PRECIPITATION TOTAL.............0.01
YEARLY PRECIPITATION TOTAL..............8.07

SNOWFALL................................0.0
MONTHLY SNOWFALL TOTAL..................0.0
TOTAL SNOWFALL SINCE JULY 1.............0.0

SNOW DEPTH AT MIDNIGHT..................0

$$
