000
CDUS45 KBYZ 271722
CLIBIL


CLIMATE REPORT
NATIONAL WEATHER SERVICE BILLINGS MT
1122 AM MDT THU JUL 27 2017


...................................

...THE BILLINGS MT CLIMATE SUMMARY FOR JULY 27 2017...
VALID AS OF 1100 AM LOCAL TIME.

CLIMATE NORMAL PERIOD 1981 TO 2010
CLIMATE RECORD PERIOD 1934 TO 2017


WEATHER ITEM   OBSERVED RECORD YEAR NORMAL DEPARTURE LAST
                VALUE   VALUE       VALUE  FROM      YEAR
                                           NORMAL
...........................................................
TEMPERATURE (F)
 TODAY
  MAXIMUM         81    103    1947  89     -8
                               1935
  MINIMUM         69     51    1981  60      9
                               1963
  AVERAGE         75

PRECIPITATION (IN)
  TODAY            T      0.81 1998   0.04  -0.04      T
  MONTH TO DATE    0.09               1.18  -1.09     0.24
  SINCE OCT 1     16.59              11.47   5.12     8.72
  SINCE JAN 1     11.03               9.16   1.87     5.87

...........................................................










-  INDICATES NEGATIVE NUMBERS.
R  INDICATES RECORD WAS SET OR TIED.
MM INDICATES DATA IS MISSING.
T  INDICATES TRACE AMOUNT.




$$
