000
CDUS45 KBYZ 200718
CLIBIL


CLIMATE REPORT
NATIONAL WEATHER SERVICE BILLINGS MT
1218 AM MST TUE FEB 20 2018


...................................

...THE BILLINGS MT CLIMATE SUMMARY FOR FEBRUARY 19 2018...

CLIMATE NORMAL PERIOD 1981 TO 2010
CLIMATE RECORD PERIOD 1934 TO 2018


WEATHER ITEM   OBSERVED TIME   RECORD YEAR NORMAL DEPARTURE LAST
                VALUE   (LST)  VALUE       VALUE  FROM      YEAR
                                                  NORMAL
..................................................................
TEMPERATURE (F)
 YESTERDAY
  MAXIMUM          3    353 PM  70    1981  41    -38       56
  MINIMUM        -10   1022 PM -12    1955  21    -31       34
  AVERAGE         -3                        31    -34       45

PRECIPITATION (IN)
  YESTERDAY        0.07          0.26 1949   0.02   0.05     0.00
  MONTH TO DATE    1.66                      0.31   1.35     0.55
  SINCE OCT 1      5.91                      3.10   2.81     6.74
  SINCE JAN 1      2.26                      0.79   1.47     1.18

SNOWFALL (IN)
  YESTERDAY        0.9           4.7  1949   0.2    0.7      0.0
  MONTH TO DATE   32.4                       3.9   28.5     10.7
  SINCE DEC 1     64.7                      20.5   44.2     53.3
  SINCE JUL 1     76.9                      32.2   44.7     58.6
  SNOW DEPTH      15

DEGREE DAYS
 HEATING
  YESTERDAY       68                        34     34       20
  MONTH TO DATE  931                       675    256      692
  SINCE DEC 1   3357                      3043    314     3538
  SINCE JUL 1   4959                      4671    288     4797

 COOLING
  YESTERDAY        0                         0      0        0
  MONTH TO DATE    0                         0      0        0
  SINCE DEC 1      0                         0      0        0
  SINCE JAN 1      0                         0      0        0
..................................................................


WIND (MPH)
  HIGHEST WIND SPEED    14   HIGHEST WIND DIRECTION    NE (40)
  HIGHEST GUST SPEED    16   HIGHEST GUST DIRECTION    NE (40)
  AVERAGE WIND SPEED     8.1


SKY COVER
  POSSIBLE SUNSHINE  MM
  AVERAGE SKY COVER 0.9


WEATHER CONDITIONS
 THE FOLLOWING WEATHER WAS RECORDED YESTERDAY.
  LIGHT SNOW
  FOG
  HAZE


RELATIVE HUMIDITY (PERCENT)
 HIGHEST    91           100 AM
 LOWEST     68           400 PM
 AVERAGE    80

..........................................................


THE BILLINGS MT CLIMATE NORMALS FOR TODAY
                         NORMAL    RECORD    YEAR
 MAXIMUM TEMPERATURE (F)   41        69      1995
 MINIMUM TEMPERATURE (F)   21       -11      1949


SUNRISE AND SUNSET
FEBRUARY 20 2018......SUNRISE   708 AM MST   SUNSET   548 PM MST
FEBRUARY 21 2018......SUNRISE   706 AM MST   SUNSET   550 PM MST


-  INDICATES NEGATIVE NUMBERS.
R  INDICATES RECORD WAS SET OR TIED.
MM INDICATES DATA IS MISSING.
T  INDICATES TRACE AMOUNT.




$$
