000
CDUS45 KBYZ 271034
CLIBIL


CLIMATE REPORT
NATIONAL WEATHER SERVICE BILLINGS MT
333 AM MST THU NOV 27 2014


...................................

...THE BILLINGS MT CLIMATE SUMMARY FOR NOVEMBER 26 2014...

CLIMATE NORMAL PERIOD 1981 TO 2010
CLIMATE RECORD PERIOD 1934 TO 2014


WEATHER ITEM   OBSERVED TIME   RECORD YEAR NORMAL DEPARTURE LAST
                VALUE   (LST)  VALUE       VALUE  FROM      YEAR
                                                  NORMAL
..................................................................
TEMPERATURE (F)
 YESTERDAY
  MAXIMUM         32   1205 AM  66    1998  40     -8       44
  MINIMUM         28   1159 PM -19    1985  22      6       26
  AVERAGE         30                        31     -1       35

PRECIPITATION (IN)
  YESTERDAY        0.31          0.40 2005   0.02   0.29     0.00
  MONTH TO DATE    0.53                      0.56  -0.03     0.34
  SINCE OCT 1      0.69                      1.74  -1.05     2.91
  SINCE JAN 1     13.15                     13.09   0.06    14.72

SNOWFALL (IN)
  YESTERDAY        6.2 R         3.5  1955   0.3    5.9      0.0
  MONTH TO DATE    8.6                       5.5    3.1      6.0
  SINCE SEP 1      8.6                      10.7   -2.1     11.1
  SINCE JUL 1      8.6                      10.7   -2.1     11.1
  SNOW DEPTH       1

DEGREE DAYS
 HEATING
  YESTERDAY       35                        34      1       30
  MONTH TO DATE  874                       737    137      764
  SINCE SEP 1   1401                      1452    -51     1501
  SINCE JUL 1   1449                      1489    -40     1501

 COOLING
  YESTERDAY        0                         0      0        0
  MONTH TO DATE    0                         0      0        0
  SINCE SEP 1     66                        54     12      103
  SINCE JAN 1    618                       636    -18      840
..................................................................


WIND (MPH)
  HIGHEST WIND SPEED    12   HIGHEST WIND DIRECTION    SW (240)
  HIGHEST GUST SPEED    13   HIGHEST GUST DIRECTION    SW (240)
  AVERAGE WIND SPEED     5.5


SKY COVER
  POSSIBLE SUNSHINE  MM
  AVERAGE SKY COVER 1.0


WEATHER CONDITIONS
 THE FOLLOWING WEATHER WAS RECORDED YESTERDAY.
  SNOW
  LIGHT SNOW
  FOG


RELATIVE HUMIDITY (PERCENT)
 HIGHEST   100           300 AM
 LOWEST     59          1200 AM
 AVERAGE    80

..........................................................


THE BILLINGS MT CLIMATE NORMALS FOR TODAY
                         NORMAL    RECORD    YEAR
 MAXIMUM TEMPERATURE (F)   39        66      1949
 MINIMUM TEMPERATURE (F)   22       -17      1985


SUNRISE AND SUNSET
NOVEMBER 27 2014......SUNRISE   730 AM MST   SUNSET   433 PM MST
NOVEMBER 28 2014......SUNRISE   731 AM MST   SUNSET   433 PM MST


-  INDICATES NEGATIVE NUMBERS.
R  INDICATES RECORD WAS SET OR TIED.
MM INDICATES DATA IS MISSING.
T  INDICATES TRACE AMOUNT.





&&

...THE CLIMATE SUMMARY FOR SOUTHWEST BILLINGS FOR 26 NOVEMBER 2014...

HIGH TEMPERATURE........................32
LOW TEMPERATURE.........................28

PRECIPITATION...........................0.37
MONTHLY PRECIPITATION TOTAL.............0.67
YEARLY PRECIPITATION TOTAL..............14.55

SNOWFALL................................6.8
MONTHLY SNOWFALL TOTAL..................9.3
TOTAL SNOWFALL SINCE JULY 1.............9.3

SNOW DEPTH AT MIDNIGHT..................7

$$
