000
CDUS45 KBYZ 271722
CLIBIL


CLIMATE REPORT
NATIONAL WEATHER SERVICE BILLINGS MT
1122 AM MDT SAT MAY 27 2017


...................................

...THE BILLINGS MT CLIMATE SUMMARY FOR MAY 27 2017...
VALID AS OF 1100 AM LOCAL TIME.

CLIMATE NORMAL PERIOD 1981 TO 2010
CLIMATE RECORD PERIOD 1934 TO 2017


WEATHER ITEM   OBSERVED RECORD YEAR NORMAL DEPARTURE LAST
                VALUE   VALUE       VALUE  FROM      YEAR
                                           NORMAL
...........................................................
TEMPERATURE (F)
 TODAY
  MAXIMUM         67     91    1969  71     -4
                               1936
  MINIMUM         43     35    1954  47     -4
  AVERAGE         55

PRECIPITATION (IN)
  TODAY            0.00   1.50 1987   0.07  -0.07     0.04
  MONTH TO DATE    1.58               1.88  -0.30     1.87
  SINCE OCT 1     14.16               7.87   6.29     8.08
  SINCE JAN 1      8.60               5.56   3.04     5.23

...........................................................










-  INDICATES NEGATIVE NUMBERS.
R  INDICATES RECORD WAS SET OR TIED.
MM INDICATES DATA IS MISSING.
T  INDICATES TRACE AMOUNT.




$$
