000
CDUS45 KBYZ 290933
CLIBIL


CLIMATE REPORT
NATIONAL WEATHER SERVICE BILLINGS MT
331 AM MDT FRI MAY 29 2015


...................................

...THE BILLINGS MT CLIMATE SUMMARY FOR MAY 28 2015...

CLIMATE NORMAL PERIOD 1981 TO 2010
CLIMATE RECORD PERIOD 1934 TO 2015


WEATHER ITEM   OBSERVED TIME   RECORD YEAR NORMAL DEPARTURE LAST
                VALUE   (LST)  VALUE       VALUE  FROM      YEAR
                                                  NORMAL
..................................................................
TEMPERATURE (F)
 YESTERDAY
  MAXIMUM         69   1036 AM  91    1958  71     -2       86
  MINIMUM         49    430 AM  27    1947  47      2       53
  AVERAGE         59                        59      0       70

PRECIPITATION (IN)
  YESTERDAY        0.42          0.51 1982   0.07   0.35     0.00
  MONTH TO DATE    2.43                      1.95   0.48     2.23
  SINCE OCT 1      7.24                      7.94  -0.70    12.70
  SINCE JAN 1      5.67                      5.63   0.04     7.81

SNOWFALL (IN)
  YESTERDAY        0.0           T    1989   0.0    0.0      0.0
  MONTH TO DATE    T                         2.0   -2.0      2.1
  SINCE MAR 1     11.3                      20.5   -9.2     13.3
  SINCE JUL 1     55.4                      55.0    0.4    103.5
  SNOW DEPTH       0

DEGREE DAYS
 HEATING
  YESTERDAY        6                         7     -1        0
  MONTH TO DATE  330                       290     40      291
  SINCE MAR 1   1396                      1702   -306     1800
  SINCE JUL 1   6037                      6667   -630     7073

 COOLING
  YESTERDAY        0                         1     -1        5
  MONTH TO DATE    0                        10    -10       16
  SINCE MAR 1      0                        11    -11       16
  SINCE JAN 1      0                        11    -11       16
..................................................................


WIND (MPH)
  HIGHEST WIND SPEED    20   HIGHEST WIND DIRECTION    NW (330)
  HIGHEST GUST SPEED    25   HIGHEST GUST DIRECTION    SW (230)
  AVERAGE WIND SPEED    10.8


SKY COVER
  POSSIBLE SUNSHINE  MM
  AVERAGE SKY COVER 0.8


WEATHER CONDITIONS
 THE FOLLOWING WEATHER WAS RECORDED YESTERDAY.
  THUNDERSTORM
  RAIN
  LIGHT RAIN
  FOG


RELATIVE HUMIDITY (PERCENT)
 HIGHEST    93           300 AM
 LOWEST     52          1000 AM
 AVERAGE    73

..........................................................


THE BILLINGS MT CLIMATE NORMALS FOR TODAY
                         NORMAL    RECORD    YEAR
 MAXIMUM TEMPERATURE (F)   71        94      2003
 MINIMUM TEMPERATURE (F)   48        35      1959


SUNRISE AND SUNSET
MAY 29 2015...........SUNRISE   530 AM MDT   SUNSET   854 PM MDT
MAY 30 2015...........SUNRISE   529 AM MDT   SUNSET   855 PM MDT


-  INDICATES NEGATIVE NUMBERS.
R  INDICATES RECORD WAS SET OR TIED.
MM INDICATES DATA IS MISSING.
T  INDICATES TRACE AMOUNT.





&&

...THE CLIMATE SUMMARY FOR SOUTHWEST BILLINGS FOR 28 MAY 2015...

HIGH TEMPERATURE........................68
LOW TEMPERATURE.........................46

PRECIPITATION...........................0.38
MONTHLY PRECIPITATION TOTAL.............2.64
YEARLY PRECIPITATION TOTAL..............5.89

SNOWFALL................................0.0
MONTHLY SNOWFALL TOTAL..................0.0
TOTAL SNOWFALL SINCE JULY 1.............53.3

SNOW DEPTH AT MIDNIGHT..................0

$$
