407
CDUS45 KBYZ 271810
CLIBIL


CLIMATE REPORT
NATIONAL WEATHER SERVICE BILLINGS MT
1110 AM MST MON FEB 27 2017


...................................

...THE BILLINGS MT CLIMATE SUMMARY FOR FEBRUARY 27 2017...
VALID AS OF 1100 AM LOCAL TIME.

CLIMATE NORMAL PERIOD 1981 TO 2010
CLIMATE RECORD PERIOD 1934 TO 2017


WEATHER ITEM   OBSERVED RECORD YEAR NORMAL DEPARTURE LAST
                VALUE   VALUE       VALUE  FROM      YEAR
                                           NORMAL
...........................................................
TEMPERATURE (F)
 TODAY
  MAXIMUM         24     70    1992  44    -20
  MINIMUM         19    -15    1962  23     -4
  AVERAGE         22

PRECIPITATION (IN)
  TODAY            T      0.37 1970   0.02  -0.02      T
  MONTH TO DATE    0.83               0.46   0.37     0.09
  SINCE OCT 1      7.02               3.25   3.77     3.38
  SINCE JAN 1      1.46               0.94   0.52     0.53

...........................................................










-  INDICATES NEGATIVE NUMBERS.
R  INDICATES RECORD WAS SET OR TIED.
MM INDICATES DATA IS MISSING.
T  INDICATES TRACE AMOUNT.




$$
