000
CDUS43 KBIS 250804
CLIBIS


CLIMATE REPORT
NATIONAL WEATHER SERVICE BISMARCK ND
259 AM CDT MON MAY 25 2015


...................................

...THE BISMARCK ND CLIMATE SUMMARY FOR MAY 24 2015...

CLIMATE NORMAL PERIOD 1981 TO 2010
CLIMATE RECORD PERIOD 1875 TO 2015


WEATHER ITEM   OBSERVED TIME   RECORD YEAR NORMAL DEPARTURE LAST
                VALUE   (LST)  VALUE       VALUE  FROM      YEAR
                                                  NORMAL
..................................................................
TEMPERATURE (F)
 YESTERDAY
  MAXIMUM         69    338 PM  96    1926  71     -2       84
  MINIMUM         51    458 AM  24    2002  46      5       57
  AVERAGE         60                        58      2       71

PRECIPITATION (IN)
  YESTERDAY        T             1.94 1978   0.09  -0.09      T
  MONTH TO DATE    4.89                      1.78   3.11     0.21
  SINCE MAR 1      5.71                      3.91   1.80     2.98
  SINCE JAN 1      6.85                      4.85   2.00     3.55

SNOWFALL (IN)
  YESTERDAY        0.0           T    2010   0.0    0.0      0.0
  MONTH TO DATE    0.2                       0.4   -0.2       T
  SINCE MAR 1      1.2                      13.7  -12.5     15.3
  SINCE JUL 1     24.1                      51.2  -27.1     40.5
  SNOW DEPTH       0

DEGREE DAYS
 HEATING
  YESTERDAY        5                         8     -3        0
  MONTH TO DATE  295                       264     31      329
  SINCE MAR 1   1764                      1988   -224     2203
  SINCE JUL 1   8125                      8419   -294     9055

 COOLING
  YESTERDAY        0                         1     -1        6
  MONTH TO DATE    0                         6     -6       12
  SINCE MAR 1      0                         7     -7       12
  SINCE JAN 1      0                         7     -7       12
..................................................................


WIND (MPH)
  HIGHEST WIND SPEED    17   HIGHEST WIND DIRECTION    SE (120)
  HIGHEST GUST SPEED    22   HIGHEST GUST DIRECTION     E (70)
  AVERAGE WIND SPEED     7.7


SKY COVER
  POSSIBLE SUNSHINE  MM
  AVERAGE SKY COVER 0.8


WEATHER CONDITIONS
 THE FOLLOWING WEATHER WAS RECORDED YESTERDAY.
  LIGHT RAIN


RELATIVE HUMIDITY (PERCENT)
 HIGHEST    96           500 AM
 LOWEST     52           100 PM
 AVERAGE    74

..........................................................


THE BISMARCK ND CLIMATE NORMALS FOR TODAY
                         NORMAL    RECORD    YEAR
 MAXIMUM TEMPERATURE (F)   71        96      1941
 MINIMUM TEMPERATURE (F)   46        26      1924


SUNRISE AND SUNSET
MAY 25 2015...........SUNRISE   558 AM CDT   SUNSET   922 PM CDT
MAY 26 2015...........SUNRISE   557 AM CDT   SUNSET   923 PM CDT


-  INDICATES NEGATIVE NUMBERS.
R  INDICATES RECORD WAS SET OR TIED.
MM INDICATES DATA IS MISSING.
T  INDICATES TRACE AMOUNT.




$$
