000
CDUS43 KBIS 260743
CLIBIS


CLIMATE REPORT
NATIONAL WEATHER SERVICE BISMARCK ND
141 AM CST WED NOV 26 2014


...................................

...THE BISMARCK ND CLIMATE SUMMARY FOR NOVEMBER 25 2014...

CLIMATE NORMAL PERIOD 1981 TO 2010
CLIMATE RECORD PERIOD 1875 TO 2014


WEATHER ITEM   OBSERVED TIME   RECORD YEAR NORMAL DEPARTURE LAST
                VALUE   (LST)  VALUE       VALUE  FROM      YEAR
                                                  NORMAL
..................................................................
TEMPERATURE (F)
 YESTERDAY
  MAXIMUM         33    738 PM  71    1960  34     -1       36
  MINIMUM         17   1159 PM -20    1977  14      3       23
  AVERAGE         25                        24      1       30

PRECIPITATION (IN)
  YESTERDAY        0.17          0.97 1908   0.01   0.16     0.00
  MONTH TO DATE    0.49                      0.62  -0.13     0.09
  SINCE SEP 1      1.01                      3.46  -2.45     9.18
  SINCE JAN 1     13.70                     17.27  -3.57    25.49

SNOWFALL (IN)
  YESTERDAY        2.1           9.5  1908   0.3    1.8      0.0
  MONTH TO DATE    6.6                       7.3   -0.7      0.6
  SINCE SEP 1      6.6                       9.7   -3.1      1.6
  SINCE JUL 1      6.6                       9.7   -3.1      1.6
  SNOW DEPTH       T

DEGREE DAYS
 HEATING
  YESTERDAY       40                        41     -1       35
  MONTH TO DATE 1006                       861    145      906
  SINCE SEP 1   1720                      1718      2     1716
  SINCE JUL 1   1782                      1773      9     1744

 COOLING
  YESTERDAY        0                         0      0        0
  MONTH TO DATE    0                         0      0        0
  SINCE SEP 1     51                        39     12       75
  SINCE JAN 1    457                       520    -63      555
..................................................................


WIND (MPH)
  HIGHEST WIND SPEED    29   HIGHEST WIND DIRECTION    NE (30)
  HIGHEST GUST SPEED    36   HIGHEST GUST DIRECTION    NE (40)
  AVERAGE WIND SPEED     9.0


SKY COVER
  POSSIBLE SUNSHINE  MM
  AVERAGE SKY COVER 0.9


WEATHER CONDITIONS
 THE FOLLOWING WEATHER WAS RECORDED YESTERDAY.
  SNOW
  LIGHT SNOW
  FOG


RELATIVE HUMIDITY (PERCENT)
 HIGHEST   100           200 PM
 LOWEST     73          1100 PM
 AVERAGE    87

..........................................................


THE BISMARCK ND CLIMATE NORMALS FOR TODAY
                         NORMAL    RECORD    YEAR
 MAXIMUM TEMPERATURE (F)   33        65      1963
 MINIMUM TEMPERATURE (F)   14       -16      1887


SUNRISE AND SUNSET
NOVEMBER 26 2014......SUNRISE   801 AM CST   SUNSET   459 PM CST
NOVEMBER 27 2014......SUNRISE   802 AM CST   SUNSET   459 PM CST


-  INDICATES NEGATIVE NUMBERS.
R  INDICATES RECORD WAS SET OR TIED.
MM INDICATES DATA IS MISSING.
T  INDICATES TRACE AMOUNT.




$$
