000
CDUS43 KBIS 200826
CLIBIS


CLIMATE REPORT
NATIONAL WEATHER SERVICE BISMARCK ND
225 AM CST SAT JAN 20 2018


...................................

...THE BISMARCK ND CLIMATE SUMMARY FOR JANUARY 19 2018...

CLIMATE NORMAL PERIOD 1981 TO 2010
CLIMATE RECORD PERIOD 1875 TO 2018


WEATHER ITEM   OBSERVED TIME   RECORD YEAR NORMAL DEPARTURE LAST
                VALUE   (LST)  VALUE       VALUE  FROM      YEAR
                                                  NORMAL
..................................................................
TEMPERATURE (F)
 YESTERDAY
  MAXIMUM         45    234 PM  60    1908  23     22       27
  MINIMUM         18    722 AM -39    1996   2     16        8
  AVERAGE         32                        13     19       18

PRECIPITATION (IN)
  YESTERDAY        0.00          0.23 1880   0.01  -0.01     0.00
  MONTH TO DATE    0.42                      0.28   0.14     0.61
  SINCE DEC 1      0.84                      0.77   0.07     2.66
  SINCE JAN 1      0.42                      0.28   0.14     0.61

SNOWFALL (IN)
  YESTERDAY        0.0           3.7  1979   0.3   -0.3      0.0
  MONTH TO DATE    6.1                       5.9    0.2     14.0
  SINCE DEC 1     11.7                      15.2   -3.5     38.5
  SINCE JUL 1     13.0                      26.4  -13.4     57.5

DEGREE DAYS
 HEATING
  YESTERDAY       33                        52    -19       47
  MONTH TO DATE 1069                      1000     69     1214
  SINCE DEC 1   2469                      2514    -45     2894
  SINCE JUL 1   4208                      4500   -292     4374

 COOLING
  YESTERDAY        0                         0      0        0
  MONTH TO DATE    0                         0      0        0
  SINCE DEC 1      0                         0      0        0
  SINCE JAN 1      0                         0      0        0
..................................................................


WIND (MPH)
  HIGHEST WIND SPEED    13   HIGHEST WIND DIRECTION     W (290)
  HIGHEST GUST SPEED    18   HIGHEST GUST DIRECTION     W (280)
  AVERAGE WIND SPEED     5.2


SKY COVER
  POSSIBLE SUNSHINE  MM
  AVERAGE SKY COVER 0.2


WEATHER CONDITIONS
 THE FOLLOWING WEATHER WAS RECORDED YESTERDAY.
  NO SIGNIFICANT WEATHER WAS OBSERVED.


RELATIVE HUMIDITY (PERCENT)
 HIGHEST   100          1100 PM
 LOWEST     58           300 PM
 AVERAGE    79

..........................................................


THE BISMARCK ND CLIMATE NORMALS FOR TODAY
                         NORMAL    RECORD    YEAR
 MAXIMUM TEMPERATURE (F)   23        53      1964
 MINIMUM TEMPERATURE (F)    2       -37      1883


SUNRISE AND SUNSET
JANUARY 20 2018.......SUNRISE   820 AM CST   SUNSET   529 PM CST
JANUARY 21 2018.......SUNRISE   819 AM CST   SUNSET   530 PM CST


-  INDICATES NEGATIVE NUMBERS.
R  INDICATES RECORD WAS SET OR TIED.
MM INDICATES DATA IS MISSING.
T  INDICATES TRACE AMOUNT.




$$
