000
CDUS43 KBIS 240741
CLIBIS


CLIMATE REPORT
NATIONAL WEATHER SERVICE BISMARCK ND
241 AM CDT SUN JUL 24 2016


...................................

...THE BISMARCK ND CLIMATE SUMMARY FOR JULY 23 2016...

CLIMATE NORMAL PERIOD 1981 TO 2010
CLIMATE RECORD PERIOD 1875 TO 2016


WEATHER ITEM   OBSERVED TIME   RECORD YEAR NORMAL DEPARTURE LAST
                VALUE   (LST)  VALUE       VALUE  FROM      YEAR
                                                  NORMAL
..................................................................
TEMPERATURE (F)
 YESTERDAY
  MAXIMUM         85    509 PM 106    2007  86     -1       95
                                      1901
  MINIMUM         66   1155 PM  42    2004  58      8       65
  AVERAGE         76                        72      4       80

PRECIPITATION (IN)
  YESTERDAY        0.22          1.01 1970   0.09   0.13     0.43
  MONTH TO DATE    3.89                      2.21   1.68     1.51
  SINCE JUN 1      8.27                      5.38   2.89     6.49
  SINCE JAN 1     15.45                     10.85   4.60    13.76

SNOWFALL (IN)
  YESTERDAY        0.0           0.0  2002   0.0    0.0      0.0
                                      2001
  MONTH TO DATE    0.0                       0.0    0.0      0.0
  SINCE JUN 1      0.0                       0.0    0.0      0.0
  SINCE JUL 1      0.0                       0.0    0.0      0.0
  SNOW DEPTH       0

DEGREE DAYS
 HEATING
  YESTERDAY        0                         0      0        0
  MONTH TO DATE    8                        13     -5        7
  SINCE JUN 1     34                       106    -72       50
  SINCE JUL 1      8                        13     -5        7

 COOLING
  YESTERDAY       11                         7      4       15
  MONTH TO DATE  164                       144     20      162
  SINCE JUN 1    290                       227     63      256
  SINCE JAN 1    300                       244     56      262
..................................................................


WIND (MPH)
  HIGHEST WIND SPEED    25   HIGHEST WIND DIRECTION    NE (30)
  HIGHEST GUST SPEED    36   HIGHEST GUST DIRECTION     N (360)
  AVERAGE WIND SPEED    11.1


SKY COVER
  POSSIBLE SUNSHINE  MM
  AVERAGE SKY COVER 0.4


WEATHER CONDITIONS
 THE FOLLOWING WEATHER WAS RECORDED YESTERDAY.
  THUNDERSTORM
  HEAVY RAIN
  RAIN
  LIGHT RAIN
  FOG


RELATIVE HUMIDITY (PERCENT)
 HIGHEST    84           200 AM
 LOWEST     32           600 PM
 AVERAGE    58

..........................................................


THE BISMARCK ND CLIMATE NORMALS FOR TODAY
                         NORMAL    RECORD    YEAR
 MAXIMUM TEMPERATURE (F)   86       105      1976
 MINIMUM TEMPERATURE (F)   58        41      1891


SUNRISE AND SUNSET
JULY 24 2016..........SUNRISE   614 AM CDT   SUNSET   924 PM CDT
JULY 25 2016..........SUNRISE   615 AM CDT   SUNSET   923 PM CDT


-  INDICATES NEGATIVE NUMBERS.
R  INDICATES RECORD WAS SET OR TIED.
MM INDICATES DATA IS MISSING.
T  INDICATES TRACE AMOUNT.




$$
