000
CDUS43 KBIS 300743
CLIBIS


CLIMATE REPORT
NATIONAL WEATHER SERVICE BISMARCK ND
243 AM CDT TUE SEP 30 2014


...................................

...THE BISMARCK ND CLIMATE SUMMARY FOR SEPTEMBER 29 2014...

CLIMATE NORMAL PERIOD 1981 TO 2010
CLIMATE RECORD PERIOD 1875 TO 2014


WEATHER ITEM   OBSERVED TIME   RECORD YEAR NORMAL DEPARTURE LAST
                VALUE   (LST)  VALUE       VALUE  FROM      YEAR
                                                  NORMAL
..................................................................
TEMPERATURE (F)
 YESTERDAY
  MAXIMUM         61    211 PM  90    2007  66     -5       74
  MINIMUM         45    821 AM  20    1945  39      6       40
  AVERAGE         53                        52      1       57

PRECIPITATION (IN)
  YESTERDAY        T             0.91 1965   0.05  -0.05     0.00
  MONTH TO DATE    0.26                      1.55  -1.29     4.36
  SINCE SEP 1      0.26                      1.55  -1.29     4.36
  SINCE JAN 1     12.95                     15.36  -2.41    20.67

SNOWFALL (IN)
  YESTERDAY        0.0           0.0  2002   0.0    0.0      0.0
                                      2001
  MONTH TO DATE    0.0                       0.2   -0.2      0.0
  SINCE SEP 1      0.0                       0.2   -0.2      0.0
  SINCE JUL 1      0.0                       0.2   -0.2      0.0
  SNOW DEPTH       0

DEGREE DAYS
 HEATING
  YESTERDAY       12                        13     -1        8
  MONTH TO DATE  177                       217    -40       98
  SINCE SEP 1    177                       217    -40       98
  SINCE JUL 1    239                       272    -33      126

 COOLING
  YESTERDAY        0                         0      0        0
  MONTH TO DATE   51                        37     14       75
  SINCE SEP 1     51                        37     14       75
  SINCE JAN 1    457                       518    -61      555
..................................................................


WIND (MPH)
  HIGHEST WIND SPEED    18   HIGHEST WIND DIRECTION     E (110)
  HIGHEST GUST SPEED    23   HIGHEST GUST DIRECTION     E (80)
  AVERAGE WIND SPEED    11.9


SKY COVER
  POSSIBLE SUNSHINE  MM
  AVERAGE SKY COVER 1.0


WEATHER CONDITIONS
 THE FOLLOWING WEATHER WAS RECORDED YESTERDAY.
  NO SIGNIFICANT WEATHER WAS OBSERVED.


RELATIVE HUMIDITY (PERCENT)
 HIGHEST    92           700 AM
 LOWEST     67           200 PM
 AVERAGE    80

..........................................................


THE BISMARCK ND CLIMATE NORMALS FOR TODAY
                         NORMAL    RECORD    YEAR
 MAXIMUM TEMPERATURE (F)   66        95      1989
 MINIMUM TEMPERATURE (F)   39        10      1876


SUNRISE AND SUNSET
SEPTEMBER 30 2014.....SUNRISE   740 AM CDT   SUNSET   725 PM CDT
OCTOBER  1 2014.......SUNRISE   742 AM CDT   SUNSET   723 PM CDT


-  INDICATES NEGATIVE NUMBERS.
R  INDICATES RECORD WAS SET OR TIED.
MM INDICATES DATA IS MISSING.
T  INDICATES TRACE AMOUNT.




$$
