000
CDUS43 KBIS 220723
CLIBIS


CLIMATE REPORT
NATIONAL WEATHER SERVICE BISMARCK ND
223 AM CDT TUE JUL 22 2014


...................................

...THE BISMARCK ND CLIMATE SUMMARY FOR JULY 21 2014...

CLIMATE NORMAL PERIOD 1981 TO 2010
CLIMATE RECORD PERIOD 1875 TO 2014


WEATHER ITEM   OBSERVED TIME   RECORD YEAR NORMAL DEPARTURE LAST
                VALUE   (LST)  VALUE       VALUE  FROM      YEAR
                                                  NORMAL
..................................................................
TEMPERATURE (F)
 YESTERDAY
  MAXIMUM         90    209 PM 104    1921  86      4       89
  MINIMUM         64   1159 PM  42    1947  58      6       55
                                      1895
  AVERAGE         77                        72      5       72

PRECIPITATION (IN)
  YESTERDAY        0.30          1.65 2000   0.09   0.21     0.67
  MONTH TO DATE    0.72                      2.03  -1.31     1.25
  SINCE JUN 1      3.74                      5.20  -1.46     3.96
  SINCE JAN 1      7.93                     10.67  -2.74    14.56

SNOWFALL (IN)
  YESTERDAY        0.0           0.0  2002   0.0    0.0      0.0
                                      2001
  MONTH TO DATE    0.0                       0.0    0.0      0.0
  SINCE JUN 1      0.0                       0.0    0.0      0.0
  SINCE JUL 1      0.0                       0.0    0.0      0.0
  SNOW DEPTH       0

DEGREE DAYS
 HEATING
  YESTERDAY        0                         0      0        0
  MONTH TO DATE   21                        13      8        1
  SINCE JUN 1    115                       106      9       87
  SINCE JUL 1     21                        13      8        1

 COOLING
  YESTERDAY       12                         7      5        7
  MONTH TO DATE  104                       130    -26      172
  SINCE JUN 1    157                       213    -56      256
  SINCE JAN 1    208                       230    -22      268
..................................................................


WIND (MPH)
  HIGHEST WIND SPEED    44   HIGHEST WIND DIRECTION     W (290)
  HIGHEST GUST SPEED    54   HIGHEST GUST DIRECTION    NW (310)
  AVERAGE WIND SPEED     9.1


SKY COVER
  POSSIBLE SUNSHINE  MM
  AVERAGE SKY COVER 0.1


WEATHER CONDITIONS
 THE FOLLOWING WEATHER WAS RECORDED YESTERDAY.
  THUNDERSTORM
  HEAVY RAIN
  LIGHT RAIN
  FOG
  HAZE


RELATIVE HUMIDITY (PERCENT)
 HIGHEST    93           500 AM
 LOWEST     59          1100 AM
 AVERAGE    76

..........................................................


THE BISMARCK ND CLIMATE NORMALS FOR TODAY
                         NORMAL    RECORD    YEAR
 MAXIMUM TEMPERATURE (F)   86       103      1901
 MINIMUM TEMPERATURE (F)   58        43      1896


SUNRISE AND SUNSET
JULY 22 2014..........SUNRISE   611 AM CDT   SUNSET   927 PM CDT
JULY 23 2014..........SUNRISE   613 AM CDT   SUNSET   926 PM CDT


-  INDICATES NEGATIVE NUMBERS.
R  INDICATES RECORD WAS SET OR TIED.
MM INDICATES DATA IS MISSING.
T  INDICATES TRACE AMOUNT.




$$
