000
CDUS43 KBIS 160744
CLIBIS


CLIMATE REPORT
NATIONAL WEATHER SERVICE BISMARCK ND
144 AM CST MON JAN 16 2017


...................................

...THE BISMARCK ND CLIMATE SUMMARY FOR JANUARY 15 2017...

CLIMATE NORMAL PERIOD 1981 TO 2010
CLIMATE RECORD PERIOD 1875 TO 2017


WEATHER ITEM   OBSERVED TIME   RECORD YEAR NORMAL DEPARTURE LAST
                VALUE   (LST)  VALUE       VALUE  FROM      YEAR
                                                  NORMAL
..................................................................
TEMPERATURE (F)
 YESTERDAY
  MAXIMUM         13    257 PM  54    1921  23    -10       20
  MINIMUM        -15    713 AM -44    2009   2    -17        0
  AVERAGE         -1                        12    -13       10

PRECIPITATION (IN)
  YESTERDAY        0.00          0.21 1943   0.01  -0.01      T
  MONTH TO DATE    0.61                      0.23   0.38     0.12
  SINCE DEC 1      2.66                      0.72   1.94     1.03
  SINCE JAN 1      0.61                      0.23   0.38     0.12

SNOWFALL (IN)
  YESTERDAY        0.0           2.4  1928   0.3   -0.3      0.4
  MONTH TO DATE   14.0                       4.8    9.2      1.4
  SINCE DEC 1     38.5                      14.1   24.4     14.2
  SINCE JUL 1     57.5                      25.3   32.2     16.0
  SNOW DEPTH      11

DEGREE DAYS
 HEATING
  YESTERDAY       66                        53     13       55
  MONTH TO DATE 1023                       790    233      767
  SINCE DEC 1   2703                      2304    399     2090
  SINCE JUL 1   4183                      4290   -107     3675

 COOLING
  YESTERDAY        0                         0      0        0
  MONTH TO DATE    0                         0      0        0
  SINCE DEC 1      0                         0      0        0
  SINCE JAN 1      0                         0      0        0
..................................................................


WIND (MPH)
  HIGHEST WIND SPEED    10   HIGHEST WIND DIRECTION    SE (140)
  HIGHEST GUST SPEED    11   HIGHEST GUST DIRECTION    SE (150)
  AVERAGE WIND SPEED     2.5


SKY COVER
  POSSIBLE SUNSHINE  MM
  AVERAGE SKY COVER 0.0


WEATHER CONDITIONS
 THE FOLLOWING WEATHER WAS RECORDED YESTERDAY.
  FOG
  HAZE


RELATIVE HUMIDITY (PERCENT)
 HIGHEST    87           900 PM
 LOWEST     66           200 PM
 AVERAGE    77

..........................................................


THE BISMARCK ND CLIMATE NORMALS FOR TODAY
                         NORMAL    RECORD    YEAR
 MAXIMUM TEMPERATURE (F)   23        54      1961
 MINIMUM TEMPERATURE (F)    2       -35      1890


SUNRISE AND SUNSET
JANUARY 16 2017.......SUNRISE   823 AM CST   SUNSET   524 PM CST
JANUARY 17 2017.......SUNRISE   822 AM CST   SUNSET   525 PM CST


-  INDICATES NEGATIVE NUMBERS.
R  INDICATES RECORD WAS SET OR TIED.
MM INDICATES DATA IS MISSING.
T  INDICATES TRACE AMOUNT.




$$
