105
CDUS43 KBIS 260805
CLIBIS


CLIMATE REPORT
NATIONAL WEATHER SERVICE BISMARCK ND
305 AM CDT WED APR 26 2017


...................................

...THE BISMARCK ND CLIMATE SUMMARY FOR APRIL 25 2017...

CLIMATE NORMAL PERIOD 1981 TO 2010
CLIMATE RECORD PERIOD 1875 TO 2017


WEATHER ITEM   OBSERVED TIME   RECORD YEAR NORMAL DEPARTURE LAST
                VALUE   (LST)  VALUE       VALUE  FROM      YEAR
                                                  NORMAL
..................................................................
TEMPERATURE (F)
 YESTERDAY
  MAXIMUM         37   1159 PM  90    1891  62    -25       42
  MINIMUM         30    900 AM  15    1907  34     -4       38
  AVERAGE         34                        48    -14       40

PRECIPITATION (IN)
  YESTERDAY        0.00          0.93 2016   0.05  -0.05     0.93
  MONTH TO DATE    0.96                      0.98  -0.02     3.98
  SINCE MAR 1      1.48                      1.85  -0.37     4.41
  SINCE JAN 1      2.88                      2.79   0.09     5.05

SNOWFALL (IN)
  YESTERDAY        0.0           4.3  1994   0.1   -0.1       T
  MONTH TO DATE    0.0                       3.9   -3.9      0.2
  SINCE MAR 1      8.7                      13.0   -4.3      3.5
  SINCE JUL 1     71.6                      50.5   21.1     24.1
  SNOW DEPTH       0

DEGREE DAYS
 HEATING
  YESTERDAY       31                        17     14       25
  MONTH TO DATE  474                       557    -83      498
  SINCE MAR 1   1517                      1645   -128     1296
  SINCE JUL 1   7519                      8076   -557     6616

 COOLING
  YESTERDAY        0                         0      0        0
  MONTH TO DATE    0                         0      0        0
  SINCE MAR 1      0                         0      0        0
  SINCE JAN 1      0                         0      0        0
..................................................................


WIND (MPH)
  HIGHEST WIND SPEED    24   HIGHEST WIND DIRECTION    NE (40)
  HIGHEST GUST SPEED    30   HIGHEST GUST DIRECTION    NE (40)
  AVERAGE WIND SPEED    15.1


SKY COVER
  POSSIBLE SUNSHINE  MM
  AVERAGE SKY COVER 1.0


WEATHER CONDITIONS
 THE FOLLOWING WEATHER WAS RECORDED YESTERDAY.
  NO SIGNIFICANT WEATHER WAS OBSERVED.


RELATIVE HUMIDITY (PERCENT)
 HIGHEST    92           500 AM
 LOWEST     64           700 PM
 AVERAGE    78

..........................................................


THE BISMARCK ND CLIMATE NORMALS FOR TODAY
                         NORMAL    RECORD    YEAR
 MAXIMUM TEMPERATURE (F)   62        92      1952
 MINIMUM TEMPERATURE (F)   35        19      2002
                                             1920


SUNRISE AND SUNSET
APRIL 26 2017.........SUNRISE   636 AM CDT   SUNSET   847 PM CDT
APRIL 27 2017.........SUNRISE   634 AM CDT   SUNSET   848 PM CDT


-  INDICATES NEGATIVE NUMBERS.
R  INDICATES RECORD WAS SET OR TIED.
MM INDICATES DATA IS MISSING.
T  INDICATES TRACE AMOUNT.




$$
