278
CDUS43 KBIS 230730
CLIBIS


CLIMATE REPORT
NATIONAL WEATHER SERVICE BISMARCK ND
229 AM CDT FRI JUN 23 2017


...................................

...THE BISMARCK ND CLIMATE SUMMARY FOR JUNE 22 2017...

CLIMATE NORMAL PERIOD 1981 TO 2010
CLIMATE RECORD PERIOD 1875 TO 2017


WEATHER ITEM   OBSERVED TIME   RECORD YEAR NORMAL DEPARTURE LAST
                VALUE   (LST)  VALUE       VALUE  FROM      YEAR
                                                  NORMAL
..................................................................
TEMPERATURE (F)
 YESTERDAY
  MAXIMUM         79    338 PM  96    1987  79      0       73
  MINIMUM         53    201 AM  39    1885  54     -1       54
  AVERAGE         66                        66      0       64

PRECIPITATION (IN)
  YESTERDAY        T             1.66 1943   0.11  -0.11     0.40
  MONTH TO DATE    1.20                      2.34  -1.14     3.70
  SINCE JUN 1      1.20                      2.34  -1.14     3.70
  SINCE JAN 1      4.33                      7.81  -3.48    10.88

DEGREE DAYS
 HEATING
  YESTERDAY        0                         2     -2        1
  MONTH TO DATE    3                        80    -77       22
  SINCE JUN 1      3                        80    -77       22
  SINCE JUL 1   7888                      8545   -657     6979

 COOLING
  YESTERDAY        1                         4     -3        0
  MONTH TO DATE  108                        49     59       95
  SINCE JUN 1    108                        49     59       95
  SINCE JAN 1    122                        66     56      105
..................................................................


WIND (MPH)
  HIGHEST WIND SPEED    28   HIGHEST WIND DIRECTION     W (290)
  HIGHEST GUST SPEED    40   HIGHEST GUST DIRECTION     W (290)
  AVERAGE WIND SPEED    13.9


SKY COVER
  POSSIBLE SUNSHINE  MM
  AVERAGE SKY COVER 0.4


WEATHER CONDITIONS
 THE FOLLOWING WEATHER WAS RECORDED YESTERDAY.
  NO SIGNIFICANT WEATHER WAS OBSERVED.


RELATIVE HUMIDITY (PERCENT)
 HIGHEST    72           200 AM
 LOWEST     19           200 PM
 AVERAGE    46

..........................................................


THE BISMARCK ND CLIMATE NORMALS FOR TODAY
                         NORMAL    RECORD    YEAR
 MAXIMUM TEMPERATURE (F)   80       103      1988
 MINIMUM TEMPERATURE (F)   54        33      1942


SUNRISE AND SUNSET
JUNE 23 2017..........SUNRISE   550 AM CDT   SUNSET   941 PM CDT
JUNE 24 2017..........SUNRISE   550 AM CDT   SUNSET   941 PM CDT


-  INDICATES NEGATIVE NUMBERS.
R  INDICATES RECORD WAS SET OR TIED.
MM INDICATES DATA IS MISSING.
T  INDICATES TRACE AMOUNT.




$$
