950
CDUS43 KGRR 250533
CLIBIV


CLIMATE REPORT
NATIONAL WEATHER SERVICE GRAND RAPIDS, MI
133 AM EDT MON JUL 25 2016


...................................

...THE HOLLAND/TULIP CITY MI CLIMATE SUMMARY FOR JULY 24 2016...

CLIMATE NORMAL PERIOD 1981 TO 2010
CLIMATE RECORD PERIOD 1996 TO 2016


WEATHER ITEM   OBSERVED TIME   NORMAL DEPARTURE LAST
                VALUE   (LST)  VALUE  FROM      YEAR
                                      NORMAL
......................................................
TEMPERATURE (F)
 YESTERDAY
  MAXIMUM         91    429 PM  82      9       84
  MINIMUM         69    925 AM  63      6       60
  AVERAGE         80            72      8       72

PRECIPITATION (IN)
  YESTERDAY       MM             0.08  MM        0.00
  MONTH TO DATE    1.17          2.21  -1.04     2.29
  SINCE JUN 1      3.45          6.43  -2.98     3.73
  SINCE JAN 1     16.58         19.02  -2.44    14.54

DEGREE DAYS
 HEATING
  YESTERDAY        0             0      0        0
  MONTH TO DATE    7             0      7       10
  SINCE JUN 1     43            48     -5       34
  SINCE JUL 1      7             0      7       10

 COOLING
  YESTERDAY       15             8      7        7
  MONTH TO DATE  190           186      4      108
  SINCE JUN 1    322           332    -10      192
  SINCE JAN 1    381           374      7      241
......................................................


WIND (MPH)
  RESULTANT WIND SPEED  10   RESULTANT WIND DIRECTION   S (200)
  HIGHEST WIND SPEED    24   HIGHEST WIND DIRECTION    SW (210)
  HIGHEST GUST SPEED    31   HIGHEST GUST DIRECTION    SW (210)
  AVERAGE WIND SPEED    11.0


SKY COVER
  AVERAGE SKY COVER 0.5


WEATHER CONDITIONS
 THE FOLLOWING WEATHER WAS RECORDED YESTERDAY.
  THUNDERSTORM
  HEAVY RAIN
  RAIN
  LIGHT RAIN
  FOG


RELATIVE HUMIDITY (PERCENT)
 HIGHEST    97          1000 AM
 LOWEST     58          1000 PM
 AVERAGE    78

..........................................................


THE HOLLAND/TULIP CITY MI CLIMATE NORMALS FOR TODAY
                         NORMAL
 MAXIMUM TEMPERATURE (F)   82
 MINIMUM TEMPERATURE (F)   63


SUNRISE AND SUNSET
JULY 25 2016..........SUNRISE   629 AM EDT   SUNSET   912 PM EDT
JULY 26 2016..........SUNRISE   630 AM EDT   SUNSET   911 PM EDT


-  INDICATES NEGATIVE NUMBERS.
R  INDICATES RECORD WAS SET OR TIED.
MM INDICATES DATA IS MISSING.
T  INDICATES TRACE AMOUNT.




$$
