000
CDUS43 KGRR 240516
CLIBIV


CLIMATE REPORT
NATIONAL WEATHER SERVICE GRAND RAPIDS, MI
116 AM EDT FRI MAR 24 2017


...................................

...THE HOLLAND/TULIP CITY MI CLIMATE SUMMARY FOR MARCH 23 2017...

CLIMATE NORMAL PERIOD 1981 TO 2010
CLIMATE RECORD PERIOD 1996 TO 2017


WEATHER ITEM   OBSERVED TIME   NORMAL DEPARTURE LAST
                VALUE   (LST)  VALUE  FROM      YEAR
                                      NORMAL
......................................................
TEMPERATURE (F)
 YESTERDAY
  MAXIMUM         49    437 PM  48      1       48
  MINIMUM         22    240 AM  31     -9       34
  AVERAGE         36            39     -3       41

PRECIPITATION (IN)
  YESTERDAY        0.23          0.07   0.16     0.12
  MONTH TO DATE    0.98          1.73  -0.75     1.55
  SINCE MAR 1      0.98          1.73  -0.75     1.55
  SINCE JAN 1      5.64          5.62   0.02     5.41

DEGREE DAYS
 HEATING
  YESTERDAY       29            26      3       24
  MONTH TO DATE  720           682     38      586
  SINCE MAR 1    720           682     38      586
  SINCE JUL 1   4582          5182   -600     4576

 COOLING
  YESTERDAY        0             0      0        0
  MONTH TO DATE    0             0      0        0
  SINCE MAR 1      0             0      0        0
  SINCE JAN 1      0             0      0        0
......................................................


WIND (MPH)
  RESULTANT WIND SPEED  10   RESULTANT WIND DIRECTION  SE (140)
  HIGHEST WIND SPEED    21   HIGHEST WIND DIRECTION    SE (150)
  HIGHEST GUST SPEED    27   HIGHEST GUST DIRECTION     S (160)
  AVERAGE WIND SPEED    10.8


SKY COVER
  AVERAGE SKY COVER 0.6


WEATHER CONDITIONS
 THE FOLLOWING WEATHER WAS RECORDED YESTERDAY.
  THUNDERSTORM
  HEAVY RAIN
  RAIN
  LIGHT RAIN
  FOG


RELATIVE HUMIDITY (PERCENT)
 HIGHEST    85          1100 PM
 LOWEST     19           300 PM
 AVERAGE    52

..........................................................


THE HOLLAND/TULIP CITY MI CLIMATE NORMALS FOR TODAY
                         NORMAL
 MAXIMUM TEMPERATURE (F)   48
 MINIMUM TEMPERATURE (F)   31


SUNRISE AND SUNSET
MARCH 24 2017.........SUNRISE   740 AM EDT   SUNSET   802 PM EDT
MARCH 25 2017.........SUNRISE   739 AM EDT   SUNSET   803 PM EDT


-  INDICATES NEGATIVE NUMBERS.
R  INDICATES RECORD WAS SET OR TIED.
MM INDICATES DATA IS MISSING.
T  INDICATES TRACE AMOUNT.




$$
