000
CDUS43 KGRR 021337
CLIBIV


CLIMATE REPORT
NATIONAL WEATHER SERVICE GRAND RAPIDS, MI
936 AM EDT TUE JUN 2 2015


...................................

...THE HOLLAND/TULIP CITY MI CLIMATE SUMMARY FOR JUNE 2 2015...
VALID AS OF 0900 AM LOCAL TIME.

CLIMATE NORMAL PERIOD 1981 TO 2010
CLIMATE RECORD PERIOD 1996 TO 2015


WEATHER ITEM   OBSERVED TIME   NORMAL DEPARTURE LAST
                VALUE   (LST)  VALUE  FROM      YEAR
                                      NORMAL
......................................................
TEMPERATURE (F)
 TODAY
  MAXIMUM         56    759 AM  75    -19       85
  MINIMUM         40    456 AM  54    -14       70
  AVERAGE         48            64    -16       78

PRECIPITATION (IN)
  TODAY            0.00          0.11  -0.11     0.01
  MONTH TO DATE    0.00          0.23  -0.23     0.01
  SINCE JUN 1      0.00          0.23  -0.23     0.01
  SINCE JAN 1     10.81         12.82  -2.01     9.54

DEGREE DAYS
 HEATING
  TODAY           17             4     13        0
  MONTH TO DATE   26             8     18        0
  SINCE JUN 1     26             8     18        0
  SINCE JUL 1   6660          6120    540     7025

 COOLING
  TODAY            0             3     -3       13
  MONTH TO DATE    0             6     -6       24
  SINCE JUN 1      0             6     -6       24
  SINCE JAN 1     49            48      1       63
......................................................


WIND (MPH)
  RESULTANT WIND SPEED   4   RESULTANT WIND DIRECTION   E (80)
  HIGHEST WIND SPEED     7   HIGHEST WIND DIRECTION     E (90)
  HIGHEST GUST SPEED     9   HIGHEST GUST DIRECTION     E (90)
  AVERAGE WIND SPEED     3.8


SKY COVER
  AVERAGE SKY COVER 0.0


WEATHER CONDITIONS
 THE FOLLOWING WEATHER WAS RECORDED TODAY.
  NO SIGNIFICANT WEATHER WAS OBSERVED.


RELATIVE HUMIDITY (PERCENT)
 HIGHEST    89           600 AM
 LOWEST     66           800 AM
 AVERAGE    78

..........................................................


THE HOLLAND/TULIP CITY MI CLIMATE NORMALS FOR TOMORROW
                         NORMAL
 MAXIMUM TEMPERATURE (F)   75
 MINIMUM TEMPERATURE (F)   54


SUNRISE AND SUNSET
JUNE  2 2015..........SUNRISE   609 AM EDT   SUNSET   917 PM EDT
JUNE  3 2015..........SUNRISE   608 AM EDT   SUNSET   918 PM EDT


-  INDICATES NEGATIVE NUMBERS.
R  INDICATES RECORD WAS SET OR TIED.
MM INDICATES DATA IS MISSING.
T  INDICATES TRACE AMOUNT.




$$

jam
