000
CDUS43 KGRR 252126
CLIBIV


CLIMATE REPORT
NATIONAL WEATHER SERVICE GRAND RAPIDS, MI
525 PM EDT THU AUG 25 2016


...................................

...THE HOLLAND/TULIP CITY MI CLIMATE SUMMARY FOR AUGUST 25 2016...
VALID TODAY AS OF 0500 PM LOCAL TIME.

CLIMATE NORMAL PERIOD 1981 TO 2010
CLIMATE RECORD PERIOD 1996 TO 2016


WEATHER ITEM   OBSERVED TIME   NORMAL DEPARTURE LAST
                VALUE   (LST)  VALUE  FROM      YEAR
                                      NORMAL
......................................................
TEMPERATURE (F)
 TODAY
  MAXIMUM         80   1025 AM  80      0       64
  MINIMUM         72   1203 AM  60     12       58
  AVERAGE         76            70      6       61

PRECIPITATION (IN)
  TODAY            0.15          0.13   0.02      T
  MONTH TO DATE    4.71          2.85   1.86     2.49
  SINCE JUN 1      8.37          9.90  -1.53     6.22
  SINCE JAN 1     21.50         22.49  -0.99    17.03

DEGREE DAYS
 HEATING
  TODAY            0             0      0        4
  MONTH TO DATE    0             0      0        4
  SINCE JUN 1     43            54    -11       38
  SINCE JUL 1      7             6      1       14

 COOLING
  TODAY           11             5      6        0
  MONTH TO DATE  201           164     37      149
  SINCE JUN 1    577           545     32      416
  SINCE JAN 1    636           587     49      465
......................................................


WIND (MPH)
  RESULTANT WIND SPEED   5   RESULTANT WIND DIRECTION   W (260)
  HIGHEST WIND SPEED    16   HIGHEST WIND DIRECTION    SW (240)
  HIGHEST GUST SPEED    22   HIGHEST GUST DIRECTION    SW (230)
  AVERAGE WIND SPEED     6.2


SKY COVER
  AVERAGE SKY COVER 0.6


WEATHER CONDITIONS
 THE FOLLOWING WEATHER WAS RECORDED TODAY.
  THUNDERSTORM
  HEAVY RAIN
  RAIN
  LIGHT RAIN
  FOG


RELATIVE HUMIDITY (PERCENT)
 HIGHEST    94           300 AM
 LOWEST     69           300 PM
 AVERAGE    82

..........................................................


THE HOLLAND/TULIP CITY MI CLIMATE NORMALS FOR TOMORROW
                         NORMAL
 MAXIMUM TEMPERATURE (F)   80
 MINIMUM TEMPERATURE (F)   60


SUNRISE AND SUNSET
AUGUST 25 2016........SUNRISE   702 AM EDT   SUNSET   830 PM EDT
AUGUST 26 2016........SUNRISE   703 AM EDT   SUNSET   828 PM EDT


-  INDICATES NEGATIVE NUMBERS.
R  INDICATES RECORD WAS SET OR TIED.
MM INDICATES DATA IS MISSING.
T  INDICATES TRACE AMOUNT.




$$

JAM
