000
CDUS43 KGRR 242126
CLIBIV


CLIMATE REPORT
NATIONAL WEATHER SERVICE GRAND RAPIDS, MI
525 PM EDT SAT JUN 24 2017


...................................

...THE HOLLAND/TULIP CITY MI CLIMATE SUMMARY FOR JUNE 24 2017...
VALID TODAY AS OF 0500 PM LOCAL TIME.

CLIMATE NORMAL PERIOD 1981 TO 2010
CLIMATE RECORD PERIOD 1996 TO 2017


WEATHER ITEM   OBSERVED TIME   NORMAL DEPARTURE LAST
                VALUE   (LST)  VALUE  FROM      YEAR
                                      NORMAL
......................................................
TEMPERATURE (F)
 TODAY
  MAXIMUM         71    353 PM  81    -10       85
  MINIMUM         62    534 AM  60      2       59
  AVERAGE         67            71     -4       72

PRECIPITATION (IN)
  TODAY            0.00          0.14  -0.14     0.00
  MONTH TO DATE    2.19          3.45  -1.26     1.96
  SINCE JUN 1      2.19          3.45  -1.26     1.96
  SINCE JAN 1     17.36         16.04   1.32    15.09

DEGREE DAYS
 HEATING
  TODAY            0             1     -1        0
  MONTH TO DATE    9            45    -36       32
  SINCE JUN 1      9            45    -36       32
  SINCE JUL 1   5439          6157   -718     5534

 COOLING
  TODAY            2             6     -4        7
  MONTH TO DATE  140           105     35      101
  SINCE JUN 1    140           105     35      101
  SINCE JAN 1    171           147     24      160
......................................................


WIND (MPH)
  RESULTANT WIND SPEED  10   RESULTANT WIND DIRECTION   W (290)
  HIGHEST WIND SPEED    18   HIGHEST WIND DIRECTION     W (260)
  HIGHEST GUST SPEED    27   HIGHEST GUST DIRECTION     W (260)
  AVERAGE WIND SPEED    10.0


SKY COVER
  AVERAGE SKY COVER 0.3


WEATHER CONDITIONS
 THE FOLLOWING WEATHER WAS RECORDED TODAY.
  NO SIGNIFICANT WEATHER WAS OBSERVED.


RELATIVE HUMIDITY (PERCENT)
 HIGHEST    78           500 AM
 LOWEST     49           400 PM
 AVERAGE    64

..........................................................


THE HOLLAND/TULIP CITY MI CLIMATE NORMALS FOR TOMORROW
                         NORMAL
 MAXIMUM TEMPERATURE (F)   81
 MINIMUM TEMPERATURE (F)   61


SUNRISE AND SUNSET
JUNE 24 2017..........SUNRISE   607 AM EDT   SUNSET   927 PM EDT
JUNE 25 2017..........SUNRISE   607 AM EDT   SUNSET   927 PM EDT


-  INDICATES NEGATIVE NUMBERS.
R  INDICATES RECORD WAS SET OR TIED.
MM INDICATES DATA IS MISSING.
T  INDICATES TRACE AMOUNT.




$$
