000
CDUS43 KGRR 060518
CLIBIV


CLIMATE REPORT
NATIONAL WEATHER SERVICE GRAND RAPIDS, MI
1216 AM EST FRI MAR 6 2015


...................................

...THE HOLLAND/TULIP CITY MI CLIMATE SUMMARY FOR MARCH 5 2015...

CLIMATE NORMAL PERIOD 1981 TO 2010
CLIMATE RECORD PERIOD 1996 TO 2015


WEATHER ITEM   OBSERVED TIME   NORMAL DEPARTURE LAST
                VALUE   (LST)  VALUE  FROM      YEAR
                                      NORMAL
......................................................
TEMPERATURE (F)
 YESTERDAY
  MAXIMUM         20    142 PM  41    -21       24
  MINIMUM         -2   1045 PM  26    -28       12
  AVERAGE          9            33    -24       18

PRECIPITATION (IN)
  YESTERDAY        T             0.08  -0.08     0.00
  MONTH TO DATE    0.22          0.41  -0.19     0.13
  SINCE MAR 1      0.22          0.41  -0.19     0.13
  SINCE JAN 1      1.70          4.30  -2.60     4.09

DEGREE DAYS
 HEATING
  YESTERDAY       56            32     24       47
  MONTH TO DATE  221           163     58      262
  SINCE MAR 1    221           163     58      262
  SINCE JUL 1   5188          4663    525     5420

 COOLING
  YESTERDAY        0             0      0        0
  MONTH TO DATE    0             0      0        0
  SINCE MAR 1      0             0      0        0
  SINCE JAN 1      0             0      0        0
......................................................


WIND (MPH)
  RESULTANT WIND SPEED   1   RESULTANT WIND DIRECTION   N (360)
  HIGHEST WIND SPEED    14   HIGHEST WIND DIRECTION     W (270)
  HIGHEST GUST SPEED    18   HIGHEST GUST DIRECTION     W (270)
  AVERAGE WIND SPEED     5.8


SKY COVER
  AVERAGE SKY COVER 0.5


WEATHER CONDITIONS
 THE FOLLOWING WEATHER WAS RECORDED YESTERDAY.
  LIGHT SNOW


RELATIVE HUMIDITY (PERCENT)
 HIGHEST    88           400 AM
 LOWEST     49           200 PM
 AVERAGE    69

..........................................................


THE HOLLAND/TULIP CITY MI CLIMATE NORMALS FOR TODAY
                         NORMAL
 MAXIMUM TEMPERATURE (F)   41
 MINIMUM TEMPERATURE (F)   26


SUNRISE AND SUNSET
MARCH  6 2015.........SUNRISE   713 AM EST   SUNSET   640 PM EST
MARCH  7 2015.........SUNRISE   711 AM EST   SUNSET   641 PM EST


-  INDICATES NEGATIVE NUMBERS.
R  INDICATES RECORD WAS SET OR TIED.
MM INDICATES DATA IS MISSING.
T  INDICATES TRACE AMOUNT.




$$

CAS
