000
CDUS46 KBOI 300933
CLIBKE


CLIMATE REPORT
NATIONAL WEATHER SERVICE BOISE ID
332 AM MDT SAT AUG 30 2014


...................................

...THE BAKER OR CLIMATE SUMMARY FOR AUGUST 29 2014...

CLIMATE NORMAL PERIOD 1981 TO 2010
CLIMATE RECORD PERIOD 1948 TO 2014


WEATHER ITEM   OBSERVED TIME   RECORD YEAR NORMAL DEPARTURE LAST
                VALUE   (LST)  VALUE       VALUE  FROM      YEAR
                                                  NORMAL
..................................................................
TEMPERATURE (F)
 YESTERDAY
  MAXIMUM         87    301 PM  95    1999  81      6       93
  MINIMUM         39    457 AM  32    1980  42     -3       47
  AVERAGE         63                        62      1       70

PRECIPITATION (IN)
  YESTERDAY        T             0.45 1994   0.03  -0.03     0.00
  MONTH TO DATE    0.51                      0.66  -0.15     0.47
  SINCE OCT 1      6.60                      9.53  -2.93     8.33
  SINCE JAN 1      5.43                      7.02  -1.59     6.15

DEGREE DAYS
 HEATING
  YESTERDAY        2                         4     -2        0
  MONTH TO DATE   48                        70    -22       11
  SINCE JUN 1    294                       366    -72      228
  SINCE JUL 1     61                       140    -79       32

 COOLING
  YESTERDAY        0                         1     -1        5
  MONTH TO DATE   70                        64      6       92
  SINCE JUN 1    235                       155     80      221
  SINCE JAN 1    235                       157     78      225
..................................................................


WIND (MPH)
  RESULTANT WIND SPEED   5   RESULTANT WIND DIRECTION  NW (320)
  HIGHEST WIND SPEED    28   HIGHEST WIND DIRECTION    NW (330)
  HIGHEST GUST SPEED    36   HIGHEST GUST DIRECTION    NW (330)
  AVERAGE WIND SPEED     6.2


SKY COVER
  AVERAGE SKY COVER 0.1


WEATHER CONDITIONS
 THE FOLLOWING WEATHER WAS RECORDED YESTERDAY.
  LIGHT RAIN


RELATIVE HUMIDITY (PERCENT)
 HIGHEST    92           500 AM
 LOWEST     19           300 PM
 AVERAGE    56

..........................................................


THE BAKER OR CLIMATE NORMALS FOR TODAY
                         NORMAL    RECORD    YEAR
 MAXIMUM TEMPERATURE (F)   81        96      1996
 MINIMUM TEMPERATURE (F)   42        30      1965


SUNRISE AND SUNSET
AUGUST 30 2014........SUNRISE   611 AM PDT   SUNSET   732 PM PDT
AUGUST 31 2014........SUNRISE   612 AM PDT   SUNSET   730 PM PDT


-  INDICATES NEGATIVE NUMBERS.
R  INDICATES RECORD WAS SET OR TIED.
MM INDICATES DATA IS MISSING.
T  INDICATES TRACE AMOUNT.




$$
