000
CDUS46 KBOI 160931
CLIBKE


CLIMATE REPORT
NATIONAL WEATHER SERVICE BOISE ID
231 AM MST TUE JAN 16 2018


...................................

...THE BAKER OR CLIMATE SUMMARY FOR JANUARY 15 2018...

CLIMATE NORMAL PERIOD 1981 TO 2010
CLIMATE RECORD PERIOD 1928 TO 2018


WEATHER ITEM   OBSERVED TIME   RECORD YEAR NORMAL DEPARTURE LAST
                VALUE   (LST)  VALUE       VALUE  FROM      YEAR
                                                  NORMAL
..................................................................
TEMPERATURE (F)
 YESTERDAY
  MAXIMUM         49   1233 PM  57    1974  34     15        6
  MINIMUM         27   1228 AM -19    1947  16     11      -17
  AVERAGE         38                        25     13       -5

PRECIPITATION (IN)
  YESTERDAY        0.00          0.59 1971   0.03  -0.03      T
  MONTH TO DATE    0.52                      0.43   0.09     0.38
  SINCE OCT 1      1.78                      2.94  -1.16     3.12
  SINCE JAN 1      0.52                      0.43   0.09     0.38

DEGREE DAYS
 HEATING
  YESTERDAY       27                        40    -13       70
  MONTH TO DATE  451                       609   -158      865
  SINCE DEC 1   1690                      1857   -167     2418
  SINCE JUL 1   3320                      3894   -574     4192

 COOLING
  YESTERDAY        0                         0      0        0
  MONTH TO DATE    0                         0      0        0
  SINCE DEC 1      0                         0      0        0
  SINCE JAN 1      0                         0      0        0
..................................................................


WIND (MPH)
  RESULTANT WIND SPEED   9   RESULTANT WIND DIRECTION   E (100)
  HIGHEST WIND SPEED    18   HIGHEST WIND DIRECTION     E (100)
  HIGHEST GUST SPEED    22   HIGHEST GUST DIRECTION     E (100)
  AVERAGE WIND SPEED    10.4


SKY COVER
  AVERAGE SKY COVER 0.0


WEATHER CONDITIONS
 THE FOLLOWING WEATHER WAS RECORDED YESTERDAY.
  NO SIGNIFICANT WEATHER WAS OBSERVED.


RELATIVE HUMIDITY (PERCENT)
 HIGHEST    85          1200 AM
 LOWEST     53           100 PM
 AVERAGE    69

..........................................................


THE BAKER OR CLIMATE NORMALS FOR TODAY
                         NORMAL    RECORD    YEAR
 MAXIMUM TEMPERATURE (F)   34        52      1974
 MINIMUM TEMPERATURE (F)   16       -18      2017


SUNRISE AND SUNSET
JANUARY 16 2018.......SUNRISE   725 AM PST   SUNSET   438 PM PST
JANUARY 17 2018.......SUNRISE   724 AM PST   SUNSET   439 PM PST


-  INDICATES NEGATIVE NUMBERS.
R  INDICATES RECORD WAS SET OR TIED.
MM INDICATES DATA IS MISSING.
T  INDICATES TRACE AMOUNT.




$$
