000
CDUS46 KBOI 280932
CLIBKE


CLIMATE REPORT
NATIONAL WEATHER SERVICE BOISE ID
331 AM MDT MON JUL 28 2014


...................................

...THE BAKER OR CLIMATE SUMMARY FOR JULY 27 2014...

CLIMATE NORMAL PERIOD 1981 TO 2010
CLIMATE RECORD PERIOD 1948 TO 2014


WEATHER ITEM   OBSERVED TIME   RECORD YEAR NORMAL DEPARTURE LAST
                VALUE   (LST)  VALUE       VALUE  FROM      YEAR
                                                  NORMAL
..................................................................
TEMPERATURE (F)
 YESTERDAY
  MAXIMUM         96    408 PM 102    1999  87      9       86
  MINIMUM         44    421 AM  39    2005  47     -3       52
  AVERAGE         70                        67      3       69

PRECIPITATION (IN)
  YESTERDAY        0.00          0.24 1956   0.02  -0.02     0.00
  MONTH TO DATE    0.05                      0.58  -0.53     0.05
  SINCE OCT 1      6.09                      8.80  -2.71     7.86
  SINCE JAN 1      4.92                      6.29  -1.37     5.68

DEGREE DAYS
 HEATING
  YESTERDAY        0                         1     -1        0
  MONTH TO DATE   13                        63    -50       15
  SINCE JUN 1    246                       289    -43      211
  SINCE JUL 1     13                        63    -50       15

 COOLING
  YESTERDAY        5                         3      2        4
  MONTH TO DATE  127                        62     65       98
  SINCE JUN 1    127                        78     49      125
  SINCE JAN 1    127                        80     47      129
..................................................................


WIND (MPH)
  RESULTANT WIND SPEED   3   RESULTANT WIND DIRECTION  NW (300)
  HIGHEST WIND SPEED    18   HIGHEST WIND DIRECTION    NW (300)
  HIGHEST GUST SPEED    22   HIGHEST GUST DIRECTION    NW (300)
  AVERAGE WIND SPEED     4.8


SKY COVER
  AVERAGE SKY COVER 0.0


WEATHER CONDITIONS
 THE FOLLOWING WEATHER WAS RECORDED YESTERDAY.
  NO SIGNIFICANT WEATHER WAS OBSERVED.


RELATIVE HUMIDITY (PERCENT)
 HIGHEST    86           400 AM
 LOWEST      9           300 PM
 AVERAGE    48

..........................................................


THE BAKER OR CLIMATE NORMALS FOR TODAY
                         NORMAL    RECORD    YEAR
 MAXIMUM TEMPERATURE (F)   87       100      1999
 MINIMUM TEMPERATURE (F)   47        36      1959


SUNRISE AND SUNSET
JULY 28 2014..........SUNRISE   533 AM PDT   SUNSET   822 PM PDT
JULY 29 2014..........SUNRISE   534 AM PDT   SUNSET   821 PM PDT


-  INDICATES NEGATIVE NUMBERS.
R  INDICATES RECORD WAS SET OR TIED.
MM INDICATES DATA IS MISSING.
T  INDICATES TRACE AMOUNT.




$$
