000
CDUS46 KBOI 180932
CLIBKE


CLIMATE REPORT
NATIONAL WEATHER SERVICE BOISE ID
232 AM MST THU DEC 18 2014


...................................

...THE BAKER OR CLIMATE SUMMARY FOR DECEMBER 17 2014...

CLIMATE NORMAL PERIOD 1981 TO 2010
CLIMATE RECORD PERIOD 1948 TO 2014


WEATHER ITEM   OBSERVED TIME   RECORD YEAR NORMAL DEPARTURE LAST
                VALUE   (LST)  VALUE       VALUE  FROM      YEAR
                                                  NORMAL
..................................................................
TEMPERATURE (F)
 YESTERDAY
  MAXIMUM         40   1218 PM  48    1979  33      7       39
  MINIMUM         31    619 PM -22    1964  15     16        9
  AVERAGE         36                        24     12       24

PRECIPITATION (IN)
  YESTERDAY        T             0.29 1961   0.03  -0.03     0.00
  MONTH TO DATE    0.49                      0.53  -0.04     0.10
  SINCE OCT 1      1.21                      2.06  -0.85     0.64
  SINCE JAN 1      7.21                      9.68  -2.47     8.41

DEGREE DAYS
 HEATING
  YESTERDAY       29                        41    -12       41
  MONTH TO DATE  492                       672   -180      802
  SINCE DEC 1    492                       672   -180      802
  SINCE JUL 1   2295                      2709   -414     2727

 COOLING
  YESTERDAY        0                         0      0        0
  MONTH TO DATE    0                         0      0        0
  SINCE DEC 1      0                         0      0        0
  SINCE JAN 1    250                       169     81      258
..................................................................


WIND (MPH)
  RESULTANT WIND SPEED  12   RESULTANT WIND DIRECTION   E (90)
  HIGHEST WIND SPEED    18   HIGHEST WIND DIRECTION     E (70)
  HIGHEST GUST SPEED    23   HIGHEST GUST DIRECTION     E (100)
  AVERAGE WIND SPEED    11.8


SKY COVER
  AVERAGE SKY COVER 0.9


WEATHER CONDITIONS
 THE FOLLOWING WEATHER WAS RECORDED YESTERDAY.
  NO SIGNIFICANT WEATHER WAS OBSERVED.


RELATIVE HUMIDITY (PERCENT)
 HIGHEST    92           100 AM
 LOWEST     70          1200 PM
 AVERAGE    81

..........................................................


THE BAKER OR CLIMATE NORMALS FOR TODAY
                         NORMAL    RECORD    YEAR
 MAXIMUM TEMPERATURE (F)   33        46      1979
 MINIMUM TEMPERATURE (F)   15       -12      1948


SUNRISE AND SUNSET
DECEMBER 18 2014......SUNRISE   724 AM PST   SUNSET   412 PM PST
DECEMBER 19 2014......SUNRISE   725 AM PST   SUNSET   412 PM PST


-  INDICATES NEGATIVE NUMBERS.
R  INDICATES RECORD WAS SET OR TIED.
MM INDICATES DATA IS MISSING.
T  INDICATES TRACE AMOUNT.




$$
