000
CDUS46 KBOI 240933
CLIBKE


CLIMATE REPORT
NATIONAL WEATHER SERVICE BOISE ID
232 AM MST FRI FEB 24 2017


...................................

...THE BAKER OR CLIMATE SUMMARY FOR FEBRUARY 23 2017...

CLIMATE NORMAL PERIOD 1981 TO 2010
CLIMATE RECORD PERIOD 1948 TO 2017


WEATHER ITEM   OBSERVED TIME   RECORD YEAR NORMAL DEPARTURE LAST
                VALUE   (LST)  VALUE       VALUE  FROM      YEAR
                                                  NORMAL
..................................................................
TEMPERATURE (F)
 YESTERDAY
  MAXIMUM         34    241 PM  66    1995  43     -9       46
  MINIMUM         23   1159 PM   7    1975  20      3       15
  AVERAGE         29                        32     -3       31

PRECIPITATION (IN)
  YESTERDAY        0.00          0.32 1986   0.02  -0.02     0.00
  MONTH TO DATE    0.89                      0.47   0.42     0.21
  SINCE OCT 1      4.31                      3.78   0.53     3.14
  SINCE JAN 1      1.57                      1.27   0.30     0.60

DEGREE DAYS
 HEATING
  YESTERDAY       36                        33      3       34
  MONTH TO DATE  712                       833   -121      734
  SINCE DEC 1   3866                      3319    547     3029
  SINCE JUL 1   5640                      5356    284     4880

 COOLING
  YESTERDAY        0                         0      0        0
  MONTH TO DATE    0                         0      0        0
  SINCE DEC 1      0                         0      0        0
  SINCE JAN 1      0                         0      0        0
..................................................................


WIND (MPH)
  RESULTANT WIND SPEED  18   RESULTANT WIND DIRECTION  NW (320)
  HIGHEST WIND SPEED    26   HIGHEST WIND DIRECTION    NW (320)
  HIGHEST GUST SPEED    33   HIGHEST GUST DIRECTION     N (340)
  AVERAGE WIND SPEED    17.3


SKY COVER
  AVERAGE SKY COVER 0.6


WEATHER CONDITIONS
 THE FOLLOWING WEATHER WAS RECORDED YESTERDAY.
  NO SIGNIFICANT WEATHER WAS OBSERVED.


RELATIVE HUMIDITY (PERCENT)
 HIGHEST    88          1000 PM
 LOWEST     51          1200 PM
 AVERAGE    70

..........................................................


THE BAKER OR CLIMATE NORMALS FOR TODAY
                         NORMAL    RECORD    YEAR
 MAXIMUM TEMPERATURE (F)   43        66      1986
 MINIMUM TEMPERATURE (F)   21        10      1975


SUNRISE AND SUNSET
FEBRUARY 24 2017......SUNRISE   637 AM PST   SUNSET   533 PM PST
FEBRUARY 25 2017......SUNRISE   635 AM PST   SUNSET   534 PM PST


-  INDICATES NEGATIVE NUMBERS.
R  INDICATES RECORD WAS SET OR TIED.
MM INDICATES DATA IS MISSING.
T  INDICATES TRACE AMOUNT.




$$
