000
CDUS46 KBOI 280934
CLIBKE


CLIMATE REPORT
NATIONAL WEATHER SERVICE BOISE ID
234 AM MST WED JAN 28 2015


...................................

...THE BAKER OR CLIMATE SUMMARY FOR JANUARY 27 2015...

CLIMATE NORMAL PERIOD 1981 TO 2010
CLIMATE RECORD PERIOD 1948 TO 2015


WEATHER ITEM   OBSERVED TIME   RECORD YEAR NORMAL DEPARTURE LAST
                VALUE   (LST)  VALUE       VALUE  FROM      YEAR
                                                  NORMAL
..................................................................
TEMPERATURE (F)
 YESTERDAY
  MAXIMUM         43    301 PM  51    1983  35      8       29
  MINIMUM         25    555 AM -24    1957  17      8       19
  AVERAGE         34                        26      8       24

PRECIPITATION (IN)
  YESTERDAY        0.00          0.38 1965   0.02  -0.02     0.00
  MONTH TO DATE    0.39                      0.71  -0.32     0.32
  SINCE OCT 1      2.59                      3.22  -0.63     1.49
  SINCE JAN 1      0.39                      0.71  -0.32     0.32

DEGREE DAYS
 HEATING
  YESTERDAY       31                        39     -8       41
  MONTH TO DATE  992                      1084    -92     1062
  SINCE DEC 1   2014                      2332   -318     2463
  SINCE JUL 1   3817                      4369   -552     4388

 COOLING
  YESTERDAY        0                         0      0        0
  MONTH TO DATE    0                         0      0        0
  SINCE DEC 1      0                         0      0        0
  SINCE JAN 1      0                         0      0        0
..................................................................


WIND (MPH)
  RESULTANT WIND SPEED   0   RESULTANT WIND DIRECTION  SW (220)
  HIGHEST WIND SPEED     9   HIGHEST WIND DIRECTION     N (20)
  HIGHEST GUST SPEED    10   HIGHEST GUST DIRECTION     N (20)
  AVERAGE WIND SPEED     1.9


SKY COVER
  AVERAGE SKY COVER 0.1


WEATHER CONDITIONS
 THE FOLLOWING WEATHER WAS RECORDED YESTERDAY.
  FOG


RELATIVE HUMIDITY (PERCENT)
 HIGHEST   100           100 AM
 LOWEST     76           200 PM
 AVERAGE    88

..........................................................


THE BAKER OR CLIMATE NORMALS FOR TODAY
                         NORMAL    RECORD    YEAR
 MAXIMUM TEMPERATURE (F)   35        51      1992
 MINIMUM TEMPERATURE (F)   17       -15      1957


SUNRISE AND SUNSET
JANUARY 28 2015.......SUNRISE   715 AM PST   SUNSET   454 PM PST
JANUARY 29 2015.......SUNRISE   714 AM PST   SUNSET   455 PM PST


-  INDICATES NEGATIVE NUMBERS.
R  INDICATES RECORD WAS SET OR TIED.
MM INDICATES DATA IS MISSING.
T  INDICATES TRACE AMOUNT.




$$
