955
CDUS46 KBOI 290931
CLIBKE


CLIMATE REPORT
NATIONAL WEATHER SERVICE BOISE ID
331 AM MDT SUN MAY 29 2016


...................................

...THE BAKER OR CLIMATE SUMMARY FOR MAY 28 2016...

CLIMATE NORMAL PERIOD 1981 TO 2010
CLIMATE RECORD PERIOD 1948 TO 2016


WEATHER ITEM   OBSERVED TIME   RECORD YEAR NORMAL DEPARTURE LAST
                VALUE   (LST)  VALUE       VALUE  FROM      YEAR
                                                  NORMAL
..................................................................
TEMPERATURE (F)
 YESTERDAY
  MAXIMUM         69    328 PM  92    1983  69      0       75
  MINIMUM         32    501 AM  27    1954  39     -7       35
  AVERAGE         51                        54     -3       55

PRECIPITATION (IN)
  YESTERDAY        0.00          1.26 2008   0.05  -0.05     0.00
  MONTH TO DATE    1.07                      1.32  -0.25     1.87
  SINCE OCT 1      4.88                      6.88  -2.00     6.31
  SINCE JAN 1      2.34                      4.37  -2.03     4.11

DEGREE DAYS
 HEATING
  YESTERDAY       14                        11      3       10
  MONTH TO DATE  346                       402    -56      333
  SINCE MAR 1   1611                      1895   -284     1699
  SINCE JUL 1   6655                      7415   -760     6375

 COOLING
  YESTERDAY        0                         0      0        0
  MONTH TO DATE    0                         0      0        0
  SINCE MAR 1      0                         0      0        0
  SINCE JAN 1      0                         0      0        0
..................................................................


WIND (MPH)
  RESULTANT WIND SPEED   2   RESULTANT WIND DIRECTION   W (280)
  HIGHEST WIND SPEED    12   HIGHEST WIND DIRECTION     W (280)
  HIGHEST GUST SPEED    14   HIGHEST GUST DIRECTION     W (280)
  AVERAGE WIND SPEED     4.1


SKY COVER
  AVERAGE SKY COVER 0.0


WEATHER CONDITIONS
 THE FOLLOWING WEATHER WAS RECORDED YESTERDAY.
  NO SIGNIFICANT WEATHER WAS OBSERVED.


RELATIVE HUMIDITY (PERCENT)
 HIGHEST    82           400 AM
 LOWEST     27           300 PM
 AVERAGE    55

..........................................................


THE BAKER OR CLIMATE NORMALS FOR TODAY
                         NORMAL    RECORD    YEAR
 MAXIMUM TEMPERATURE (F)   69        92      1986
 MINIMUM TEMPERATURE (F)   39        28      2014


SUNRISE AND SUNSET
MAY 29 2016...........SUNRISE   510 AM PDT   SUNSET   828 PM PDT
MAY 30 2016...........SUNRISE   509 AM PDT   SUNSET   829 PM PDT


-  INDICATES NEGATIVE NUMBERS.
R  INDICATES RECORD WAS SET OR TIED.
MM INDICATES DATA IS MISSING.
T  INDICATES TRACE AMOUNT.




$$
