000
CDUS46 KBOI 180935
CLIBKE


CLIMATE REPORT
NATIONAL WEATHER SERVICE BOISE ID
335 AM MDT THU SEP 18 2014


...................................

...THE BAKER OR CLIMATE SUMMARY FOR SEPTEMBER 17 2014...

CLIMATE NORMAL PERIOD 1981 TO 2010
CLIMATE RECORD PERIOD 1948 TO 2014


WEATHER ITEM   OBSERVED TIME   RECORD YEAR NORMAL DEPARTURE LAST
                VALUE   (LST)  VALUE       VALUE  FROM      YEAR
                                                  NORMAL
..................................................................
TEMPERATURE (F)
 YESTERDAY
  MAXIMUM         89    341 PM  94    1981  74     15       66
  MINIMUM         46    534 AM  21    1965  36     10       44
  AVERAGE         68                        55     13       55

PRECIPITATION (IN)
  YESTERDAY        T             0.26 1989   0.01  -0.01     0.04
  MONTH TO DATE    T                         0.33  -0.33     0.72
  SINCE OCT 1      6.79                      9.91  -3.12     9.05
  SINCE JAN 1      5.62                      7.40  -1.78     6.87

DEGREE DAYS
 HEATING
  YESTERDAY        0                        10    -10       10
  MONTH TO DATE  139                       127     12       34
  SINCE SEP 1    139                       127     12       34
  SINCE JUL 1    216                       278    -62       66

 COOLING
  YESTERDAY        3                         0      3        0
  MONTH TO DATE    9                         7      2       28
  SINCE SEP 1      9                         7      2       28
  SINCE JAN 1    244                       167     77      258
..................................................................


WIND (MPH)
  RESULTANT WIND SPEED   1   RESULTANT WIND DIRECTION   W (290)
  HIGHEST WIND SPEED    16   HIGHEST WIND DIRECTION     E (100)
  HIGHEST GUST SPEED    19   HIGHEST GUST DIRECTION     E (110)
  AVERAGE WIND SPEED     3.6


SKY COVER
  AVERAGE SKY COVER 0.0


WEATHER CONDITIONS
 THE FOLLOWING WEATHER WAS RECORDED YESTERDAY.
  LIGHT RAIN


RELATIVE HUMIDITY (PERCENT)
 HIGHEST    82           500 AM
 LOWEST     10           300 PM
 AVERAGE    46

..........................................................


THE BAKER OR CLIMATE NORMALS FOR TODAY
                         NORMAL    RECORD    YEAR
 MAXIMUM TEMPERATURE (F)   74        95      1981
 MINIMUM TEMPERATURE (F)   36        19      1965


SUNRISE AND SUNSET
SEPTEMBER 18 2014.....SUNRISE   634 AM PDT   SUNSET   656 PM PDT
SEPTEMBER 19 2014.....SUNRISE   635 AM PDT   SUNSET   654 PM PDT


-  INDICATES NEGATIVE NUMBERS.
R  INDICATES RECORD WAS SET OR TIED.
MM INDICATES DATA IS MISSING.
T  INDICATES TRACE AMOUNT.




$$
