000
CDUS46 KBOI 290931
CLIBKE


CLIMATE REPORT
NATIONAL WEATHER SERVICE BOISE ID
330 AM MDT WED MAR 29 2017


...................................

...THE BAKER OR CLIMATE SUMMARY FOR MARCH 28 2017...

CLIMATE NORMAL PERIOD 1981 TO 2010
CLIMATE RECORD PERIOD 1948 TO 2017


WEATHER ITEM   OBSERVED TIME   RECORD YEAR NORMAL DEPARTURE LAST
                VALUE   (LST)  VALUE       VALUE  FROM      YEAR
                                                  NORMAL
..................................................................
TEMPERATURE (F)
 YESTERDAY
  MAXIMUM         50    324 PM  75    1966  54     -4       47
  MINIMUM         26    333 AM  14    1988  27     -1       22
  AVERAGE         38                        40     -2       35

PRECIPITATION (IN)
  YESTERDAY        0.00          0.32 1989   0.03  -0.03     0.00
  MONTH TO DATE    0.88                      0.74   0.14     0.32
  SINCE OCT 1      5.19                      4.63   0.56     3.46
  SINCE JAN 1      2.45                      2.12   0.33     0.92

DEGREE DAYS
 HEATING
  YESTERDAY       27                        25      2       30
  MONTH TO DATE  663                       777   -114      728
  SINCE MAR 1    663                       777   -114      728
  SINCE JUL 1   6491                      6297    194     5772

 COOLING
  YESTERDAY        0                         0      0        0
  MONTH TO DATE    0                         0      0        0
  SINCE MAR 1      0                         0      0        0
  SINCE JAN 1      0                         0      0        0
..................................................................


WIND (MPH)
  RESULTANT WIND SPEED   1   RESULTANT WIND DIRECTION   E (110)
  HIGHEST WIND SPEED    10   HIGHEST WIND DIRECTION     E (110)
  HIGHEST GUST SPEED    13   HIGHEST GUST DIRECTION     E (110)
  AVERAGE WIND SPEED     2.8


SKY COVER
  AVERAGE SKY COVER 0.7


WEATHER CONDITIONS
 THE FOLLOWING WEATHER WAS RECORDED YESTERDAY.
  NO SIGNIFICANT WEATHER WAS OBSERVED.


RELATIVE HUMIDITY (PERCENT)
 HIGHEST   100          1200 AM
 LOWEST     46           200 PM
 AVERAGE    73

..........................................................


THE BAKER OR CLIMATE NORMALS FOR TODAY
                         NORMAL    RECORD    YEAR
 MAXIMUM TEMPERATURE (F)   54        78      1978
 MINIMUM TEMPERATURE (F)   27        10      2008


SUNRISE AND SUNSET
MARCH 29 2017.........SUNRISE   637 AM PDT   SUNSET   716 PM PDT
MARCH 30 2017.........SUNRISE   635 AM PDT   SUNSET   717 PM PDT


-  INDICATES NEGATIVE NUMBERS.
R  INDICATES RECORD WAS SET OR TIED.
MM INDICATES DATA IS MISSING.
T  INDICATES TRACE AMOUNT.




$$
