000
CDUS46 KBOI 300932
CLIBKE


CLIMATE REPORT
NATIONAL WEATHER SERVICE BOISE ID
332 AM MDT SAT MAY 30 2015


...................................

...THE BAKER OR CLIMATE SUMMARY FOR MAY 29 2015...

CLIMATE NORMAL PERIOD 1981 TO 2010
CLIMATE RECORD PERIOD 1948 TO 2015


WEATHER ITEM   OBSERVED TIME   RECORD YEAR NORMAL DEPARTURE LAST
                VALUE   (LST)  VALUE       VALUE  FROM      YEAR
                                                  NORMAL
..................................................................
TEMPERATURE (F)
 YESTERDAY
  MAXIMUM         82    234 PM  92    1986  69     13       68
  MINIMUM         42    443 AM  28    2014  39      3       28
  AVERAGE         62                        54      8       48

PRECIPITATION (IN)
  YESTERDAY        0.02          1.65 1953   0.05  -0.03     0.00
  MONTH TO DATE    1.89                      1.37   0.52     0.58
  SINCE OCT 1      6.33                      6.93  -0.60     5.02
  SINCE JAN 1      4.13                      4.42  -0.29     3.85

DEGREE DAYS
 HEATING
  YESTERDAY        3                        11     -8       17
  MONTH TO DATE  336                       413    -77      369
  SINCE MAR 1   1702                      1906   -204     1768
  SINCE JUL 1   6378                      7426  -1048     7294

 COOLING
  YESTERDAY        0                         0      0        0
  MONTH TO DATE    0                         0      0        0
  SINCE MAR 1      0                         0      0        0
  SINCE JAN 1      0                         0      0        0
..................................................................


WIND (MPH)
  RESULTANT WIND SPEED   3   RESULTANT WIND DIRECTION   E (90)
  HIGHEST WIND SPEED    17   HIGHEST WIND DIRECTION     N (350)
  HIGHEST GUST SPEED    23   HIGHEST GUST DIRECTION    NW (330)
  AVERAGE WIND SPEED     7.3


SKY COVER
  AVERAGE SKY COVER 0.2


WEATHER CONDITIONS
 THE FOLLOWING WEATHER WAS RECORDED YESTERDAY.
  LIGHT RAIN


RELATIVE HUMIDITY (PERCENT)
 HIGHEST   100           300 AM
 LOWEST     28           200 PM
 AVERAGE    64

..........................................................


THE BAKER OR CLIMATE NORMALS FOR TODAY
                         NORMAL    RECORD    YEAR
 MAXIMUM TEMPERATURE (F)   69        94      1986
 MINIMUM TEMPERATURE (F)   40        28      2010


SUNRISE AND SUNSET
MAY 30 2015...........SUNRISE   510 AM PDT   SUNSET   828 PM PDT
MAY 31 2015...........SUNRISE   509 AM PDT   SUNSET   829 PM PDT


-  INDICATES NEGATIVE NUMBERS.
R  INDICATES RECORD WAS SET OR TIED.
MM INDICATES DATA IS MISSING.
T  INDICATES TRACE AMOUNT.




$$
