000
CDUS46 KBOI 200931
CLIBKE


CLIMATE REPORT
NATIONAL WEATHER SERVICE BOISE ID
331 AM MDT THU JUL 20 2017


...................................

...THE BAKER OR CLIMATE SUMMARY FOR JULY 19 2017...

CLIMATE NORMAL PERIOD 1981 TO 2010
CLIMATE RECORD PERIOD 1928 TO 2017


WEATHER ITEM   OBSERVED TIME   RECORD YEAR NORMAL DEPARTURE LAST
                VALUE   (LST)  VALUE       VALUE  FROM      YEAR
                                                  NORMAL
..................................................................
TEMPERATURE (F)
 YESTERDAY
  MAXIMUM         91    350 PM  99    2003  85      6       82
  MINIMUM         50    147 AM  34    2008  47      3       44
  AVERAGE         71                        66      5       63

PRECIPITATION (IN)
  YESTERDAY        0.00          0.95 2004   0.02  -0.02     0.00
  MONTH TO DATE    T                         0.44  -0.44     0.80
  SINCE OCT 1      7.53                      8.66  -1.13     6.05
  SINCE JAN 1      4.79                      6.15  -1.36     3.51

DEGREE DAYS
 HEATING
  YESTERDAY        0                         2     -2        2
  MONTH TO DATE    6                        54    -48       78
  SINCE JUN 1    182                       280    -98      270
  SINCE JUL 1      6                        54    -48       78

 COOLING
  YESTERDAY        6                         3      3        0
  MONTH TO DATE   78                        38     40        0
  SINCE JUN 1     99                        54     45       46
  SINCE JAN 1     99                        56     43       46
..................................................................


WIND (MPH)
  RESULTANT WIND SPEED   2   RESULTANT WIND DIRECTION  NW (300)
  HIGHEST WIND SPEED    17   HIGHEST WIND DIRECTION    NW (320)
  HIGHEST GUST SPEED    23   HIGHEST GUST DIRECTION    NW (320)
  AVERAGE WIND SPEED     5.6


SKY COVER
  AVERAGE SKY COVER 0.0


WEATHER CONDITIONS
 THE FOLLOWING WEATHER WAS RECORDED YESTERDAY.
  HAZE


RELATIVE HUMIDITY (PERCENT)
 HIGHEST    63           200 AM
 LOWEST     17           300 PM
 AVERAGE    40

..........................................................


THE BAKER OR CLIMATE NORMALS FOR TODAY
                         NORMAL    RECORD    YEAR
 MAXIMUM TEMPERATURE (F)   86       102      1931
 MINIMUM TEMPERATURE (F)   47        36      2010


SUNRISE AND SUNSET
JULY 20 2017..........SUNRISE   525 AM PDT   SUNSET   830 PM PDT
JULY 21 2017..........SUNRISE   526 AM PDT   SUNSET   829 PM PDT


-  INDICATES NEGATIVE NUMBERS.
R  INDICATES RECORD WAS SET OR TIED.
MM INDICATES DATA IS MISSING.
T  INDICATES TRACE AMOUNT.




$$
