000
CDUS41 KRLX 310821
CLIBKW


CLIMATE REPORT
NATIONAL WEATHER SERVICE CHARLESTON WV
318 AM EST SAT JAN 31 2015


...................................

...THE BECKLEY WV CLIMATE SUMMARY FOR JANUARY 30 2015...

CLIMATE NORMAL PERIOD 1981 TO 2010
CLIMATE RECORD PERIOD 1963 TO 2015


WEATHER ITEM   OBSERVED TIME   RECORD YEAR NORMAL DEPARTURE LAST
                VALUE   (LST)  VALUE       VALUE  FROM      YEAR
                                                  NORMAL
..................................................................
TEMPERATURE (F)
 YESTERDAY
  MAXIMUM         34   1207 AM  74    1916  40     -6       32
  MINIMUM         13   1159 PM -14    1897  23    -10       -2
  AVERAGE         24                        32     -8       15

PRECIPITATION (IN)
  YESTERDAY        0.14          1.75 2013   0.09   0.05     0.00
  MONTH TO DATE    2.23                      2.72  -0.49     1.94
  SINCE JAN 1      2.23                      2.72  -0.49     1.94

SNOWFALL (IN)
  YESTERDAY        2.8
  MONTH TO DATE   10.6
  SINCE SEP 1     15.0
  SNOW DEPTH       1

DEGREE DAYS
 HEATING
  YESTERDAY       41                        33      8       50
  MONTH TO DATE 1035                      1017     18     1208
  SINCE DEC 1   1887                      1970    -83     2064
  SINCE JUL 1   3128                      3110     18     3246

 COOLING
  YESTERDAY        0                         0      0        0
  MONTH TO DATE    0                         0      0        0
  SINCE DEC 1      0                         0      0        0
  SINCE JAN 1      0                         0      0        0
..................................................................


WIND (MPH)
  HIGHEST WIND SPEED    25   HIGHEST WIND DIRECTION    NW (320)
  HIGHEST GUST SPEED    35   HIGHEST GUST DIRECTION     W (290)
  AVERAGE WIND SPEED    13.0


SKY COVER
  POSSIBLE SUNSHINE  MM
  AVERAGE SKY COVER 0.7


WEATHER CONDITIONS
 THE FOLLOWING WEATHER WAS RECORDED YESTERDAY.
  LIGHT RAIN
  LT FREEZING RAIN
  HEAVY SNOW
  SNOW
  LIGHT SNOW
  FOG
  FOG W/VISIBILITY <= 1/4 MILE


RELATIVE HUMIDITY (PERCENT)
 HIGHEST    92           300 AM
 LOWEST     54           300 PM
 AVERAGE    73

..........................................................


THE BECKLEY WV CLIMATE NORMALS FOR TODAY
                         NORMAL    RECORD    YEAR
 MAXIMUM TEMPERATURE (F)   40        73      2002
 MINIMUM TEMPERATURE (F)   24       -12      1897


SUNRISE AND SUNSET
JANUARY 31 2015.......SUNRISE   729 AM EST   SUNSET   547 PM EST
FEBRUARY  1 2015......SUNRISE   729 AM EST   SUNSET   548 PM EST


-  INDICATES NEGATIVE NUMBERS.
R  INDICATES RECORD WAS SET OR TIED.
MM INDICATES DATA IS MISSING.
T  INDICATES TRACE AMOUNT.




$$
