000
CDUS41 KRLX 022130
CLIBKW


CLIMATE REPORT
NATIONAL WEATHER SERVICE CHARLESTON WV
527 PM EDT TUE SEP 2 2014


...................................

...THE BECKLEY WV CLIMATE SUMMARY FOR SEPTEMBER 2 2014...
VALID TODAY AS OF 0500 PM LOCAL TIME.

CLIMATE NORMAL PERIOD 1981 TO 2010
CLIMATE RECORD PERIOD 1963 TO 2014


WEATHER ITEM   OBSERVED TIME   RECORD YEAR NORMAL DEPARTURE LAST
                VALUE   (LST)  VALUE       VALUE  FROM      YEAR
                                                  NORMAL
..................................................................
TEMPERATURE (F)
 TODAY
  MAXIMUM         85    307 PM  97    1953  77      8       81
                                      1932
  MINIMUM         70    639 AM  34    1940  58     12       65
  AVERAGE         78                        68     10       73

PRECIPITATION (IN)
  TODAY            0.00          1.37 2000   0.10  -0.10      T
  MONTH TO DATE    0.03                      0.20  -0.17     0.09
  SINCE SEP 1      0.03                      0.20  -0.17     0.09
  SINCE JAN 1     24.53                     29.86  -5.33    30.06

DEGREE DAYS
 HEATING
  TODAY            0                         1     -1        0
  MONTH TO DATE    0                         2     -2        0
  SINCE SEP 1      0                         2     -2        0
  SINCE JUL 1     29                        23      6       20

 COOLING
  TODAY           13                         4      9        8
  MONTH TO DATE   24                         8     16       13
  SINCE SEP 1     24                         8     16       13
  SINCE JAN 1    548                       501     47      556
..................................................................


WIND (MPH)
  HIGHEST WIND SPEED    18   HIGHEST WIND DIRECTION    SW (220)
  HIGHEST GUST SPEED    24   HIGHEST GUST DIRECTION    SW (230)
  AVERAGE WIND SPEED     6.8


SKY COVER
  POSSIBLE SUNSHINE  MM
  AVERAGE SKY COVER 0.3


WEATHER CONDITIONS
 THE FOLLOWING WEATHER WAS RECORDED TODAY.
  NO SIGNIFICANT WEATHER WAS OBSERVED.


RELATIVE HUMIDITY (PERCENT)
 HIGHEST    84           700 AM
 LOWEST     48           300 PM
 AVERAGE    66

..........................................................


THE BECKLEY WV CLIMATE NORMALS FOR TOMORROW
                         NORMAL    RECORD    YEAR
 MAXIMUM TEMPERATURE (F)   77        95      1953
 MINIMUM TEMPERATURE (F)   58        35      1940


SUNRISE AND SUNSET
SEPTEMBER  2 2014.....SUNRISE   555 AM EST   SUNSET   652 PM EST
SEPTEMBER  3 2014.....SUNRISE   556 AM EST   SUNSET   651 PM EST


-  INDICATES NEGATIVE NUMBERS.
R  INDICATES RECORD WAS SET OR TIED.
MM INDICATES DATA IS MISSING.
T  INDICATES TRACE AMOUNT.




$$
