476
CDUS41 KRLX 060819
CLIBKW


CLIMATE REPORT
NATIONAL WEATHER SERVICE CHARLESTON WV
319 AM EST SAT FEB 6 2016


...................................

...THE BECKLEY WV CLIMATE SUMMARY FOR FEBRUARY 5 2016...

CLIMATE NORMAL PERIOD 1981 TO 2010
CLIMATE RECORD PERIOD 1963 TO 2016


WEATHER ITEM   OBSERVED TIME   RECORD YEAR NORMAL DEPARTURE LAST
                VALUE   (LST)  VALUE       VALUE  FROM      YEAR
                                                  NORMAL
..................................................................
TEMPERATURE (F)
 YESTERDAY
  MAXIMUM         35    407 PM  68    2008  41     -6       39
  MINIMUM         22    844 AM -16    1996  24     -2        8
  AVERAGE         29                        33     -4       24

PRECIPITATION (IN)
  YESTERDAY        T             1.22 1897   0.10  -0.10     0.01
  MONTH TO DATE    0.71                      0.48   0.23     0.74
  SINCE JAN 1      3.13                      3.29  -0.16     2.97

SNOWFALL (IN)
  YESTERDAY        T
  MONTH TO DATE    T
  SINCE SEP 1     18.7
  SNOW DEPTH       0

DEGREE DAYS
 HEATING
  YESTERDAY       36                        32      4       41
  MONTH TO DATE  111                       164    -53      169
  SINCE DEC 1   1748                      2168   -420     2100
  SINCE JUL 1   2607                      3308   -701     3341

 COOLING
  YESTERDAY        0                         0      0        0
  MONTH TO DATE    0                         0      0        0
  SINCE DEC 1      0                         0      0        0
  SINCE JAN 1      0                         0      0        0
..................................................................


WIND (MPH)
  HIGHEST WIND SPEED    21   HIGHEST WIND DIRECTION    NW (310)
  HIGHEST GUST SPEED    27   HIGHEST GUST DIRECTION    NW (310)
  AVERAGE WIND SPEED     9.3


SKY COVER
  POSSIBLE SUNSHINE  MM
  AVERAGE SKY COVER 0.4


WEATHER CONDITIONS
 THE FOLLOWING WEATHER WAS RECORDED YESTERDAY.
  LIGHT SNOW
  FOG


RELATIVE HUMIDITY (PERCENT)
 HIGHEST    81           200 AM
 LOWEST     38           500 PM
 AVERAGE    60

..........................................................


THE BECKLEY WV CLIMATE NORMALS FOR TODAY
                         NORMAL    RECORD    YEAR
 MAXIMUM TEMPERATURE (F)   41        64      2008
                                             1963
                                             1938
 MINIMUM TEMPERATURE (F)   24        -5      1933
                                             1912


SUNRISE AND SUNSET
FEBRUARY  6 2016......SUNRISE   724 AM EST   SUNSET   553 PM EST
FEBRUARY  7 2016......SUNRISE   723 AM EST   SUNSET   554 PM EST


-  INDICATES NEGATIVE NUMBERS.
R  INDICATES RECORD WAS SET OR TIED.
MM INDICATES DATA IS MISSING.
T  INDICATES TRACE AMOUNT.




$$
