000
CDUS41 KRLX 290724
CLIBKW


CLIMATE REPORT
NATIONAL WEATHER SERVICE CHARLESTON WV
318 AM EDT TUE JUL 29 2014


...................................

...THE BECKLEY WV CLIMATE SUMMARY FOR JULY 28 2014...

CLIMATE NORMAL PERIOD 1981 TO 2010
CLIMATE RECORD PERIOD 1963 TO 2014


WEATHER ITEM   OBSERVED TIME   RECORD YEAR NORMAL DEPARTURE LAST
                VALUE   (LST)  VALUE       VALUE  FROM      YEAR
                                                  NORMAL
..................................................................
TEMPERATURE (F)
 YESTERDAY
  MAXIMUM         71    242 PM  93    1952  80     -9       75
                                      1896
  MINIMUM         59   1057 PM  42    1962  61     -2       57
                                      1937
  AVERAGE         65                        70     -5       66

PRECIPITATION (IN)
  YESTERDAY        0.06          2.10 1923   0.17  -0.11      T
  MONTH TO DATE    2.49                      4.52  -2.03     4.45
  SINCE JAN 1     20.47                     25.68  -5.21    24.65

SNOWFALL (IN)
  YESTERDAY        0.0
  MONTH TO DATE    0.0
  SINCE SEP 1     76.3
  SNOW DEPTH       0

DEGREE DAYS
 HEATING
  YESTERDAY        0                         0      0        0
  MONTH TO DATE   15                         0     15        0
  SINCE JUN 1     27                        39    -12        7
  SINCE JUL 1     15                         0     15        0

 COOLING
  YESTERDAY        0                         6     -6        1
  MONTH TO DATE  150                       168    -18      205
  SINCE JUN 1    321                       279     42      330
  SINCE JAN 1    396                       320     76      397
..................................................................


WIND (MPH)
  HIGHEST WIND SPEED    18   HIGHEST WIND DIRECTION    NW (320)
  HIGHEST GUST SPEED    27   HIGHEST GUST DIRECTION    NW (300)
  AVERAGE WIND SPEED     9.6


SKY COVER
  POSSIBLE SUNSHINE  MM
  AVERAGE SKY COVER 0.8


WEATHER CONDITIONS
 THE FOLLOWING WEATHER WAS RECORDED YESTERDAY.
  RAIN
  LIGHT RAIN
  FOG


RELATIVE HUMIDITY (PERCENT)
 HIGHEST    93           200 AM
 LOWEST     67           500 PM
 AVERAGE    80

..........................................................


THE BECKLEY WV CLIMATE NORMALS FOR TODAY
                         NORMAL    RECORD    YEAR
 MAXIMUM TEMPERATURE (F)   80        96      1896
 MINIMUM TEMPERATURE (F)   61        46      1914


SUNRISE AND SUNSET
JULY 29 2014..........SUNRISE   625 AM EDT   SUNSET   836 PM EDT
JULY 30 2014..........SUNRISE   626 AM EDT   SUNSET   835 PM EDT


-  INDICATES NEGATIVE NUMBERS.
R  INDICATES RECORD WAS SET OR TIED.
MM INDICATES DATA IS MISSING.
T  INDICATES TRACE AMOUNT.




$$
