000
CDUS41 KRLX 242226
CLIBKW


CLIMATE REPORT
NATIONAL WEATHER SERVICE CHARLESTON WV
526 PM EST TUE JAN 24 2017


...................................

...THE BECKLEY WV CLIMATE SUMMARY FOR JANUARY 24 2017...
VALID TODAY AS OF 0500 PM LOCAL TIME.

CLIMATE NORMAL PERIOD 1981 TO 2010
CLIMATE RECORD PERIOD 1963 TO 2017


WEATHER ITEM   OBSERVED TIME   RECORD YEAR NORMAL DEPARTURE LAST
                VALUE   (LST)  VALUE       VALUE  FROM      YEAR
                                                  NORMAL
..................................................................
TEMPERATURE (F)
 TODAY
  MAXIMUM         40    127 PM  70    1950  40      0       35
                                      1943
                                      1909
  MINIMUM         34    450 AM -18    1963  23     11       16
  AVERAGE         37                        31      6       26

PRECIPITATION (IN)
  TODAY            0.09          1.00 1910   0.09   0.00     0.00
  MONTH TO DATE    4.37                      2.18   2.19     2.10
  SINCE DEC 1      9.01                      5.18   3.83     5.65
  SINCE JAN 1      4.37                      2.18   2.19     2.10

DEGREE DAYS
 HEATING
  TODAY           28                        34     -6       39
  MONTH TO DATE  601                       816   -215      905
  SINCE DEC 1   1521                      1769   -248     1435
  SINCE JUL 1   2296                      2909   -613     2294

 COOLING
  TODAY            0                         0      0        0
  MONTH TO DATE    0                         0      0        0
  SINCE DEC 1      0                         0      0        0
  SINCE JAN 1      0                         0      0        0
..................................................................


WIND (MPH)
  HIGHEST WIND SPEED    18   HIGHEST WIND DIRECTION    NW (300)
  HIGHEST GUST SPEED    25   HIGHEST GUST DIRECTION    NW (300)
  AVERAGE WIND SPEED     9.5


SKY COVER
  POSSIBLE SUNSHINE  MM
  AVERAGE SKY COVER 0.9


WEATHER CONDITIONS
 THE FOLLOWING WEATHER WAS RECORDED TODAY.
  LIGHT RAIN
  LIGHT SNOW
  FOG


RELATIVE HUMIDITY (PERCENT)
 HIGHEST    92           100 AM
 LOWEST     92           100 AM
 AVERAGE    92

..........................................................


THE BECKLEY WV CLIMATE NORMALS FOR TOMORROW
                         NORMAL    RECORD    YEAR
 MAXIMUM TEMPERATURE (F)   40        74      1950
 MINIMUM TEMPERATURE (F)   23       -15      1961


SUNRISE AND SUNSET
JANUARY 24 2017.......SUNRISE   734 AM EST   SUNSET   539 PM EST
JANUARY 25 2017.......SUNRISE   734 AM EST   SUNSET   541 PM EST


-  INDICATES NEGATIVE NUMBERS.
R  INDICATES RECORD WAS SET OR TIED.
MM INDICATES DATA IS MISSING.
T  INDICATES TRACE AMOUNT.




$$
