000
CDUS41 KRLX 230732
CLIBKW


CLIMATE REPORT
NATIONAL WEATHER SERVICE CHARLESTON WV
329 AM EDT SAT MAY 23 2015


...................................

...THE BECKLEY WV CLIMATE SUMMARY FOR MAY 22 2015...

CLIMATE NORMAL PERIOD 1981 TO 2010
CLIMATE RECORD PERIOD 1963 TO 2015


WEATHER ITEM   OBSERVED TIME   RECORD YEAR NORMAL DEPARTURE LAST
                VALUE   (LST)  VALUE       VALUE  FROM      YEAR
                                                  NORMAL
..................................................................
TEMPERATURE (F)
 YESTERDAY
  MAXIMUM         67    359 PM  92    1941  71     -4       75
  MINIMUM         40    513 AM  27    2002  51    -11       59
  AVERAGE         54                        61     -7       67

PRECIPITATION (IN)
  YESTERDAY        0.00          1.85 1982   0.16  -0.16      T
  MONTH TO DATE    0.91                      3.27  -2.36     3.84
  SINCE JAN 1     19.71                     15.77   3.94    14.09

SNOWFALL (IN)
  YESTERDAY        0.0
  MONTH TO DATE    0.0
  SINCE SEP 1     66.2
  SNOW DEPTH       0

DEGREE DAYS
 HEATING
  YESTERDAY       11                         5      6        0
  MONTH TO DATE   83                       155    -72       91
  SINCE MAR 1   1106                      1263   -157     1209
  SINCE JUL 1   5439                      5264    175     5417

 COOLING
  YESTERDAY        0                         1     -1        2
  MONTH TO DATE   53                        16     37       49
  SINCE MAR 1     56                        26     30       54
  SINCE JAN 1     56                        26     30       54
..................................................................


WIND (MPH)
  HIGHEST WIND SPEED    16   HIGHEST WIND DIRECTION    NW (330)
  HIGHEST GUST SPEED    24   HIGHEST GUST DIRECTION    NW (300)
  AVERAGE WIND SPEED     7.7


SKY COVER
  POSSIBLE SUNSHINE  MM
  AVERAGE SKY COVER 0.3


WEATHER CONDITIONS
 THE FOLLOWING WEATHER WAS RECORDED YESTERDAY.
  FOG
  FOG W/VISIBILITY <= 1/4 MILE


RELATIVE HUMIDITY (PERCENT)
 HIGHEST    96           700 AM
 LOWEST     34           400 PM
 AVERAGE    65

..........................................................


THE BECKLEY WV CLIMATE NORMALS FOR TODAY
                         NORMAL    RECORD    YEAR
 MAXIMUM TEMPERATURE (F)   72        88      1902
 MINIMUM TEMPERATURE (F)   51        30      1907


SUNRISE AND SUNSET
MAY 23 2015...........SUNRISE   609 AM EDT   SUNSET   834 PM EDT
MAY 24 2015...........SUNRISE   608 AM EDT   SUNSET   835 PM EDT


-  INDICATES NEGATIVE NUMBERS.
R  INDICATES RECORD WAS SET OR TIED.
MM INDICATES DATA IS MISSING.
T  INDICATES TRACE AMOUNT.




$$
