000
CDUS41 KRLX 190727
CLIBKW


CLIMATE REPORT
NATIONAL WEATHER SERVICE CHARLESTON WV
326 AM EDT TUE SEP 19 2017


...................................

...THE BECKLEY WV CLIMATE SUMMARY FOR SEPTEMBER 18 2017...

CLIMATE NORMAL PERIOD 1981 TO 2010
CLIMATE RECORD PERIOD 1963 TO 2017


WEATHER ITEM   OBSERVED TIME   RECORD YEAR NORMAL DEPARTURE LAST
                VALUE   (LST)  VALUE       VALUE  FROM      YEAR
                                                  NORMAL
..................................................................
TEMPERATURE (F)
 YESTERDAY
  MAXIMUM         79    254 PM  90    1931  72      7       71
  MINIMUM         52    620 AM  29    1937  53     -1       64
  AVERAGE         66                        62      4       68

PRECIPITATION (IN)
  YESTERDAY        0.00          1.90 2012   0.11  -0.11     1.03
  MONTH TO DATE    1.62                      1.86  -0.24     1.43
  SINCE JAN 1     34.96                     31.52   3.44    36.56

SNOWFALL (IN)
  YESTERDAY        0.0           0.0  2016   0.0    0.0      0.0
                                      2001
  MONTH TO DATE    0.0                       0.0    0.0      0.0
  SINCE SEP 1      0.0                       0.0    0.0      0.0
  SNOW DEPTH       0

DEGREE DAYS
 HEATING
  YESTERDAY        0                         4     -4        0
  MONTH TO DATE   77                        41     36        6
  SINCE SEP 1     77                        41     36        6
  SINCE JUL 1     94                        62     32        6

 COOLING
  YESTERDAY        1                         1      0        3
  MONTH TO DATE    8                        47    -39       94
  SINCE SEP 1      8                        47    -39       94
  SINCE JAN 1    521                       540    -19      795
..................................................................


WIND (MPH)
  HIGHEST WIND SPEED    10   HIGHEST WIND DIRECTION     N (360)
  HIGHEST GUST SPEED    13   HIGHEST GUST DIRECTION     N (350)
  AVERAGE WIND SPEED     1.9


SKY COVER
  POSSIBLE SUNSHINE  MM
  AVERAGE SKY COVER 0.3


WEATHER CONDITIONS
 THE FOLLOWING WEATHER WAS RECORDED YESTERDAY.
  FOG


RELATIVE HUMIDITY (PERCENT)
 HIGHEST   100           400 AM
 LOWEST     48           300 PM
 AVERAGE    74

..........................................................


THE BECKLEY WV CLIMATE NORMALS FOR TODAY
                         NORMAL    RECORD    YEAR
 MAXIMUM TEMPERATURE (F)   72        89      1953
 MINIMUM TEMPERATURE (F)   52        31      1959


SUNRISE AND SUNSET
SEPTEMBER 19 2017.....SUNRISE   710 AM EDT   SUNSET   726 PM EDT
SEPTEMBER 20 2017.....SUNRISE   711 AM EDT   SUNSET   724 PM EDT


-  INDICATES NEGATIVE NUMBERS.
R  INDICATES RECORD WAS SET OR TIED.
MM INDICATES DATA IS MISSING.
T  INDICATES TRACE AMOUNT.




$$
