000
CDUS41 KRLX 190818
CLIBKW


CLIMATE REPORT
NATIONAL WEATHER SERVICE CHARLESTON WV
318 AM EST MON FEB 19 2018


...................................

...THE BECKLEY WV CLIMATE SUMMARY FOR FEBRUARY 18 2018...

CLIMATE NORMAL PERIOD 1981 TO 2010
CLIMATE RECORD PERIOD 1963 TO 2018


WEATHER ITEM   OBSERVED TIME   RECORD YEAR NORMAL DEPARTURE LAST
                VALUE   (LST)  VALUE       VALUE  FROM      YEAR
                                                  NORMAL
..................................................................
TEMPERATURE (F)
 YESTERDAY
  MAXIMUM         48    422 PM  70    1916  44      4       56
                                      1909
  MINIMUM         32    944 AM  -4    1958  26      6       40
  AVERAGE         40                        35      5       48

PRECIPITATION (IN)
  YESTERDAY        0.01          0.70 2000   0.10  -0.09     0.00
  MONTH TO DATE    6.12                      1.75   4.37     0.48
  SINCE JAN 1      8.44                      4.56   3.88     5.19

SNOWFALL (IN)
  YESTERDAY        T             6.5  1979   0.6   -0.6      0.0
  MONTH TO DATE    7.3                      11.2   -3.9      0.5
  SINCE SEP 1     29.0                      45.1  -16.1     18.8
  SNOW DEPTH       T

DEGREE DAYS
 HEATING
  YESTERDAY       25                        30     -5       17
  MONTH TO DATE  496                       569    -73      460
  SINCE DEC 1   2615                      2573     42     2199
  SINCE JUL 1   3598                      3713   -115     2974

 COOLING
  YESTERDAY        0                         0      0        0
  MONTH TO DATE    0                         0      0        0
  SINCE DEC 1      0                         0      0        0
  SINCE JAN 1      0                         0      0        0
..................................................................


WIND (MPH)
  HIGHEST WIND SPEED    21   HIGHEST WIND DIRECTION    SE (130)
  HIGHEST GUST SPEED    31   HIGHEST GUST DIRECTION    SE (130)
  AVERAGE WIND SPEED     9.6


SKY COVER
  POSSIBLE SUNSHINE  MM
  AVERAGE SKY COVER 0.5


WEATHER CONDITIONS
 THE FOLLOWING WEATHER WAS RECORDED YESTERDAY.
  LIGHT RAIN
  LIGHT SNOW
  FOG


RELATIVE HUMIDITY (PERCENT)
 HIGHEST   100          1200 AM
 LOWEST     45           300 PM
 AVERAGE    73

..........................................................


THE BECKLEY WV CLIMATE NORMALS FOR TODAY
                         NORMAL    RECORD    YEAR
 MAXIMUM TEMPERATURE (F)   44        72      1939
 MINIMUM TEMPERATURE (F)   26        -5      2015


SUNRISE AND SUNSET
FEBRUARY 19 2018......SUNRISE   709 AM EST   SUNSET   608 PM EST
FEBRUARY 20 2018......SUNRISE   708 AM EST   SUNSET   609 PM EST


-  INDICATES NEGATIVE NUMBERS.
R  INDICATES RECORD WAS SET OR TIED.
MM INDICATES DATA IS MISSING.
T  INDICATES TRACE AMOUNT.




$$
