000
CDUS41 KRLX 071517
CLIBKW


CLIMATE REPORT
NATIONAL WEATHER SERVICE CHARLESTON WV
1008 AM EST WED DEC 7 2016


...................................

...THE BECKLEY WV CLIMATE SUMMARY FOR DECEMBER 6 2016...

CLIMATE NORMAL PERIOD 1981 TO 2010
CLIMATE RECORD PERIOD 1963 TO 2016


WEATHER ITEM   OBSERVED TIME   RECORD YEAR NORMAL DEPARTURE LAST
                VALUE   (LST)  VALUE       VALUE  FROM      YEAR
                                                  NORMAL
..................................................................
TEMPERATURE (F)
 YESTERDAY
  MAXIMUM         45    214 AM  72    1916  45      0       54
  MINIMUM         37    237 PM   6    1984  29      8       30
  AVERAGE         41                        37      4       42

PRECIPITATION (IN)
  YESTERDAY        0.67          1.40 2013   0.10   0.57     0.00
  MONTH TO DATE    0.79                      0.59   0.20     1.41
  SINCE JAN 1     43.79                     38.78   5.01    45.98

SNOWFALL (IN)
  YESTERDAY       MM
  MONTH TO DATE    0.0
  SINCE SEP 1      0.2
  SNOW DEPTH       0

DEGREE DAYS
 HEATING
  YESTERDAY       24                        28     -4       23
  MONTH TO DATE  164                       165     -1      144
  SINCE DEC 1    164                       165     -1      144
  SINCE JUL 1    939                      1305   -366     1003

 COOLING
  YESTERDAY        0                         0      0        0
  MONTH TO DATE    0                         0      0        0
  SINCE DEC 1      0                         0      0        0
  SINCE JAN 1    844                       557    287      758
..................................................................


WIND (MPH)
  HIGHEST WIND SPEED    26   HIGHEST WIND DIRECTION    SE (130)
  HIGHEST GUST SPEED    39   HIGHEST GUST DIRECTION     S (160)
  AVERAGE WIND SPEED    13.0


SKY COVER
  POSSIBLE SUNSHINE  MM
  AVERAGE SKY COVER 1.0


WEATHER CONDITIONS
 THE FOLLOWING WEATHER WAS RECORDED YESTERDAY.
  HEAVY RAIN
  RAIN
  LIGHT RAIN
  FOG


RELATIVE HUMIDITY (PERCENT)
 HIGHEST   100           900 PM
 LOWEST     65          1200 AM
 AVERAGE    83

..........................................................


THE BECKLEY WV CLIMATE NORMALS FOR TODAY
                         NORMAL    RECORD    YEAR
 MAXIMUM TEMPERATURE (F)   44        74      1951
 MINIMUM TEMPERATURE (F)   28        -1      1977


SUNRISE AND SUNSET
DECEMBER  7 2016......SUNRISE   727 AM EST   SUNSET   505 PM EST
DECEMBER  8 2016......SUNRISE   728 AM EST   SUNSET   505 PM EST


-  INDICATES NEGATIVE NUMBERS.
R  INDICATES RECORD WAS SET OR TIED.
MM INDICATES DATA IS MISSING.
T  INDICATES TRACE AMOUNT.




$$
