000
CDUS41 KRLX 202125
CLIBKW


CLIMATE REPORT
NATIONAL WEATHER SERVICE CHARLESTON WV
525 PM EDT SUN APR 20 2014


...................................

...THE BECKLEY WV CLIMATE SUMMARY FOR APRIL 20 2014...
VALID TODAY AS OF 0500 PM LOCAL TIME.

CLIMATE NORMAL PERIOD 1981 TO 2010
CLIMATE RECORD PERIOD 1963 TO 2014


WEATHER ITEM   OBSERVED TIME   RECORD YEAR NORMAL DEPARTURE LAST
                VALUE   (LST)  VALUE       VALUE  FROM      YEAR
                                                  NORMAL
..................................................................
TEMPERATURE (F)
 TODAY
  MAXIMUM         69    333 PM  85    1976  64      5       53
  MINIMUM         46    616 AM  18    1904  43      3       33
  AVERAGE         58                        54      4       43

PRECIPITATION (IN)
  TODAY            0.00          2.06 1940   0.12  -0.12      T
  MONTH TO DATE    1.52                      2.18  -0.66     2.38
  SINCE MAR 1      3.99                      5.75  -1.76     4.53
  SINCE JAN 1      9.09                     11.32  -2.23    10.72

DEGREE DAYS
 HEATING
  TODAY            7                        12     -5       22
  MONTH TO DATE  229                       292    -63      239
  SINCE MAR 1   1047                      1004     43     1153
  SINCE JUL 1   5255                      5005    250     4967

 COOLING
  TODAY            0                         0      0        0
  MONTH TO DATE    5                         0      5       16
  SINCE MAR 1      5                         1      4       16
  SINCE JAN 1      5                         1      4       16
..................................................................


WIND (MPH)
  HIGHEST WIND SPEED    14   HIGHEST WIND DIRECTION    SE (120)
  HIGHEST GUST SPEED    19   HIGHEST GUST DIRECTION    SE (120)
  AVERAGE WIND SPEED     7.3


SKY COVER
  POSSIBLE SUNSHINE  MM
  AVERAGE SKY COVER 0.0


WEATHER CONDITIONS
 THE FOLLOWING WEATHER WAS RECORDED TODAY.
  NO SIGNIFICANT WEATHER WAS OBSERVED.


RELATIVE HUMIDITY (PERCENT)
 HIGHEST    65           400 AM
 LOWEST     18           200 PM
 AVERAGE    42

..........................................................


THE BECKLEY WV CLIMATE NORMALS FOR TOMORROW
                         NORMAL    RECORD    YEAR
 MAXIMUM TEMPERATURE (F)   65        83      1985
                                             1963
 MINIMUM TEMPERATURE (F)   43        19      1956


SUNRISE AND SUNSET
APRIL 20 2014.........SUNRISE   643 AM EDT   SUNSET   805 PM EDT
APRIL 21 2014.........SUNRISE   641 AM EDT   SUNSET   806 PM EDT


-  INDICATES NEGATIVE NUMBERS.
R  INDICATES RECORD WAS SET OR TIED.
MM INDICATES DATA IS MISSING.
T  INDICATES TRACE AMOUNT.




$$
