000
CDUS41 KRNK 170526
CLIBLF


CLIMATE REPORT
NATIONAL WEATHER SERVICE BLACKSBURG VA
124 AM EDT THU AUG 17 2017


...................................

...THE BLUEFIELD WV CLIMATE SUMMARY FOR AUGUST 16 2017...

CLIMATE NORMAL PERIOD 1981 TO 2010
CLIMATE RECORD PERIOD 1959 TO 2017


WEATHER ITEM   OBSERVED TIME   RECORD YEAR NORMAL DEPARTURE LAST
                VALUE   (LST)  VALUE       VALUE  FROM      YEAR
                                                  NORMAL
..................................................................
TEMPERATURE (F)
 YESTERDAY
  MAXIMUM         81    343 PM  95    2007  81      0       85
  MINIMUM         63    600 AM  45    1979  64     -1       66
  AVERAGE         72                        72      0       76

PRECIPITATION (IN)
  YESTERDAY        0.00          1.02 1966   0.11  -0.11     0.08
  MONTH TO DATE    1.86                      1.80   0.06     1.39
  SINCE JUN 1     10.91                     10.11   0.80    10.34
  SINCE JAN 1     31.71                     26.93   4.78    25.10

SNOWFALL (IN)
  YESTERDAY        0.0                                       0.0
  MONTH TO DATE    0.0                                       0.0
  SINCE JUN 1      0.0                                       0.0
  SINCE JUL 1      0.0                                       0.0
  SNOW DEPTH       0

DEGREE DAYS
 HEATING
  YESTERDAY        0                         0      0        0
  MONTH TO DATE    5                         0      5        0
  SINCE JUN 1     56                        24     32       16
  SINCE JUL 1     11                         2      9        0

 COOLING
  YESTERDAY        7                         8     -1       11
  MONTH TO DATE   54                       128    -74      125
  SINCE JUN 1    321                       542   -221      483
  SINCE JAN 1    373                       633   -260      510
..................................................................


WIND (MPH)
  HIGHEST WIND SPEED    12   HIGHEST WIND DIRECTION     W (260)
  HIGHEST GUST SPEED    15   HIGHEST GUST DIRECTION     W (250)
  AVERAGE WIND SPEED     3.7


SKY COVER
  AVERAGE SKY COVER 0.3


WEATHER CONDITIONS
 THE FOLLOWING WEATHER WAS RECORDED YESTERDAY.
  FOG
  FOG W/VISIBILITY <= 1/4 MILE


RELATIVE HUMIDITY (PERCENT)
 HIGHEST   100           300 AM
 LOWEST     51           300 PM
 AVERAGE    76

..........................................................


THE BLUEFIELD WV CLIMATE NORMALS FOR TODAY
                         NORMAL    RECORD    YEAR
 MAXIMUM TEMPERATURE (F)   81        95      1988
 MINIMUM TEMPERATURE (F)   64        52      1979


SUNRISE AND SUNSET
AUGUST 17 2017........SUNRISE   643 AM EDT   SUNSET   814 PM EDT
AUGUST 18 2017........SUNRISE   644 AM EDT   SUNSET   813 PM EDT


-  INDICATES NEGATIVE NUMBERS.
R  INDICATES RECORD WAS SET OR TIED.
MM INDICATES DATA IS MISSING.
T  INDICATES TRACE AMOUNT.




$$
