000
CDUS41 KRNK 290551
CLIBLF


CLIMATE REPORT
NATIONAL WEATHER SERVICE BLACKSBURG VA
148 AM EDT SUN MAY 29 2016


...................................

...THE BLUEFIELD WV CLIMATE SUMMARY FOR MAY 28 2016...

CLIMATE NORMAL PERIOD 1981 TO 2010
CLIMATE RECORD PERIOD 1959 TO 2016


WEATHER ITEM   OBSERVED TIME   RECORD YEAR NORMAL DEPARTURE LAST
                VALUE   (LST)  VALUE       VALUE  FROM      YEAR
                                                  NORMAL
..................................................................
TEMPERATURE (F)
 YESTERDAY
  MAXIMUM         79    250 PM  86    2006  74      5       82
  MINIMUM         61    551 AM  34    1994  56      5       62
  AVERAGE         70                        65      5       72

PRECIPITATION (IN)
  YESTERDAY        0.00          1.27 1981   0.15  -0.15     0.00
  MONTH TO DATE    6.23                      3.85   2.38     1.72
  SINCE MAR 1      9.91                     10.70  -0.79    12.13
  SINCE JAN 1     14.73                     16.36  -1.63    15.69

SNOWFALL (IN)
  YESTERDAY        0.0                                       0.0
  MONTH TO DATE    0.0                                       0.0
  SINCE MAR 1      2.6                                       3.1
  SINCE JUL 1     34.8                                      39.7
  SNOW DEPTH       0

DEGREE DAYS
 HEATING
  YESTERDAY        0                         3     -3        0
  MONTH TO DATE  231                       130    101       63
  SINCE MAR 1   1053                      1067    -14      915
  SINCE JUL 1   3866                      4560   -694     4835

 COOLING
  YESTERDAY        5                         3      2        7
  MONTH TO DATE   15                        53    -38      119
  SINCE MAR 1     20                        81    -61      130
  SINCE JAN 1     20                        81    -61      130
..................................................................


WIND (MPH)
  HIGHEST WIND SPEED    10   HIGHEST WIND DIRECTION     S (160)
  HIGHEST GUST SPEED    17   HIGHEST GUST DIRECTION    SE (140)
  AVERAGE WIND SPEED     4.7


SKY COVER
  AVERAGE SKY COVER 0.1


WEATHER CONDITIONS
 THE FOLLOWING WEATHER WAS RECORDED YESTERDAY.
  NO SIGNIFICANT WEATHER WAS OBSERVED.


RELATIVE HUMIDITY (PERCENT)
 HIGHEST    84           500 AM
 LOWEST     37           400 PM
 AVERAGE    61

..........................................................


THE BLUEFIELD WV CLIMATE NORMALS FOR TODAY
                         NORMAL    RECORD    YEAR
 MAXIMUM TEMPERATURE (F)   75        88      2006
 MINIMUM TEMPERATURE (F)   57        43      1971


SUNRISE AND SUNSET
MAY 29 2016...........SUNRISE   607 AM EDT   SUNSET   838 PM EDT
MAY 30 2016...........SUNRISE   606 AM EDT   SUNSET   839 PM EDT


-  INDICATES NEGATIVE NUMBERS.
R  INDICATES RECORD WAS SET OR TIED.
MM INDICATES DATA IS MISSING.
T  INDICATES TRACE AMOUNT.

REMARKS:
DUE TO A SENSOR FAILURE CAUSING MISSING TEMPERATURES ON DECEMBER 20-
21...JANUARY 19-20...AND JANUARY 22-25...THE SEASONAL HEATING DEGREE
DAY TOTAL AND DEPARTURE FROM NORMAL WILL BE CALCULATED WITHOUT DATA
FROM THESE DATES.


$$
RCS
