000
CDUS41 KRNK 202115
CLIBLF


CLIMATE REPORT
NATIONAL WEATHER SERVICE BLACKSBURG VA
513 PM EDT FRI OCT 20 2017


...................................

...THE BLUEFIELD WV CLIMATE SUMMARY FOR OCTOBER 20 2017...
VALID TODAY AS OF 0500 PM LOCAL TIME.

CLIMATE NORMAL PERIOD 1981 TO 2010
CLIMATE RECORD PERIOD 1959 TO 2017


WEATHER ITEM   OBSERVED TIME   RECORD YEAR NORMAL DEPARTURE LAST
                VALUE   (LST)  VALUE       VALUE  FROM      YEAR
                                                  NORMAL
..................................................................
TEMPERATURE (F)
 TODAY
  MAXIMUM         70    347 PM  79    1993  65      5       78
  MINIMUM         45    656 AM  24    1972  46     -1       60
  AVERAGE         58                        55      3       69

PRECIPITATION (IN)
  TODAY            0.00          2.13 1961   0.07  -0.07      T
  MONTH TO DATE    1.57                      1.62  -0.05     0.93
  SINCE SEP 1      2.41                      4.76  -2.35     1.81
  SINCE JAN 1     34.47                     33.15   1.32    28.70

SNOWFALL (IN)
  TODAY            0.0                                       0.0
  MONTH TO DATE    0.0                                       0.0
  SINCE SEP 1      0.0                                       0.0
  SINCE JUL 1      0.0                                       0.0
  SNOW DEPTH       0

DEGREE DAYS
 HEATING
  TODAY            7                        10     -3        0
  MONTH TO DATE   95                       159    -64      130
  SINCE SEP 1    212                       232    -20      152
  SINCE JUL 1    238                       238      0      152

 COOLING
  TODAY            0                         0      0        4
  MONTH TO DATE   25                        16      9       10
  SINCE SEP 1     64                       114    -50      128
  SINCE JAN 1    488                       848   -360      736
..................................................................


WIND (MPH)
  HIGHEST WIND SPEED     9   HIGHEST WIND DIRECTION     N (360)
  HIGHEST GUST SPEED    16   HIGHEST GUST DIRECTION     W (290)
  AVERAGE WIND SPEED     5.3


SKY COVER
  AVERAGE SKY COVER 0.0


WEATHER CONDITIONS
 THE FOLLOWING WEATHER WAS RECORDED TODAY.
  NO SIGNIFICANT WEATHER WAS OBSERVED.


RELATIVE HUMIDITY (PERCENT)
 HIGHEST    83           700 AM
 LOWEST     36           300 PM
 AVERAGE    60

..........................................................


THE BLUEFIELD WV CLIMATE NORMALS FOR TOMORROW
                         NORMAL    RECORD    YEAR
 MAXIMUM TEMPERATURE (F)   64        80      2007
 MINIMUM TEMPERATURE (F)   46        24      1974


SUNRISE AND SUNSET
OCTOBER 20 2017.......SUNRISE   738 AM EDT   SUNSET   641 PM EDT
OCTOBER 21 2017.......SUNRISE   739 AM EDT   SUNSET   640 PM EDT


-  INDICATES NEGATIVE NUMBERS.
R  INDICATES RECORD WAS SET OR TIED.
MM INDICATES DATA IS MISSING.
T  INDICATES TRACE AMOUNT.




$$
