000
CDUS41 KRNK 310910 CCA
CLIBLF

CLIMATE REPORT
NATIONAL WEATHER SERVICE BLACKSBURG VA
508 AM EDT THU JUL 31 2014


...................................

...THE BLUEFIELD WV CLIMATE SUMMARY FOR JULY 30 2014...

CLIMATE NORMAL PERIOD 1981 TO 2010
CLIMATE RECORD PERIOD 1959 TO 2014


WEATHER ITEM   OBSERVED TIME   RECORD YEAR NORMAL DEPARTURE LAST
                VALUE   (LST)  VALUE       VALUE  FROM      YEAR
                                                  NORMAL
..................................................................
TEMPERATURE (F)
 YESTERDAY
  MAXIMUM         74    407 PM  90    2011  81     -7       80
  MINIMUM         53    602 AM  50    1981  65    -12       57
  AVERAGE         64                        73     -9

PRECIPITATION (IN)
  YESTERDAY        0.00          1.29 1966   0.12  -0.12     0.00
  MONTH TO DATE    2.86                      4.05  -1.19     3.75
  SINCE JUN 1      6.46                      8.19  -1.73     8.58
  SINCE JAN 1     18.12                     25.01  -6.89    27.11

SNOWFALL (IN)
  YESTERDAY        0.0
  MONTH TO DATE    0.0
  SINCE JUN 1      0.0
  SINCE JUL 1      0.0
  SNOW DEPTH       0

DEGREE DAYS
 HEATING
  YESTERDAY        1                         0      1
  MONTH TO DATE    8                         0      8
  SINCE JUN 1     10                        22    -12
  SINCE JUL 1      8                         0      8

 COOLING
  YESTERDAY        0                         8     -8
  MONTH TO DATE  190                       240    -50
  SINCE JUN 1    411                       406      5
  SINCE JAN 1    540                       497     43
..................................................................


WIND (MPH)
  HIGHEST WIND SPEED    13   HIGHEST WIND DIRECTION     W (250)
  HIGHEST GUST SPEED    15   HIGHEST GUST DIRECTION    SW (240)
  AVERAGE WIND SPEED     3.7


SKY COVER
  POSSIBLE SUNSHINE  MM
  AVERAGE SKY COVER 0.1


WEATHER CONDITIONS
 THE FOLLOWING WEATHER WAS RECORDED YESTERDAY.
  NO SIGNIFICANT WEATHER WAS OBSERVED.


RELATIVE HUMIDITY (PERCENT)
 HIGHEST    86           700 AM
 LOWEST     41           400 PM
 AVERAGE    64

..........................................................


THE BLUEFIELD WV CLIMATE NORMALS FOR TODAY
                         NORMAL    RECORD    YEAR
 MAXIMUM TEMPERATURE (F)   81        93      1999
 MINIMUM TEMPERATURE (F)   65        49      1997


SUNRISE AND SUNSET
JULY 31 2014..........SUNRISE   629 AM EDT   SUNSET   833 PM EDT
AUGUST  1 2014........SUNRISE   629 AM EDT   SUNSET   832 PM EDT


-  INDICATES NEGATIVE NUMBERS.
R  INDICATES RECORD WAS SET OR TIED.
MM INDICATES DATA IS MISSING.
T  INDICATES TRACE AMOUNT.

REMARKS:
DUE TO A POWER FAILURE CAUSING A MISSING LOW TEMPERATURE ON
MAY 30...THE SEASONAL TOTAL AND DEPARTURE FROM NORMAL FOR CDD WILL
BE CALCULATED WITHOUT DATA FROM THAT DATE.


$$
