000
CDUS41 KRNK 302119
CLIBLF


CLIMATE REPORT
NATIONAL WEATHER SERVICE BLACKSBURG VA
519 PM EDT SAT MAY 30 2015


...................................

...THE BLUEFIELD WV CLIMATE SUMMARY FOR MAY 30 2015...
VALID TODAY AS OF 0500 PM LOCAL TIME.

CLIMATE NORMAL PERIOD 1981 TO 2010
CLIMATE RECORD PERIOD 1959 TO 2015


WEATHER ITEM   OBSERVED TIME   RECORD YEAR NORMAL DEPARTURE LAST
                VALUE   (LST)  VALUE       VALUE  FROM      YEAR
                                                  NORMAL
..................................................................
TEMPERATURE (F)
 TODAY
  MAXIMUM         82    336 PM  89    2011  75      7       82
                                      2006
  MINIMUM         64    608 AM  38    1984  57      7       MM
  AVERAGE         73                        66      7       MM

PRECIPITATION (IN)
  TODAY            0.00          0.80 1974   0.15  -0.15     0.00
  MONTH TO DATE    1.79                      4.16  -2.37     2.80
  SINCE MAR 1     12.20                     11.01   1.19     7.53
  SINCE JAN 1     15.76                     16.67  -0.91    11.66

SNOWFALL (IN)
  TODAY            0.0                                       0.0
  MONTH TO DATE    0.0                                       0.0
  SINCE MAR 1      3.1                                       9.4
  SINCE JUL 1     39.7                                      47.0
  SNOW DEPTH       0

DEGREE DAYS
 HEATING
  TODAY            0                         2     -2       MM
  MONTH TO DATE   63                       134    -71       89
  SINCE MAR 1    915                      1071   -156     1017
  SINCE JUL 1   4835                      4564    271     4652

 COOLING
  TODAY            8                         3      5       MM
  MONTH TO DATE  136                        59     77      102
  SINCE MAR 1    147                        87     60      122
  SINCE JAN 1    147                        87     60      122
..................................................................


WIND (MPH)
  HIGHEST WIND SPEED    14   HIGHEST WIND DIRECTION    SE (140)
  HIGHEST GUST SPEED    22   HIGHEST GUST DIRECTION     S (160)
  AVERAGE WIND SPEED     4.5


SKY COVER
  AVERAGE SKY COVER 0.4


WEATHER CONDITIONS
 THE FOLLOWING WEATHER WAS RECORDED TODAY.
  NO SIGNIFICANT WEATHER WAS OBSERVED.


RELATIVE HUMIDITY (PERCENT)
 HIGHEST    84           400 AM
 LOWEST     40           300 PM
 AVERAGE    62

..........................................................


THE BLUEFIELD WV CLIMATE NORMALS FOR TOMORROW
                         NORMAL    RECORD    YEAR
 MAXIMUM TEMPERATURE (F)   75        90      2011
 MINIMUM TEMPERATURE (F)   57        37      1984


SUNRISE AND SUNSET
MAY 30 2015...........SUNRISE   607 AM EDT   SUNSET   838 PM EDT
MAY 31 2015...........SUNRISE   606 AM EDT   SUNSET   839 PM EDT


-  INDICATES NEGATIVE NUMBERS.
R  INDICATES RECORD WAS SET OR TIED.
MM INDICATES DATA IS MISSING.
T  INDICATES TRACE AMOUNT.




$$
