000
CDUS41 KRNK 110910 CCA
CLIBLF

CLIMATE REPORT
NATIONAL WEATHER SERVICE BLACKSBURG VA
508 AM EDT FRI JUL 11 2014


...................................

...THE BLUEFIELD WV CLIMATE SUMMARY FOR JULY 10 2014...

CLIMATE NORMAL PERIOD 1981 TO 2010
CLIMATE RECORD PERIOD 1959 TO 2014


WEATHER ITEM   OBSERVED TIME   RECORD YEAR NORMAL DEPARTURE LAST
                VALUE   (LST)  VALUE       VALUE  FROM      YEAR
                                                  NORMAL
..................................................................
TEMPERATURE (F)
 YESTERDAY
  MAXIMUM         82    346 PM  90    1988  81      1       83
  MINIMUM         63    541 AM  40    1963  65     -2       69
  AVERAGE         73                        73      0

PRECIPITATION (IN)
  YESTERDAY        0.00          3.15 1980   0.14  -0.14     0.08
  MONTH TO DATE    0.44                      1.38  -0.94     1.34
  SINCE JUN 1      4.04                      5.52  -1.48     6.17
  SINCE JAN 1     15.70                     22.34  -6.64    24.70

SNOWFALL (IN)
  YESTERDAY        0.0
  MONTH TO DATE    0.0
  SINCE JUN 1      0.0
  SINCE JUL 1      0.0
  SNOW DEPTH       0

DEGREE DAYS
 HEATING
  YESTERDAY        0                         0      0
  MONTH TO DATE    0                         0      0
  SINCE JUN 1      2                        22    -20
  SINCE JUL 1      0                         0      0

 COOLING
  YESTERDAY        8                         8      0
  MONTH TO DATE   78                        80     -2
  SINCE JUN 1    299                       246     53
  SINCE JAN 1    428                       337     91
..................................................................


WIND (MPH)
  HIGHEST WIND SPEED     9   HIGHEST WIND DIRECTION    NW (310)
  HIGHEST GUST SPEED    13   HIGHEST GUST DIRECTION    NW (310)
  AVERAGE WIND SPEED     3.5


SKY COVER
  POSSIBLE SUNSHINE  MM
  AVERAGE SKY COVER 0.3


WEATHER CONDITIONS
 THE FOLLOWING WEATHER WAS RECORDED YESTERDAY.
  NO SIGNIFICANT WEATHER WAS OBSERVED.


RELATIVE HUMIDITY (PERCENT)
 HIGHEST    87           100 AM
 LOWEST     39           100 PM
 AVERAGE    63

..........................................................


THE BLUEFIELD WV CLIMATE NORMALS FOR TODAY
                         NORMAL    RECORD    YEAR
 MAXIMUM TEMPERATURE (F)   81        90      2011
 MINIMUM TEMPERATURE (F)   65        47      1963


SUNRISE AND SUNSET
JULY 11 2014..........SUNRISE   614 AM EDT   SUNSET   847 PM EDT
JULY 12 2014..........SUNRISE   614 AM EDT   SUNSET   846 PM EDT


-  INDICATES NEGATIVE NUMBERS.
R  INDICATES RECORD WAS SET OR TIED.
MM INDICATES DATA IS MISSING.
T  INDICATES TRACE AMOUNT.

REMARKS:
DUE TO A POWER FAILURE CAUSING A MISSING LOW TEMPERATURE ON
MAY 30...THE SEASONAL TOTAL AND DEPARTURE FROM NORMAL FOR CDD WILL
BE CALCULATED WITHOUT DATA FROM THAT DATE.


$$
