000
CDUS41 KRNK 200832
CLIBLF


CLIMATE REPORT
NATIONAL WEATHER SERVICE BLACKSBURG VA
327 AM EST FRI JAN 20 2017


...................................

...THE BLUEFIELD WV CLIMATE SUMMARY FOR JANUARY 19 2017...

CLIMATE NORMAL PERIOD 1981 TO 2010
CLIMATE RECORD PERIOD 1959 TO 2017


WEATHER ITEM   OBSERVED TIME   RECORD YEAR NORMAL DEPARTURE LAST
                VALUE   (LST)  VALUE       VALUE  FROM      YEAR
                                                  NORMAL
..................................................................
TEMPERATURE (F)
 YESTERDAY
  MAXIMUM         58    419 PM  60    1996  42     16       MM
  MINIMUM         31    221 AM -18    1994  26      5        6
  AVERAGE         45                        34     11       MM

PRECIPITATION (IN)
  YESTERDAY        0.00          0.91 1996   0.10  -0.10      T
  MONTH TO DATE    2.30                      1.79   0.51     0.71
  SINCE DEC 1      5.50                      4.70   0.80     4.54
  SINCE JAN 1      2.30                      1.79   0.51     0.71

SNOWFALL (IN)
  YESTERDAY        0.0                                       0.1
  MONTH TO DATE    3.8                                       2.1
  SINCE DEC 1      9.7                                       2.2
  SINCE JUL 1      9.7                                       2.2
  SNOW DEPTH       0

DEGREE DAYS
 HEATING
  YESTERDAY       20                        31    -11       MM
  MONTH TO DATE  508                       589    -81      586
  SINCE DEC 1   1432                      1451    -19      983
  SINCE JUL 1   2208                      2354   -146     1705

 COOLING
  YESTERDAY        0                         0      0       MM
  MONTH TO DATE    0                         0      0        0
  SINCE DEC 1      0                         0      0        3
  SINCE JAN 1      0                         0      0        0
..................................................................


WIND (MPH)
  HIGHEST WIND SPEED    10   HIGHEST WIND DIRECTION     S (190)
  HIGHEST GUST SPEED    20   HIGHEST GUST DIRECTION     S (200)
  AVERAGE WIND SPEED     3.7


SKY COVER
  AVERAGE SKY COVER 0.1


WEATHER CONDITIONS
 THE FOLLOWING WEATHER WAS RECORDED YESTERDAY.
  NO SIGNIFICANT WEATHER WAS OBSERVED.


RELATIVE HUMIDITY (PERCENT)
 HIGHEST   100           700 AM
 LOWEST     20           100 PM
 AVERAGE    60

..........................................................


THE BLUEFIELD WV CLIMATE NORMALS FOR TODAY
                         NORMAL    RECORD    YEAR
 MAXIMUM TEMPERATURE (F)   42        60      2006
                                             1988
 MINIMUM TEMPERATURE (F)   26       -20      1985


SUNRISE AND SUNSET
JANUARY 20 2017.......SUNRISE   736 AM EST   SUNSET   537 PM EST
JANUARY 21 2017.......SUNRISE   735 AM EST   SUNSET   538 PM EST


-  INDICATES NEGATIVE NUMBERS.
R  INDICATES RECORD WAS SET OR TIED.
MM INDICATES DATA IS MISSING.
T  INDICATES TRACE AMOUNT.

REMARKS:
DUE TO A POWER OUTAGE CAUSING A MISSING HIGH TEMPERATURE ON NOVEMBER
10...ALL TEMPERATURE AND HEATING DEGREE DAY INFORMATION WILL BE
CALCULATED WITHOUT DATA FROM THIS DATE.


$$
