000
CDUS41 KRNK 171027
CLIBLF


CLIMATE REPORT
NATIONAL WEATHER SERVICE BLACKSBURG VA
524 AM EST WED JAN 17 2018


...................................

...THE BLUEFIELD WV CLIMATE SUMMARY FOR JANUARY 16 2018...

CLIMATE NORMAL PERIOD 1981 TO 2010
CLIMATE RECORD PERIOD 1959 TO 2018


WEATHER ITEM   OBSERVED TIME   RECORD YEAR NORMAL DEPARTURE LAST
                VALUE   (LST)  VALUE       VALUE  FROM      YEAR
                                                  NORMAL
..................................................................
TEMPERATURE (F)
 YESTERDAY
  MAXIMUM         37    317 PM  60    2017  42     -5       60
                                      1990
  MINIMUM         15   1159 PM -13    1972  26    -11       43
  AVERAGE         26                        34     -8       52

PRECIPITATION (IN)
  YESTERDAY        T             0.57 2013   0.09  -0.09      T
  MONTH TO DATE    1.13                      1.51  -0.38     1.77
  SINCE DEC 1      2.09                      4.42  -2.33     4.97
  SINCE JAN 1      1.13                      1.51  -0.38     1.77

SNOWFALL (IN)
  YESTERDAY        T                                         0.0
  MONTH TO DATE    2.0                                       3.8
  SINCE DEC 1      5.7                                       9.7
  SINCE JUL 1      6.0                                       9.7
  SNOW DEPTH       0

DEGREE DAYS
 HEATING
  YESTERDAY       39                        31      8       13
  MONTH TO DATE  668                       496    172      454
  SINCE DEC 1   1660                      1358    302     1378
  SINCE JUL 1   2687                      2261    426     2154

 COOLING
  YESTERDAY        0                         0      0        0
  MONTH TO DATE    0                         0      0        0
  SINCE DEC 1      0                         0      0        0
  SINCE JAN 1      0                         0      0        0
..................................................................


WIND (MPH)
  HIGHEST WIND SPEED    15   HIGHEST WIND DIRECTION    SW (230)
  HIGHEST GUST SPEED    22   HIGHEST GUST DIRECTION    SW (240)
  AVERAGE WIND SPEED     7.2


SKY COVER
  AVERAGE SKY COVER 0.8


WEATHER CONDITIONS
 THE FOLLOWING WEATHER WAS RECORDED YESTERDAY.
  LIGHT SNOW
  FOG


RELATIVE HUMIDITY (PERCENT)
 HIGHEST    88           700 PM
 LOWEST     52           100 PM
 AVERAGE    70

..........................................................


THE BLUEFIELD WV CLIMATE NORMALS FOR TODAY
                         NORMAL    RECORD    YEAR
 MAXIMUM TEMPERATURE (F)   42        63      1990
 MINIMUM TEMPERATURE (F)   26       -18      1982


SUNRISE AND SUNSET
JANUARY 17 2018.......SUNRISE   737 AM EST   SUNSET   533 PM EST
JANUARY 18 2018.......SUNRISE   737 AM EST   SUNSET   534 PM EST


-  INDICATES NEGATIVE NUMBERS.
R  INDICATES RECORD WAS SET OR TIED.
MM INDICATES DATA IS MISSING.
T  INDICATES TRACE AMOUNT.

$$

RAB
