000
CDUS41 KRNK 230613
CLIBLF


CLIMATE REPORT
NATIONAL WEATHER SERVICE BLACKSBURG VA
211 AM EDT FRI JUN 23 2017


...................................

...THE BLUEFIELD WV CLIMATE SUMMARY FOR JUNE 22 2017...

CLIMATE NORMAL PERIOD 1981 TO 2010
CLIMATE RECORD PERIOD 1959 TO 2017


WEATHER ITEM   OBSERVED TIME   RECORD YEAR NORMAL DEPARTURE LAST
                VALUE   (LST)  VALUE       VALUE  FROM      YEAR
                                                  NORMAL
..................................................................
TEMPERATURE (F)
 YESTERDAY
  MAXIMUM         75   1243 PM  90    1988  80     -5       76
  MINIMUM         62    459 AM  39    1992  63     -1       62
  AVERAGE         69                        71     -2       69

PRECIPITATION (IN)
  YESTERDAY        0.13          1.65 1995   0.13   0.00     0.04
  MONTH TO DATE    4.05                      3.09   0.96     1.88
  SINCE JUN 1      4.05                      3.09   0.96     1.88
  SINCE JAN 1     24.85                     19.91   4.94    16.64

SNOWFALL (IN)
  YESTERDAY        0.0                                       0.0
  MONTH TO DATE    0.0                                       0.0
  SINCE JUN 1      0.0                                       0.0
  SINCE JUL 1     20.5                                      34.8
  SNOW DEPTH       0

DEGREE DAYS
 HEATING
  YESTERDAY        0                         0      0        0
  MONTH TO DATE   31                        21     10       16
  SINCE JUN 1     31                        21     10       16
  SINCE JUL 1   4292                      4587   -295     3882

 COOLING
  YESTERDAY        4                         7     -3        4
  MONTH TO DATE   54                       109    -55       80
  SINCE JUN 1     54                       109    -55       80
  SINCE JAN 1    106                       200    -94      107
..................................................................


WIND (MPH)
  HIGHEST WIND SPEED    14   HIGHEST WIND DIRECTION     W (250)
  HIGHEST GUST SPEED    16   HIGHEST GUST DIRECTION     W (250)
  AVERAGE WIND SPEED     4.6


SKY COVER
  AVERAGE SKY COVER 0.4


WEATHER CONDITIONS
 THE FOLLOWING WEATHER WAS RECORDED YESTERDAY.
  LIGHT RAIN
  FOG


RELATIVE HUMIDITY (PERCENT)
 HIGHEST    93           600 AM
 LOWEST     60          1200 PM
 AVERAGE    77

..........................................................


THE BLUEFIELD WV CLIMATE NORMALS FOR TODAY
                         NORMAL    RECORD    YEAR
 MAXIMUM TEMPERATURE (F)   80        90      1988
 MINIMUM TEMPERATURE (F)   63        46      1972


SUNRISE AND SUNSET
JUNE 23 2017..........SUNRISE   605 AM EDT   SUNSET   849 PM EDT
JUNE 24 2017..........SUNRISE   605 AM EDT   SUNSET   849 PM EDT


-  INDICATES NEGATIVE NUMBERS.
R  INDICATES RECORD WAS SET OR TIED.
MM INDICATES DATA IS MISSING.
T  INDICATES TRACE AMOUNT.

REMARKS:
DUE TO A POWER OUTAGE CAUSING A MISSING HIGH TEMPERATURE ON NOVEMBER
10...THE SEASONAL HEATING DEGREE DAY TOTAL AND DEPARTURE FROM
NORMAL WILL BE CALCULATED WITHOUT DATA FROM THIS DATE.

$$
RCS
