000
CDUS41 KRNK 211026
CLIBLF


CLIMATE REPORT
NATIONAL WEATHER SERVICE BLACKSBURG VA
520 AM EST SUN DEC 21 2014


...................................

...THE BLUEFIELD WV CLIMATE SUMMARY FOR DECEMBER 20 2014...

CLIMATE NORMAL PERIOD 1981 TO 2010
CLIMATE RECORD PERIOD 1959 TO 2014


WEATHER ITEM   OBSERVED TIME   RECORD YEAR NORMAL DEPARTURE LAST
                VALUE   (LST)  VALUE       VALUE  FROM      YEAR
                                                  NORMAL
..................................................................
TEMPERATURE (F)
 YESTERDAY
  MAXIMUM         36    450 PM  65    1967  44     -8       63
  MINIMUM         25    306 AM  -4    2004  28     -3       47
  AVERAGE         31                        36     -5

PRECIPITATION (IN)
  YESTERDAY        0.01          0.54 1973   0.09  -0.08     0.00
  MONTH TO DATE    1.33                      1.92  -0.59     2.68
  SINCE DEC 1      1.33                      1.92  -0.59     2.68
  SINCE JAN 1     36.19                     38.64  -2.45    39.69

SNOWFALL (IN)
  YESTERDAY        0.2
  MONTH TO DATE    0.5
  SINCE DEC 1      0.5
  SINCE JUL 1      5.3
  SNOW DEPTH       0

DEGREE DAYS
 HEATING
  YESTERDAY       34                        29      5
  MONTH TO DATE  520                       532    -12
  SINCE DEC 1    520                       532    -12
  SINCE JUL 1   1605                      1435    170

 COOLING
  YESTERDAY        0                         0      0
  MONTH TO DATE    0                         0      0
  SINCE DEC 1      0                         0      0
  SINCE JAN 1    827                       853    -26
..................................................................


WIND (MPH)
  HIGHEST WIND SPEED     7   HIGHEST WIND DIRECTION     W (270)
  HIGHEST GUST SPEED     9   HIGHEST GUST DIRECTION     W (270)
  AVERAGE WIND SPEED     2.4


SKY COVER
  POSSIBLE SUNSHINE  MM
  AVERAGE SKY COVER 0.8


WEATHER CONDITIONS
 THE FOLLOWING WEATHER WAS RECORDED YESTERDAY.
  LIGHT SNOW
  FOG


RELATIVE HUMIDITY (PERCENT)
 HIGHEST    89           400 PM
 LOWEST     75          1200 AM
 AVERAGE    82

..........................................................


THE BLUEFIELD WV CLIMATE NORMALS FOR TODAY
                         NORMAL    RECORD    YEAR
 MAXIMUM TEMPERATURE (F)   44        70      2013
 MINIMUM TEMPERATURE (F)   28        -2      1989


SUNRISE AND SUNSET
DECEMBER 21 2014......SUNRISE   735 AM EST   SUNSET   511 PM EST
DECEMBER 22 2014......SUNRISE   736 AM EST   SUNSET   511 PM EST


-  INDICATES NEGATIVE NUMBERS.
R  INDICATES RECORD WAS SET OR TIED.
MM INDICATES DATA IS MISSING.
T  INDICATES TRACE AMOUNT.


REMARKS:
DUE TO A POWER FAILURE CAUSING A MISSING LOW TEMPERATURE ON
MAY 30...THE SEASONAL TOTAL AND DEPARTURE FROM NORMAL FOR CDD
WILL BE CALCULATED WITHOUT DATA FROM THAT DATE.


$$
