000
CDUS41 KRNK 240922
CLIBLF


CLIMATE REPORT
NATIONAL WEATHER SERVICE BLACKSBURG VA
518 AM EDT WED AUG 24 2016


...................................

...THE BLUEFIELD WV CLIMATE SUMMARY FOR AUGUST 23 2016...

CLIMATE NORMAL PERIOD 1981 TO 2010
CLIMATE RECORD PERIOD 1959 TO 2016


WEATHER ITEM   OBSERVED TIME   RECORD YEAR NORMAL DEPARTURE LAST
                VALUE   (LST)  VALUE       VALUE  FROM      YEAR
                                                  NORMAL
..................................................................
TEMPERATURE (F)
 YESTERDAY
  MAXIMUM         77    439 PM  94    2007  81     -4       81
  MINIMUM         54    620 AM  51    1997  63     -9       66
  AVERAGE         66                        72     -6       74

PRECIPITATION (IN)
  YESTERDAY        0.00          0.68 2001   0.10  -0.10     0.13
  MONTH TO DATE    2.85                      2.49   0.36     2.39
  SINCE JUN 1     11.80                     10.80   1.00    10.76
  SINCE JAN 1     26.56                     27.62  -1.06    26.55

SNOWFALL (IN)
  YESTERDAY        0.0                                       0.0
  MONTH TO DATE    0.0                                       0.0
  SINCE JUN 1      0.0                                       0.0
  SINCE JUL 1      0.0                                       0.0
  SNOW DEPTH       0

DEGREE DAYS
 HEATING
  YESTERDAY        0                         0      0        0
  MONTH TO DATE    0                         0      0        0
  SINCE JUN 1     16                        24     -8        3
  SINCE JUL 1      0                         2     -2        0

 COOLING
  YESTERDAY        1                         7     -6        9
  MONTH TO DATE  152                       178    -26      188
  SINCE JUN 1    510                       592    -82      708
  SINCE JAN 1    537                       683   -146      865
..................................................................


WIND (MPH)
  HIGHEST WIND SPEED    10   HIGHEST WIND DIRECTION     S (170)
  HIGHEST GUST SPEED    17   HIGHEST GUST DIRECTION    SE (140)
  AVERAGE WIND SPEED     4.4


SKY COVER
  AVERAGE SKY COVER 0.2


WEATHER CONDITIONS
 THE FOLLOWING WEATHER WAS RECORDED YESTERDAY.
  NO SIGNIFICANT WEATHER WAS OBSERVED.


RELATIVE HUMIDITY (PERCENT)
 HIGHEST   100           500 AM
 LOWEST     50           400 PM
 AVERAGE    75

..........................................................


THE BLUEFIELD WV CLIMATE NORMALS FOR TODAY
                         NORMAL    RECORD    YEAR
 MAXIMUM TEMPERATURE (F)   80        95      2007
 MINIMUM TEMPERATURE (F)   63        49      1997


SUNRISE AND SUNSET
AUGUST 24 2016........SUNRISE   649 AM EDT   SUNSET   804 PM EDT
AUGUST 25 2016........SUNRISE   650 AM EDT   SUNSET   803 PM EDT


-  INDICATES NEGATIVE NUMBERS.
R  INDICATES RECORD WAS SET OR TIED.
MM INDICATES DATA IS MISSING.
T  INDICATES TRACE AMOUNT.

$$

RAB
