000
CDUS46 KSEW 110837
CLIBLI


CLIMATE REPORT
NATIONAL WEATHER SERVICE SEATTLE WA
1237 AM PST MON DEC 11 2017


...................................

...THE BELLINGHAM WA AIRPORT CLIMATE SUMMARY FOR DECEMBER 10 2017...

CLIMATE NORMAL PERIOD 1981 TO 2010
CLIMATE RECORD PERIOD 1949 TO 2017


WEATHER ITEM   OBSERVED TIME   RECORD YEAR NORMAL DEPARTURE LAST
                VALUE   (LST)  VALUE       VALUE  FROM      YEAR
                                                  NORMAL
..................................................................
TEMPERATURE (F)
 YESTERDAY
  MAXIMUM         50    255 PM  67    2014  44      6       42
  MINIMUM         30   1158 PM   7    1972  32     -2       29
  AVERAGE         40                        38      2       36

PRECIPITATION (IN)
  YESTERDAY        0.00          0.93 2014   0.14  -0.14     0.33
  MONTH TO DATE    0.69                      1.56  -0.87     1.58
  SINCE OCT 1     12.23                     11.04   1.19    16.74
  SINCE JAN 1     30.90                     33.17  -2.27    36.15

DEGREE DAYS
 HEATING
  YESTERDAY       25                        27     -2       29
  MONTH TO DATE  257                       260     -3      293
  SINCE DEC 1    257                       260     -3      293

 COOLING
  YESTERDAY        0                         0      0        0
  MONTH TO DATE    0                         0      0        0
  SINCE DEC 1      0                         0      0        0
  SINCE JAN 1     97                        42     55      101
..................................................................


WIND (MPH)
  RESULTANT WIND SPEED   2   RESULTANT WIND DIRECTION   N (350)
  HIGHEST WIND SPEED     9   HIGHEST WIND DIRECTION     N (10)
  HIGHEST GUST SPEED    13   HIGHEST GUST DIRECTION     N (10)
  AVERAGE WIND SPEED     2.3


SKY COVER
  AVERAGE SKY COVER 0.1


WEATHER CONDITIONS
 THE FOLLOWING WEATHER WAS RECORDED YESTERDAY.
  FOG


RELATIVE HUMIDITY (PERCENT)
 HIGHEST   100          1200 AM
 LOWEST     56           300 PM
 AVERAGE    78

..........................................................


THE BELLINGHAM WA AIRPORT CLIMATE NORMALS FOR TODAY
                         NORMAL    RECORD    YEAR
 MAXIMUM TEMPERATURE (F)   44        59      2014
 MINIMUM TEMPERATURE (F)   32        20      1949


SUNRISE AND SUNSET
DECEMBER 11 2017......SUNRISE   754 AM PST   SUNSET   414 PM PST
DECEMBER 12 2017......SUNRISE   754 AM PST   SUNSET   414 PM PST


-  INDICATES NEGATIVE NUMBERS.
R  INDICATES RECORD WAS SET OR TIED.
MM INDICATES DATA IS MISSING.
T  INDICATES TRACE AMOUNT.




$$
