000
CDUS46 KSEW 010832
CLIBLI


CLIMATE REPORT
NATIONAL WEATHER SERVICE SEATTLE WA
132 AM PDT SUN MAY 1 2016


...................................

...THE BELLINGHAM WA AIRPORT CLIMATE SUMMARY FOR APRIL 30 2016...

CLIMATE NORMAL PERIOD 1981 TO 2010
CLIMATE RECORD PERIOD 1949 TO 2016


WEATHER ITEM   OBSERVED TIME   RECORD YEAR NORMAL DEPARTURE LAST
                VALUE   (LST)  VALUE       VALUE  FROM      YEAR
                                                  NORMAL
..................................................................
TEMPERATURE (F)
 YESTERDAY
  MAXIMUM         65    447 PM  76    1989  59      6       60
  MINIMUM         42    346 AM  29    1954  42      0       48
  AVERAGE         54                        51      3       54

PRECIPITATION (IN)
  YESTERDAY        0.00          0.87 1987   0.08  -0.08     0.00
  MONTH TO DATE    2.44                      2.69  -0.25     1.23
  SINCE OCT 1     29.01                     27.30   1.71    28.70
  SINCE JAN 1     14.94                     13.60   1.34    13.97

DEGREE DAYS
 HEATING
  YESTERDAY       11                        14     -3       11
  MONTH TO DATE  324                       496   -172      472
  SINCE MAR 1    820                      1141   -321      975

 COOLING
  YESTERDAY        0                         0      0        0
  MONTH TO DATE    0                         0      0        0
  SINCE MAR 1      0                         0      0        0
  SINCE JAN 1      0                         0      0        0
..................................................................


WIND (MPH)
  RESULTANT WIND SPEED   2   RESULTANT WIND DIRECTION   S (160)
  HIGHEST WIND SPEED    10   HIGHEST WIND DIRECTION     W (280)
  HIGHEST GUST SPEED    15   HIGHEST GUST DIRECTION    NW (300)
  AVERAGE WIND SPEED     3.2


SKY COVER
  AVERAGE SKY COVER 0.0


WEATHER CONDITIONS
 THE FOLLOWING WEATHER WAS RECORDED YESTERDAY.
  NO SIGNIFICANT WEATHER WAS OBSERVED.


RELATIVE HUMIDITY (PERCENT)
 HIGHEST    93           500 AM
 LOWEST     43           500 PM
 AVERAGE    68

..........................................................


THE BELLINGHAM WA AIRPORT CLIMATE NORMALS FOR TODAY
                         NORMAL    RECORD    YEAR
 MAXIMUM TEMPERATURE (F)   60        78      2014
 MINIMUM TEMPERATURE (F)   42        25      1954


SUNRISE AND SUNSET
MAY  1 2016...........SUNRISE   549 AM PDT   SUNSET   826 PM PDT
MAY  2 2016...........SUNRISE   547 AM PDT   SUNSET   828 PM PDT


-  INDICATES NEGATIVE NUMBERS.
R  INDICATES RECORD WAS SET OR TIED.
MM INDICATES DATA IS MISSING.
T  INDICATES TRACE AMOUNT.




$$
