000
CDUS46 KSEW 230124
CLIBLI


CLIMATE REPORT
NATIONAL WEATHER SERVICE SEATTLE WA
623 PM PDT TUE APR 22 2014


...................................

...THE BELLINGHAM WA AIRPORT CLIMATE SUMMARY FOR APRIL 22 2014...
VALID TODAY AS OF 0600 PM LOCAL TIME.

CLIMATE NORMAL PERIOD 1981 TO 2010
CLIMATE RECORD PERIOD 1949 TO 2014


WEATHER ITEM   OBSERVED TIME   RECORD YEAR NORMAL DEPARTURE LAST
                VALUE   (LST)  VALUE       VALUE  FROM      YEAR
                                                  NORMAL
..................................................................
TEMPERATURE (F)
 TODAY
  MAXIMUM         55    458 PM  71    2012  58     -3       59
                                      1982
                                      1977
  MINIMUM         46    737 AM  29    2008  41      5       34
  AVERAGE         51                        49      2       47

PRECIPITATION (IN)
  TODAY            0.16          0.49 1955   0.08   0.08     0.00
  MONTH TO DATE    1.78                      2.06  -0.28     3.79
  SINCE OCT 1     23.06                     26.67  -3.61    12.05
  SINCE JAN 1     12.75                     12.97  -0.22    10.27

DEGREE DAYS
 HEATING
  TODAY           14                        16     -2       18
  MONTH TO DATE  321                       377    -56      369
  SINCE MAR 1    914                      1020   -106      987

 COOLING
  TODAY            0                         0      0        0
  MONTH TO DATE    0                         0      0        0
  SINCE MAR 1      0                         0      0        0
  SINCE JAN 1      0                         0      0        0
..................................................................


WIND (MPH)
  RESULTANT WIND SPEED   8   RESULTANT WIND DIRECTION   S (170)
  HIGHEST WIND SPEED    18   HIGHEST WIND DIRECTION    SE (150)
  HIGHEST GUST SPEED    26   HIGHEST GUST DIRECTION    SE (150)
  AVERAGE WIND SPEED     8.1


SKY COVER
  AVERAGE SKY COVER 0.7


WEATHER CONDITIONS
 THE FOLLOWING WEATHER WAS RECORDED TODAY.
  LIGHT RAIN


RELATIVE HUMIDITY (PERCENT)
 HIGHEST    93          1200 AM
 LOWEST     46           400 PM
 AVERAGE    70

..........................................................


THE BELLINGHAM WA AIRPORT CLIMATE NORMALS FOR TOMORROW
                         NORMAL    RECORD    YEAR
 MAXIMUM TEMPERATURE (F)   58        76      2005
 MINIMUM TEMPERATURE (F)   41        30      1951


SUNRISE AND SUNSET
APRIL 22 2014.........SUNRISE   606 AM PDT   SUNSET   812 PM PDT
APRIL 23 2014.........SUNRISE   604 AM PDT   SUNSET   814 PM PDT


-  INDICATES NEGATIVE NUMBERS.
R  INDICATES RECORD WAS SET OR TIED.
MM INDICATES DATA IS MISSING.
T  INDICATES TRACE AMOUNT.




$$
