000
CDUS46 KSEW 010830
CLIBLI


CLIMATE REPORT
NATIONAL WEATHER SERVICE SEATTLE WA
130 AM PDT MON SEP 1 2014


...................................

...THE BELLINGHAM WA AIRPORT CLIMATE SUMMARY FOR AUGUST 31 2014...

CLIMATE NORMAL PERIOD 1981 TO 2010
CLIMATE RECORD PERIOD 1949 TO 2014


WEATHER ITEM   OBSERVED TIME   RECORD YEAR NORMAL DEPARTURE LAST
                VALUE   (LST)  VALUE       VALUE  FROM      YEAR
                                                  NORMAL
..................................................................
TEMPERATURE (F)
 YESTERDAY
  MAXIMUM         69    317 PM  86    1987  70     -1       80
  MINIMUM         58    629 AM  42    1969  51      7       53
                                      1966
  AVERAGE         64                        61      3       67

PRECIPITATION (IN)
  YESTERDAY        0.01          0.73 2010   0.05  -0.04     0.00
  MONTH TO DATE    0.68                      1.23  -0.55     1.17
  SINCE OCT 1     30.08                     34.05  -3.97    17.86
  SINCE JAN 1     19.77                     20.35  -0.58    16.08

DEGREE DAYS
 HEATING
  YESTERDAY        1                         4     -3        0
  MONTH TO DATE   15                        80    -65       23
  SINCE JUN 1    186                       398   -212      199

 COOLING
  YESTERDAY        0                         0      0        2
  MONTH TO DATE   62                        17     45       40
  SINCE JUN 1    114                        40     74       89
  SINCE JAN 1    115                        40     75       89
..................................................................


WIND (MPH)
  RESULTANT WIND SPEED   6   RESULTANT WIND DIRECTION   S (170)
  HIGHEST WIND SPEED    14   HIGHEST WIND DIRECTION     S (160)
  HIGHEST GUST SPEED    20   HIGHEST GUST DIRECTION     S (170)
  AVERAGE WIND SPEED     8.2


SKY COVER
  AVERAGE SKY COVER 1.0


WEATHER CONDITIONS
 THE FOLLOWING WEATHER WAS RECORDED YESTERDAY.
  LIGHT RAIN


RELATIVE HUMIDITY (PERCENT)
 HIGHEST    86           500 AM
 LOWEST     72           100 AM
 AVERAGE    79

..........................................................


THE BELLINGHAM WA AIRPORT CLIMATE NORMALS FOR TODAY
                         NORMAL    RECORD    YEAR
 MAXIMUM TEMPERATURE (F)   70        82      1952
 MINIMUM TEMPERATURE (F)   51        39      1960


SUNRISE AND SUNSET
SEPTEMBER  1 2014.....SUNRISE   627 AM PDT   SUNSET   752 PM PDT
SEPTEMBER  2 2014.....SUNRISE   629 AM PDT   SUNSET   750 PM PDT


-  INDICATES NEGATIVE NUMBERS.
R  INDICATES RECORD WAS SET OR TIED.
MM INDICATES DATA IS MISSING.
T  INDICATES TRACE AMOUNT.




$$
