000
CDUS46 KSEW 160833
CLIBLI


CLIMATE REPORT
NATIONAL WEATHER SERVICE SEATTLE WA
132 AM PDT MON OCT 16 2017


...................................

...THE BELLINGHAM WA AIRPORT CLIMATE SUMMARY FOR OCTOBER 15 2017...

CLIMATE NORMAL PERIOD 1981 TO 2010
CLIMATE RECORD PERIOD 1949 TO 2017


WEATHER ITEM   OBSERVED TIME   RECORD YEAR NORMAL DEPARTURE LAST
                VALUE   (LST)  VALUE       VALUE  FROM      YEAR
                                                  NORMAL
..................................................................
TEMPERATURE (F)
 YESTERDAY
  MAXIMUM         62    120 PM  71    2015  58      4       61
                                      1963
  MINIMUM         43    655 AM  28    1966  42      1       49
  AVERAGE         53                        50      3       55

PRECIPITATION (IN)
  YESTERDAY        0.00          1.08 1988   0.12  -0.12     0.27
  MONTH TO DATE    1.23                      1.41  -0.18     4.00
  SINCE OCT 1      1.23                      1.41  -0.18     4.00
  SINCE JAN 1     19.90                     23.54  -3.64    23.41

DEGREE DAYS
 HEATING
  YESTERDAY       12                        15     -3       10
  MONTH TO DATE  226                       201     25      166
  SINCE SEP 1    370                       435    -65      370

 COOLING
  YESTERDAY        0                         0      0        0
  MONTH TO DATE    0                         0      0        0
  SINCE SEP 1     31                         2     29        0
  SINCE JAN 1     97                        42     55      101
..................................................................


WIND (MPH)
  RESULTANT WIND SPEED   1   RESULTANT WIND DIRECTION  NW (320)
  HIGHEST WIND SPEED     9   HIGHEST WIND DIRECTION     S (160)
  HIGHEST GUST SPEED    15   HIGHEST GUST DIRECTION     S (200)
  AVERAGE WIND SPEED     4.3


SKY COVER
  AVERAGE SKY COVER 0.4


WEATHER CONDITIONS
 THE FOLLOWING WEATHER WAS RECORDED YESTERDAY.
  NO SIGNIFICANT WEATHER WAS OBSERVED.


RELATIVE HUMIDITY (PERCENT)
 HIGHEST   100           700 AM
 LOWEST     55          1200 PM
 AVERAGE    78

..........................................................


THE BELLINGHAM WA AIRPORT CLIMATE NORMALS FOR TODAY
                         NORMAL    RECORD    YEAR
 MAXIMUM TEMPERATURE (F)   58        71      2015
 MINIMUM TEMPERATURE (F)   42        30      1984


SUNRISE AND SUNSET
OCTOBER 16 2017.......SUNRISE   733 AM PDT   SUNSET   618 PM PDT
OCTOBER 17 2017.......SUNRISE   734 AM PDT   SUNSET   616 PM PDT


-  INDICATES NEGATIVE NUMBERS.
R  INDICATES RECORD WAS SET OR TIED.
MM INDICATES DATA IS MISSING.
T  INDICATES TRACE AMOUNT.




$$
