000
CDUS46 KSEW 130123
CLIBLI


CLIMATE REPORT
NATIONAL WEATHER SERVICE SEATTLE WA
623 PM PDT SAT JUL 12 2014


...................................

...THE BELLINGHAM WA AIRPORT CLIMATE SUMMARY FOR JULY 12 2014...
VALID TODAY AS OF 0600 PM LOCAL TIME.

CLIMATE NORMAL PERIOD 1981 TO 2010
CLIMATE RECORD PERIOD 1949 TO 2014


WEATHER ITEM   OBSERVED TIME   RECORD YEAR NORMAL DEPARTURE LAST
                VALUE   (LST)  VALUE       VALUE  FROM      YEAR
                                                  NORMAL
..................................................................
TEMPERATURE (F)
 TODAY
  MAXIMUM         80    440 PM  92    1951  71      9       69
  MINIMUM         57    501 AM  45    1971  53      4       47
                                      1954
  AVERAGE         69                        62      7       58

PRECIPITATION (IN)
  TODAY            0.00          1.39 1972   0.05  -0.05     0.00
  MONTH TO DATE    0.01                      0.55  -0.54     0.00
  SINCE OCT 1     28.28                     32.19  -3.91    16.64
  SINCE JAN 1     17.97                     18.49  -0.52    14.86

DEGREE DAYS
 HEATING
  TODAY            0                         3     -3        7
  MONTH TO DATE   11                        43    -32       21
  SINCE JUN 1    147                       244    -97      156

 COOLING
  TODAY            4                         0      4        0
  MONTH TO DATE   23                         0     23       18
  SINCE JUN 1     24                         4     20       32
  SINCE JAN 1     25                         4     21       32
..................................................................


WIND (MPH)
  RESULTANT WIND SPEED   3   RESULTANT WIND DIRECTION   S (170)
  HIGHEST WIND SPEED     9   HIGHEST WIND DIRECTION     S (170)
  HIGHEST GUST SPEED    13   HIGHEST GUST DIRECTION     S (160)
  AVERAGE WIND SPEED     3.4


SKY COVER
  AVERAGE SKY COVER 0.0


WEATHER CONDITIONS
 THE FOLLOWING WEATHER WAS RECORDED TODAY.
  NO SIGNIFICANT WEATHER WAS OBSERVED.


RELATIVE HUMIDITY (PERCENT)
 HIGHEST    90           100 AM
 LOWEST     42           400 PM
 AVERAGE    66

..........................................................


THE BELLINGHAM WA AIRPORT CLIMATE NORMALS FOR TOMORROW
                         NORMAL    RECORD    YEAR
 MAXIMUM TEMPERATURE (F)   71        85      1961
 MINIMUM TEMPERATURE (F)   53        44      1974
                                             1954


SUNRISE AND SUNSET
JULY 12 2014..........SUNRISE   520 AM PDT   SUNSET   911 PM PDT
JULY 13 2014..........SUNRISE   521 AM PDT   SUNSET   910 PM PDT


-  INDICATES NEGATIVE NUMBERS.
R  INDICATES RECORD WAS SET OR TIED.
MM INDICATES DATA IS MISSING.
T  INDICATES TRACE AMOUNT.




$$
