000
CDUS46 KSEW 030828
CLIBLI


CLIMATE REPORT
NATIONAL WEATHER SERVICE SEATTLE WA
128 AM PDT FRI JUL 3 2015


...................................

...THE BELLINGHAM WA AIRPORT CLIMATE SUMMARY FOR JULY 2 2015...

CLIMATE NORMAL PERIOD 1981 TO 2010
CLIMATE RECORD PERIOD 1949 TO 2015


WEATHER ITEM   OBSERVED TIME   RECORD YEAR NORMAL DEPARTURE LAST
                VALUE   (LST)  VALUE       VALUE  FROM      YEAR
                                                  NORMAL
..................................................................
TEMPERATURE (F)
 YESTERDAY
  MAXIMUM         84    441 PM  86    1968  69     15       71
  MINIMUM         60    429 AM  41    1949  52      8       61
  AVERAGE         72                        61     11       66

PRECIPITATION (IN)
  YESTERDAY        0.00          0.71 1966   0.05  -0.05     0.00
  MONTH TO DATE    0.00                      0.10  -0.10     0.00
  SINCE OCT 1     29.63                     31.74  -2.11    28.27
  SINCE JAN 1     14.90                     18.04  -3.14    17.96

DEGREE DAYS
 HEATING
  YESTERDAY        0                         4     -4        0
  MONTH TO DATE    0                         8     -8        0
  SINCE JUN 1     69                       209   -140      136

 COOLING
  YESTERDAY        7                         0      7        1
  MONTH TO DATE   13                         0     13        4
  SINCE JUN 1     61                         4     57        5
  SINCE JAN 1     61                         4     57        6
..................................................................


WIND (MPH)
  RESULTANT WIND SPEED   2   RESULTANT WIND DIRECTION   S (180)
  HIGHEST WIND SPEED     9   HIGHEST WIND DIRECTION     W (290)
  HIGHEST GUST SPEED    13   HIGHEST GUST DIRECTION    NW (320)
  AVERAGE WIND SPEED     3.5


SKY COVER
  AVERAGE SKY COVER 0.0


WEATHER CONDITIONS
 THE FOLLOWING WEATHER WAS RECORDED YESTERDAY.
  NO SIGNIFICANT WEATHER WAS OBSERVED.


RELATIVE HUMIDITY (PERCENT)
 HIGHEST    93           400 AM
 LOWEST     45           100 PM
 AVERAGE    69

..........................................................


THE BELLINGHAM WA AIRPORT CLIMATE NORMALS FOR TODAY
                         NORMAL    RECORD    YEAR
 MAXIMUM TEMPERATURE (F)   69        84      1968
 MINIMUM TEMPERATURE (F)   52        41      2000
                                             1963
                                             1949


SUNRISE AND SUNSET
JULY  3 2015..........SUNRISE   512 AM PDT   SUNSET   916 PM PDT
JULY  4 2015..........SUNRISE   513 AM PDT   SUNSET   916 PM PDT


-  INDICATES NEGATIVE NUMBERS.
R  INDICATES RECORD WAS SET OR TIED.
MM INDICATES DATA IS MISSING.
T  INDICATES TRACE AMOUNT.




$$
