000
CDUS46 KSEW 290119
CLIBLI


CLIMATE REPORT
NATIONAL WEATHER SERVICE SEATTLE WA
619 PM PDT TUE JUL 28 2015


...................................

...THE BELLINGHAM WA AIRPORT CLIMATE SUMMARY FOR JULY 28 2015...
VALID TODAY AS OF 0600 PM LOCAL TIME.

CLIMATE NORMAL PERIOD 1981 TO 2010
CLIMATE RECORD PERIOD 1949 TO 2015


WEATHER ITEM   OBSERVED TIME   RECORD YEAR NORMAL DEPARTURE LAST
                VALUE   (LST)  VALUE       VALUE  FROM      YEAR
                                                  NORMAL
..................................................................
TEMPERATURE (F)
 TODAY
  MAXIMUM         77    456 PM  90    2009  73      4       83
  MINIMUM         57    523 AM  41    1954  54      3       53
  AVERAGE         67                        63      4       68

PRECIPITATION (IN)
  TODAY            0.00          0.43 1993   0.03  -0.03     0.00
  MONTH TO DATE    0.67                      1.09  -0.42     1.13
  SINCE OCT 1     30.30                     32.73  -2.43    29.40
  SINCE JAN 1     15.57                     19.03  -3.46    19.09

DEGREE DAYS
 HEATING
  TODAY            0                         2     -2        0
  MONTH TO DATE   13                        79    -66       35
  SINCE JUN 1     82                       280   -198      171

 COOLING
  TODAY            2                         0      2        3
  MONTH TO DATE   72                         0     72       44
  SINCE JUN 1    120                         4    116       45
  SINCE JAN 1    120                         4    116       46
..................................................................


WIND (MPH)
  RESULTANT WIND SPEED   3   RESULTANT WIND DIRECTION  SE (140)
  HIGHEST WIND SPEED    10   HIGHEST WIND DIRECTION     S (200)
  HIGHEST GUST SPEED    15   HIGHEST GUST DIRECTION     S (190)
  AVERAGE WIND SPEED     4.3


SKY COVER
  AVERAGE SKY COVER 0.3


WEATHER CONDITIONS
 THE FOLLOWING WEATHER WAS RECORDED TODAY.
  NO SIGNIFICANT WEATHER WAS OBSERVED.


RELATIVE HUMIDITY (PERCENT)
 HIGHEST    86           600 AM
 LOWEST     40           500 PM
 AVERAGE    63

..........................................................


THE BELLINGHAM WA AIRPORT CLIMATE NORMALS FOR TOMORROW
                         NORMAL    RECORD    YEAR
 MAXIMUM TEMPERATURE (F)   73        96      2009
 MINIMUM TEMPERATURE (F)   54        44      1969


SUNRISE AND SUNSET
JULY 28 2015..........SUNRISE   538 AM PDT   SUNSET   854 PM PDT
JULY 29 2015..........SUNRISE   540 AM PDT   SUNSET   853 PM PDT


-  INDICATES NEGATIVE NUMBERS.
R  INDICATES RECORD WAS SET OR TIED.
MM INDICATES DATA IS MISSING.
T  INDICATES TRACE AMOUNT.




$$
