000
CDUS46 KSEW 300826
CLIBLI


CLIMATE REPORT
NATIONAL WEATHER SERVICE SEATTLE WA
126 AM PDT SAT MAY 30 2015


...................................

...THE BELLINGHAM WA AIRPORT CLIMATE SUMMARY FOR MAY 29 2015...

CLIMATE NORMAL PERIOD 1981 TO 2010
CLIMATE RECORD PERIOD 1949 TO 2015


WEATHER ITEM   OBSERVED TIME   RECORD YEAR NORMAL DEPARTURE LAST
                VALUE   (LST)  VALUE       VALUE  FROM      YEAR
                                                  NORMAL
..................................................................
TEMPERATURE (F)
 YESTERDAY
  MAXIMUM         73    234 PM  82    1983  64      9       62
  MINIMUM         55    508 AM  36    1949  48      7       45
  AVERAGE         64                        56      8       54

PRECIPITATION (IN)
  YESTERDAY        0.00          1.07 1969   0.08  -0.08      T
  MONTH TO DATE    0.67                      2.32  -1.65     2.49
  SINCE OCT 1     29.37                     29.62  -0.25    27.19
  SINCE JAN 1     14.64                     15.92  -1.28    16.88

DEGREE DAYS
 HEATING
  YESTERDAY        1                         9     -8       11
  MONTH TO DATE  217                       327   -110      213
  SINCE MAR 1   1192                      1468   -276     1228

 COOLING
  YESTERDAY        0                         0      0        0
  MONTH TO DATE    0                         0      0        1
  SINCE MAR 1      0                         0      0        1
  SINCE JAN 1      0                         0      0        1
..................................................................


WIND (MPH)
  RESULTANT WIND SPEED   7   RESULTANT WIND DIRECTION   S (170)
  HIGHEST WIND SPEED    15   HIGHEST WIND DIRECTION     S (170)
  HIGHEST GUST SPEED    22   HIGHEST GUST DIRECTION     S (170)
  AVERAGE WIND SPEED     7.4


SKY COVER
  AVERAGE SKY COVER 0.0


WEATHER CONDITIONS
 THE FOLLOWING WEATHER WAS RECORDED YESTERDAY.
  NO SIGNIFICANT WEATHER WAS OBSERVED.


RELATIVE HUMIDITY (PERCENT)
 HIGHEST    93           300 AM
 LOWEST     47           700 PM
 AVERAGE    70

..........................................................


THE BELLINGHAM WA AIRPORT CLIMATE NORMALS FOR TODAY
                         NORMAL    RECORD    YEAR
 MAXIMUM TEMPERATURE (F)   64        85      1956
 MINIMUM TEMPERATURE (F)   48        37      1953


SUNRISE AND SUNSET
MAY 30 2015...........SUNRISE   513 AM PDT   SUNSET   903 PM PDT
MAY 31 2015...........SUNRISE   512 AM PDT   SUNSET   904 PM PDT


-  INDICATES NEGATIVE NUMBERS.
R  INDICATES RECORD WAS SET OR TIED.
MM INDICATES DATA IS MISSING.
T  INDICATES TRACE AMOUNT.




$$
