000
CDUS46 KSEW 251802 CCA
CLIBLI

CLIMATE REPORT...CORRECTED
NATIONAL WEATHER SERVICE SEATTLE WA
126 AM PDT MON JUL 25 2016


...................................

...THE BELLINGHAM WA AIRPORT CLIMATE SUMMARY FOR JULY 24 2016...

CLIMATE NORMAL PERIOD 1981 TO 2010
CLIMATE RECORD PERIOD 1949 TO 2016


WEATHER ITEM   OBSERVED TIME   RECORD YEAR NORMAL DEPARTURE LAST
                VALUE   (LST)  VALUE       VALUE  FROM      YEAR
                                                  NORMAL
..................................................................
TEMPERATURE (F)
 YESTERDAY
  MAXIMUM         78    313 PM  86    2004  72      6       66
  MINIMUM         52    452 AM  43    1957  54     -2       59
  AVERAGE         65                        63      2       63

PRECIPITATION (IN)
  YESTERDAY        0.00          0.36 2015   0.04  -0.04     0.36
  MONTH TO DATE    0.65                      0.97  -0.32     0.66
  SINCE OCT 1     31.64                     32.61  -0.97    30.29
  SINCE JAN 1     17.57                     18.91  -1.34    15.56

DEGREE DAYS
 HEATING
  YESTERDAY        0                         2     -2        2
  MONTH TO DATE   40                        71    -31        6
  SINCE JUN 1    186                       272    -86       75

 COOLING
  YESTERDAY        0                         0      0        0
  MONTH TO DATE   10                         0     10       70
  SINCE JUN 1     27                         4     23      118
  SINCE JAN 1     28                         4     24      118
..................................................................


WIND (MPH)
  RESULTANT WIND SPEED   1   RESULTANT WIND DIRECTION   S (190)
  HIGHEST WIND SPEED    10   HIGHEST WIND DIRECTION     W (260)
  HIGHEST GUST SPEED    15   HIGHEST GUST DIRECTION     W (270)
  AVERAGE WIND SPEED     3.3


SKY COVER
  AVERAGE SKY COVER 0.0


WEATHER CONDITIONS
 THE FOLLOWING WEATHER WAS RECORDED YESTERDAY.
  NO SIGNIFICANT WEATHER WAS OBSERVED.


RELATIVE HUMIDITY (PERCENT)
 HIGHEST    93           300 AM
 LOWEST     43           300 PM
 AVERAGE    68

..........................................................


THE BELLINGHAM WA AIRPORT CLIMATE NORMALS FOR TODAY
                         NORMAL    RECORD    YEAR
 MAXIMUM TEMPERATURE (F)   72        92      1988
 MINIMUM TEMPERATURE (F)   54        45      1954
                                             1952


SUNRISE AND SUNSET
JULY 25 2016..........SUNRISE   535 AM PDT   SUNSET   857 PM PDT
JULY 26 2016..........SUNRISE   537 AM PDT   SUNSET   856 PM PDT


-  INDICATES NEGATIVE NUMBERS.
R  INDICATES RECORD WAS SET OR TIED.
MM INDICATES DATA IS MISSING.
T  INDICATES TRACE AMOUNT.




$$
