000
CDUS46 KSEW 290828
CLIBLI


CLIMATE REPORT
NATIONAL WEATHER SERVICE SEATTLE WA
1227 AM PST MON DEC 29 2014


...................................

...THE BELLINGHAM WA AIRPORT CLIMATE SUMMARY FOR DECEMBER 28 2014...

CLIMATE NORMAL PERIOD 1981 TO 2010
CLIMATE RECORD PERIOD 1949 TO 2014


WEATHER ITEM   OBSERVED TIME   RECORD YEAR NORMAL DEPARTURE LAST
                VALUE   (LST)  VALUE       VALUE  FROM      YEAR
                                                  NORMAL
..................................................................
TEMPERATURE (F)
 YESTERDAY
  MAXIMUM         44    258 PM  59    1986  44      0       46
  MINIMUM         34    539 AM   1    1968  32      2       36
  AVERAGE         39                        38      1       41

PRECIPITATION (IN)
  YESTERDAY        0.02          0.99 1949   0.12  -0.10     0.00
  MONTH TO DATE    4.79                      3.87   0.92     3.07
  SINCE OCT 1     14.73                     13.35   1.38    10.24
  SINCE JAN 1     36.82                     35.48   1.34    30.74

DEGREE DAYS
 HEATING
  YESTERDAY       26                        27     -1       24
  MONTH TO DATE  591                       746   -155      823
  SINCE DEC 1    591                       746   -155      823

 COOLING
  YESTERDAY        0                         0      0        0
  MONTH TO DATE    0                         0      0        0
  SINCE DEC 1      0                         0      0        0
  SINCE JAN 1    117                        42     75       95
..................................................................


WIND (MPH)
  RESULTANT WIND SPEED   3   RESULTANT WIND DIRECTION   N (360)
  HIGHEST WIND SPEED    23   HIGHEST WIND DIRECTION     N (20)
  HIGHEST GUST SPEED    30   HIGHEST GUST DIRECTION     N (20)
  AVERAGE WIND SPEED     4.3


SKY COVER
  AVERAGE SKY COVER 0.9


WEATHER CONDITIONS
 THE FOLLOWING WEATHER WAS RECORDED YESTERDAY.
  LIGHT RAIN
  FOG
  FOG W/VISIBILITY <= 1/4 MILE


RELATIVE HUMIDITY (PERCENT)
 HIGHEST    92           400 AM
 LOWEST     59          1100 PM
 AVERAGE    76

..........................................................


THE BELLINGHAM WA AIRPORT CLIMATE NORMALS FOR TODAY
                         NORMAL    RECORD    YEAR
 MAXIMUM TEMPERATURE (F)   44        59      1952
 MINIMUM TEMPERATURE (F)   32         0      1968


SUNRISE AND SUNSET
DECEMBER 29 2014......SUNRISE   803 AM PST   SUNSET   422 PM PST
DECEMBER 30 2014......SUNRISE   803 AM PST   SUNSET   422 PM PST


-  INDICATES NEGATIVE NUMBERS.
R  INDICATES RECORD WAS SET OR TIED.
MM INDICATES DATA IS MISSING.
T  INDICATES TRACE AMOUNT.




$$
