000
CDUS46 KSEW 160829
CLIBLI


CLIMATE REPORT
NATIONAL WEATHER SERVICE SEATTLE WA
129 AM PDT WED AUG 16 2017


...................................

...THE BELLINGHAM WA AIRPORT CLIMATE SUMMARY FOR AUGUST 15 2017...

CLIMATE NORMAL PERIOD 1981 TO 2010
CLIMATE RECORD PERIOD 1949 TO 2017


WEATHER ITEM   OBSERVED TIME   RECORD YEAR NORMAL DEPARTURE LAST
                VALUE   (LST)  VALUE       VALUE  FROM      YEAR
                                                  NORMAL
..................................................................
TEMPERATURE (F)
 YESTERDAY
  MAXIMUM         75    348 PM  90    2010  72      3       75
  MINIMUM         47    413 AM  44    1982  54     -7       57
                                      1960
  AVERAGE         61                        63     -2       66

PRECIPITATION (IN)
  YESTERDAY        0.00          0.86 1999   0.04  -0.04     0.00
  MONTH TO DATE    0.09                      0.49  -0.40     0.02
  SINCE OCT 1     36.03                     33.31   2.72    31.66
  SINCE JAN 1     16.91                     19.61  -2.70    17.59

DEGREE DAYS
 HEATING
  YESTERDAY        4                         2      2        0
  MONTH TO DATE   11                        29    -18       19
  SINCE JUN 1    199                       331   -132      206

 COOLING
  YESTERDAY        0                         0      0        1
  MONTH TO DATE   24                         0     24       18
  SINCE JUN 1     48                        23     25       64
  SINCE JAN 1     50                        23     27       65
..................................................................


WIND (MPH)
  RESULTANT WIND SPEED   3   RESULTANT WIND DIRECTION   S (170)
  HIGHEST WIND SPEED    12   HIGHEST WIND DIRECTION     S (170)
  HIGHEST GUST SPEED    17   HIGHEST GUST DIRECTION     S (170)
  AVERAGE WIND SPEED     5.0


SKY COVER
  AVERAGE SKY COVER 0.0


WEATHER CONDITIONS
 THE FOLLOWING WEATHER WAS RECORDED YESTERDAY.
  FOG


RELATIVE HUMIDITY (PERCENT)
 HIGHEST   100           400 AM
 LOWEST     38           400 PM
 AVERAGE    69

..........................................................


THE BELLINGHAM WA AIRPORT CLIMATE NORMALS FOR TODAY
                         NORMAL    RECORD    YEAR
 MAXIMUM TEMPERATURE (F)   72        89      1967
 MINIMUM TEMPERATURE (F)   53        43      2000


SUNRISE AND SUNSET
AUGUST 16 2017........SUNRISE   605 AM PDT   SUNSET   823 PM PDT
AUGUST 17 2017........SUNRISE   606 AM PDT   SUNSET   821 PM PDT


-  INDICATES NEGATIVE NUMBERS.
R  INDICATES RECORD WAS SET OR TIED.
MM INDICATES DATA IS MISSING.
T  INDICATES TRACE AMOUNT.




$$
