829
CDUS46 KSEW 190831
CLIBLI


CLIMATE REPORT
NATIONAL WEATHER SERVICE SEATTLE WA
1231 AM PST THU JAN 19 2017


...................................

...THE BELLINGHAM WA AIRPORT CLIMATE SUMMARY FOR JANUARY 18 2017...

CLIMATE NORMAL PERIOD 1981 TO 2010
CLIMATE RECORD PERIOD 1949 TO 2017


WEATHER ITEM   OBSERVED TIME   RECORD YEAR NORMAL DEPARTURE LAST
                VALUE   (LST)  VALUE       VALUE  FROM      YEAR
                                                  NORMAL
..................................................................
TEMPERATURE (F)
 YESTERDAY
  MAXIMUM         56    210 PM  58    2005  46     10       52
  MINIMUM         46    935 PM   4    1950  33     13       44
  AVERAGE         51                        40     11       48

PRECIPITATION (IN)
  YESTERDAY        0.50          1.13 1968   0.15   0.35     0.01
  MONTH TO DATE    1.39                      2.78  -1.39     1.01
  SINCE OCT 1     20.51                     16.48   4.03    15.08
  SINCE JAN 1      1.39                      2.78  -1.39     1.01

DEGREE DAYS
 HEATING
  YESTERDAY       14                        25    -11       17
  MONTH TO DATE  582                       473    109      482
  SINCE DEC 1   1532                      1307    225     1190

 COOLING
  YESTERDAY        0                         0      0        0
  MONTH TO DATE    0                         0      0        0
  SINCE DEC 1      0                         0      0        0
  SINCE JAN 1      0                         0      0        0
..................................................................


WIND (MPH)
  RESULTANT WIND SPEED  14   RESULTANT WIND DIRECTION  SE (150)
  HIGHEST WIND SPEED    32   HIGHEST WIND DIRECTION    SE (150)
  HIGHEST GUST SPEED    44   HIGHEST GUST DIRECTION    SE (150)
  AVERAGE WIND SPEED    15.7


SKY COVER
  AVERAGE SKY COVER 1.0


WEATHER CONDITIONS
 THE FOLLOWING WEATHER WAS RECORDED YESTERDAY.
  RAIN
  LIGHT RAIN
  FOG


RELATIVE HUMIDITY (PERCENT)
 HIGHEST   100           800 PM
 LOWEST     72          1100 AM
 AVERAGE    86

..........................................................


THE BELLINGHAM WA AIRPORT CLIMATE NORMALS FOR TODAY
                         NORMAL    RECORD    YEAR
 MAXIMUM TEMPERATURE (F)   46        63      2005
 MINIMUM TEMPERATURE (F)   33        11      1954


SUNRISE AND SUNSET
JANUARY 19 2017.......SUNRISE   754 AM PST   SUNSET   448 PM PST
JANUARY 20 2017.......SUNRISE   753 AM PST   SUNSET   450 PM PST


-  INDICATES NEGATIVE NUMBERS.
R  INDICATES RECORD WAS SET OR TIED.
MM INDICATES DATA IS MISSING.
T  INDICATES TRACE AMOUNT.




$$
