000
CDUS43 KIND 160541
CLIBMG


CLIMATE REPORT
NATIONAL WEATHER SERVICE INDIANAPOLIS IN
138 AM EDT TUE SEP 16 2014


...................................

...THE BLOOMINGTON IN CLIMATE SUMMARY FOR SEPTEMBER 15 2014...

CLIMATE NORMAL PERIOD 1981 TO 2010
CLIMATE RECORD PERIOD 9999 TO 9999


WEATHER ITEM   OBSERVED TIME   NORMAL DEPARTURE LAST
                VALUE   (LST)  VALUE  FROM      YEAR
                                      NORMAL
......................................................
TEMPERATURE (F)
 YESTERDAY
  MAXIMUM         66    205 PM  79    -13       78
  MINIMUM         45    646 AM  54     -9       43
  AVERAGE         56            66    -10       61

PRECIPITATION (IN)
  YESTERDAY        0.69          0.11   0.58     0.00
  MONTH TO DATE    4.03          1.66   2.37     0.43
  SINCE SEP 1      4.03          1.66   2.37     0.43
  SINCE JAN 1     34.66         34.85  -0.19    30.75

DEGREE DAYS
 HEATING
  YESTERDAY        9             2      7        4
  MONTH TO DATE   38            14     24       18
  SINCE SEP 1     38            14     24       18
  SINCE JUL 1     44            21     23       32

 COOLING
  YESTERDAY        0             3     -3        0
  MONTH TO DATE   56            68    -12      114
  SINCE SEP 1     56            68    -12      114
  SINCE JAN 1    886           885      1      955
......................................................


WIND (MPH)
  HIGHEST WIND SPEED    16   HIGHEST WIND DIRECTION    NW (300)
  HIGHEST GUST SPEED    22   HIGHEST GUST DIRECTION    NW (300)
  AVERAGE WIND SPEED     3.3


SKY COVER
  AVERAGE SKY COVER 0.5


WEATHER CONDITIONS
 THE FOLLOWING WEATHER WAS RECORDED YESTERDAY.
  THUNDERSTORM
  HEAVY RAIN
  RAIN
  LIGHT RAIN
  FOG


RELATIVE HUMIDITY (PERCENT)
 HIGHEST   100           200 AM
 LOWEST     58           200 PM
 AVERAGE    79

..........................................................


THE BLOOMINGTON IN CLIMATE NORMALS FOR TODAY
                         NORMAL
 MAXIMUM TEMPERATURE (F)   78
 MINIMUM TEMPERATURE (F)   53


SUNRISE AND SUNSET
SEPTEMBER 16 2014.....SUNRISE   729 AM EDT   SUNSET   753 PM EDT
SEPTEMBER 17 2014.....SUNRISE   730 AM EDT   SUNSET   752 PM EDT


-  INDICATES NEGATIVE NUMBERS.
R  INDICATES RECORD WAS SET OR TIED.
MM INDICATES DATA IS MISSING.
T  INDICATES TRACE AMOUNT.




$$
