000
CDUS43 KIND 270531
CLIBMG


CLIMATE REPORT
NATIONAL WEATHER SERVICE INDIANAPOLIS IN
131 AM EDT THU APR 27 2017


...................................

...THE BLOOMINGTON IN CLIMATE SUMMARY FOR APRIL 26 2017...

CLIMATE NORMAL PERIOD 1981 TO 2010
CLIMATE RECORD PERIOD 9999 TO 9999


WEATHER ITEM   OBSERVED TIME   NORMAL DEPARTURE LAST
                VALUE   (LST)  VALUE  FROM      YEAR
                                      NORMAL
......................................................
TEMPERATURE (F)
 YESTERDAY
  MAXIMUM         85    232 PM  68     17       83
  MINIMUM         59    539 AM  46     13       58
  AVERAGE         72            57     15       71

PRECIPITATION (IN)
  YESTERDAY        0.00          0.17  -0.17     1.11
  MONTH TO DATE    2.07          4.04  -1.97     4.21
  SINCE MAR 1      6.50          7.92  -1.42     8.77
  SINCE JAN 1     11.54         13.99  -2.45    13.98

DEGREE DAYS
 HEATING
  YESTERDAY        0             9     -9        0
  MONTH TO DATE  166           325   -159      317
  SINCE MAR 1    770          1013   -243      786
  SINCE JUL 1   3957          5081  -1124     4106

 COOLING
  YESTERDAY        7             1      6        6
  MONTH TO DATE   36            18     18       13
  SINCE MAR 1     39            21     18       13
  SINCE JAN 1     39            21     18       13
......................................................


WIND (MPH)
  HIGHEST WIND SPEED    22   HIGHEST WIND DIRECTION    SW (220)
  HIGHEST GUST SPEED    29   HIGHEST GUST DIRECTION    SW (210)
  AVERAGE WIND SPEED    11.4


SKY COVER
  AVERAGE SKY COVER 0.2


WEATHER CONDITIONS
 THE FOLLOWING WEATHER WAS RECORDED YESTERDAY.
  NO SIGNIFICANT WEATHER WAS OBSERVED.


RELATIVE HUMIDITY (PERCENT)
 HIGHEST    84           700 AM
 LOWEST     40           200 PM
 AVERAGE    62

..........................................................


THE BLOOMINGTON IN CLIMATE NORMALS FOR TODAY
                         NORMAL
 MAXIMUM TEMPERATURE (F)   68
 MINIMUM TEMPERATURE (F)   46


SUNRISE AND SUNSET
APRIL 27 2017.........SUNRISE   653 AM EDT   SUNSET   836 PM EDT
APRIL 28 2017.........SUNRISE   652 AM EDT   SUNSET   837 PM EDT


-  INDICATES NEGATIVE NUMBERS.
R  INDICATES RECORD WAS SET OR TIED.
MM INDICATES DATA IS MISSING.
T  INDICATES TRACE AMOUNT.




$$
