000
CDUS43 KIND 250534
CLIBMG


CLIMATE REPORT
NATIONAL WEATHER SERVICE INDIANAPOLIS IN
132 AM EDT SAT MAR 25 2017


...................................

...THE BLOOMINGTON IN CLIMATE SUMMARY FOR MARCH 24 2017...

CLIMATE NORMAL PERIOD 1981 TO 2010
CLIMATE RECORD PERIOD 9999 TO 9999


WEATHER ITEM   OBSERVED TIME   NORMAL DEPARTURE LAST
                VALUE   (LST)  VALUE  FROM      YEAR
                                      NORMAL
......................................................
TEMPERATURE (F)
 YESTERDAY
  MAXIMUM         74    551 PM  58     16       66
  MINIMUM         50    133 AM  35     15       39
  AVERAGE         62            46     16       53

PRECIPITATION (IN)
  YESTERDAY        0.00          0.15  -0.15     0.92
  MONTH TO DATE    2.33          2.71  -0.38     3.59
  SINCE MAR 1      2.33          2.71  -0.38     3.59
  SINCE JAN 1      7.37          8.78  -1.41     8.80

DEGREE DAYS
 HEATING
  YESTERDAY        3            19    -16       12
  MONTH TO DATE  548           564    -16      371
  SINCE MAR 1    548           564    -16      371
  SINCE JUL 1   3735          4632   -897     3691

 COOLING
  YESTERDAY        0             0      0        0
  MONTH TO DATE    0             0      0        0
  SINCE MAR 1      0             0      0        0
  SINCE JAN 1      0             0      0        0
......................................................


WIND (MPH)
  HIGHEST WIND SPEED    24   HIGHEST WIND DIRECTION    SW (230)
  HIGHEST GUST SPEED    37   HIGHEST GUST DIRECTION    SW (210)
  AVERAGE WIND SPEED    13.4


SKY COVER
  AVERAGE SKY COVER 0.3


WEATHER CONDITIONS
 THE FOLLOWING WEATHER WAS RECORDED YESTERDAY.
  NO SIGNIFICANT WEATHER WAS OBSERVED.


RELATIVE HUMIDITY (PERCENT)
 HIGHEST    64           800 AM
 LOWEST     46           400 PM
 AVERAGE    55

..........................................................


THE BLOOMINGTON IN CLIMATE NORMALS FOR TODAY
                         NORMAL
 MAXIMUM TEMPERATURE (F)   58
 MINIMUM TEMPERATURE (F)   35


SUNRISE AND SUNSET
MARCH 25 2017.........SUNRISE   742 AM EDT   SUNSET   804 PM EDT
MARCH 26 2017.........SUNRISE   740 AM EDT   SUNSET   805 PM EDT


-  INDICATES NEGATIVE NUMBERS.
R  INDICATES RECORD WAS SET OR TIED.
MM INDICATES DATA IS MISSING.
T  INDICATES TRACE AMOUNT.




$$
