000
CDUS44 KOHX 251457
CLIBNA


CLIMATE REPORT
NATIONAL WEATHER SERVICE NASHVILLE TN
857 AM CST SUN FEB 25 2018


...................................

...THE NASHVILLE CLIMATE SUMMARY FOR FEBRUARY 25 2018...
VALID AS OF 0800 AM LOCAL TIME.

CLIMATE NORMAL PERIOD 1981 TO 2010
CLIMATE RECORD PERIOD 1871 TO 2018


WEATHER ITEM   OBSERVED TIME   RECORD YEAR NORMAL DEPARTURE
                VALUE   (LST)  VALUE       VALUE  FROM
                                                  NORMAL
...............................................................
TEMPERATURE (F)
 TODAY
  MINIMUM         52    759 AM   5    1967  34     18

PRECIPITATION (IN)
  TODAY            0.37          1.49 1934   0.14   0.23
  MONTH TO DATE    9.80                      3.52   6.28
  SINCE JAN 1     11.43                      7.27   4.16

SNOWFALL (IN)
  TODAY            0.0           9.7  1894
  MONTH TO DATE    0.0
  SINCE DEC 1      2.4
  SINCE JUL 1      2.4

DEGREE DAYS
 HEATING
  TODAY           MM                               MM
  MONTH TO DATE  386                             -207
  SINCE DEC 1   2030                             -174
  SINCE JUL 1   2604                             -274

 COOLING
  TODAY           MM                               MM
  MONTH TO DATE   21                               21
  SINCE DEC 1     21                               20
  SINCE JAN 1     21                               21
...............................................................


WIND (MPH)
  HIGHEST WIND SPEED    14   HIGHEST WIND DIRECTION     S (200)
  HIGHEST GUST SPEED    20   HIGHEST GUST DIRECTION     S (200)
  AVERAGE WIND SPEED     7.8




RELATIVE HUMIDITY (PERCENT)
 HIGHEST    93
 LOWEST     71
 AVERAGE    82

..........................................................


THE NASHVILLE CLIMATE NORMALS FOR TOMORROW
                         NORMAL    RECORD    YEAR
 MAXIMUM TEMPERATURE (F)   55        79      1917
 MINIMUM TEMPERATURE (F)   34         8      1967


SUNRISE AND SUNSET
FEBRUARY 25 2018......SUNRISE   622 AM CST   SUNSET   538 PM CST
FEBRUARY 26 2018......SUNRISE   621 AM CST   SUNSET   539 PM CST


-  INDICATES NEGATIVE NUMBERS.
R  INDICATES RECORD WAS SET OR TIED.
MM INDICATES DATA IS MISSING.
T  INDICATES TRACE AMOUNT.




$$
