000
CDUS44 KOHX 251304
CLIBNA

CLIMATE REPORT
NATIONAL WEATHER SERVICE NASHVILLE TN
630 AM CST SUN JAN 25 2015


...................................

...THE NASHVILLE CLIMATE SUMMARY FOR JANUARY 24 2015...

CLIMATE NORMAL PERIOD 1981 TO 2010
CLIMATE RECORD PERIOD 1871 TO 2015


WEATHER ITEM   OBSERVED TIME   RECORD YEAR NORMAL DEPARTURE
                VALUE   (LST)  VALUE       VALUE  FROM
                                                  NORMAL
...............................................................
TEMPERATURE (F)
 YESTERDAY
  MAXIMUM         50    326 PM  78    1972  47      3
  MINIMUM         28    733 AM -15    1963  28      0
  AVERAGE         39                        38      1

PRECIPITATION (IN)
  YESTERDAY        0.04          1.65 2002   0.12  -0.08
  MONTH TO DATE    2.14                      2.87  -0.73
  SINCE DEC 1      5.35                      7.11  -1.76
  SINCE JAN 1      2.14                      2.87  -0.73

SNOWFALL (IN)
  YESTERDAY        0.6           5.3  1977   0.1    0.5
  MONTH TO DATE    0.9                       1.9   -1.0
  SINCE DEC 1      0.9                       2.4   -1.5
  SINCE JUL 1      1.1                       2.4   -1.3
  SNOW DEPTH       0

DEGREE DAYS
 HEATING
  YESTERDAY       26                               -1
  MONTH TO DATE  674                               12
  SINCE DEC 1   1345                              -80
  SINCE JUL 1   2119                               20

 COOLING
  YESTERDAY        0                                0
  MONTH TO DATE    0                                0
  SINCE DEC 1      0                               -1
  SINCE JAN 1      0                                0
...............................................................


WIND (MPH)
  HIGHEST WIND SPEED    14   HIGHEST WIND DIRECTION    NW (310)
  HIGHEST GUST SPEED    20   HIGHEST GUST DIRECTION    NW (310)
  AVERAGE WIND SPEED     6.6




RELATIVE HUMIDITY (PERCENT)
 HIGHEST   100
 LOWEST     50
 AVERAGE    75

..........................................................

SINCE MIDNIGHT...
LOW... 34
PRECIPITATION... 0.00

THE NASHVILLE CLIMATE NORMALS FOR TODAY
                         NORMAL    RECORD    YEAR
 MAXIMUM TEMPERATURE (F)   47        78      1950
 MINIMUM TEMPERATURE (F)   28        -6      1963


SUNRISE AND SUNSET
JANUARY 25 2015.......SUNRISE   653 AM CST   SUNSET   506 PM CST
JANUARY 26 2015.......SUNRISE   652 AM CST   SUNSET   507 PM CST


-  INDICATES NEGATIVE NUMBERS.
R  INDICATES RECORD WAS SET OR TIED.
MM INDICATES DATA IS MISSING.
T  INDICATES TRACE AMOUNT.

NATIONAL TEMPERATURE EXTREMES

HIGH SAT...85 AT FULLERTON CA

LOW  SUN...9 BELOW ZERO AT SAULT STE. MARIE MI



$$
