000
CDUS44 KOHX 250646
CLIBNA


CLIMATE REPORT
NATIONAL WEATHER SERVICE NASHVILLE TN
145 AM CDT THU MAY 25 2017


...................................

...THE NASHVILLE CLIMATE SUMMARY FOR MAY 24 2017...

CLIMATE NORMAL PERIOD 1981 TO 2010
CLIMATE RECORD PERIOD 1871 TO 2017


WEATHER ITEM   OBSERVED TIME   RECORD YEAR NORMAL DEPARTURE
                VALUE   (LST)  VALUE       VALUE  FROM
                                                  NORMAL
...............................................................
TEMPERATURE (F)
 YESTERDAY
  MAXIMUM         67   1050 AM  93    1996  80    -13
  MINIMUM         56   1159 PM  44    1931  59     -3
                                      1892
  AVERAGE         62                        70     -8

PRECIPITATION (IN)
  YESTERDAY        0.43          3.28 2000   0.16   0.27
  MONTH TO DATE    3.31                      4.36  -1.05
  SINCE JAN 1     19.63                     20.16  -0.53

SNOWFALL (IN)
  YESTERDAY        0.0           0.0  2002
                                      2001
  MONTH TO DATE    0.0
  SINCE MAR 1      1.5
  SINCE JUL 1      2.2

DEGREE DAYS
 HEATING
  YESTERDAY        3                                2
  MONTH TO DATE   41                              -10
  SINCE MAR 1    482                             -259
  SINCE JUL 1   2450                            -1229

 COOLING
  YESTERDAY        0                               -6
  MONTH TO DATE  136                               48
  SINCE MAR 1    261                              128
  SINCE JAN 1    268                              135
...............................................................


WIND (MPH)
  HIGHEST WIND SPEED    23   HIGHEST WIND DIRECTION     W (280)
  HIGHEST GUST SPEED    31   HIGHEST GUST DIRECTION     W (280)
  AVERAGE WIND SPEED     5.7




RELATIVE HUMIDITY (PERCENT)
 HIGHEST    93
 LOWEST     63

..........................................................


THE NASHVILLE CLIMATE NORMALS FOR TODAY
                         NORMAL    RECORD    YEAR
 MAXIMUM TEMPERATURE (F)   80        93      1926
 MINIMUM TEMPERATURE (F)   59        43      1925


SUNRISE AND SUNSET
MAY 25 2017...........SUNRISE   534 AM CDT   SUNSET   754 PM CDT
MAY 26 2017...........SUNRISE   533 AM CDT   SUNSET   755 PM CDT


-  INDICATES NEGATIVE NUMBERS.
R  INDICATES RECORD WAS SET OR TIED.
MM INDICATES DATA IS MISSING.
T  INDICATES TRACE AMOUNT.




$$
