000
CDUS44 KOHX 230753
CLIBNA

CLIMATE REPORT
NATIONAL WEATHER SERVICE NASHVILLE TN
154 AM CST MON JAN 23 2017

...THE NASHVILLE CLIMATE SUMMARY FOR JANUARY 22 2017...

CLIMATE NORMAL PERIOD 1981 TO 2010
CLIMATE RECORD PERIOD 1871 TO 2017


WEATHER ITEM   OBSERVED TIME   RECORD YEAR NORMAL DEPARTURE
                VALUE   (LST)  VALUE       VALUE  FROM
                                                  NORMAL
...............................................................
TEMPERATURE (F)
 YESTERDAY
  MAXIMUM         67    152 PM  72    1929  47     20
  MINIMUM         53    736 AM  -2    1885  28     25
  AVERAGE         60                        38     22

PRECIPITATION (IN)
  YESTERDAY        0.06          2.77 1999   0.13  -0.07
  MONTH TO DATE    3.29                      2.63   0.66
  SINCE JAN 1      3.29                      2.63   0.66

SNOWFALL (IN)
  YESTERDAY        0.0           8.0  2016
  MONTH TO DATE    0.4
  SINCE DEC 1      0.7
  SINCE JUL 1      0.7

DEGREE DAYS
 HEATING
  YESTERDAY        5                              -22
  MONTH TO DATE  371                             -237
  SINCE DEC 1   1054                             -317
  SINCE JUL 1   1408                             -637

 COOLING
  YESTERDAY        0                                0
  MONTH TO DATE    0                                0
  SINCE DEC 1      4                                3
  SINCE JAN 1      0                                0
...............................................................


WIND (MPH)
  HIGHEST WIND SPEED    21   HIGHEST WIND DIRECTION     N (10)
  HIGHEST GUST SPEED    27   HIGHEST GUST DIRECTION     N (340)
  AVERAGE WIND SPEED     8.6




RELATIVE HUMIDITY (PERCENT)
 HIGHEST    93
 LOWEST     58

..........................................................


THE NASHVILLE CLIMATE NORMALS FOR TODAY
                         NORMAL    RECORD    YEAR
 MAXIMUM TEMPERATURE (F)   47        73      1943
                                             1909
 MINIMUM TEMPERATURE (F)   28       -13      1963


SUNRISE AND SUNSET
JANUARY 23 2017.......SUNRISE   653 AM CST   SUNSET   504 PM CST
JANUARY 24 2017.......SUNRISE   653 AM CST   SUNSET   505 PM CST


-  INDICATES NEGATIVE NUMBERS.
R  INDICATES RECORD WAS SET OR TIED.
MM INDICATES DATA IS MISSING.
T  INDICATES TRACE AMOUNT.

$$

21
