123
CDUS44 KOHX 190722
CLIBNA


CLIMATE REPORT
NATIONAL WEATHER SERVICE NASHVILLE TN
121 AM CST SUN FEB 19 2017


...................................

...THE NASHVILLE CLIMATE SUMMARY FOR FEBRUARY 18 2017...

CLIMATE NORMAL PERIOD 1981 TO 2010
CLIMATE RECORD PERIOD 1871 TO 2017


WEATHER ITEM   OBSERVED TIME   RECORD YEAR NORMAL DEPARTURE
                VALUE   (LST)  VALUE       VALUE  FROM
                                                  NORMAL
...............................................................
TEMPERATURE (F)
 YESTERDAY
  MAXIMUM         57    427 PM  74    1951  53      4
  MINIMUM         49   1027 AM  -1    1936  32     17
  AVERAGE         53                        42     11

PRECIPITATION (IN)
  YESTERDAY        0.06          2.59 1881   0.13  -0.07
  MONTH TO DATE    1.37                      2.51  -1.14
  SINCE JAN 1      4.71                      6.26  -1.55

SNOWFALL (IN)
  YESTERDAY       MM             7.4  1960
  MONTH TO DATE    0.0
  SINCE DEC 1      0.7
  SINCE JUL 1      0.7

DEGREE DAYS
 HEATING
  YESTERDAY       12                              -11
  MONTH TO DATE  315                             -128
  SINCE DEC 1   1544                             -510
  SINCE JUL 1   1898                             -830

 COOLING
  YESTERDAY        0                                0
  MONTH TO DATE    0                                0
  SINCE DEC 1      4                                3
  SINCE JAN 1      0                                0
...............................................................


WIND (MPH)
  HIGHEST WIND SPEED    13   HIGHEST WIND DIRECTION     S (160)
  HIGHEST GUST SPEED    16   HIGHEST GUST DIRECTION     S (200)
  AVERAGE WIND SPEED     5.1




RELATIVE HUMIDITY (PERCENT)
 HIGHEST    86
 LOWEST     50

..........................................................


THE NASHVILLE CLIMATE NORMALS FOR TODAY
                         NORMAL    RECORD    YEAR
 MAXIMUM TEMPERATURE (F)   53        75      1986
                                             1917
 MINIMUM TEMPERATURE (F)   33         5      2015
                                             1958
                                             1903


SUNRISE AND SUNSET
FEBRUARY 19 2017......SUNRISE   629 AM CST   SUNSET   532 PM CST
FEBRUARY 20 2017......SUNRISE   628 AM CST   SUNSET   533 PM CST


-  INDICATES NEGATIVE NUMBERS.
R  INDICATES RECORD WAS SET OR TIED.
MM INDICATES DATA IS MISSING.
T  INDICATES TRACE AMOUNT.




$$
