000
CDUS44 KOHX 290619
CLIBNA

CLIMATE REPORT
NATIONAL WEATHER SERVICE NASHVILLE TN
118 AM CDT FRI MAY 29 2015


...................................

...THE NASHVILLE CLIMATE SUMMARY FOR MAY 28 2015...

CLIMATE NORMAL PERIOD 1981 TO 2010
CLIMATE RECORD PERIOD 1871 TO 2015


WEATHER ITEM   OBSERVED TIME   RECORD YEAR NORMAL DEPARTURE
                VALUE   (LST)  VALUE       VALUE  FROM
                                                  NORMAL
...............................................................
TEMPERATURE (F)
 YESTERDAY
  MAXIMUM         85    314 PM  96    1911  81      4
  MINIMUM         67   1159 PM  40    1961  60      7
  AVERAGE         76                        71      5

PRECIPITATION (IN)
  YESTERDAY        0.02          3.50 1978   0.16  -0.14
  MONTH TO DATE    2.63                      5.00  -2.37
  SINCE MAR 1     13.25                     13.11   0.14
  SINCE JAN 1     20.07                     20.80  -0.73

SNOWFALL (IN)
  YESTERDAY        0.0           0.0  2002   0.0    0.0
                                      2001
  MONTH TO DATE    0.0                       0.0    0.0
  SINCE MAR 1      2.9                       0.9    2.0
  SINCE JUL 1      6.1                       6.3   -0.2
  SNOW DEPTH       0

DEGREE DAYS
 HEATING
  YESTERDAY        0                               -1
  MONTH TO DATE   24                              -31
  SINCE MAR 1    588                             -157
  SINCE JUL 1   3778                               95

 COOLING
  YESTERDAY       11                                5
  MONTH TO DATE  182                               70
  SINCE MAR 1    224                               67
  SINCE JAN 1    224                               67
...............................................................


WIND (MPH)
  HIGHEST WIND SPEED    20   HIGHEST WIND DIRECTION     S (170)
  HIGHEST GUST SPEED    25   HIGHEST GUST DIRECTION     S (180)
  AVERAGE WIND SPEED     3.2




RELATIVE HUMIDITY (PERCENT)
 HIGHEST   100
 LOWEST     51
 AVERAGE    76

..........................................................


THE NASHVILLE CLIMATE NORMALS FOR TODAY
                         NORMAL    RECORD    YEAR
 MAXIMUM TEMPERATURE (F)   82        95      1941
                                             1914
                                             1911
 MINIMUM TEMPERATURE (F)   61        42      1984


SUNRISE AND SUNSET
MAY 29 2015...........SUNRISE   532 AM CDT   SUNSET   756 PM CDT
MAY 30 2015...........SUNRISE   532 AM CDT   SUNSET   757 PM CDT


-  INDICATES NEGATIVE NUMBERS.
R  INDICATES RECORD WAS SET OR TIED.
MM INDICATES DATA IS MISSING.
T  INDICATES TRACE AMOUNT.




$$
