000
CDUS44 KOHX 310047
CLIBNA


CLIMATE REPORT
NATIONAL WEATHER SERVICE NASHVILLE TN
746 PM CDT TUE AUG 30 2016


...................................

...THE NASHVILLE CLIMATE SUMMARY FOR AUGUST 30 2016...
VALID TODAY AS OF 0700 PM LOCAL TIME.

CLIMATE NORMAL PERIOD 1981 TO 2010
CLIMATE RECORD PERIOD 1871 TO 2016


WEATHER ITEM   OBSERVED TIME   RECORD YEAR NORMAL DEPARTURE
                VALUE   (LST)  VALUE       VALUE  FROM
                                                  NORMAL
...............................................................
TEMPERATURE (F)
 TODAY
  MAXIMUM         94    300 PM 100    1951  88      6
  MINIMUM         73    515 AM  53    1891  67      6
  AVERAGE         84                        77      7

PRECIPITATION (IN)
  TODAY            0.00          1.97 2005   0.10  -0.10
  MONTH TO DATE    6.44                      3.08   3.36
  SINCE JAN 1     31.62                     32.16  -0.54

SNOWFALL (IN)
  TODAY            0.0           0.0  2002
                                      2001
                                      2000
  MONTH TO DATE    0.0
  SINCE JUN 1      0.0
  SINCE JUL 1      0.0

DEGREE DAYS
 HEATING
  TODAY            0                                0
  MONTH TO DATE    0                                0
  SINCE JUN 1      0                               -3
  SINCE JUL 1      0                                0

 COOLING
  TODAY           19                                7
  MONTH TO DATE  502                               94
  SINCE JUN 1   1489                              311
  SINCE JAN 1   1726                              369
...............................................................


WIND (MPH)
  HIGHEST WIND SPEED     8   HIGHEST WIND DIRECTION     E (90)
  HIGHEST GUST SPEED     7   HIGHEST GUST DIRECTION    NE (40)
  AVERAGE WIND SPEED     2.7



WEATHER CONDITIONS
 THE FOLLOWING WEATHER WAS RECORDED TODAY.
  NO SIGNIFICANT WEATHER WAS OBSERVED.


RELATIVE HUMIDITY (PERCENT)
 HIGHEST    87
 LOWEST     36
 AVERAGE    62

..........................................................


THE NASHVILLE CLIMATE NORMALS FOR TOMORROW
                         NORMAL    RECORD    YEAR
 MAXIMUM TEMPERATURE (F)   87       101      1951
 MINIMUM TEMPERATURE (F)   66        47      1946


SUNRISE AND SUNSET
AUGUST 30 2016........SUNRISE   617 AM CDT   SUNSET   716 PM CDT
AUGUST 31 2016........SUNRISE   618 AM CDT   SUNSET   715 PM CDT


-  INDICATES NEGATIVE NUMBERS.
R  INDICATES RECORD WAS SET OR TIED.
MM INDICATES DATA IS MISSING.
T  INDICATES TRACE AMOUNT.




$$
