000
CDUS44 KOHX 271217
CLIBNA

CLIMATE REPORT
NATIONAL WEATHER SERVICE NASHVILLE TN
717 AM CDT THU AUG 27 2015

.....................................

UPDATED FOR MORNING CLIMATE AT BOTTOM

.....................................


...THE NASHVILLE CLIMATE SUMMARY FOR AUGUST 26 2015...

CLIMATE NORMAL PERIOD 1981 TO 2010
CLIMATE RECORD PERIOD 1871 TO 2015


WEATHER ITEM   OBSERVED TIME   RECORD YEAR NORMAL DEPARTURE
                VALUE   (LST)  VALUE       VALUE  FROM
                                                  NORMAL
...............................................................
TEMPERATURE (F)
 YESTERDAY
  MAXIMUM         83   1256 PM 103    1943  88     -5
  MINIMUM         57    529 AM  53    1917  67    -10
  AVERAGE         70                        78     -8

PRECIPITATION (IN)
  YESTERDAY        0.00          1.08 2008   0.09  -0.09
  MONTH TO DATE    2.89                      2.69   0.20
  SINCE JUN 1     13.34                     10.47   2.87
  SINCE JAN 1     34.34                     31.77   2.57

SNOWFALL (IN)
  YESTERDAY        0.0           0.0  2002   0.0    0.0
                                      2001
                                      2000
  MONTH TO DATE    0.0                       0.0    0.0
  SINCE JUN 1      0.0                       0.0    0.0
  SINCE JUL 1      0.0                       0.0    0.0
  SNOW DEPTH       0

DEGREE DAYS
 HEATING
  YESTERDAY        0                                0
  MONTH TO DATE    0                                0
  SINCE JUN 1      0                               -3
  SINCE JUL 1      0                                0

 COOLING
  YESTERDAY        5                               -8
  MONTH TO DATE  333                              -26
  SINCE JUN 1   1225                               96
  SINCE JAN 1   1481                              173
...............................................................


WIND (MPH)
  HIGHEST WIND SPEED    15   HIGHEST WIND DIRECTION    NE (30)
  HIGHEST GUST SPEED    21   HIGHEST GUST DIRECTION    NE (30)
  AVERAGE WIND SPEED     5.8




RELATIVE HUMIDITY (PERCENT)
 HIGHEST    86
 LOWEST     37
 AVERAGE    62

..........................................................


THE NASHVILLE CLIMATE NORMALS FOR TODAY
                         NORMAL    RECORD    YEAR
 MAXIMUM TEMPERATURE (F)   88       104      1943
 MINIMUM TEMPERATURE (F)   67        51      1945


SUNRISE AND SUNSET
AUGUST 27 2015........SUNRISE   614 AM CDT   SUNSET   722 PM CDT
AUGUST 28 2015........SUNRISE   615 AM CDT   SUNSET   720 PM CDT


-  INDICATES NEGATIVE NUMBERS.
R  INDICATES RECORD WAS SET OR TIED.
MM INDICATES DATA IS MISSING.
T  INDICATES TRACE AMOUNT.

&&

THE LOW TEMPERATURE SINCE MIDNIGHT HAS BEEN 58 DEGREES.
NO PRECIPITATION HAS FALLEN SINCE MIDNIGHT.

$$
