000
CDUS45 KBOI 270945
CLIBNO


CLIMATE REPORT
NATIONAL WEATHER SERVICE BOISE ID
245 AM MST THU NOV 27 2014


...................................

...THE BURNS OR CLIMATE SUMMARY FOR NOVEMBER 26 2014...

CLIMATE NORMAL PERIOD 1981 TO 2010
CLIMATE RECORD PERIOD 1939 TO 2014


WEATHER ITEM   OBSERVED TIME   RECORD YEAR NORMAL DEPARTURE LAST
                VALUE   (LST)  VALUE       VALUE  FROM      YEAR
                                                  NORMAL
..................................................................
TEMPERATURE (F)
 YESTERDAY
  MAXIMUM         49    244 PM  60    1947  40      9       48
  MINIMUM         27    650 AM -13    1985  18      9       15
  AVERAGE         38                        29      9       32

PRECIPITATION (IN)
  YESTERDAY        0.00          0.92 1942   0.04  -0.04     0.00
  MONTH TO DATE    1.00                      0.99   0.01     0.45
  SINCE OCT 1      2.15                      1.77   0.38     0.75
  SINCE JAN 1      8.40                      9.19  -0.79     6.68

DEGREE DAYS
 HEATING
  YESTERDAY       27                        36     -9       33
  MONTH TO DATE  849                       803     46      777
  SINCE SEP 1   1544                      1716   -172     1762
  SINCE JUL 1   1609                      1853   -244     1798

 COOLING
  YESTERDAY        0                         0      0        0
  MONTH TO DATE    0                         0      0        0
  SINCE SEP 1      5                         9     -4       21
  SINCE JAN 1    318                       215    103      372
..................................................................


WIND (MPH)
  HIGHEST WIND SPEED     7   HIGHEST WIND DIRECTION     W (270)
  HIGHEST GUST SPEED     7   HIGHEST GUST DIRECTION     W (270)
  AVERAGE WIND SPEED     1.7


SKY COVER
  POSSIBLE SUNSHINE  MM
  AVERAGE SKY COVER 0.0


WEATHER CONDITIONS
 THE FOLLOWING WEATHER WAS RECORDED YESTERDAY.
  NO SIGNIFICANT WEATHER WAS OBSERVED.


RELATIVE HUMIDITY (PERCENT)
 HIGHEST    92           100 AM
 LOWEST     61           200 PM
 AVERAGE    77

..........................................................


THE BURNS OR CLIMATE NORMALS FOR TODAY
                         NORMAL    RECORD    YEAR
 MAXIMUM TEMPERATURE (F)   39        56      1950
                                             1949
 MINIMUM TEMPERATURE (F)   18        -4      1985


SUNRISE AND SUNSET
NOVEMBER 27 2014......SUNRISE   705 AM PST   SUNSET   422 PM PST
NOVEMBER 28 2014......SUNRISE   706 AM PST   SUNSET   422 PM PST


-  INDICATES NEGATIVE NUMBERS.
R  INDICATES RECORD WAS SET OR TIED.
MM INDICATES DATA IS MISSING.
T  INDICATES TRACE AMOUNT.




$$
