000
CDUS45 KBOI 280936
CLIBNO


CLIMATE REPORT
NATIONAL WEATHER SERVICE BOISE ID
335 AM MDT THU JUL 28 2016


...................................

...THE BURNS OR CLIMATE SUMMARY FOR JULY 27 2016...

CLIMATE NORMAL PERIOD 1981 TO 2010
CLIMATE RECORD PERIOD 1938 TO 2016


WEATHER ITEM   OBSERVED TIME   RECORD YEAR NORMAL DEPARTURE LAST
                VALUE   (LST)  VALUE       VALUE  FROM      YEAR
                                                  NORMAL
..................................................................
TEMPERATURE (F)
 YESTERDAY
  MAXIMUM         97    243 PM 101    1939  88      9       73
  MINIMUM         48    450 AM  39    1993  48      0       42
  AVERAGE         73                        68      5       58

PRECIPITATION (IN)
  YESTERDAY        0.00          0.10 1997   0.02  -0.02     0.00
  MONTH TO DATE    0.14                      0.35  -0.21     0.51
  SINCE OCT 1      9.26                     10.07  -0.81     9.07
  SINCE JAN 1      4.39                      6.57  -2.18     4.57

DEGREE DAYS
 HEATING
  YESTERDAY        0                         1     -1        7
  MONTH TO DATE   57                        53      4       21
  SINCE JUN 1    237                       271    -34       70
  SINCE JUL 1     57                        53      4       21

 COOLING
  YESTERDAY        8                         4      4        0
  MONTH TO DATE   43                        90    -47       98
  SINCE JUN 1    101                       110     -9      208
  SINCE JAN 1    101                       113    -12      211
..................................................................


WIND (MPH)
  HIGHEST WIND SPEED    16   HIGHEST WIND DIRECTION    NW (310)
  HIGHEST GUST SPEED    22   HIGHEST GUST DIRECTION    SW (220)
  AVERAGE WIND SPEED     5.9


SKY COVER
  POSSIBLE SUNSHINE  MM
  AVERAGE SKY COVER 0.0


WEATHER CONDITIONS
 THE FOLLOWING WEATHER WAS RECORDED YESTERDAY.
  NO SIGNIFICANT WEATHER WAS OBSERVED.


RELATIVE HUMIDITY (PERCENT)
 HIGHEST    63           300 AM
 LOWEST     10           500 PM
 AVERAGE    37

..........................................................


THE BURNS OR CLIMATE NORMALS FOR TODAY
                         NORMAL    RECORD    YEAR
 MAXIMUM TEMPERATURE (F)   88       101      1968
 MINIMUM TEMPERATURE (F)   48        36      2015


SUNRISE AND SUNSET
JULY 28 2016..........SUNRISE   541 AM PDT   SUNSET   822 PM PDT
JULY 29 2016..........SUNRISE   543 AM PDT   SUNSET   821 PM PDT


-  INDICATES NEGATIVE NUMBERS.
R  INDICATES RECORD WAS SET OR TIED.
MM INDICATES DATA IS MISSING.
T  INDICATES TRACE AMOUNT.




$$
