000
CDUS45 KBOI 030123
CLIBNO


CLIMATE REPORT
NATIONAL WEATHER SERVICE BOISE ID
623 PM MST FRI DEC 2 2016


...................................

...THE BURNS OR CLIMATE SUMMARY FOR DECEMBER 2 2016...
VALID TODAY AS OF 0600 PM LOCAL TIME.

CLIMATE NORMAL PERIOD 1981 TO 2010
CLIMATE RECORD PERIOD 1938 TO 2016


WEATHER ITEM   OBSERVED TIME   RECORD YEAR NORMAL DEPARTURE LAST
                VALUE   (LST)  VALUE       VALUE  FROM      YEAR
                                                  NORMAL
..................................................................
TEMPERATURE (F)
 TODAY
  MAXIMUM         34    358 PM  61    1975  37     -3       29
  MINIMUM          9    727 AM  -2    2006  17     -8       16
  AVERAGE         22                        27     -5       23

PRECIPITATION (IN)
  TODAY            0.00          0.44 1962   0.05  -0.05     0.25
  MONTH TO DATE    T                         0.10  -0.10     0.25
  SINCE OCT 1      1.79                      2.05  -0.26     1.74
  SINCE JAN 1      6.31                      9.47  -3.16     7.11

DEGREE DAYS
 HEATING
  TODAY           43                        38      5       42
  MONTH TO DATE   83                        76      7       93
  SINCE DEC 1     83                        76      7       93
  SINCE JUL 1   1896                      2077   -181     1954

 COOLING
  TODAY            0                         0      0        0
  MONTH TO DATE    0                         0      0        0
  SINCE DEC 1      0                         0      0        0
  SINCE JAN 1    226                       215     11      330
..................................................................


WIND (MPH)
  HIGHEST WIND SPEED     8   HIGHEST WIND DIRECTION    SW (210)
  HIGHEST GUST SPEED    10   HIGHEST GUST DIRECTION    SW (220)
  AVERAGE WIND SPEED     2.8



WEATHER CONDITIONS
 THE FOLLOWING WEATHER WAS RECORDED TODAY.
  FOG
  FOG W/VISIBILITY <= 1/4 MILE


RELATIVE HUMIDITY (PERCENT)
 HIGHEST   100          1100 AM
 LOWEST     64           300 PM
 AVERAGE    82

..........................................................


THE BURNS OR CLIMATE NORMALS FOR TOMORROW
                         NORMAL    RECORD    YEAR
 MAXIMUM TEMPERATURE (F)   37        61      1958
 MINIMUM TEMPERATURE (F)   16        -2      1992


SUNRISE AND SUNSET
DECEMBER  2 2016......SUNRISE   711 AM PST   SUNSET   420 PM PST
DECEMBER  3 2016......SUNRISE   712 AM PST   SUNSET   420 PM PST


-  INDICATES NEGATIVE NUMBERS.
R  INDICATES RECORD WAS SET OR TIED.
MM INDICATES DATA IS MISSING.
T  INDICATES TRACE AMOUNT.




$$
