000
CDUS45 KBOI 280121
CLIBNO


CLIMATE REPORT
NATIONAL WEATHER SERVICE BOISE ID
721 PM MDT WED MAY 27 2015


...................................

...THE BURNS OR CLIMATE SUMMARY FOR MAY 27 2015...
VALID TODAY AS OF 0600 PM LOCAL TIME.

CLIMATE NORMAL PERIOD 1981 TO 2010
CLIMATE RECORD PERIOD 1938 TO 2015


WEATHER ITEM   OBSERVED TIME   RECORD YEAR NORMAL DEPARTURE LAST
                VALUE   (LST)  VALUE       VALUE  FROM      YEAR
                                                  NORMAL
..................................................................
TEMPERATURE (F)
 TODAY
  MAXIMUM         75    412 PM  86    2003  69      6       77
                                      1983
  MINIMUM         39    309 AM  27    1954  39      0       38
                                      1953
  AVERAGE         57                        54      3       58

PRECIPITATION (IN)
  TODAY            T             0.60 2013   0.05  -0.05      T
  MONTH TO DATE    1.68                      1.06   0.62     0.38
  SINCE OCT 1      8.43                      8.79  -0.36     5.90
  SINCE JAN 1      3.93                      5.29  -1.36     4.93

DEGREE DAYS
 HEATING
  TODAY            8                        11     -3        7
  MONTH TO DATE  326                       386    -60      337
  SINCE MAR 1   1687                      1898   -211     1761
  SINCE JUL 1   6161                      7426  -1265     7044

 COOLING
  TODAY            0                         0      0        0
  MONTH TO DATE    0                         0      0        0
  SINCE MAR 1      0                         0      0        0
  SINCE JAN 1      0                         0      0        0
..................................................................


WIND (MPH)
  HIGHEST WIND SPEED    18   HIGHEST WIND DIRECTION     N (350)
  HIGHEST GUST SPEED    23   HIGHEST GUST DIRECTION     N (360)
  AVERAGE WIND SPEED     5.8



WEATHER CONDITIONS
 THE FOLLOWING WEATHER WAS RECORDED TODAY.
  LIGHT RAIN


RELATIVE HUMIDITY (PERCENT)
 HIGHEST    85           300 AM
 LOWEST     25           400 PM
 AVERAGE    55

..........................................................


THE BURNS OR CLIMATE NORMALS FOR TOMORROW
                         NORMAL    RECORD    YEAR
 MAXIMUM TEMPERATURE (F)   69        92      2003
 MINIMUM TEMPERATURE (F)   39        26      2007


SUNRISE AND SUNSET
MAY 27 2015...........SUNRISE   521 AM PDT   SUNSET   826 PM PDT
MAY 28 2015...........SUNRISE   520 AM PDT   SUNSET   827 PM PDT


-  INDICATES NEGATIVE NUMBERS.
R  INDICATES RECORD WAS SET OR TIED.
MM INDICATES DATA IS MISSING.
T  INDICATES TRACE AMOUNT.




$$
