000
CDUS45 KBOI 210931
CLIBNO


CLIMATE REPORT
NATIONAL WEATHER SERVICE BOISE ID
231 AM MST TUE NOV 21 2017


...................................

...THE BURNS OR CLIMATE SUMMARY FOR NOVEMBER 20 2017...

CLIMATE NORMAL PERIOD 1981 TO 2010
CLIMATE RECORD PERIOD 1938 TO 2017


WEATHER ITEM   OBSERVED TIME   RECORD YEAR NORMAL DEPARTURE LAST
                VALUE   (LST)  VALUE       VALUE  FROM      YEAR
                                                  NORMAL
..................................................................
TEMPERATURE (F)
 YESTERDAY
  MAXIMUM         51    334 PM  61    2006  43      8       49
                                      2002
                                      1958
  MINIMUM         32    222 AM  -9    1985  20     12       24
  AVERAGE         42                        31     11       37

PRECIPITATION (IN)
  YESTERDAY        0.12          0.35 2012   0.04   0.08     0.02
  MONTH TO DATE    1.33                      0.74   0.59     0.49
  SINCE OCT 1      1.97                      1.52   0.45     1.59
  SINCE JAN 1     10.61                      8.94   1.67     6.11

DEGREE DAYS
 HEATING
  YESTERDAY       23                        34    -11       28
  MONTH TO DATE  584                       593     -9      469
  SINCE SEP 1   1624                      1506    118     1381
  SINCE JUL 1   1639                      1643     -4     1497

 COOLING
  YESTERDAY        0                         0      0        0
  MONTH TO DATE    0                         0      0        0
  SINCE SEP 1     50                         9     41        0
  SINCE JAN 1    343                       215    128      226
..................................................................


WIND (MPH)
  HIGHEST WIND SPEED    14   HIGHEST WIND DIRECTION    SW (210)
  HIGHEST GUST SPEED    18   HIGHEST GUST DIRECTION    SW (220)
  AVERAGE WIND SPEED     4.9


SKY COVER
  POSSIBLE SUNSHINE  MM
  AVERAGE SKY COVER 0.9


WEATHER CONDITIONS
 THE FOLLOWING WEATHER WAS RECORDED YESTERDAY.
  LIGHT RAIN
  FOG


RELATIVE HUMIDITY (PERCENT)
 HIGHEST   100           600 AM
 LOWEST     70           300 AM
 AVERAGE    85

..........................................................


THE BURNS OR CLIMATE NORMALS FOR TODAY
                         NORMAL    RECORD    YEAR
 MAXIMUM TEMPERATURE (F)   42        63      1954
 MINIMUM TEMPERATURE (F)   20        -9      1985


SUNRISE AND SUNSET
NOVEMBER 21 2017......SUNRISE   658 AM PST   SUNSET   425 PM PST
NOVEMBER 22 2017......SUNRISE   659 AM PST   SUNSET   425 PM PST


-  INDICATES NEGATIVE NUMBERS.
R  INDICATES RECORD WAS SET OR TIED.
MM INDICATES DATA IS MISSING.
T  INDICATES TRACE AMOUNT.




$$
