000
CDUS45 KBOI 030930
CLIBOI


CLIMATE REPORT
NATIONAL WEATHER SERVICE BOISE ID
330 AM MDT WED JUN 3 2015


...................................

...THE BOISE ID CLIMATE SUMMARY FOR JUNE 2 2015...

CLIMATE NORMAL PERIOD 1981 TO 2010
CLIMATE RECORD PERIOD 1878 TO 2015


WEATHER ITEM   OBSERVED TIME   RECORD YEAR NORMAL DEPARTURE LAST
                VALUE   (LST)  VALUE       VALUE  FROM      YEAR
                                                  NORMAL
..................................................................
TEMPERATURE (F)
 YESTERDAY
  MAXIMUM         75    300 PM  97    2007  77     -2       89
                                      1986
  MINIMUM         56   1159 PM  33    1892  51      5       56
  AVERAGE         66                        64      2       73

PRECIPITATION (IN)
  YESTERDAY        T             0.62 1993   0.03  -0.03     0.00
  MONTH TO DATE    0.01                      0.07  -0.06     0.00
  SINCE OCT 1     10.71                      9.96   0.75    11.01
  SINCE JAN 1      4.80                      6.31  -1.51     8.10

SNOWFALL (IN)
  YESTERDAY        0.0           0.0  2007   0.0    0.0      0.0
  MONTH TO DATE    0.0                       0.0    0.0      0.0
  SINCE OCT 1     13.3                      19.2   -5.9     14.4
  SINCE JUL 1     13.3                      19.2   -5.9     14.4
  SNOW DEPTH       0

DEGREE DAYS
 HEATING
  YESTERDAY        0                         4     -4        0
  MONTH TO DATE    0                         8     -8        2
  SINCE JUN 1      0                         8     -8        2
  SINCE JUL 1   4586                      5458   -872     5511

 COOLING
  YESTERDAY        1                         3     -2        8
  MONTH TO DATE    9                         5      4        8
  SINCE JUN 1      9                         5      4        8
  SINCE JAN 1     44                        49     -5       32
..................................................................


WIND (MPH)
  HIGHEST WIND SPEED    25   HIGHEST WIND DIRECTION     W (250)
  HIGHEST GUST SPEED    29   HIGHEST GUST DIRECTION     W (250)
  AVERAGE WIND SPEED     6.6


SKY COVER
  POSSIBLE SUNSHINE  MM
  AVERAGE SKY COVER 0.2


WEATHER CONDITIONS
 THE FOLLOWING WEATHER WAS RECORDED YESTERDAY.
  LIGHT RAIN


RELATIVE HUMIDITY (PERCENT)
 HIGHEST    72           400 AM
 LOWEST     29           300 PM
 AVERAGE    51

..........................................................


THE BOISE ID CLIMATE NORMALS FOR TODAY
                         NORMAL    RECORD    YEAR
 MAXIMUM TEMPERATURE (F)   77        98      2007
 MINIMUM TEMPERATURE (F)   51        34      1898
                                             1892


SUNRISE AND SUNSET
JUNE  3 2015..........SUNRISE   606 AM MDT   SUNSET   921 PM MDT
JUNE  4 2015..........SUNRISE   605 AM MDT   SUNSET   921 PM MDT


-  INDICATES NEGATIVE NUMBERS.
R  INDICATES RECORD WAS SET OR TIED.
MM INDICATES DATA IS MISSING.
T  INDICATES TRACE AMOUNT.




$$
