000
CDUS45 KBOI 210931
CLIBOI


CLIMATE REPORT
NATIONAL WEATHER SERVICE BOISE ID
231 AM MST SAT JAN 21 2017


...................................

...THE BOISE ID CLIMATE SUMMARY FOR JANUARY 20 2017...

CLIMATE NORMAL PERIOD 1981 TO 2010
CLIMATE RECORD PERIOD 1875 TO 2017


WEATHER ITEM   OBSERVED TIME   RECORD YEAR NORMAL DEPARTURE LAST
                VALUE   (LST)  VALUE       VALUE  FROM      YEAR
                                                  NORMAL
..................................................................
TEMPERATURE (F)
 YESTERDAY
  MAXIMUM         43    204 PM  57    1953  38      5       45
  MINIMUM         34    357 AM -15    1937  25      9       34
  AVERAGE         39                        32      7       40

PRECIPITATION (IN)
  YESTERDAY        T             0.50 1972   0.04  -0.04      T
  MONTH TO DATE    2.76                      0.86   1.90     0.48
  SINCE OCT 1      6.26                      4.51   1.75     4.82
  SINCE JAN 1      2.76                      0.86   1.90     0.48

SNOWFALL (IN)
  YESTERDAY        0.0           8.4  2002   0.2   -0.2       T
  MONTH TO DATE   17.6                       3.6   14.0      2.2
  SINCE OCT 1     31.6                      13.3   18.3     10.2
  SINCE JUL 1     31.6                      13.3   18.3     10.2
  SNOW DEPTH       4

DEGREE DAYS
 HEATING
  YESTERDAY       26                        33     -7       25
  MONTH TO DATE  899                       688    211      667
  SINCE DEC 1   2183                      1749    434     1690
  SINCE JUL 1   3088                      3003     85     2762

 COOLING
  YESTERDAY        0                         0      0        0
  MONTH TO DATE    0                         0      0        0
  SINCE DEC 1      0                         0      0        0
  SINCE JAN 1      0                         0      0        0
..................................................................


WIND (MPH)
  HIGHEST WIND SPEED    25   HIGHEST WIND DIRECTION    SE (120)
  HIGHEST GUST SPEED    31   HIGHEST GUST DIRECTION     E (110)
  AVERAGE WIND SPEED    13.8


SKY COVER
  POSSIBLE SUNSHINE  MM
  AVERAGE SKY COVER 0.8


WEATHER CONDITIONS
 THE FOLLOWING WEATHER WAS RECORDED YESTERDAY.
  LIGHT RAIN


RELATIVE HUMIDITY (PERCENT)
 HIGHEST    82          1200 AM
 LOWEST     53           100 PM
 AVERAGE    68

..........................................................


THE BOISE ID CLIMATE NORMALS FOR TODAY
                         NORMAL    RECORD    YEAR
 MAXIMUM TEMPERATURE (F)   38        54      1909
 MINIMUM TEMPERATURE (F)   25       -14      1937


SUNRISE AND SUNSET
JANUARY 21 2017.......SUNRISE   811 AM MST   SUNSET   542 PM MST
JANUARY 22 2017.......SUNRISE   810 AM MST   SUNSET   543 PM MST


-  INDICATES NEGATIVE NUMBERS.
R  INDICATES RECORD WAS SET OR TIED.
MM INDICATES DATA IS MISSING.
T  INDICATES TRACE AMOUNT.




$$
