000
CDUS45 KBOI 092105 CCA
CLIBOI

CLIMATE REPORT...CORRECTED
NATIONAL WEATHER SERVICE BOISE ID
234 AM MST FRI DEC 9 2016


...................................

...THE BOISE ID CLIMATE SUMMARY FOR DECEMBER 8 2016...

CLIMATE NORMAL PERIOD 1981 TO 2010
CLIMATE RECORD PERIOD 1875 TO 2016


WEATHER ITEM   OBSERVED TIME   RECORD YEAR NORMAL DEPARTURE LAST
                VALUE   (LST)  VALUE       VALUE  FROM      YEAR
                                                  NORMAL
..................................................................
TEMPERATURE (F)
 YESTERDAY
  MAXIMUM         30   1135 PM  62    1939  39     -9       54
                                      1875
  MINIMUM         17    437 AM -19    1972  25     -8       44
  AVERAGE         24                        32     -8       49

PRECIPITATION (IN)
  YESTERDAY        0.12          0.66 2004   0.05   0.07      T
  MONTH TO DATE    0.27                      0.40  -0.13     0.55
  SINCE OCT 1      1.78                      2.50  -0.72     3.18
  SINCE JAN 1      6.96                     10.58  -3.62     9.80

SNOWFALL (IN)
  YESTERDAY        1.2           2.7  1985   0.2    1.0      0.0
  MONTH TO DATE    1.5                       1.5    0.0       T
  SINCE OCT 1      1.5                       4.2   -2.7      3.7
  SINCE JUL 1      1.5                       4.2   -2.7      3.7
  SNOW DEPTH       2

DEGREE DAYS
 HEATING
  YESTERDAY       41                        33      8       16
  MONTH TO DATE  290                       258     32      229
  SINCE DEC 1    290                       258     32      229
  SINCE JUL 1   1195                      1512   -317     1301

 COOLING
  YESTERDAY        0                         0      0        0
  MONTH TO DATE    0                         0      0        0
  SINCE DEC 1      0                         0      0        0
  SINCE JAN 1   1001                       942     59     1280
..................................................................


WIND (MPH)
  HIGHEST WIND SPEED    17   HIGHEST WIND DIRECTION     S (160)
  HIGHEST GUST SPEED    26   HIGHEST GUST DIRECTION    SE (150)
  AVERAGE WIND SPEED     9.5


SKY COVER
  POSSIBLE SUNSHINE  MM
  AVERAGE SKY COVER 0.7


WEATHER CONDITIONS
 THE FOLLOWING WEATHER WAS RECORDED YESTERDAY.
  SNOW
  LIGHT SNOW
  FOG
  HAZE


RELATIVE HUMIDITY (PERCENT)
 HIGHEST    92           800 PM
 LOWEST     62           700 AM
 AVERAGE    77

..........................................................


THE BOISE ID CLIMATE NORMALS FOR TODAY
                         NORMAL    RECORD    YEAR
 MAXIMUM TEMPERATURE (F)   38        60      1875
 MINIMUM TEMPERATURE (F)   25       -21      1972


SUNRISE AND SUNSET
DECEMBER  9 2016......SUNRISE   807 AM MST   SUNSET   508 PM MST
DECEMBER 10 2016......SUNRISE   808 AM MST   SUNSET   508 PM MST


-  INDICATES NEGATIVE NUMBERS.
R  INDICATES RECORD WAS SET OR TIED.
MM INDICATES DATA IS MISSING.
T  INDICATES TRACE AMOUNT.




$$
