000
CDUS45 KBOI 040931
CLIBOI


CLIMATE REPORT
NATIONAL WEATHER SERVICE BOISE ID
231 AM MST WED MAR 4 2015


...................................

...THE BOISE ID CLIMATE SUMMARY FOR MARCH 3 2015...

CLIMATE NORMAL PERIOD 1981 TO 2010
CLIMATE RECORD PERIOD 1878 TO 2015


WEATHER ITEM   OBSERVED TIME   RECORD YEAR NORMAL DEPARTURE LAST
                VALUE   (LST)  VALUE       VALUE  FROM      YEAR
                                                  NORMAL
..................................................................
TEMPERATURE (F)
 YESTERDAY
  MAXIMUM         46    259 PM  70    1921  51     -5       51
  MINIMUM         28    750 AM  14    1966  32     -4       44
  AVERAGE         37                        41     -4       48

PRECIPITATION (IN)
  YESTERDAY        0.00          0.37 1947   0.04  -0.04     0.29
  MONTH TO DATE    0.01                      0.12  -0.11     0.77
  SINCE OCT 1      8.10                      6.00   2.10     6.69
  SINCE JAN 1      2.19                      2.35  -0.16     3.78

SNOWFALL (IN)
  YESTERDAY        0.0           1.8  1962   0.1   -0.1      0.0
  MONTH TO DATE    T                         0.2   -0.2      0.0
  SINCE OCT 1     13.3                      17.8   -4.5     14.4
  SINCE JUL 1     13.3                      17.8   -4.5     14.4
  SNOW DEPTH       0

DEGREE DAYS
 HEATING
  YESTERDAY       28                        24      4       17
  MONTH TO DATE   83                        72     11       57
  SINCE MAR 1     83                        72     11       57
  SINCE JUL 1   3678                      4231   -553     4397

 COOLING
  YESTERDAY        0                         0      0        0
  MONTH TO DATE    0                         0      0        0
  SINCE MAR 1      0                         0      0        0
  SINCE JAN 1      0                         0      0        0
..................................................................


WIND (MPH)
  HIGHEST WIND SPEED    23   HIGHEST WIND DIRECTION    NW (320)
  HIGHEST GUST SPEED    29   HIGHEST GUST DIRECTION    NW (320)
  AVERAGE WIND SPEED    13.0


SKY COVER
  POSSIBLE SUNSHINE  MM
  AVERAGE SKY COVER 0.2


WEATHER CONDITIONS
 THE FOLLOWING WEATHER WAS RECORDED YESTERDAY.
  NO SIGNIFICANT WEATHER WAS OBSERVED.


RELATIVE HUMIDITY (PERCENT)
 HIGHEST    69           300 AM
 LOWEST     29           600 PM
 AVERAGE    49

..........................................................


THE BOISE ID CLIMATE NORMALS FOR TODAY
                         NORMAL    RECORD    YEAR
 MAXIMUM TEMPERATURE (F)   51        70      1987
 MINIMUM TEMPERATURE (F)   32        11      1976


SUNRISE AND SUNSET
MARCH  4 2015.........SUNRISE   717 AM MST   SUNSET   637 PM MST
MARCH  5 2015.........SUNRISE   715 AM MST   SUNSET   639 PM MST


-  INDICATES NEGATIVE NUMBERS.
R  INDICATES RECORD WAS SET OR TIED.
MM INDICATES DATA IS MISSING.
T  INDICATES TRACE AMOUNT.




$$
