593
CDUS45 KBOI 250931
CLIBOI


CLIMATE REPORT
NATIONAL WEATHER SERVICE BOISE ID
330 AM MDT SUN JUN 25 2017


...................................

...THE BOISE ID CLIMATE SUMMARY FOR JUNE 24 2017...

CLIMATE NORMAL PERIOD 1981 TO 2010
CLIMATE RECORD PERIOD 1875 TO 2017


WEATHER ITEM   OBSERVED TIME   RECORD YEAR NORMAL DEPARTURE LAST
                VALUE   (LST)  VALUE       VALUE  FROM      YEAR
                                                  NORMAL
..................................................................
TEMPERATURE (F)
 YESTERDAY
  MAXIMUM         89    519 PM  98    1992  84      5       73
                                      1962
                                      1960
  MINIMUM         56    551 AM  36    1904  56      0       59
  AVERAGE         73                        70      3       66

PRECIPITATION (IN)
  YESTERDAY        0.00          0.28 1914   0.01  -0.01     0.00
  MONTH TO DATE    1.27                      0.60   0.67     0.18
  SINCE OCT 1     14.56                     10.49   4.07     9.04
  SINCE JAN 1     11.06                      6.84   4.22     4.70

SNOWFALL (IN)
  YESTERDAY        0.0           0.0  2008   0.0    0.0      0.0
  MONTH TO DATE    0.0                       0.0    0.0      0.0
  SINCE OCT 1     39.1                      19.2   19.9     10.9
  SINCE JUL 1     39.1                      19.2   19.9     10.9
  SNOW DEPTH       0

DEGREE DAYS
 HEATING
  YESTERDAY        0                         1     -1        0
  MONTH TO DATE   45                        58    -13       36
  SINCE JUN 1     45                        58    -13       36
  SINCE JUL 1   5499                      5508     -9     4712

 COOLING
  YESTERDAY        8                         6      2        1
  MONTH TO DATE  110                        96     14      165
  SINCE JUN 1    110                        96     14      165
  SINCE JAN 1    172                       140     32      196
..................................................................


WIND (MPH)
  HIGHEST WIND SPEED    14   HIGHEST WIND DIRECTION    NW (300)
  HIGHEST GUST SPEED    20   HIGHEST GUST DIRECTION     W (290)
  AVERAGE WIND SPEED     5.5


SKY COVER
  POSSIBLE SUNSHINE  MM
  AVERAGE SKY COVER 0.0


WEATHER CONDITIONS
 THE FOLLOWING WEATHER WAS RECORDED YESTERDAY.
  NO SIGNIFICANT WEATHER WAS OBSERVED.


RELATIVE HUMIDITY (PERCENT)
 HIGHEST    55           500 AM
 LOWEST     11           400 PM
 AVERAGE    33

..........................................................


THE BOISE ID CLIMATE NORMALS FOR TODAY
                         NORMAL    RECORD    YEAR
 MAXIMUM TEMPERATURE (F)   85       102      1962
 MINIMUM TEMPERATURE (F)   56        38      1966


SUNRISE AND SUNSET
JUNE 25 2017..........SUNRISE   605 AM MDT   SUNSET   930 PM MDT
JUNE 26 2017..........SUNRISE   605 AM MDT   SUNSET   930 PM MDT


-  INDICATES NEGATIVE NUMBERS.
R  INDICATES RECORD WAS SET OR TIED.
MM INDICATES DATA IS MISSING.
T  INDICATES TRACE AMOUNT.




$$
