000
CDUS45 KBOI 270931
CLIBOI


CLIMATE REPORT
NATIONAL WEATHER SERVICE BOISE ID
231 AM MST SAT DEC 27 2014


...................................

...THE BOISE ID CLIMATE SUMMARY FOR DECEMBER 26 2014...

CLIMATE NORMAL PERIOD 1981 TO 2010
CLIMATE RECORD PERIOD 1878 TO 2014


WEATHER ITEM   OBSERVED TIME   RECORD YEAR NORMAL DEPARTURE LAST
                VALUE   (LST)  VALUE       VALUE  FROM      YEAR
                                                  NORMAL
..................................................................
TEMPERATURE (F)
 YESTERDAY
  MAXIMUM         37    330 PM  58    1892  36      1       37
  MINIMUM         21   1159 PM -18    1924  23     -2       18
  AVERAGE         29                        30     -1       28

PRECIPITATION (IN)
  YESTERDAY        0.00          0.65 1996   0.05  -0.05     0.00
  MONTH TO DATE    3.16                      1.30   1.86     0.66
  SINCE OCT 1      5.73                      3.40   2.33     2.91
  SINCE JAN 1     15.26                     11.48   3.78     9.57

SNOWFALL (IN)
  YESTERDAY        0.0           2.5  1921   0.2   -0.2      0.0
  MONTH TO DATE    1.5                       5.7   -4.2      4.9
  SINCE OCT 1      9.1                       8.4    0.7      6.9
  SINCE JUL 1      9.1                       8.4    0.7      6.9
  SNOW DEPTH       1

DEGREE DAYS
 HEATING
  YESTERDAY       36                        35      1       37
  MONTH TO DATE  646                       883   -237     1075
  SINCE DEC 1    646                       883   -237     1075
  SINCE JUL 1   1785                      2137   -352     2369

 COOLING
  YESTERDAY        0                         0      0        0
  MONTH TO DATE    0                         0      0        0
  SINCE DEC 1      0                         0      0        0
  SINCE JAN 1   1129                       942    187     1320
..................................................................


WIND (MPH)
  HIGHEST WIND SPEED    18   HIGHEST WIND DIRECTION    NW (320)
  HIGHEST GUST SPEED    22   HIGHEST GUST DIRECTION    NW (320)
  AVERAGE WIND SPEED     8.1


SKY COVER
  POSSIBLE SUNSHINE  MM
  AVERAGE SKY COVER 0.3


WEATHER CONDITIONS
 THE FOLLOWING WEATHER WAS RECORDED YESTERDAY.
  NO SIGNIFICANT WEATHER WAS OBSERVED.


RELATIVE HUMIDITY (PERCENT)
 HIGHEST    85           500 AM
 LOWEST     56           500 PM
 AVERAGE    71

..........................................................


THE BOISE ID CLIMATE NORMALS FOR TODAY
                         NORMAL    RECORD    YEAR
 MAXIMUM TEMPERATURE (F)   36        61      1928
 MINIMUM TEMPERATURE (F)   23        -7      1985


SUNRISE AND SUNSET
DECEMBER 27 2014......SUNRISE   817 AM MST   SUNSET   515 PM MST
DECEMBER 28 2014......SUNRISE   817 AM MST   SUNSET   516 PM MST


-  INDICATES NEGATIVE NUMBERS.
R  INDICATES RECORD WAS SET OR TIED.
MM INDICATES DATA IS MISSING.
T  INDICATES TRACE AMOUNT.




$$
